Report for MSWord-ToHTML-0.003

Back
From: metabase:user:314402c4-2aae-11df-837a-5e0a49663a4f
Subject: FAIL MSWord-ToHTML-0.003 v5.14.1 RC1 FreeBSD
Date: 2011-06-12T17:19:19Z

This distribution has been tested as part of the CPAN Testers
project, supporting the Perl programming language.  See
http://wiki.cpantesters.org/ for more information or email
questions to cpan-testers-discuss@perl.org


--
Dear Amiri Barksdale,

This is a computer-generated report for MSWord-ToHTML-0.003
on perl 5.14.1, created by CPAN-Reporter-1.1902.

Thank you for uploading your work to CPAN.  However, there was a problem
testing your distribution.

If you think this report is invalid, please consult the CPAN Testers Wiki
for suggestions on how to avoid getting FAIL reports for missing library
or binary dependencies, unsupported operating systems, and so on:

http://wiki.cpantesters.org/wiki/CPANAuthorNotes

Sections of this report:

    * Tester comments
    * Program output
    * Prerequisites
    * Environment and other context

------------------------------
TESTER COMMENTS
------------------------------

Additional comments from tester:

none provided

------------------------------
PROGRAM OUTPUT
------------------------------

Output from '/usr/bin/make test':

PERL_DL_NONLAZY=1 /usr/home/cpansand/var/ctps/5141RC1/install/perl-5.14.1-RC1/bin/perl "-MExtUtils::Command::MM" "-e" "test_harness(0, 'inc', 'blib/lib', 'blib/arch')" t/constraints.t t/convert.t t/sanity.t
Wide character in print at /home/cpansand/var/ctps/5141RC1/install/perl-5.14.1-RC1/lib/5.14.1/i386-freebsd/IO/Handle.pm line 417.
HTML parser error : error parsing attribute name
acr;?D&Ccedil;?Q<br /> ?&ordm;&Igrave;Z&#39;(o?&igrave;?&scaron;&icirc;&shy;O<i 
                                                                                ^
HTML parser error : error parsing attribute name
&Uuml;se&sup2;{&ordm;?&copy;?&uacute;L&Ucirc;&eth;&OElig;[-|L?Q]&ecirc;&ouml;" c
                                                                                ^
HTML parser error : error parsing attribute name
eth;&OElig;[-|L?Q]&ecirc;&ouml;" cç§m#¤<br="C&ccedil;&sect;m#&curren;&lt;br" 
                                                                             ^
HTML parser error : error parsing attribute name
ouml;" cç§m#¤<br="C&ccedil;&sect;m#&curren;&lt;br" ñ?ú="&Ntilde;?&Uacute;" 
                                                                           ^
# Looks like your test exited with 1 just after 113.
t/constraints.t .. 
Dubious, test returned 1 (wstat 256, 0x100)
All 113 subtests passed 
Wide character in print at /home/cpansand/var/ctps/5141RC1/install/perl-5.14.1-RC1/lib/5.14.1/i386-freebsd/IO/Handle.pm line 417.

#   Failed test 'I can get html'
#   at t/convert.t line 30.
# died: XML::LibXML::Error (HTML parser error : error parsing attribute name
# acr;?D&Ccedil;?Q<br /> ?&ordm;&Igrave;Z&#39;(o?&igrave;?&scaron;&icirc;&shy;O<i 
#                                                                                 ^
# HTML parser error : error parsing attribute name
# &Uuml;se&sup2;{&ordm;?&copy;?&uacute;L&Ucirc;&eth;&OElig;[-|L?Q]&ecirc;&ouml;" c
#                                                                                 ^
# HTML parser error : error parsing attribute name
# eth;&OElig;[-|L?Q]&ecirc;&ouml;" cç§m#¤<br="C&ccedil;&sect;m#&curren;&lt;br" 
#                                                                              ^
# HTML parser error : error parsing attribute name
# ouml;" cç§m#¤<br="C&ccedil;&sect;m#&curren;&lt;br" ñ?ú="&Ntilde;?&Uacute;" 
#                                                                            ^
# )

#   Failed test 'The thing isa MSWord::ToHTML::HTML'
#   at t/convert.t line 31.
#     The thing isn't defined

#   Failed test '->can(...)'
#   at t/convert.t line 32.
#     can_ok() called with empty class or reference
Can't call method "images" on an undefined value at t/convert.t line 33.
# Looks like you failed 3 tests of 60.
# Looks like your test exited with 1 just after 60.
t/convert.t ...... 
Dubious, test returned 1 (wstat 256, 0x100)
Failed 3/60 subtests 
t/sanity.t ....... ok

Test Summary Report
-------------------
t/constraints.t (Wstat: 256 Tests: 113 Failed: 0)
  Non-zero exit status: 1
t/convert.t    (Wstat: 256 Tests: 60 Failed: 3)
  Failed tests:  58-60
  Non-zero exit status: 1
Files=3, Tests=179, 121 wallclock secs ( 0.05 usr  0.05 sys + 59.52 cusr  2.06 csys = 61.67 CPU)
Result: FAIL
Failed 2/3 test programs. 3/179 subtests failed.
*** Error code 255

Stop in /var/tmp/CPAN-build/MSWord-ToHTML-0.003-2M_zgR.

------------------------------
PREREQUISITES
------------------------------

Prerequisite modules loaded:

requires:

    Module                       Need     Have    
    ---------------------------- -------- --------
    Archive::Zip                 1.30     1.30    
    Archive::Zip::MemberRead     1.3      1.30    
    autodie                      2.10     2.1001  
    Carp                         0        1.20    
    CSS                          1.09     1.09    
    Digest::SHA1                 2.13     2.13    
    Encode                       2.42     2.42    
    Encode::Guess                2.04     2.04    
    File::Basename               0        2.82    
    File::Path                   2.08_01  2.08_01 
    File::Spec                   0        3.33    
    HTML::Entities               3.68     3.68    
    HTML::HTML5::Writer          0.102    0.102   
    HTML::TreeBuilder            4.2      4.2     
    IO::All                      0.41     0.41    
    IO::All::File                0        0       
    List::MoreUtils              0.30     0.32    
    Moose                        2.0000   2.0007  
    Moose::Role                  2.0000   2.0007  
    Moose::Util::TypeConstraints 2.0000   2.0007  
    MooseX::Method::Signatures   0.36     0.36    
    MooseX::Types                0.25     0.27    
    MooseX::Types::IO::All       0.03     0.03    
    MooseX::Types::Moose         0.25     0.27    
    MooseX::Types::Path::Class   0.05     0.05    
    namespace::autoclean         0.12     0.12    
    Path::Class::Dir             0.23     0.24    
    perl                         5.010001 5.014001
    strictures                   0        1.002002
    Test::Most                   0.23     0.23    
    Text::Extract::Word          0.02     0.02    
    Try::Tiny                    0.09     0.09    
    XML::LibXML                  1.70     1.70    
    XML::LibXSLT                 1.70     1.70    

build_requires:

    Module                       Need     Have    
    ---------------------------- -------- --------
    ExtUtils::MakeMaker          6.42     6.57_05 
    Test::Most                   0.23     0.23    

configure_requires:

    Module                       Need     Have    
    ---------------------------- -------- --------
    ExtUtils::MakeMaker          6.42     6.57_05 


------------------------------
ENVIRONMENT AND OTHER CONTEXT
------------------------------

Environment variables:

    DBIC_NO_WARN_BAD_PERL = 1
    PATH = /usr/local/bin:/usr/X11R6/bin:/usr/X11/bin:/usr/perl5.8.0/bin:/usr/bin:/bin:/usr/local/sbin:/usr/sbin:/sbin:/usr/local/pilot/bin:/home/cpansand/bin/freebsd8.0:/home/cpansand/bin/sh:/home/cpansand/bin:/usr/X386/bin:/usr/games:/home/cpansand/devel:/usr/home/e/eserte/src/perl/CPAN-Testers-ParallelSmoker/utils
    PERL5LIB = 
    PERL5OPT = 
    PERL5_CPANPLUS_IS_RUNNING = 70252
    PERL5_CPAN_IS_RUNNING = 70252
    PERL5_CPAN_IS_RUNNING_IN_RECURSION = 42201,70252
    PERL_BATCH = yes
    PERL_CPAN_REPORTER_DIR = /home/cpansand/var/ctps/5141RC1/config/perl-5.14.1-RC1/cpanreporter
    PERL_EXTUTILS_AUTOINSTALL = --defaultdeps
    PERL_HTML_DISPLAY_CLASS = HTML::Display::Mozilla
    PERL_PARALLEL_SMOKER = yes
    SHELL = /usr/local/bin/zsh
    TERM = xterm
    TMPDIR = /var/tmp/cpansmoker-1023

Perl special variables (and OS-specific diagnostics, for MSWin32):

    $^X = /usr/home/cpansand/var/ctps/5141RC1/install/perl-5.14.1-RC1/bin/perl
    $UID/$EUID = 1023 / 1023
    $GID = 1023 1023
    $EGID = 1023 1023

Perl module toolchain versions installed:

    Module              Have    
    ------------------- --------
    CPAN                1.9600  
    Cwd                 3.36    
    ExtUtils::CBuilder  0.280203
    ExtUtils::Command   1.17    
    ExtUtils::Install   1.56    
    ExtUtils::MakeMaker 6.57_05 
    ExtUtils::Manifest  1.58    
    ExtUtils::ParseXS   2.2210  
    File::Spec          3.33    
    Module::Build       0.3800  
    Module::Signature   0.68    
    Test::Harness       3.23    
    Test::More          0.98    
    YAML                0.73    
    YAML::Syck          1.17    
    version             0.91    


--

Summary of my perl5 (revision 5 version 14 subversion 1) configuration:
   
  Platform:
    osname=freebsd, osvers=8.0-release, archname=i386-freebsd
    uname='freebsd biokovo.herceg.de 8.0-release freebsd 8.0-release #0: sat nov 21 15:48:17 utc 2009 root@almeida.cse.buffalo.edu:usrobjusrsrcsysgeneric i386 '
    config_args='-ds -e -Uversiononly -Dinstallusrbinperl=n -Dusedevel -Dprefix=/home/cpansand/var/ctps/5141RC1/install/perl-5.14.1-RC1'
    hint=recommended, useposix=true, d_sigaction=define
    useithreads=undef, usemultiplicity=undef
    useperlio=define, d_sfio=undef, uselargefiles=define, usesocks=undef
    use64bitint=undef, use64bitall=undef, uselongdouble=undef
    usemymalloc=n, bincompat5005=undef
  Compiler:
    cc='cc', ccflags ='-DHAS_FPSETMASK -DHAS_FLOATINGPOINT_H -fno-strict-aliasing -pipe -fstack-protector -I/usr/local/include',
    optimize='-O',
    cppflags='-DHAS_FPSETMASK -DHAS_FLOATINGPOINT_H -fno-strict-aliasing -pipe -fstack-protector -I/usr/local/include'
    ccversion='', gccversion='4.2.1 20070719  [FreeBSD]', gccosandvers=''
    intsize=4, longsize=4, ptrsize=4, doublesize=8, byteorder=1234
    d_longlong=define, longlongsize=8, d_longdbl=define, longdblsize=12
    ivtype='long', ivsize=4, nvtype='double', nvsize=8, Off_t='off_t', lseeksize=8
    alignbytes=4, prototype=define
  Linker and Libraries:
    ld='cc', ldflags ='-Wl,-E  -fstack-protector -L/usr/local/lib'
    libpth=/usr/lib /usr/local/lib
    libs=-lgdbm -lm -lcrypt -lutil -lc
    perllibs=-lm -lcrypt -lutil -lc
    libc=, so=so, useshrplib=false, libperl=libperl.a
    gnulibc_version=''
  Dynamic Linking:
    dlsrc=dl_dlopen.xs, dlext=so, d_dlsymun=undef, ccdlflags=' '
    cccdlflags='-DPIC -fPIC', lddlflags='-shared  -L/usr/local/lib -fstack-protector'


Characteristics of this binary (from libperl): 
  Compile-time options: PERL_DONT_CREATE_GVSV PERL_MALLOC_WRAP
                        PERL_PRESERVE_IVUV PERL_USE_DEVEL USE_LARGE_FILES
                        USE_PERLIO USE_PERL_ATOF
  Locally applied patches:
	RC1
  Built under freebsd
  Compiled at Jun 11 2011 18:55:46
  %ENV:
    PERL5LIB=""
    PERL5OPT=""
    PERL5_CPANPLUS_IS_RUNNING="70252"
    PERL5_CPAN_IS_RUNNING="70252"
    PERL5_CPAN_IS_RUNNING_IN_RECURSION="42201,70252"
    PERL_BATCH="yes"
    PERL_CPAN_REPORTER_DIR="/home/cpansand/var/ctps/5141RC1/config/perl-5.14.1-RC1/cpanreporter"
    PERL_EXTUTILS_AUTOINSTALL="--defaultdeps"
    PERL_HTML_DISPLAY_CLASS="HTML::Display::Mozilla"
    PERL_PARALLEL_SMOKER="yes"
  @INC:
    /home/cpansand/var/ctps/5141RC1/install/perl-5.14.1-RC1/lib/site_perl/5.14.1/i386-freebsd
    /home/cpansand/var/ctps/5141RC1/install/perl-5.14.1-RC1/lib/site_perl/5.14.1
    /home/cpansand/var/ctps/5141RC1/install/perl-5.14.1-RC1/lib/5.14.1/i386-freebsd
    /home/cpansand/var/ctps/5141RC1/install/perl-5.14.1-RC1/lib/5.14.1
    .