Report for POE-Component-Client-BigBrother-1.00

Back
From: metabase:user:320bfe00-2aae-11df-837a-5e0a49663a4f
Subject: FAIL POE-Component-Client-BigBrother-1.00 v5.22.2 GNU/Linux
Date: 2016-06-12T08:39:00Z

This distribution has been tested as part of the CPAN Testers
project, supporting the Perl programming language.  See
http://wiki.cpantesters.org/ for more information or email
questions to cpan-testers-discuss@perl.org


--
Dear Sebastien Aperghis-Tramoni,

This is a computer-generated report for POE-Component-Client-BigBrother-1.00
on perl 5.22.2, created by CPAN-Reporter-1.2017.

Thank you for uploading your work to CPAN.  However, there was a problem
testing your distribution.

If you think this report is invalid, please consult the CPAN Testers Wiki
for suggestions on how to avoid getting FAIL reports for missing library
or binary dependencies, unsupported operating systems, and so on:

http://wiki.cpantesters.org/wiki/CPANAuthorNotes

Sections of this report:

    * Tester comments
    * Program output
    * Prerequisites
    * Environment and other context

------------------------------
TESTER COMMENTS
------------------------------

Additional comments from tester:

this report is from an automated smoke testing program
and was not reviewed by a human for accuracy

------------------------------
PROGRAM OUTPUT
------------------------------

Output from './Build test':

# Testing POE::Component::Client::BigBrother 1.00, Perl 5.022002, /tmp/basesmoker-reloperl-rbC0/bin/perl
t/00-load.t .............. ok
t/01-api.t ............... ok
please report this stacktrace to bug-poe@rt.cpan.org at /home/sand/src/perl/repoperls/installed-perls/host/k93x64sid/v5.22.2/3bd2/lib/site_perl/5.22.2/POE/Kernel.pm line 1070.
	POE::Kernel::_dispatch_event(POE::Kernel=ARRAY(0x26b0f80), undef, POE::Kernel=ARRAY(0x26b0f80), "_stop", 8, ARRAY(0x2d9d7e0), "/home/sand/src/perl/repoperls/installed-perls/host/k93x64sid/"..., 571, ...) called at /home/sand/src/perl/repoperls/installed-perls/host/k93x64sid/v5.22.2/3bd2/lib/site_perl/5.22.2/POE/Resource/Sessions.pm line 568
	POE::Kernel::_data_ses_stop(POE::Kernel=ARRAY(0x26b0f80), 2) called at /home/sand/src/perl/repoperls/installed-perls/host/k93x64sid/v5.22.2/3bd2/lib/site_perl/5.22.2/POE/Resource/Signals.pm line 551
	POE::Kernel::_data_sig_free_terminated_sessions(POE::Kernel=ARRAY(0x26b0f80)) called at /home/sand/src/perl/repoperls/installed-perls/host/k93x64sid/v5.22.2/3bd2/lib/site_perl/5.22.2/POE/Kernel.pm line 990
	POE::Kernel::_dispatch_signal_event(POE::Kernel=ARRAY(0x26b0f80), POE::Session=ARRAY(0x2d45968), POE::Kernel=ARRAY(0x26b0f80), "_signal", 4096, ARRAY(0x2d9bb10), "/home/sand/src/perl/repoperls/installed-perls/host/k93x64sid/"..., 1136, ...) called at /home/sand/src/perl/repoperls/installed-perls/host/k93x64sid/v5.22.2/3bd2/lib/site_perl/5.22.2/POE/Resource/Events.pm line 382
	POE::Kernel::_data_ev_dispatch_due(POE::Kernel=ARRAY(0x26b0f80)) called at /home/sand/src/perl/repoperls/installed-perls/host/k93x64sid/v5.22.2/3bd2/lib/site_perl/5.22.2/POE/Loop/Select.pm line 309
	POE::Kernel::loop_do_timeslice(POE::Kernel=ARRAY(0x26b0f80)) called at /home/sand/src/perl/repoperls/installed-perls/host/k93x64sid/v5.22.2/3bd2/lib/site_perl/5.22.2/POE/Loop/Select.pm line 317
	POE::Kernel::loop_run(POE::Kernel=ARRAY(0x26b0f80)) called at /home/sand/src/perl/repoperls/installed-perls/host/k93x64sid/v5.22.2/3bd2/lib/site_perl/5.22.2/POE/Kernel.pm line 1291
	POE::Kernel::run("POE::Kernel") called at t/10-check-by-pocotcp.t line 129
# Looks like your test exited with 255 just after 5.
t/10-check-by-pocotcp.t .. 
Dubious, test returned 255 (wstat 65280, 0xff00)
Failed 12/17 subtests 
t/pod-coverage.t ......... ok
t/pod.t .................. ok

Test Summary Report
-------------------
t/10-check-by-pocotcp.t (Wstat: 65280 Tests: 5 Failed: 0)
  Non-zero exit status: 255
  Parse errors: Bad plan.  You planned 17 tests but ran 5.
Files=5, Tests=10,  2 wallclock secs ( 0.02 usr  0.03 sys +  0.37 cusr  0.05 csys =  0.47 CPU)
Result: FAIL
Failed 1/5 test programs. 0/10 subtests failed.

------------------------------
PREREQUISITES
------------------------------

Prerequisite modules loaded:

requires:

    Module        Need Have    
    ------------- ---- --------
    POE           0    1.367   

build_requires:

    Module        Need Have    
    ------------- ---- --------
    Test::More    0    1.302026

configure_requires:

    Module        Need Have    
    ------------- ---- --------
    Module::Build 0.36 0.4218  


------------------------------
ENVIRONMENT AND OTHER CONTEXT
------------------------------

Environment variables:

    AUTOMATED_TESTING = 1
    LANG = C
    PATH = /usr/lib/ccache:/home/sand/bin:/usr/local/bin:/usr/lib/ccache:/usr/bin:/bin:/usr/games:/usr/local/perl/bin:/usr/X11/bin:/sbin:/usr/sbin
    PERL5LIB = 
    PERL5OPT = 
    PERL5_CPANPLUS_IS_RUNNING = 5830
    PERL5_CPAN_IS_RUNNING = 5830
    PERL_CANARY_STABILITY_NOPROMPT = 1
    PERL_MM_USE_DEFAULT = 1
    SHELL = /usr/bin/zsh
    TERM = screen

Perl special variables (and OS-specific diagnostics, for MSWin32):

    $^X = /tmp/basesmoker-reloperl-rbC0/bin/perl
    $UID/$EUID = 1005 / 1005
    $GID = 1005 1005
    $EGID = 1005 1005

Perl module toolchain versions installed:

    Module              Have    
    ------------------- --------
    CPAN                2.14    
    CPAN::Meta          2.150005
    Cwd                 3.62    
    ExtUtils::CBuilder  0.280224
    ExtUtils::Command   7.18    
    ExtUtils::Install   2.04    
    ExtUtils::MakeMaker 7.18    
    ExtUtils::Manifest  1.70    
    ExtUtils::ParseXS   3.30    
    File::Spec          3.62    
    JSON                2.90    
    JSON::PP            2.27400 
    Module::Build       0.4218  
    Module::Signature   0.80    
    Parse::CPAN::Meta   1.4417  
    Test::Harness       3.36    
    Test::More          1.302026
    YAML                1.15    
    YAML::Syck          1.29    
    version             0.9917  


--

Summary of my perl5 (revision 5 version 22 subversion 2) configuration:
  Commit id: 9cbffb38735712e3a34e6f537892b6ef06fb815f
  Platform:
    osname=linux, osvers=4.6.0-1-amd64, archname=x86_64-linux-ld
    uname='linux k93x64sid 4.6.0-1-amd64 #1 smp debian 4.6.1-1 (2016-06-06) x86_64 gnulinux '
    config_args='-Dprefix=/home/sand/src/perl/repoperls/installed-perls/host/k93x64sid/v5.22.2/3bd2 -Dmyhostname=k93x64sid -Dinstallusrbinperl=n -Uversiononly -Dusedevel -des -Ui_db -Dlibswanted=cl pthread socket inet nsl gdbm dbm malloc dl ld sun m crypt sec util c cposix posix ucb BSD gdbm_compat -Uuseithreads -Duselongdouble -DDEBUGGING=-g'
    hint=recommended, useposix=true, d_sigaction=define
    useithreads=undef, usemultiplicity=undef
    use64bitint=define, use64bitall=define, uselongdouble=define
    usemymalloc=n, bincompat5005=undef
  Compiler:
    cc='cc', ccflags ='-fwrapv -fno-strict-aliasing -pipe -fstack-protector-strong -I/usr/local/include -D_LARGEFILE_SOURCE -D_FILE_OFFSET_BITS=64 -D_FORTIFY_SOURCE=2',
    optimize='-O2 -g',
    cppflags='-fwrapv -fno-strict-aliasing -pipe -fstack-protector-strong -I/usr/local/include'
    ccversion='', gccversion='5.4.0 20160603', gccosandvers=''
    intsize=4, longsize=8, ptrsize=8, doublesize=8, byteorder=12345678, doublekind=3
    d_longlong=define, longlongsize=8, d_longdbl=define, longdblsize=16, longdblkind=3
    ivtype='long', ivsize=8, nvtype='long double', nvsize=16, Off_t='off_t', lseeksize=8
    alignbytes=16, prototype=define
  Linker and Libraries:
    ld='cc', ldflags =' -fstack-protector-strong -L/usr/local/lib'
    libpth=/usr/local/lib /usr/lib/gcc/x86_64-linux-gnu/5/include-fixed /usr/include/x86_64-linux-gnu /usr/lib /lib/x86_64-linux-gnu /lib/../lib /usr/lib/x86_64-linux-gnu /usr/lib/../lib /lib
    libs=-lpthread -lnsl -ldl -lm -lcrypt -lutil -lc
    perllibs=-lpthread -lnsl -ldl -lm -lcrypt -lutil -lc
    libc=libc-2.22.so, so=so, useshrplib=false, libperl=libperl.a
    gnulibc_version='2.22'
  Dynamic Linking:
    dlsrc=dl_dlopen.xs, dlext=so, d_dlsymun=undef, ccdlflags='-Wl,-E'
    cccdlflags='-fPIC', lddlflags='-shared -O2 -g -L/usr/local/lib -fstack-protector-strong'


Characteristics of this binary (from libperl): 
  Compile-time options: HAS_TIMES PERLIO_LAYERS PERL_DONT_CREATE_GVSV
                        PERL_HASH_FUNC_ONE_AT_A_TIME_HARD PERL_MALLOC_WRAP
                        PERL_NEW_COPY_ON_WRITE PERL_PRESERVE_IVUV
                        PERL_USE_DEVEL USE_64_BIT_ALL USE_64_BIT_INT
                        USE_LARGE_FILES USE_LOCALE USE_LOCALE_COLLATE
                        USE_LOCALE_CTYPE USE_LOCALE_NUMERIC USE_LOCALE_TIME
                        USE_LONG_DOUBLE USE_PERLIO USE_PERL_ATOF
  Built under linux
  Compiled at Jun 11 2016 09:53:02
  %ENV:
    PERL5LIB=""
    PERL5OPT=""
    PERL5_CPANPLUS_IS_RUNNING="5830"
    PERL5_CPAN_IS_RUNNING="5830"
    PERL_CANARY_STABILITY_NOPROMPT="1"
    PERL_MM_USE_DEFAULT="1"
  @INC:
    /home/sand/src/perl/repoperls/installed-perls/host/k93x64sid/v5.22.2/3bd2/lib/site_perl/5.22.2/x86_64-linux-ld
    /home/sand/src/perl/repoperls/installed-perls/host/k93x64sid/v5.22.2/3bd2/lib/site_perl/5.22.2
    /home/sand/src/perl/repoperls/installed-perls/host/k93x64sid/v5.22.2/3bd2/lib/5.22.2/x86_64-linux-ld
    /home/sand/src/perl/repoperls/installed-perls/host/k93x64sid/v5.22.2/3bd2/lib/5.22.2
    .