Store-Directories vv0.4.2 Perl 5 v5.24.4 x86_64-linux

Status
Fail
From
Slaven Rezić
Dist
Store-Directories vv0.4.2
Platform
Perl 5 v5.24.4 x86_64-linux
Date
2021-01-26 22:01:58
ID
1c636628-6022-11eb-81cf-b72a1f24ea8f
This distribution has been tested as part of the CPAN Testers
project, supporting the Perl programming language.  See
http://wiki.cpantesters.org/ for more information or email
questions to cpan-testers-discuss@perl.org


--
Dear Cameron Tauxe,

This is a computer-generated report for Store-Directories-v0.4.2
on perl 5.24.4, created by CPAN-Reporter-1.2018.

Thank you for uploading your work to CPAN.  However, there was a problem
testing your distribution.

If you think this report is invalid, please consult the CPAN Testers Wiki
for suggestions on how to avoid getting FAIL reports for missing library
or binary dependencies, unsupported operating systems, and so on:

http://wiki.cpantesters.org/wiki/CPANAuthorNotes

Sections of this report:

    * Tester comments
    * Program output
    * Prerequisites
    * Environment and other context

------------------------------
TESTER COMMENTS
------------------------------

Additional comments from tester:

none provided

------------------------------
PROGRAM OUTPUT
------------------------------

Output from './Build test':

# Testing Store::Directories 0.4.2, Perl 5.024004, /opt/perl-5.24.4/bin/perl
t/00-load.t ....... ok

#   Failed test 'Proc (24540) exited successfully.'
#   at t/main.t line 218.
#          got: '1'
#     expected: '0'

#   Failed test 'Proc (24540) exited successfully.'
#   at t/main.t line 218.
#          got: '1'
#     expected: '0'

#   Failed test 'Proc (24540) exited successfully.'
#   at t/main.t line 218.
#          got: '1'
#     expected: '0'

#   Failed test 'Proc (24541) exited successfully.'
#   at t/main.t line 218.
#          got: '1'
#     expected: '0'

#   Failed test 'Proc (24541) exited successfully.'
#   at t/main.t line 218.
#          got: '1'
#     expected: '0'

#   Failed test 'Proc (24541) exited successfully.'
#   at t/main.t line 218.
#          got: '1'
#     expected: '0'

#   Failed test 'Proc (24543) exited successfully.'
#   at t/main.t line 218.
#          got: '1'
#     expected: '0'

#   Failed test 'Proc (24543) exited successfully.'
#   at t/main.t line 218.
#          got: '1'
#     expected: '0'

#   Failed test 'Proc (24540) exited successfully.'
#   at t/main.t line 218.
#          got: '1'
#     expected: '0'

#   Failed test 'Proc (24543) exited successfully.'
#   at t/main.t line 218.
#          got: '1'
#     expected: '0'

#   Failed test 'Proc (24541) exited successfully.'
#   at t/main.t line 218.
#          got: '1'
#     expected: '0'

#   Failed test 'Proc (24543) exited successfully.'
#   at t/main.t line 218.
#          got: '1'
#     expected: '0'

#   Failed test 'Proc (24543) exited successfully.'
#   at t/main.t line 218.
#          got: '1'
#     expected: '0'

#   Failed test 'Proc (24546) exited successfully.'
#   at t/main.t line 218.
#          got: '1'
#     expected: '0'

#   Failed test 'Proc (24546) exited successfully.'
#   at t/main.t line 218.
#          got: '1'
#     expected: '0'

#   Failed test 'Proc (24546) exited successfully.'
#   at t/main.t line 218.
#          got: '1'
#     expected: '0'

#   Failed test 'Proc (24541) exited successfully.'
#   at t/main.t line 218.
#          got: '1'
#     expected: '0'

#   Failed test 'Proc (24546) exited successfully.'
#   at t/main.t line 218.
#          got: '1'
#     expected: '0'

#   Failed test 'Proc (24551) exited successfully.'
#   at t/main.t line 218.
#          got: '1'
#     expected: '0'

#   Failed test 'Proc (24551) exited successfully.'
#   at t/main.t line 218.
#          got: '1'
#     expected: '0'

#   Failed test 'Proc (24546) exited successfully.'
#   at t/main.t line 218.

#   Failed test 'Proc (24551) exited successfully.'
#   at t/main.t line 218.
#          got: '1'
#     expected: '0'
#          got: '1'
#     expected: '0'

#   Failed test 'Proc (24540) exited successfully.'
#   at t/main.t line 218.
#          got: '1'
#     expected: '0'

#   Failed test 'Proc (24551) exited successfully.'
#   at t/main.t line 218.
#          got: '1'
#     expected: '0'

#   Failed test 'Proc (24551) exited successfully.'
#   at t/main.t line 218.
#          got: '1'
#     expected: '0'

#   Failed test 'Correct number of entries'
#   at t/main.t line 75.
#          got: '0'
#     expected: '5'
could not read process start time. at /home/cpansand/.cpan/build/2021012620/Store-Directories-v0.4.2-1/blib/lib/Store/Directories.pm line 354.
 at /home/cpansand/.cpan/build/2021012620/Store-Directories-v0.4.2-1/blib/lib/Store/Directories.pm line 354.
t/main.t .......... 
Dubious, test returned 25 (wstat 6400, 0x1900)
Failed 431/435 subtests 
t/manifest.t ...... skipped: Author tests not required for installation
t/pod-coverage.t .. skipped: Author tests not required for installation
t/pod.t ........... skipped: Author tests not required for installation

Test Summary Report
-------------------
t/main.t        (Wstat: 6400 Tests: 30 Failed: 26)
  Failed tests:  5-30
  Non-zero exit status: 25
  Parse errors: Bad plan.  You planned 435 tests but ran 30.
Files=5, Tests=31,  0 wallclock secs ( 0.01 usr  0.06 sys +  0.43 cusr  0.74 csys =  1.24 CPU)
Result: FAIL
Failed 1/5 test programs. 26/31 subtests failed.

------------------------------
PREREQUISITES
------------------------------

Prerequisite modules loaded:

requires:

    Module                   Need    Have    
    ------------------------ ------- --------
    Data::UUID               1.226   1.226   
    DBD::SQLite              1.66    1.66    
    Devel::GlobalDestruction 0.14    0.14    
    IPC::System::Simple      1.30    1.30    
    perl                     5.014   5.024004
    SQL::SplitStatement      1.00020 1.00020 

build_requires:

    Module                   Need    Have    
    ------------------------ ------- --------
    IPC::System::Simple      1.30    1.30    
    Test::Cmd                1.09    1.09    
    Test::More               0       1.302183

configure_requires:

    Module                   Need    Have    
    ------------------------ ------- --------
    Module::Build            0.4004  0.4231  


------------------------------
ENVIRONMENT AND OTHER CONTEXT
------------------------------

Environment variables:

    LANG = en_US.UTF-8
    PATH = /usr/local/bin:/usr/bin:/bin:/usr/local/sbin:/usr/sbin:/sbin:/home/cpansand/bin/linux-gnu:/home/cpansand/bin/sh:/home/cpansand/bin:/usr/games:/home/cpansand/devel:/home/eserte/src/srezic-misc/scripts
    PERL5LIB = 
    PERL5OPT = 
    PERL5_CPANPLUS_IS_RUNNING = 24490
    PERL5_CPAN_IS_RUNNING = 24490
    PERL5_CPAN_IS_RUNNING_IN_RECURSION = 23681,24490
    PERLDOC = -MPod::Perldoc::ToTextOverstrike
    PERL_BATCH = yes
    PERL_CANARY_STABILITY_NOPROMPT = 1
    PERL_CPAN_REPORTER_CONFIG = /var/tmp/cpansmoker-1023/2021012620/cpanreporter_000_config.ini
    PERL_EXTUTILS_AUTOINSTALL = --defaultdeps
    PERL_USE_UNSAFE_INC = 1
    SHELL = /usr/bin/zsh
    TERM = screen
    TMPDIR = /var/tmp/cpansmoker-1023/2021012620

Perl special variables (and OS-specific diagnostics, for MSWin32):

    $^X = /opt/perl-5.24.4/bin/perl
    $UID/$EUID = 1023 / 1023
    $GID = 1023 1023
    $EGID = 1023 1023

Perl module toolchain versions installed:

    Module              Have    
    ------------------- --------
    CPAN                2.28    
    CPAN::Meta          2.150010
    Cwd                 3.75    
    ExtUtils::CBuilder  0.280231
    ExtUtils::Command   7.58    
    ExtUtils::Install   2.20    
    ExtUtils::MakeMaker 7.58    
    ExtUtils::Manifest  1.70    
    ExtUtils::ParseXS   3.35    
    File::Spec          3.75    
    JSON                4.03    
    JSON::PP            4.06    
    Module::Build       0.4231  
    Module::Signature   0.83    
    Parse::CPAN::Meta   2.150010
    Test::Harness       3.42    
    Test::More          1.302183
    YAML                1.30    
    YAML::Syck          1.33    
    version             0.9916  


--

Summary of my perl5 (revision 5 version 24 subversion 4) configuration:
   
  Platform:
    osname=linux, osvers=4.4.0-157-generic, archname=x86_64-linux
    uname='linux ubuntu16 4.4.0-157-generic #185-ubuntu smp tue jul 23 09:17:01 utc 2019 x86_64 x86_64 x86_64 gnulinux '
    config_args='-ds -e -Dprefix=/opt/perl-5.24.4 -Dcf_email=srezic@cpan.org'
    hint=recommended, useposix=true, d_sigaction=define
    useithreads=undef, usemultiplicity=undef
    use64bitint=define, use64bitall=define, uselongdouble=undef
    usemymalloc=n, bincompat5005=undef
  Compiler:
    cc='cc', ccflags ='-fwrapv -fno-strict-aliasing -pipe -fstack-protector-strong -I/usr/local/include -D_LARGEFILE_SOURCE -D_FILE_OFFSET_BITS=64',
    optimize='-O2',
    cppflags='-fwrapv -fno-strict-aliasing -pipe -fstack-protector-strong -I/usr/local/include'
    ccversion='', gccversion='5.4.0 20160609', gccosandvers=''
    intsize=4, longsize=8, ptrsize=8, doublesize=8, byteorder=12345678, doublekind=3
    d_longlong=define, longlongsize=8, d_longdbl=define, longdblsize=16, longdblkind=3
    ivtype='long', ivsize=8, nvtype='double', nvsize=8, Off_t='off_t', lseeksize=8
    alignbytes=8, prototype=define
  Linker and Libraries:
    ld='cc', ldflags =' -fstack-protector-strong -L/usr/local/lib'
    libpth=/usr/local/lib /usr/lib/gcc/x86_64-linux-gnu/5/include-fixed /usr/include/x86_64-linux-gnu /usr/lib /lib/x86_64-linux-gnu /lib/../lib /usr/lib/x86_64-linux-gnu /usr/lib/../lib /lib
    libs=-lpthread -lnsl -ldb -ldl -lm -lcrypt -lutil -lc
    perllibs=-lpthread -lnsl -ldl -lm -lcrypt -lutil -lc
    libc=libc-2.23.so, so=so, useshrplib=false, libperl=libperl.a
    gnulibc_version='2.23'
  Dynamic Linking:
    dlsrc=dl_dlopen.xs, dlext=so, d_dlsymun=undef, ccdlflags='-Wl,-E'
    cccdlflags='-fPIC', lddlflags='-shared -O2 -L/usr/local/lib -fstack-protector-strong'


Characteristics of this binary (from libperl): 
  Compile-time options: HAS_TIMES PERLIO_LAYERS PERL_COPY_ON_WRITE
                        PERL_DONT_CREATE_GVSV
                        PERL_HASH_FUNC_ONE_AT_A_TIME_HARD PERL_MALLOC_WRAP
                        PERL_PRESERVE_IVUV USE_64_BIT_ALL USE_64_BIT_INT
                        USE_LARGE_FILES USE_LOCALE USE_LOCALE_COLLATE
                        USE_LOCALE_CTYPE USE_LOCALE_NUMERIC USE_LOCALE_TIME
                        USE_PERLIO USE_PERL_ATOF
  Built under linux
  Compiled at Aug  6 2019 17:24:30
  %ENV:
    PERL5LIB=""
    PERL5OPT=""
    PERL5_CPANPLUS_IS_RUNNING="24490"
    PERL5_CPAN_IS_RUNNING="24490"
    PERL5_CPAN_IS_RUNNING_IN_RECURSION="23681,24490"
    PERLDOC="-MPod::Perldoc::ToTextOverstrike"
    PERL_BATCH="yes"
    PERL_CANARY_STABILITY_NOPROMPT="1"
    PERL_CPAN_REPORTER_CONFIG="/var/tmp/cpansmoker-1023/2021012620/cpanreporter_000_config.ini"
    PERL_EXTUTILS_AUTOINSTALL="--defaultdeps"
    PERL_USE_UNSAFE_INC="1"
  @INC:
    /opt/perl-5.24.4/lib/site_perl/5.24.4/x86_64-linux
    /opt/perl-5.24.4/lib/site_perl/5.24.4
    /opt/perl-5.24.4/lib/5.24.4/x86_64-linux
    /opt/perl-5.24.4/lib/5.24.4
    .