Module-Info v0.39 Perl 5 v5.32.0 i686-linux

Status
Fail
From
David Cantrell (DCANTRELL)
Dist
Module-Info v0.39
Platform
Perl 5 v5.32.0 i686-linux
Date
2024-10-02 02:14:53
ID
1c69d984-8064-11ef-be2c-a649cd5e449c
This distribution has been tested as part of the CPAN Testers
project, supporting the Perl programming language.  See
http://wiki.cpantesters.org/ for more information or email
questions to cpan-testers-discuss@perl.org


--
Dear Neil Bowers,

This is a computer-generated report for Module-Info-0.39
on perl 5.32.0, created by CPAN-Reporter-1.2018.

Thank you for uploading your work to CPAN.  However, there was a problem
testing your distribution.

If you think this report is invalid, please consult the CPAN Testers Wiki
for suggestions on how to avoid getting FAIL reports for missing library
or binary dependencies, unsupported operating systems, and so on:

http://wiki.cpantesters.org/wiki/CPANAuthorNotes

Sections of this report:

    * Tester comments
    * Program output
    * Prerequisites
    * Environment and other context

------------------------------
TESTER COMMENTS
------------------------------

Additional comments from tester:

this report is from an automated smoke testing program
and was not reviewed by a human for accuracy

------------------------------
PROGRAM OUTPUT
------------------------------

Output from '/usr/bin/make test':

PERL_DL_NONLAZY=1 "/home/david/cpantesting/perl-5.32.0/bin/perl" "-MExtUtils::Command::MM" "-MTest::Harness" "-e" "undef *Test::Harness::Switches; test_harness(0, 'blib/lib', 'blib/arch')" t/*.t
B::Module::Info,packages use failed with 2 saying:
Can't locate t/lib/Bar.pm in @INC (you may need to install the t::lib::Bar module) (@INC contains: blahbityblahblah blib/lib /home/david/cpantesting/perl-5.32.0/.cpan/build/Module-Info-0.39-0/blib/lib /home/david/cpantesting/perl-5.32.0/.cpan/build/Module-Info-0.39-0/blib/arch /home/david/cpantesting/perl-5.32.0/lib/site_perl/5.32.0/i686-linux /home/david/cpantesting/perl-5.32.0/lib/site_perl/5.32.0 /home/david/cpantesting/perl-5.32.0/lib/5.32.0/i686-linux /home/david/cpantesting/perl-5.32.0/lib/5.32.0) at /home/david/cpantesting/perl-5.32.0/.cpan/build/Module-Info-0.39-0/t/lib/Foo.pm line 64.

BEGIN failed--compilation aborted at /home/david/cpantesting/perl-5.32.0/.cpan/build/Module-Info-0.39-0/t/lib/Foo.pm line 65.
#     Failed test (t/Module-Info.t at line 187)
#          got: '0'
#     expected: '2'
#     Failed test (t/Module-Info.t at line 188)
B::Module::Info,packages use failed with 2 saying:
Can't locate t/lib/Bar.pm in @INC (you may need to install the t::lib::Bar module) (@INC contains: blahbityblahblah blib/lib /home/david/cpantesting/perl-5.32.0/.cpan/build/Module-Info-0.39-0/blib/lib /home/david/cpantesting/perl-5.32.0/.cpan/build/Module-Info-0.39-0/blib/arch /home/david/cpantesting/perl-5.32.0/lib/site_perl/5.32.0/i686-linux /home/david/cpantesting/perl-5.32.0/lib/site_perl/5.32.0 /home/david/cpantesting/perl-5.32.0/lib/5.32.0/i686-linux /home/david/cpantesting/perl-5.32.0/lib/5.32.0) at /home/david/cpantesting/perl-5.32.0/.cpan/build/Module-Info-0.39-0/t/lib/Foo.pm line 64.

BEGIN failed--compilation aborted at /home/david/cpantesting/perl-5.32.0/.cpan/build/Module-Info-0.39-0/t/lib/Foo.pm line 65.
#     Failed test (t/Module-Info.t at line 191)
#          got: '0'
#     expected: '2'
#     Failed test (t/Module-Info.t at line 192)
#          got: undef
#     expected: '7.254'
B::Module::Info,subroutines use failed with 2 saying:
Can't locate t/lib/Bar.pm in @INC (you may need to install the t::lib::Bar module) (@INC contains: blahbityblahblah blib/lib /home/david/cpantesting/perl-5.32.0/.cpan/build/Module-Info-0.39-0/blib/lib /home/david/cpantesting/perl-5.32.0/.cpan/build/Module-Info-0.39-0/blib/arch /home/david/cpantesting/perl-5.32.0/lib/site_perl/5.32.0/i686-linux /home/david/cpantesting/perl-5.32.0/lib/site_perl/5.32.0 /home/david/cpantesting/perl-5.32.0/lib/5.32.0/i686-linux /home/david/cpantesting/perl-5.32.0/lib/5.32.0) at /home/david/cpantesting/perl-5.32.0/.cpan/build/Module-Info-0.39-0/t/lib/Foo.pm line 64.

BEGIN failed--compilation aborted at /home/david/cpantesting/perl-5.32.0/.cpan/build/Module-Info-0.39-0/t/lib/Foo.pm line 65.

B::OPpPADRANGE_COUNTMASK at "__none__" from 0 to 0

B::IO::TOP_NAME at "__none__" from 0 to 0

B::CXp_MULTICALL at "__none__" from 0 to 0

List::Util::sum0 at "__none__" from 0 to 0

B::CXp_ONCE at "__none__" from 0 to 0

B::OPpLVREF_SV at "__none__" from 0 to 0

B::Module::Info::padval at "blib/lib/B/Module/Info.pm" from 262 to 263

strict::unimport at "/home/david/cpantesting/perl-5.32.0/lib/5.32.0/strict.pm" from 66 to 73

B::OPpAVHVSWITCH_MASK at "__none__" from 0 to 0

version::("" at "__none__" from 0 to 0

List::Util::uniqstr at "__none__" from 0 to 0

B::OPpMAYBE_LVSUB at "__none__" from 0 to 0

lib::_get_dirs at "/home/david/cpantesting/perl-5.32.0/lib/5.32.0/i686-linux/lib.pm" from 74 to 82

B::OPpCONCAT_NESTED at "__none__" from 0 to 0

B::OP::type at "__none__" from 0 to 0

B::PV::CUR at "__none__" from 0 to 0

List::Util::notall at "__none__" from 0 to 0

B::PMOP::precomp at "__none__" from 0 to 0

B::PADNAME::PV at "__none__" from 0 to 0

B::SVs_SMG at "__none__" from 0 to 0

strict::all_explicit_bits at "__none__" from 0 to 0

B::OPpCONST_NOVER at "__none__" from 0 to 0

Config::AUTOLOAD at "/home/david/cpantesting/perl-5.32.0/lib/5.32.0/i686-linux/Config.pm" from 80 to 82

B::GV::FORM at "__none__" from 0 to 0

B::XOPf_xop_peep at "__none__" from 0 to 0

B::IO::IsSTD at "__none__" from 0 to 0

B::Utils::_opgrep_helper at "/home/david/cpantesting/perl-5.32.0/lib/site_perl/5.32.0/i686-linux/B/Utils.pm" from 1031 to 1039

B::init_av at "__none__" from 0 to 0

B::COP::stashpv at "__none__" from 0 to 0

B::PADNAME::PVX at "__none__" from 0 to 0

B::CXt_LOOP_ARY at "__none__" from 0 to 0

B::Utils::anon_sub at "__none__" from 0 to 0

B::Module::Info::const_sv at "blib/lib/B/Module/Info.pm" from 190 to 201

B::PV::PVX at "__none__" from 0 to 0

B::RXf_PMf_KEEPCOPY at "__none__" from 0 to 0

B::OP::next at "__none__" from 0 to 0

B::GVf_MULTI at "__none__" from 0 to 0

Config::bincompat_options at "__none__" from 0 to 0

B::HV::MAX at "__none__" from 0 to 0

B::OPpARG3_MASK at "__none__" from 0 to 0

B::UNOP_AUX::string at "__none__" from 0 to 0

B::import at "/home/david/cpantesting/perl-5.32.0/lib/5.32.0/i686-linux/B.pm" from 14 to 16

B::EVAL_NULL at "__none__" from 0 to 0

B::OPpCOREARGS_DEREF2 at "__none__" from 0 to 0

B::objsym at "/home/david/cpantesting/perl-5.32.0/lib/5.32.0/i686-linux/B.pm" from 209 to 210

B::PADNAME::COP_SEQ_RANGE_LOW at "__none__" from 0 to 0

B::PMf_CHARSET at "__none__" from 0 to 0

B::BHKf_bhk_pre_end at "__none__" from 0 to 0

DynaLoader::dl_install_xsub at "__none__" from 0 to 0

B::CVf_HASEVAL at "__none__" from 0 to 0

warnings::fatal_enabled_at_level at "/home/david/cpantesting/perl-5.32.0/lib/5.32.0/warnings.pm" from 544 to 544

B::COP::line at "__none__" from 0 to 0

B::PADNAMEt_OUTER at "__none__" from 0 to 0

B::PADNAME::OURSTASH at "__none__" from 0 to 0

B::CV::PADLIST at "__none__" from 0 to 0

B::CVf_ANON at "__none__" from 0 to 0

B::NULL::kids at "(eval 4)" from 2 to 2

B::OPpARG1_MASK at "__none__" from 0 to 0

B::OPpEARLY_CV at "__none__" from 0 to 0

B::Utils::all_starts at "/home/david/cpantesting/perl-5.32.0/lib/site_perl/5.32.0/i686-linux/B/Utils.pm" from 464 to 464

B::PMf_WILDCARD at "__none__" from 0 to 0

B::NV::NV at "__none__" from 0 to 0

B::MDEREF_HV_vivify_rv2hv_helem at "__none__" from 0 to 0

List::Util::pairgrep at "__none__" from 0 to 0

B::XOPf_xop_class at "__none__" from 0 to 0

B::Module::Info::grep_magic at "blib/lib/B/Module/Info.pm" from 288 to 295

B::LOOP::lastop at "__none__" from 0 to 0

B::OP::folded at "__none__" from 0 to 0

B::SVf_POK at "__none__" from 0 to 0

warnings::_error_loc at "/home/david/cpantesting/perl-5.32.0/lib/5.32.0/warnings.pm" from 513 to 514

B::GVf_IMPORTED_SV at "__none__" from 0 to 0

B::PMf_SPLIT at "__none__" from 0 to 0

B::CXt_SUBST at "__none__" from 0 to 0

B::BM::RARE at "__none__" from 0 to 0

B::OPpSORT_DESCEND at "__none__" from 0 to 0

B::PADNAMELIST::REFCNT at "__none__" from 0 to 0

B::HE::SVKEY_force at "__none__" from 0 to 0

B::OPpFT_ACCESS at "__none__" from 0 to 0

B::OA_HVREF at "__none__" from 0 to 0

B::OA_SVOP at "__none__" from 0 to 0

Scalar::Util::reftype at "__none__" from 0 to 0

B::SVf_NOK at "__none__" from 0 to 0

B::OP::ancestors at "/home/david/cpantesting/perl-5.32.0/lib/site_perl/5.32.0/i686-linux/B/Utils.pm" from 251 to 257

B::PMf_EXTENDED at "__none__" from 0 to 0

B::MAGIC::TYPE at "__none__" from 0 to 0

B::SVs_GMG at "__none__" from 0 to 0

B::OPf_REF at "__none__" from 0 to 0

Exporter::Heavy::heavy_export_ok_tags at "/home/david/cpantesting/perl-5.32.0/lib/site_perl/5.32.0/Exporter/Heavy.pm" from 250 to 250

strict::all_bits at "__none__" from 0 to 0

B::CXt_EVAL at "__none__" from 0 to 0

Exporter::require_version at "/home/david/cpantesting/perl-5.32.0/lib/site_perl/5.32.0/Exporter.pm" from 90 to 90

B::Utils::croak at "/home/david/cpantesting/perl-5.32.0/lib/site_perl/5.32.0/i686-linux/B/Utils.pm" from 1122 to 1122

Scalar::Util::dualvar at "__none__" from 0 to 0

B::MDEREF_HV_padhv_helem at "__none__" from 0 to 0

B::unitcheck_av at "__none__" from 0 to 0

B::G_ARRAY at "__none__" from 0 to 0

B::G_NOARGS at "__none__" from 0 to 0

Tie::Hash::NamedCapture::NEXTKEY at "__none__" from 0 to 0

B::OA_FILEREF at "__none__" from 0 to 0

B::OP::sibling at "__none__" from 0 to 0

B::OPpMAY_RETURN_CONSTANT at "__none__" from 0 to 0

B::address at "__none__" from 0 to 0

B::CVf_METHOD at "__none__" from 0 to 0

Scalar::Util::looks_like_number at "__none__" from 0 to 0

version::(+= at "__none__" from 0 to 0

B::CV::STASH at "__none__" from 0 to 0

Scalar::Util::weaken at "__none__" from 0 to 0

Scalar::Util::blessed at "__none__" from 0 to 0

List::Util::pairmap at "__none__" from 0 to 0

warnings::warn_at_level at "/home/david/cpantesting/perl-5.32.0/lib/5.32.0/warnings.pm" from 549 to 549

B::OPpARGELEM_MASK at "__none__" from 0 to 0

B::OPpSORT_INPLACE at "__none__" from 0 to 0

Internals::SvREADONLY at "__none__" from 0 to 0

B::PMf_KEEP at "__none__" from 0 to 0

B::OPpENTERSUB_HASTARG at "__none__" from 0 to 0

B::Utils::anon_subs at "/home/david/cpantesting/perl-5.32.0/lib/site_perl/5.32.0/i686-linux/B/Utils.pm" from 476 to 476

base::import at "/home/david/cpantesting/perl-5.32.0/lib/site_perl/5.32.0/base.pm" from 77 to 141

DynaLoader::croak at "/home/david/cpantesting/perl-5.32.0/lib/5.32.0/i686-linux/DynaLoader.pm" from 95 to 95

B::OA_CVREF at "__none__" from 0 to 0

B::IO::LINES at "__none__" from 0 to 0

B::CV::OUTSIDE at "__none__" from 0 to 0

B::MAGIC::MOREMAGIC at "__none__" from 0 to 0

B::RXf_PMf_SPLIT at "__none__" from 0 to 0

B::SVf_ROK at "__none__" from 0 to 0

B::SVf_BREAK at "__none__" from 0 to 0

B::IV::as_string at "/home/david/cpantesting/perl-5.32.0/lib/5.32.0/i686-linux/B.pm" from 118 to 119

Tie::Hash::NamedCapture::CLEAR at "__none__" from 0 to 0

B::PMf_CONST at "__none__" from 0 to 0

warnings::_bits at "/home/david/cpantesting/perl-5.32.0/lib/5.32.0/warnings.pm" from 302 to 326

B::OPpTRANS_USE_SVOP at "__none__" from 0 to 0

B::SVOP::gv at "__none__" from 0 to 0

B::Utils::_walkoptree_simple at "/home/david/cpantesting/perl-5.32.0/lib/site_perl/5.32.0/i686-linux/B/Utils.pm" from 618 to 644

B::RXf_PMf_STRICT at "__none__" from 0 to 0

B::RXf_START_ONLY at "__none__" from 0 to 0

B::CXt_LOOP_LAZYIV at "__none__" from 0 to 0

B::Module::Info::sub_check at "blib/lib/B/Module/Info.pm" from 386 to 425

B::OPpKVSLICE at "__none__" from 0 to 0

B::OPpDEREF_AV at "__none__" from 0 to 0

B::PAD_FAKELEX_ANON at "__none__" from 0 to 0

utf8::decode at "__none__" from 0 to 0

B::FM::LINES at "__none__" from 0 to 0

B::OP::siblings at "/home/david/cpantesting/perl-5.32.0/lib/site_perl/5.32.0/i686-linux/B/Utils.pm" from 282 to 294

B::defstash at "__none__" from 0 to 0

B::SVf_IsCOW at "__none__" from 0 to 0

B::PERL_LOADMOD_NOIMPORT at "__none__" from 0 to 0

B::OPpTRANS_DELETE at "__none__" from 0 to 0

B::Module::Info::const at "blib/lib/B/Module/Info.pm" from 212 to 237

lib::unimport at "/home/david/cpantesting/perl-5.32.0/lib/5.32.0/i686-linux/lib.pm" from 56 to 70

B::CXp_FOR_LVREF at "__none__" from 0 to 0

List::Util::uniqnum at "__none__" from 0 to 0

List::Util::unpairs at "__none__" from 0 to 0

B::formfeed at "__none__" from 0 to 0

B::MDEREF_INDEX_MASK at "__none__" from 0 to 0

B::RXf_PMf_EXTENDED at "__none__" from 0 to 0

B::IO::LINES_LEFT at "__none__" from 0 to 0

B::SV::object_2svref at "__none__" from 0 to 0

B::CVf_LEXICAL at "__none__" from 0 to 0

B::OPpOPEN_OUT_RAW at "__none__" from 0 to 0

B::OPpLVREF_HV at "__none__" from 0 to 0

B::IO::PAGE_LEN at "__none__" from 0 to 0

B::SVs_TEMP at "__none__" from 0 to 0

B::CXp_FOR_GV at "__none__" from 0 to 0

warnings::_expand_bits at "/home/david/cpantesting/perl-5.32.0/lib/5.32.0/warnings.pm" from 283 to 298

B::PMf_NOCAPTURE at "__none__" from 0 to 0

B::PADNAME::LEN at "__none__" from 0 to 0

DynaLoader::dl_load_file at "__none__" from 0 to 0

B::PMOP::pmstashpv at "__none__" from 0 to 0

B::PADLIST::outid at "__none__" from 0 to 0

B::SVt_PVGV at "__none__" from 0 to 0

subs::import at "/home/david/cpantesting/perl-5.32.0/lib/5.32.0/subs.pm" from 33 to 37

B::compile_stats at "/home/david/cpantesting/perl-5.32.0/lib/5.32.0/i686-linux/B.pm" from 186 to 186

version::(nomethod at "__none__" from 0 to 0

B::Utils::_TRUE at "__none__" from 0 to 0

B::OPpPV_IS_UTF8 at "__none__" from 0 to 0

B::CXp_HASARGS at "__none__" from 0 to 0

warnings::import at "/home/david/cpantesting/perl-5.32.0/lib/5.32.0/warnings.pm" from 338 to 347

B::CXt_FORMAT at "__none__" from 0 to 0

strict::import at "/home/david/cpantesting/perl-5.32.0/lib/5.32.0/strict.pm" from 61 to 62

List::Util::first at "__none__" from 0 to 0

B::OPf_PARENS at "__none__" from 0 to 0

B::svref_2object at "__none__" from 0 to 0

B::Utils::opgrep at "/home/david/cpantesting/perl-5.32.0/lib/site_perl/5.32.0/i686-linux/B/Utils.pm" from 856 to 1026

B::PADLIST::id at "__none__" from 0 to 0

B::GV::HV at "__none__" from 0 to 0

List::Util::mesh at "__none__" from 0 to 0

B::SVpad_OUR at "__none__" from 0 to 0

base::has_fields at "/home/david/cpantesting/perl-5.32.0/lib/site_perl/5.32.0/base.pm" from 21 to 23

B::OPpENTERSUB_INARGS at "__none__" from 0 to 0

B::EVAL_INEVAL at "__none__" from 0 to 0

B::AV::FILL at "__none__" from 0 to 0

B::CXp_FOR_DEF at "__none__" from 0 to 0

B::OPpCONST_SHORTCIRCUIT at "__none__" from 0 to 0

B::OA_LIST at "__none__" from 0 to 0

B::SVs_OBJECT at "__none__" from 0 to 0

B::SVf_UTF8 at "__none__" from 0 to 0

B::HV::RITER at "__none__" from 0 to 0

B::Utils::dl_load_flags at "/home/david/cpantesting/perl-5.32.0/lib/site_perl/5.32.0/i686-linux/B/Utils.pm" from 55 to 55

B::OA_FILESTATOP at "__none__" from 0 to 0

B::Module::Info::filtered_roots at "blib/lib/B/Module/Info.pm" from 44 to 50

B::PMOP::pmflags at "__none__" from 0 to 0

B::RV2CVOPCV_FLAG_MASK at "__none__" from 0 to 0

Config::myconfig at "__none__" from 0 to 0

B::GV::FILEGV at "__none__" from 0 to 0

B::Module::Info::show_require at "blib/lib/B/Module/Info.pm" from 341 to 370

B::SVOP::sv at "__none__" from 0 to 0

B::Utils::main_cv at "__none__" from 0 to 0

B::LOOP::nextop at "__none__" from 0 to 0

base::get_fields at "/home/david/cpantesting/perl-5.32.0/lib/site_perl/5.32.0/base.pm" from 54 to 55

B::GV::GPFLAGS at "__none__" from 0 to 0

B::OPf_KIDS at "__none__" from 0 to 0

B::ppname at "__none__" from 0 to 0

B::GV::is_empty at "__none__" from 0 to 0

B::OPpTRANS_IDENTICAL at "__none__" from 0 to 0

B::CVf_WEAKOUTSIDE at "__none__" from 0 to 0

B::Utils::_walkoptree_filtered at "/home/david/cpantesting/perl-5.32.0/lib/site_perl/5.32.0/i686-linux/B/Utils.pm" from 667 to 691

Exporter::as_heavy at "/home/david/cpantesting/perl-5.32.0/lib/site_perl/5.32.0/Exporter.pm" from 13 to 18

B::COP::stash at "__none__" from 0 to 0

List::Util::pairs at "__none__" from 0 to 0

B::RXf_PMf_CHARSET at "__none__" from 0 to 0

B::OPpLVAL_INTRO at "__none__" from 0 to 0

B::PVLV::TARGLEN at "__none__" from 0 to 0

B::PMf_USE_RE_EVAL at "__none__" from 0 to 0

PerlIO::Layer::find at "__none__" from 0 to 0

B::OA_SCALAR at "__none__" from 0 to 0

B::MDEREF_AV_gvav_aelem at "__none__" from 0 to 0

List::Util::sum at "__none__" from 0 to 0

B::OPpARGELEM_AV at "__none__" from 0 to 0

B::RXf_PMf_STD_PMMOD_SHIFT at "__none__" from 0 to 0

Config::compile_date at "__none__" from 0 to 0

B::COP::hints at "__none__" from 0 to 0

Exporter::export_ok_tags at "/home/david/cpantesting/perl-5.32.0/lib/site_perl/5.32.0/Exporter.pm" from 86 to 86

B::OPpOPEN_OUT_CRLF at "__none__" from 0 to 0

B::GV::CVGEN at "__none__" from 0 to 0

B::Module::Info::state_change at "blib/lib/B/Module/Info.pm" from 31 to 31

B::OPpSORT_NUMERIC at "__none__" from 0 to 0

B::RXf_TAINTED_SEEN at "__none__" from 0 to 0

B::Utils::walksymtable at "/home/david/cpantesting/perl-5.32.0/lib/5.32.0/i686-linux/B.pm" from 265 to 280

B::OPpASSIGN_BACKWARDS at "__none__" from 0 to 0

B::HE::VAL at "__none__" from 0 to 0

B::PERLSI_DESTROY at "__none__" from 0 to 0

B::PADNAMELIST::ARRAY at "__none__" from 0 to 0

B::Module::Info::single_delim at "blib/lib/B/Module/Info.pm" from 243 to 256

Sub::Util::set_subname at "__none__" from 0 to 0

B::Module::Info::walkoptree_simple at "/home/david/cpantesting/perl-5.32.0/lib/site_perl/5.32.0/i686-linux/B/Utils.pm" from 609 to 614

B::CVf_ISXSUB at "__none__" from 0 to 0

DynaLoader::dl_findfile at "/home/david/cpantesting/perl-5.32.0/lib/5.32.0/i686-linux/DynaLoader.pm" from 216 to 282

DynaLoader::dl_find_symbol_anywhere at "/home/david/cpantesting/perl-5.32.0/lib/5.32.0/i686-linux/DynaLoader.pm" from 310 to 316

B::OA_COP at "__none__" from 0 to 0

B::SVs_PADSTALE at "__none__" from 0 to 0

B::OPpTARGET_MY at "__none__" from 0 to 0

B::GV::NAME at "__none__" from 0 to 0

Exporter::export_tags at "/home/david/cpantesting/perl-5.32.0/lib/site_perl/5.32.0/Exporter.pm" from 82 to 82

B::class at "/home/david/cpantesting/perl-5.32.0/lib/5.32.0/i686-linux/B.pm" from 146 to 149

B::OPpENTERSUB_AMPER at "__none__" from 0 to 0

B::OA_RETSCALAR at "__none__" from 0 to 0

B::OPpENTERSUB_NOPAREN at "__none__" from 0 to 0

B::CV::CvFLAGS at "__none__" from 0 to 0

B::IO::IoTYPE at "__none__" from 0 to 0

B::OA_FOLDCONST at "__none__" from 0 to 0

B::Module::Info::roots_cv_pairs at "blib/lib/B/Module/Info.pm" from 95 to 98

B::PVMG::SvSTASH at "__none__" from 0 to 0

B::PADNAME::FLAGS at "__none__" from 0 to 0

B::PMOP::pmoffset at "__none__" from 0 to 0

B::GV::CV at "__none__" from 0 to 0

B::OPpDEREF_SV at "__none__" from 0 to 0

B::EVAL_RE_REPARSING at "__none__" from 0 to 0

B::comppadlist at "__none__" from 0 to 0

B::CV::const_sv at "__none__" from 0 to 0

base::SUCCESS at "__none__" from 0 to 0

Config::config_re at "__none__" from 0 to 0

B::MDEREF_FLAG_last at "__none__" from 0 to 0

B::parents at "/home/david/cpantesting/perl-5.32.0/lib/5.32.0/i686-linux/B.pm" from 152 to 152

B::AV::ARRAY at "__none__" from 0 to 0

B::CVf_NODEBUG at "__none__" from 0 to 0

B::MDEREF_AV_pop_rv2av_aelem at "__none__" from 0 to 0

B::PADNAME::COP_SEQ_RANGE_HIGH at "__none__" from 0 to 0

B::OASHIFT at "__none__" from 0 to 0

B::CVf_AUTOLOAD at "__none__" from 0 to 0

B::IV::needs64bits at "__none__" from 0 to 0

B::PADNAMELIST::MAX at "__none__" from 0 to 0

B::G_UNDEF_FILL at "__none__" from 0 to 0

B::CVf_DYNFILE at "__none__" from 0 to 0

Tie::Hash::NamedCapture::DELETE at "__none__" from 0 to 0

B::RV2CVOPCV_RETURN_NAME_GV at "__none__" from 0 to 0

List::Util::none at "__none__" from 0 to 0

B::OA_OTHERINT at "__none__" from 0 to 0

B::MAGIC::OBJ at "__none__" from 0 to 0

B::HEf_SVKEY at "__none__" from 0 to 0

utf8::unicode_to_native at "__none__" from 0 to 0

B::OPpINDEX_BOOLNEG at "__none__" from 0 to 0

B::GV::GvREFCNT at "__none__" from 0 to 0

B::SVp_IOK at "__none__" from 0 to 0

re::is_regexp at "__none__" from 0 to 0

B::RXf_PMf_NOCAPTURE at "__none__" from 0 to 0

Scalar::Util::isdual at "__none__" from 0 to 0

B::PERLSI_REQUIRE at "__none__" from 0 to 0

B::PERLSI_OVERLOAD at "__none__" from 0 to 0

B::NULL::as_string at "__none__" from 0 to 0

B::CXt_NULL at "__none__" from 0 to 0

B::GV::STASH at "__none__" from 0 to 0

B::PADLIST::NAMES at "__none__" from 0 to 0

B::OA_UNOP at "__none__" from 0 to 0

List::Util::_Pair::key at "/home/david/cpantesting/perl-5.32.0/lib/site_perl/5.32.0/i686-linux/List/Util.pm" from 43 to 43

version::(- at "__none__" from 0 to 0

B::GV::GP at "__none__" from 0 to 0

B::OA_UNOP_AUX at "__none__" from 0 to 0

version::vcmp at "__none__" from 0 to 0

base::has_attr at "/home/david/cpantesting/perl-5.32.0/lib/site_perl/5.32.0/base.pm" from 27 to 29

Config::TIEHASH at "/home/david/cpantesting/perl-5.32.0/lib/5.32.0/i686-linux/Config.pm" from 74 to 74

warnings::_mkMask at "/home/david/cpantesting/perl-5.32.0/lib/5.32.0/warnings.pm" from 488 to 492

B::PERL_LOADMOD_IMPORT_OPS at "__none__" from 0 to 0

B::Utils::shuffle at "__none__" from 0 to 0

strict::bits at "/home/david/cpantesting/perl-5.32.0/lib/5.32.0/strict.pm" from 41 to 57

Config::FETCH at "/home/david/cpantesting/perl-5.32.0/lib/5.32.0/i686-linux/Config.pm" from 67 to 70

B::PMOP::reflags at "__none__" from 0 to 0

B::EVAL_WARNONLY at "__none__" from 0 to 0

B::SVs_PADMY at "__none__" from 0 to 0

version::(* at "__none__" from 0 to 0

B::GVf_IMPORTED_AV at "__none__" from 0 to 0

B::OPpLVALUE at "__none__" from 0 to 0

B::PMf_GLOBAL at "__none__" from 0 to 0

B::RXf_SKIPWHITE at "__none__" from 0 to 0

B::OA_OPTIONAL at "__none__" from 0 to 0

base::get_attr at "/home/david/cpantesting/perl-5.32.0/lib/site_perl/5.32.0/base.pm" from 33 to 34

B::OPpCOREARGS_PUSHMARK at "__none__" from 0 to 0

B::OPpCONST_ENTERED at "__none__" from 0 to 0

B::LOOP::redoop at "__none__" from 0 to 0

B::OA_PVOP_OR_SVOP at "__none__" from 0 to 0

B::warnhook at "__none__" from 0 to 0

B::PV::PVBM at "__none__" from 0 to 0

version::(/= at "__none__" from 0 to 0

Exporter::Heavy::_rebuild_cache at "/home/david/cpantesting/perl-5.32.0/lib/site_perl/5.32.0/Exporter/Heavy.pm" from 29 to 35

B::IO::FMT_NAME at "__none__" from 0 to 0

re::regnames at "__none__" from 0 to 0

B::CXTYPEMASK at "__none__" from 0 to 0

B::G_NODEBUG at "__none__" from 0 to 0

B::MDEREF_AV_gvsv_vivify_rv2av_aelem at "__none__" from 0 to 0

B::IV::IVX at "__none__" from 0 to 0

utf8::downgrade at "__none__" from 0 to 0

B::PAD_FAKELEX_MULTI at "__none__" from 0 to 0

B::OPpFT_STACKING at "__none__" from 0 to 0

B::OP::parent at "__none__" from 0 to 0

B::OP::name at "__none__" from 0 to 0

B::OPpALLOW_FAKE at "__none__" from 0 to 0

B::RXf_PMf_EXTENDED_MORE at "__none__" from 0 to 0

warnings::__chk at "/home/david/cpantesting/perl-5.32.0/lib/5.32.0/warnings.pm" from 384 to 483

B::SVt_PVHV at "__none__" from 0 to 0

B::Module::Info::walkoptree_filtered at "/home/david/cpantesting/perl-5.32.0/lib/site_perl/5.32.0/i686-linux/B/Utils.pm" from 658 to 663

B::OPpFT_AFTER_t at "__none__" from 0 to 0

B::RXf_WHITE at "__none__" from 0 to 0

Scalar::Util::isvstring at "__none__" from 0 to 0

B::CVf_CONST at "__none__" from 0 to 0

B::cstring at "__none__" from 0 to 0

B::main_cv at "__none__" from 0 to 0

B::Module::Info::roots_cv_pairs_recursive at "blib/lib/B/Module/Info.pm" from 63 to 84

B::Module::Info::is_begin at "blib/lib/B/Module/Info.pm" from 275 to 278

B::PADNAME::SvSTASH at "__none__" from 0 to 0

B::REGEXP::qr_anoncv at "__none__" from 0 to 0

B::G_VOID at "__none__" from 0 to 0

B::OPf_WANT_VOID at "__none__" from 0 to 0

B::MDEREF_HV_pop_rv2hv_helem at "__none__" from 0 to 0

B::OP::oplist at "__none__" from 0 to 0

B::OPpTRANS_SQUASH at "__none__" from 0 to 0

B::CXt_SUB at "__none__" from 0 to 0

Config::config_vars at "__none__" from 0 to 0

B::COP::stashoff at "__none__" from 0 to 0

B::Utils::ppname at "__none__" from 0 to 0

Tie::Hash::NamedCapture::_tie_it at "__none__" from 0 to 0

List::Util::mesh_longest at "__none__" from 0 to 0

B::GV::_B_Utils_init_sub_cache at "/home/david/cpantesting/perl-5.32.0/lib/site_perl/5.32.0/i686-linux/B/Utils.pm" from 541 to 578

B::OPpREFCOUNTED at "__none__" from 0 to 0

List::Util::_Pair::value at "/home/david/cpantesting/perl-5.32.0/lib/site_perl/5.32.0/i686-linux/List/Util.pm" from 44 to 44

Internals::SvREFCNT at "__none__" from 0 to 0

B::OPpLVREF_AV at "__none__" from 0 to 0

B::COP::arybase at "__none__" from 0 to 0

B::OPpOUR_INTRO at "__none__" from 0 to 0

XSLoader::bootstrap_inherit at "/home/david/cpantesting/perl-5.32.0/lib/site_perl/5.32.0/i686-linux/XSLoader.pm" from 118 to 119

B::OPpTRANS_CAN_FORCE_UTF8 at "__none__" from 0 to 0

B::G_DISCARD at "__none__" from 0 to 0

B::sv_yes at "__none__" from 0 to 0

B::MAGIC::REGEX at "__none__" from 0 to 0

B::Module::Info::_class_or_object_method at "blib/lib/B/Module/Info.pm" from 445 to 453

B::check_av at "__none__" from 0 to 0

B::G_WANT at "__none__" from 0 to 0

B::OCSHIFT at "__none__" from 0 to 0

warnings::warnif at "/home/david/cpantesting/perl-5.32.0/lib/5.32.0/warnings.pm" from 534 to 534

B::G_KEEPERR at "__none__" from 0 to 0

B::Utils::walkoptree_filtered at "/home/david/cpantesting/perl-5.32.0/lib/site_perl/5.32.0/i686-linux/B/Utils.pm" from 658 to 663

B::OA_PMOP at "__none__" from 0 to 0

List::Util::uniqint at "__none__" from 0 to 0

B::timing_info at "/home/david/cpantesting/perl-5.32.0/lib/5.32.0/i686-linux/B.pm" from 190 to 192

B::OPpDEREF_HV at "__none__" from 0 to 0

B::OP::spare at "__none__" from 0 to 0

B::OPpMULTIDEREF_EXISTS at "__none__" from 0 to 0

Internals::getcwd at "__none__" from 0 to 0

B::Utils::_FALSE at "__none__" from 0 to 0

B::safename at "/home/david/cpantesting/perl-5.32.0/lib/5.32.0/i686-linux/B.pm" from 101 to 114

utf8::is_utf8 at "__none__" from 0 to 0

B::PVLV::TARGOFF at "__none__" from 0 to 0

B::walksymtable at "/home/david/cpantesting/perl-5.32.0/lib/5.32.0/i686-linux/B.pm" from 265 to 280

List::Util::shuffle at "__none__" from 0 to 0

Exporter::Heavy::heavy_require_version at "/home/david/cpantesting/perl-5.32.0/lib/site_perl/5.32.0/Exporter/Heavy.pm" from 240 to 242

B::NULL::_parent_impl at "/home/david/cpantesting/perl-5.32.0/lib/site_perl/5.32.0/i686-linux/B/Utils.pm" from 215 to 215

B::Module::Info::unback at "blib/lib/B/Module/Info.pm" from 206 to 208

B::OPpARGELEM_HV at "__none__" from 0 to 0

B::PERLSI_MULTICALL at "__none__" from 0 to 0

B::OA_BASEOP_OR_UNOP at "__none__" from 0 to 0

B::CV::NAME_HEK at "__none__" from 0 to 0

B::OPpSORT_STABLE at "__none__" from 0 to 0

B::MAGIC::PTR at "__none__" from 0 to 0

B::G_METHOD at "__none__" from 0 to 0

B::CXt_LOOP_PLAIN at "__none__" from 0 to 0

B::OP::kids at "/home/david/cpantesting/perl-5.32.0/lib/site_perl/5.32.0/i686-linux/B/Utils.pm" from 153 to 170

B::OP::as_opgrep_pattern at "/home/david/cpantesting/perl-5.32.0/lib/site_perl/5.32.0/i686-linux/B/Utils.pm" from 402 to 430

B::OP::slabbed at "__none__" from 0 to 0

B::BHKf_bhk_eval at "__none__" from 0 to 0

B::OPf_MOD at "__none__" from 0 to 0

UNIVERSAL::isa at "__none__" from 0 to 0

B::SVp_SCREAM at "__none__" from 0 to 0

B::Utils::_init_sub_cache at "/home/david/cpantesting/perl-5.32.0/lib/site_perl/5.32.0/i686-linux/B/Utils.pm" from 500 to 533

B::Utils::weaken at "__none__" from 0 to 0

Exporter::export_fail at "/home/david/cpantesting/perl-5.32.0/lib/site_perl/5.32.0/Exporter.pm" from 69 to 70

UNIVERSAL::VERSION at "__none__" from 0 to 0

B::CXt_WHEN at "__none__" from 0 to 0

B::Utils::op_or at "/home/david/cpantesting/perl-5.32.0/lib/site_perl/5.32.0/i686-linux/B/Utils.pm" from 1095 to 1096

B::Utils::walkoptree_simple at "/home/david/cpantesting/perl-5.32.0/lib/site_perl/5.32.0/i686-linux/B/Utils.pm" from 609 to 614

Scalar::Util::export_fail at "/home/david/cpantesting/perl-5.32.0/lib/site_perl/5.32.0/i686-linux/Scalar/Util.pm" from 28 to 33

B::IV::packiv at "__none__" from 0 to 0

B::OPpARGELEM_SV at "__none__" from 0 to 0

Tie::Hash::NamedCapture::FIRSTKEY at "__none__" from 0 to 0

B::sv_undef at "__none__" from 0 to 0

B::Utils::recalc_sub_cache at "/home/david/cpantesting/perl-5.32.0/lib/site_perl/5.32.0/i686-linux/B/Utils.pm" from 489 to 494

base::PUBLIC at "__none__" from 0 to 0

B::OPpTRANS_COMPLEMENT at "__none__" from 0 to 0

B::MDEREF_INDEX_padsv at "__none__" from 0 to 0

B::RXf_NULL at "__none__" from 0 to 0

B::begin_av at "__none__" from 0 to 0

B::OPpEVAL_HAS_HH at "__none__" from 0 to 0

B::PVLV::TARG at "__none__" from 0 to 0

List::Util::head at "__none__" from 0 to 0

B::PERLSI_MAGIC at "__none__" from 0 to 0

B::OPpLVAL_DEFER at "__none__" from 0 to 0

B::OPpSLICE at "__none__" from 0 to 0

version::noop at "__none__" from 0 to 0

B::OPpCOREARGS_SCALARMOD at "__none__" from 0 to 0

warnings::unimport at "/home/david/cpantesting/perl-5.32.0/lib/5.32.0/warnings.pm" from 352 to 372

B::BM::PREVIOUS at "__none__" from 0 to 0

B::OPpHINT_STRICT_REFS at "__none__" from 0 to 0

base::_module_to_filename at "/home/david/cpantesting/perl-5.32.0/lib/site_perl/5.32.0/base.pm" from 68 to 71

B::PMf_USED at "__none__" from 0 to 0

B::Module::Info::get_required_version at "blib/lib/B/Module/Info.pm" from 299 to 332

B::IV::RV at "__none__" from 0 to 0

B::PMf_MULTILINE at "__none__" from 0 to 0

B::CV::HSCXT at "__none__" from 0 to 0

B::CV::START at "__none__" from 0 to 0

B::OPpOPEN_IN_CRLF at "__none__" from 0 to 0

B::dowarn at "__none__" from 0 to 0

base::INHERITED at "__none__" from 0 to 0

B::SVs_RMG at "__none__" from 0 to 0

B::bootstrap at "__none__" from 0 to 0

B::HV::KEYS at "__none__" from 0 to 0

B::Utils::import at "/home/david/cpantesting/perl-5.32.0/lib/site_perl/5.32.0/Exporter.pm" from 26 to 63

re::regname at "__none__" from 0 to 0

B::PMOP::pmregexp at "__none__" from 0 to 0

B::OP::ppaddr at "__none__" from 0 to 0

B::OA_TARGLEX at "__none__" from 0 to 0

B::OP::static at "__none__" from 0 to 0

version::(*= at "__none__" from 0 to 0

B::CV::FILE at "__none__" from 0 to 0

Tie::Hash::NamedCapture::SCALAR at "__none__" from 0 to 0

B::PADNAMEt_LVALUE at "__none__" from 0 to 0

Exporter::Heavy::heavy_export_to_level at "/home/david/cpantesting/perl-5.32.0/lib/site_perl/5.32.0/Exporter/Heavy.pm" from 215 to 219

B::HE::HASH at "__none__" from 0 to 0

B::OA_LOOP at "__none__" from 0 to 0

base::PROTECTED at "__none__" from 0 to 0

B::NV::NVX at "__none__" from 0 to 0

version::parse at "__none__" from 0 to 0

B::OA_LOOPEXOP at "__none__" from 0 to 0

version::(/ at "__none__" from 0 to 0

B::Utils::_TRACE at "__none__" from 0 to 0

B::OPpSPLIT_ASSIGN at "__none__" from 0 to 0

B::PERLSI_MAIN at "__none__" from 0 to 0

B::PADNAME::REFCNT at "__none__" from 0 to 0

B::PV::PV at "__none__" from 0 to 0

List::Util::mesh_shortest at "__none__" from 0 to 0

B::SVf_FAKE at "__none__" from 0 to 0

PerlIO::Layer::NoWarnings at "__none__" from 0 to 0

Scalar::Util::openhandle at "__none__" from 0 to 0

B::OP::opt at "__none__" from 0 to 0

B::Module::Info::sub_info at "blib/lib/B/Module/Info.pm" from 268 to 271

B::OPpLVREF_ELEM at "__none__" from 0 to 0

B::OPpCONST_BARE at "__none__" from 0 to 0

warnings::register::mkMask at "/home/david/cpantesting/perl-5.32.0/lib/5.32.0/warnings/register.pm" from 10 to 14

Scalar::Util::tainted at "__none__" from 0 to 0

Sub::Util::set_prototype at "__none__" from 0 to 0

B::RXf_NO_INPLACE_SUBST at "__none__" from 0 to 0

B::cchar at "__none__" from 0 to 0

B::Utils::_preparewarn at "/home/david/cpantesting/perl-5.32.0/lib/site_perl/5.32.0/i686-linux/B/Utils.pm" from 1125 to 1130

B::clearsym at "/home/david/cpantesting/perl-5.32.0/lib/5.32.0/i686-linux/B.pm" from 199 to 199

B::OP::flags at "__none__" from 0 to 0

Exporter::export_to_level at "/home/david/cpantesting/perl-5.32.0/lib/site_perl/5.32.0/Exporter.pm" from 78 to 78

B::SVf_IOK at "__none__" from 0 to 0

B::IO::IoFLAGS at "__none__" from 0 to 0

B::OP::_parent at "(eval 3)" from 3 to 5

B::RXf_TAINTED at "__none__" from 0 to 0

B::MAGIC::LENGTH at "__none__" from 0 to 0

B::OPpSORT_UNSTABLE at "__none__" from 0 to 0

B::BINOP::last at "__none__" from 0 to 0

B::HV::NAME at "__none__" from 0 to 0

B::Utils::walkallops_simple at "/home/david/cpantesting/perl-5.32.0/lib/site_perl/5.32.0/i686-linux/B/Utils.pm" from 704 to 708

version::boolean at "__none__" from 0 to 0

List::Util::max at "__none__" from 0 to 0

B::OP_LVALUE_NO_CROAK at "__none__" from 0 to 0

B::OPpPAD_STATE at "__none__" from 0 to 0

B::save_BEGINs at "__none__" from 0 to 0

version::() at "__none__" from 0 to 0

mro::method_changed_in at "__none__" from 0 to 0

B::Module::Info::gv_or_padgv at "blib/lib/B/Module/Info.pm" from 434 to 439

B::GVf_IMPORTED_CV at "__none__" from 0 to 0

B::SV::POK at "__none__" from 0 to 0

Scalar::Util::isweak at "__none__" from 0 to 0

base::PRIVATE at "__none__" from 0 to 0

B::OPf_STACKED at "__none__" from 0 to 0

B::OPpEVAL_BYTES at "__none__" from 0 to 0

B::MDEREF_HV_padsv_vivify_rv2hv_helem at "__none__" from 0 to 0

B::OPpMAYBE_TRUEBOOL at "__none__" from 0 to 0

List::Util::import at "/home/david/cpantesting/perl-5.32.0/lib/site_perl/5.32.0/i686-linux/List/Util.pm" from 31 to 39

B::COP::cop_seq at "__none__" from 0 to 0

B::PMf_HAS_CV at "__none__" from 0 to 0

B::REGEXP::compflags at "__none__" from 0 to 0

B::PADLIST::MAX at "__none__" from 0 to 0

B::OA_DANGEROUS at "__none__" from 0 to 0

UNIVERSAL::can at "__none__" from 0 to 0

B::OPpTRANS_GROWS at "__none__" from 0 to 0

B::XOPf_xop_desc at "__none__" from 0 to 0

B::Module::Info::state_call at "blib/lib/B/Module/Info.pm" from 36 to 39

DynaLoader::boot_DynaLoader at "__none__" from 0 to 0

B::OPpREPEAT_DOLIST at "__none__" from 0 to 0

Foo::croak at "/home/david/cpantesting/perl-5.32.0/.cpan/build/Module-Info-0.39-0/t/lib/Foo.pm" from 54 to 61

re::regnames_count at "__none__" from 0 to 0

List::Util::zip at "__none__" from 0 to 0

B::OPpOPEN_IN_RAW at "__none__" from 0 to 0

Config::non_bincompat_options at "__none__" from 0 to 0

B::GV::LINE at "__none__" from 0 to 0

B::Utils::walkallops_filtered at "/home/david/cpantesting/perl-5.32.0/lib/site_perl/5.32.0/i686-linux/B/Utils.pm" from 735 to 739

B::MAGIC::precomp at "__none__" from 0 to 0

B::RXf_COPY_DONE at "__none__" from 0 to 0

B::OPpHUSH_VMSISH at "__none__" from 0 to 0

B::METHOP::rclass at "__none__" from 0 to 0

B::CXt_BLOCK at "__none__" from 0 to 0

B::PERLSI_REGCOMP at "__none__" from 0 to 0

B::OPf_SPECIAL at "__none__" from 0 to 0

B::OA_PADOP at "__none__" from 0 to 0

B::PMf_FOLD at "__none__" from 0 to 0

B::OPf_WANT_LIST at "__none__" from 0 to 0

B::MDEREF_AV_vivify_rv2av_aelem at "__none__" from 0 to 0

B::OPpMULTICONCAT_APPEND at "__none__" from 0 to 0

B::PMf_SINGLELINE at "__none__" from 0 to 0

utf8::upgrade at "__none__" from 0 to 0

DynaLoader::dl_load_flags at "/home/david/cpantesting/perl-5.32.0/lib/5.32.0/i686-linux/DynaLoader.pm" from 39 to 39

version::normal at "__none__" from 0 to 0

B::SVs_PADTMP at "__none__" from 0 to 0

B::OA_BINOP at "__none__" from 0 to 0

B::XOPf_xop_name at "__none__" from 0 to 0

version::(-= at "__none__" from 0 to 0

B::PMf_IS_QR at "__none__" from 0 to 0

B::OPpITER_DEF at "__none__" from 0 to 0

B::IO::BOTTOM_GV at "__none__" from 0 to 0

B::PV::LEN at "__none__" from 0 to 0

B::GV::AV at "__none__" from 0 to 0

B::PMf_CONTINUE at "__none__" from 0 to 0

B::OA_TARGET at "__none__" from 0 to 0

List::Util::reductions at "__none__" from 0 to 0

B::PADLIST::ARRAYelt at "__none__" from 0 to 0

B::G_SCALAR at "__none__" from 0 to 0

warnings::enabled at "/home/david/cpantesting/perl-5.32.0/lib/5.32.0/warnings.pm" from 519 to 519

B::OPpENTERSUB_DB at "__none__" from 0 to 0

B::PADNAME::TYPE at "__none__" from 0 to 0

base::inherit_fields at "/home/david/cpantesting/perl-5.32.0/lib/site_perl/5.32.0/base.pm" from 147 to 188

B::Utils::bootstrap at "__none__" from 0 to 0

B::IO::TOP_GV at "__none__" from 0 to 0

DynaLoader::dl_error at "__none__" from 0 to 0

B::CXt_LOOP_LAZYSV at "__none__" from 0 to 0

Tie::Hash::NamedCapture::flags at "__none__" from 0 to 0

B::OPpMULTICONCAT_STRINGIFY at "__none__" from 0 to 0

version::(abs at "__none__" from 0 to 0

B::OPf_WANT at "__none__" from 0 to 0

B::OP::size at "__none__" from 0 to 0

B::BM::USEFUL at "__none__" from 0 to 0

B::IO::PAGE at "__none__" from 0 to 0

B::main_root at "__none__" from 0 to 0

B::HV::ARRAY at "__none__" from 0 to 0

B::PERLSI_DIEHOOK at "__none__" from 0 to 0

B::MDEREF_INDEX_gvsv at "__none__" from 0 to 0

B::PMf_HAS_ERROR at "__none__" from 0 to 0

utf8::encode at "__none__" from 0 to 0

List::Util::pairkeys at "__none__" from 0 to 0

B::LOGOP::other at "__none__" from 0 to 0

B::Utils::carp at "/home/david/cpantesting/perl-5.32.0/lib/site_perl/5.32.0/i686-linux/B/Utils.pm" from 1121 to 1121

B::Module::Info::compile at "blib/lib/B/Module/Info.pm" from 375 to 377

B::PERLSI_SORT at "__none__" from 0 to 0

Exporter::export at "/home/david/cpantesting/perl-5.32.0/lib/site_perl/5.32.0/Exporter.pm" from 22 to 22

version::(bool at "__none__" from 0 to 0

B::RXf_USE_INTUIT_ML at "__none__" from 0 to 0

Scalar::Util::unweaken at "__none__" from 0 to 0

B::OPpSORT_REVERSE at "__none__" from 0 to 0

Config::header_files at "__none__" from 0 to 0

B::PERLSI_WARNHOOK at "__none__" from 0 to 0

B::OPpEVAL_UNICODE at "__none__" from 0 to 0

B::CV::XSUBANY at "__none__" from 0 to 0

B::CVf_CVGV_RC at "__none__" from 0 to 0

lib::import at "/home/david/cpantesting/perl-5.32.0/lib/5.32.0/i686-linux/lib.pm" from 19 to 51

B::BHKf_bhk_start at "__none__" from 0 to 0

List::Util::sample at "__none__" from 0 to 0

Config::import at "/home/david/cpantesting/perl-5.32.0/lib/5.32.0/i686-linux/Config.pm" from 41 to 56

B::PMf_KEEPCOPY at "__none__" from 0 to 0

Config::DESTROY at "/home/david/cpantesting/perl-5.32.0/lib/5.32.0/i686-linux/Config.pm" from 77 to 77

B::OPpRV2HV_ISKEYS at "__none__" from 0 to 0

B::MDEREF_INDEX_const at "__none__" from 0 to 0

B::main_start at "__none__" from 0 to 0

Internals::V at "__none__" from 0 to 0

B::CV::GV at "__none__" from 0 to 0

O::import at "/home/david/cpantesting/perl-5.32.0/lib/5.32.0/i686-linux/O.pm" from 11 to 58

B::OPpPADRANGE_COUNTSHIFT at "__none__" from 0 to 0

DynaLoader::bootstrap_inherit at "/home/david/cpantesting/perl-5.32.0/lib/5.32.0/i686-linux/DynaLoader.pm" from 98 to 102

B::SV::SvTYPE at "__none__" from 0 to 0

B::sv_no at "__none__" from 0 to 0

B::PADNAME::PARENT_FAKELEX_FLAGS at "__none__" from 0 to 0

B::GV::GvFLAGS at "__none__" from 0 to 0

B::inc_gv at "__none__" from 0 to 0

B::MDEREF_HV_gvhv_helem at "__none__" from 0 to 0

B::OPpPADHV_ISKEYS at "__none__" from 0 to 0

B::PV::RV at "__none__" from 0 to 0

List::Util::uniq at "__none__" from 0 to 0

B::CV::OUTSIDE_SEQ at "__none__" from 0 to 0

B::minus_c at "__none__" from 0 to 0

List::Util::maxstr at "__none__" from 0 to 0

List::Util::product at "__none__" from 0 to 0

B::OPpLVREF_TYPE at "__none__" from 0 to 0

B::BM::TABLE at "__none__" from 0 to 0

B::OPpSUBSTR_REPL_FIRST at "__none__" from 0 to 0

B::OPpMULTICONCAT_FAKE at "__none__" from 0 to 0

B::OP::_parent_impl at "/home/david/cpantesting/perl-5.32.0/lib/site_perl/5.32.0/i686-linux/B/Utils.pm" from 218 to 229

B::OA_SCALARREF at "__none__" from 0 to 0

List::Util::tail at "__none__" from 0 to 0

B::PVMG::MAGIC at "__none__" from 0 to 0

Scalar::Util::set_prototype at "/home/david/cpantesting/perl-5.32.0/lib/site_perl/5.32.0/i686-linux/Scalar/Util.pm" from 39 to 40

B::RV2CVOPCV_RETURN_STUB at "__none__" from 0 to 0

B::G_EVAL at "__none__" from 0 to 0

B::OP::desc at "__none__" from 0 to 0

B::Module::Info::opgrep at "/home/david/cpantesting/perl-5.32.0/lib/site_perl/5.32.0/i686-linux/B/Utils.pm" from 856 to 1026

B::OPpEXISTS_SUB at "__none__" from 0 to 0

B::COP::io at "__none__" from 0 to 0

Exporter::import at "/home/david/cpantesting/perl-5.32.0/lib/site_perl/5.32.0/Exporter.pm" from 26 to 63

B::SVTYPEMASK at "__none__" from 0 to 0

B::OA_DEFGV at "__none__" from 0 to 0

B::SV::ROK at "__none__" from 0 to 0

B::SVf_PROTECT at "__none__" from 0 to 0

re::regexp_pattern at "__none__" from 0 to 0

B::RXf_PMf_MULTILINE at "__none__" from 0 to 0

B::Module::Info::begin_is_use at "blib/lib/B/Module/Info.pm" from 282 to 283

B::OPpTRUEBOOL at "__none__" from 0 to 0

B::hash at "__none__" from 0 to 0

B::CV::DEPTH at "__none__" from 0 to 0

B::PMf_EVAL at "__none__" from 0 to 0

B::SVf_READONLY at "__none__" from 0 to 0

B::OPpSLICEWARNING at "__none__" from 0 to 0

version::(<=> at "__none__" from 0 to 0

utf8::valid at "__none__" from 0 to 0

B::PVOP::pv at "__none__" from 0 to 0

B::CXp_SUB_RE_FAKE at "__none__" from 0 to 0

B::perlstring at "__none__" from 0 to 0

B::CV::ROOT at "__none__" from 0 to 0

B::PADNAMEt_OUR at "__none__" from 0 to 0

Scalar::Util::readonly at "__none__" from 0 to 0

B::OA_AVREF at "__none__" from 0 to 0

DynaLoader::bootstrap at "/home/david/cpantesting/perl-5.32.0/lib/5.32.0/i686-linux/DynaLoader.pm" from 107 to 210

B::SVf_AMAGIC at "__none__" from 0 to 0

B::Utils::class at "/home/david/cpantesting/perl-5.32.0/lib/5.32.0/i686-linux/B.pm" from 146 to 149

B::debug at "/home/david/cpantesting/perl-5.32.0/lib/5.32.0/i686-linux/B.pm" from 140 to 142

B::G_WRITING_TO_STDERR at "__none__" from 0 to 0

B::OPpDONT_INIT_GV at "__none__" from 0 to 0

B::OA_BASEOP at "__none__" from 0 to 0

B::MDEREF_ACTION_MASK at "__none__" from 0 to 0

B::CXp_REAL at "__none__" from 0 to 0

warnings::register::import at "/home/david/cpantesting/perl-5.32.0/lib/5.32.0/warnings/register.pm" from 19 to 25

B::PMOP::code_list at "__none__" from 0 to 0

B::G_RE_REPARSING at "__none__" from 0 to 0

B::PMf_CODELIST_PRIVATE at "__none__" from 0 to 0

B::PADNAMELIST::ARRAYelt at "__none__" from 0 to 0

B::MDEREF_SHIFT at "__none__" from 0 to 0

warnings::bits at "/home/david/cpantesting/perl-5.32.0/lib/5.32.0/warnings.pm" from 332 to 333

B::IO::BOTTOM_NAME at "__none__" from 0 to 0

B::OP::stringify at "/home/david/cpantesting/perl-5.32.0/lib/site_perl/5.32.0/i686-linux/B/Utils.pm" from 365 to 367

B::MAGIC::FLAGS at "__none__" from 0 to 0

B::CV::CONST at "__none__" from 0 to 0

B::cast_I32 at "__none__" from 0 to 0

B::Module::Info::is_require at "blib/lib/B/Module/Info.pm" from 337 to 337

B::UNOP_AUX::aux_list at "__none__" from 0 to 0

B::REGEXP::REGEX at "__none__" from 0 to 0

Tie::Hash::NamedCapture::TIEHASH at "__none__" from 0 to 0

B::OPpLVREF_ITER at "__none__" from 0 to 0

Internals::hv_clear_placeholders at "__none__" from 0 to 0

B::OPf_FOLDED at "__none__" from 0 to 0

warnings::warnif_at_level at "/home/david/cpantesting/perl-5.32.0/lib/5.32.0/warnings.pm" from 554 to 554

Config::config_sh at "__none__" from 0 to 0

List::Util::min at "__none__" from 0 to 0

B::GV::IO at "__none__" from 0 to 0

B::opnumber at "__none__" from 0 to 0

B::CVf_CLONE at "__none__" from 0 to 0

B::IV::UVX at "__none__" from 0 to 0

B::OP::private at "__none__" from 0 to 0

B::MAGIC::PRIVATE at "__none__" from 0 to 0

version::numify at "__none__" from 0 to 0

B::CVf_UNIQUE at "__none__" from 0 to 0

Config::local_patches at "__none__" from 0 to 0

B::OPpSPLIT_LEX at "__none__" from 0 to 0

Tie::Hash::NamedCapture::FETCH at "__none__" from 0 to 0

B::COP::label at "__none__" from 0 to 0

vars::import at "/home/david/cpantesting/perl-5.32.0/lib/5.32.0/vars.pm" from 11 to 41

B::RV2CVOPCV_MARK_EARLY at "__none__" from 0 to 0

B::GV::SAFENAME at "/home/david/cpantesting/perl-5.32.0/lib/5.32.0/i686-linux/B.pm" from 97 to 97

B::PMf_NONDESTRUCT at "__none__" from 0 to 0

B::G_METHOD_NAMED at "__none__" from 0 to 0

B::OPpFT_STACKED at "__none__" from 0 to 0

warnings::Croaker at "/home/david/cpantesting/perl-5.32.0/lib/5.32.0/warnings.pm" from 276 to 279

B::OPpSPLIT_IMPLIM at "__none__" from 0 to 0

List::Util::bootstrap at "__none__" from 0 to 0

version::qv at "__none__" from 0 to 0

B::RXf_PMf_SINGLELINE at "__none__" from 0 to 0

B::PERLSI_SIGNAL at "__none__" from 0 to 0

B::PADNAME::PROTOCV at "__none__" from 0 to 0

version::(+ at "__none__" from 0 to 0

B::AV::ARRAYelt at "__none__" from 0 to 0

B::SV::REFCNT at "__none__" from 0 to 0

B::OP::oldname at "/home/david/cpantesting/perl-5.32.0/lib/site_perl/5.32.0/i686-linux/B/Utils.pm" from 132 to 140

B::COP::warnings at "__none__" from 0 to 0

B::Module::Info::all_roots at "/home/david/cpantesting/perl-5.32.0/lib/site_perl/5.32.0/i686-linux/B/Utils.pm" from 465 to 465

List::Util::any at "__none__" from 0 to 0

B::SVp_POK at "__none__" from 0 to 0

B::SVpad_STATE at "__none__" from 0 to 0

B::OA_LOGOP at "__none__" from 0 to 0

B::RXf_USE_INTUIT_NOML at "__none__" from 0 to 0

B::GV::FILE at "__none__" from 0 to 0

B::GVf_INTRO at "__none__" from 0 to 0

B::HV::FILL at "__none__" from 0 to 0

B::MDEREF_INDEX_none at "__none__" from 0 to 0

B::OPpARG4_MASK at "__none__" from 0 to 0

B::GVf_IMPORTED_HV at "__none__" from 0 to 0

B::SVp_NOK at "__none__" from 0 to 0

B::walkoptree_slow at "/home/david/cpantesting/perl-5.32.0/lib/5.32.0/i686-linux/B.pm" from 161 to 181

B::MDEREF_AV_padsv_vivify_rv2av_aelem at "__none__" from 0 to 0

B::SVf_IVisUV at "__none__" from 0 to 0

List::Util::zip_shortest at "__none__" from 0 to 0

B::PADOP::sv at "__none__" from 0 to 0

B::PMf_STRICT at "__none__" from 0 to 0

B::PADNAME::PARENT_PAD_INDEX at "__none__" from 0 to 0

B::RXf_MATCH_UTF8 at "__none__" from 0 to 0

B::OPpARG2_MASK at "__none__" from 0 to 0

B::PADOP::gv at "__none__" from 0 to 0

B::IV::IV at "__none__" from 0 to 0

B::RXf_PMf_FOLD at "__none__" from 0 to 0

List::Util::all at "__none__" from 0 to 0

DynaLoader::dl_expandspec at "/home/david/cpantesting/perl-5.32.0/lib/5.32.0/i686-linux/DynaLoader.pm" from 288 to 305

B::OP::descendants at "/home/david/cpantesting/perl-5.32.0/lib/site_perl/5.32.0/i686-linux/B/Utils.pm" from 267 to 271

B::OPpASSIGN_COMMON_RC1 at "__none__" from 0 to 0

version::(cmp at "__none__" from 0 to 0

B::SV::MAGICAL at "__none__" from 0 to 0

B::sub_generation at "__none__" from 0 to 0

B::LISTOP::children at "__none__" from 0 to 0

B::walkoptree at "__none__" from 0 to 0

warnings::warn at "/home/david/cpantesting/perl-5.32.0/lib/5.32.0/warnings.pm" from 529 to 529

Sub::Util::subname at "__none__" from 0 to 0

B::OA_MARK at "__none__" from 0 to 0

version::_VERSION at "__none__" from 0 to 0

B::curstash at "__none__" from 0 to 0

B::OPpREVERSE_INPLACE at "__none__" from 0 to 0

Tie::Hash::NamedCapture::STORE at "__none__" from 0 to 0

B::OPpFLIP_LINENUM at "__none__" from 0 to 0

B::MDEREF_reload at "__none__" from 0 to 0

Exporter::Heavy::heavy_export at "/home/david/cpantesting/perl-5.32.0/lib/site_perl/5.32.0/Exporter/Heavy.pm" from 42 to 209

B::Module::Info::sub_call at "blib/lib/B/Module/Info.pm" from 382 to 382

B::OPpASSIGN_COMMON_SCALAR at "__none__" from 0 to 0

B::PMf_ONCE at "__none__" from 0 to 0

B::OPpLVREF_CV at "__none__" from 0 to 0

B::EVAL_INREQUIRE at "__none__" from 0 to 0

B::OPpASSIGN_CV_TO_GV at "__none__" from 0 to 0

B::OPpITER_REVERSED at "__none__" from 0 to 0

B::savesym at "/home/david/cpantesting/perl-5.32.0/lib/5.32.0/i686-linux/B.pm" from 203 to 205

B::PMf_RETAINT at "__none__" from 0 to 0

B::OPpOFFBYONE at "__none__" from 0 to 0

B::RXf_IS_ANCHORED at "__none__" from 0 to 0

DynaLoader::dl_find_symbol at "__none__" from 0 to 0

B::G_RETHROW at "__none__" from 0 to 0

B::threadsv_names at "__none__" from 0 to 0

B::OP::moresib at "__none__" from 0 to 0

B::Utils::all_roots at "/home/david/cpantesting/perl-5.32.0/lib/site_perl/5.32.0/i686-linux/B/Utils.pm" from 465 to 465

B::G_FAKINGEVAL at "__none__" from 0 to 0

B::RXf_INTUIT_TAIL at "__none__" from 0 to 0

B::SVpad_TYPED at "__none__" from 0 to 0

version::declare at "__none__" from 0 to 0

version::is_alpha at "__none__" from 0 to 0

B::RXf_UNBOUNDED_QUANTIFIER_SEEN at "__none__" from 0 to 0

B::walkoptree_exec at "/home/david/cpantesting/perl-5.32.0/lib/5.32.0/i686-linux/B.pm" from 214 to 258

warnings::fatal_enabled at "/home/david/cpantesting/perl-5.32.0/lib/5.32.0/warnings.pm" from 524 to 524

B::MDEREF_HV_gvsv_vivify_rv2hv_helem at "__none__" from 0 to 0

B::PADLIST::ARRAY at "__none__" from 0 to 0

B::EVAL_KEEPERR at "__none__" from 0 to 0

List::Util::reduce at "__none__" from 0 to 0

B::COP::file at "__none__" from 0 to 0

PerlIO::get_layers at "__none__" from 0 to 0

B::OPf_WANT_SCALAR at "__none__" from 0 to 0

List::Util::_Pair::TO_JSON at "/home/david/cpantesting/perl-5.32.0/lib/site_perl/5.32.0/i686-linux/List/Util.pm" from 45 to 45

B::Utils::main_start at "__none__" from 0 to 0

DynaLoader::dl_unload_file at "__none__" from 0 to 0

B::CV::XSUB at "__none__" from 0 to 0

warnings::enabled_at_level at "/home/david/cpantesting/perl-5.32.0/lib/5.32.0/warnings.pm" from 539 to 539

B::REGEXP::precomp at "__none__" from 0 to 0

B::PADNAMEt_STATE at "__none__" from 0 to 0

B::CVf_NAMED at "__none__" from 0 to 0

B::CXp_FOR_PAD at "__none__" from 0 to 0

B::PERLSI_UNDEF at "__none__" from 0 to 0

B::amagic_generation at "__none__" from 0 to 0

utf8::native_to_unicode at "__none__" from 0 to 0

B::MDEREF_MASK at "__none__" from 0 to 0

B::Utils::main_root at "__none__" from 0 to 0

B::CXp_TRYBLOCK at "__none__" from 0 to 0

B::UNOP::first at "__none__" from 0 to 0

constant::_make_const at "__none__" from 0 to 0

B::PADOP::padix at "__none__" from 0 to 0

B::GVf_IMPORTED at "__none__" from 0 to 0

B::OPpCONST_STRICT at "__none__" from 0 to 0

B::RXf_EVAL_SEEN at "__none__" from 0 to 0

B::AV::MAX at "__none__" from 0 to 0

B::MDEREF_AV_padav_aelem at "__none__" from 0 to 0

B::SV::FLAGS at "__none__" from 0 to 0

B::OPpSORT_INTEGER at "__none__" from 0 to 0

B::PMOP::pmstash at "__none__" from 0 to 0

B::PV::as_string at "__none__" from 0 to 0

B::GV::SV at "__none__" from 0 to 0

Regexp::DESTROY at "__none__" from 0 to 0

B::peekop at "/home/david/cpantesting/perl-5.32.0/lib/5.32.0/i686-linux/B.pm" from 156 to 157

B::GV::EGV at "__none__" from 0 to 0

Tie::Hash::NamedCapture::EXISTS at "__none__" from 0 to 0

B::PADLIST::REFCNT at "__none__" from 0 to 0

B::IV::int_value at "/home/david/cpantesting/perl-5.32.0/lib/5.32.0/i686-linux/B.pm" from 118 to 119

B::CVf_ANONCONST at "__none__" from 0 to 0

B::OA_LISTOP at "__none__" from 0 to 0

B::CXt_LOOP_LIST at "__none__" from 0 to 0

B::BHKf_bhk_post_end at "__none__" from 0 to 0

version::stringify at "__none__" from 0 to 0

B::OPpASSIGN_COMMON_AGG at "__none__" from 0 to 0

B::GV::isGV_with_GP at "__none__" from 0 to 0

B::CXp_SUB_RE at "__none__" from 0 to 0

B::Utils::OPf_KIDS at "__none__" from 0 to 0

B::OPpEVAL_COPHH at "__none__" from 0 to 0

B::CVf_LVALUE at "__none__" from 0 to 0

B::METHOP::first at "__none__" from 0 to 0

List::Util::pairvalues at "__none__" from 0 to 0

version::is_qv at "__none__" from 0 to 0

B::Utils::_walkallops_simple at "/home/david/cpantesting/perl-5.32.0/lib/site_perl/5.32.0/i686-linux/B/Utils.pm" from 712 to 725

B::PMOP::pmreplstart at "__none__" from 0 to 0

B::OPpLIST_GUESSED at "__none__" from 0 to 0

Exporter::Heavy::_push_tags at "/home/david/cpantesting/perl-5.32.0/lib/site_perl/5.32.0/Exporter/Heavy.pm" from 225 to 235

B::SVf_OOK at "__none__" from 0 to 0

List::Util::minstr at "__none__" from 0 to 0

B::PVLV::TYPE at "__none__" from 0 to 0

B::IO::FMT_GV at "__none__" from 0 to 0

B::OPpCOREARGS_DEREF1 at "__none__" from 0 to 0

B::METHOP::meth_sv at "__none__" from 0 to 0

B::CVf_CLONED at "__none__" from 0 to 0

B::OPpEVAL_RE_REPARSING at "__none__" from 0 to 0

B::diehook at "__none__" from 0 to 0

B::OP::targ at "__none__" from 0 to 0

version::(0+ at "__none__" from 0 to 0

B::RHE::HASH at "__none__" from 0 to 0

warnings::register_categories at "/home/david/cpantesting/perl-5.32.0/lib/5.32.0/warnings.pm" from 497 to 506

List::Util::pairfirst at "__none__" from 0 to 0

Exporter::Heavy::heavy_export_tags at "/home/david/cpantesting/perl-5.32.0/lib/site_perl/5.32.0/Exporter/Heavy.pm" from 246 to 246

B::end_av at "__none__" from 0 to 0

B::OPpDEREF at "__none__" from 0 to 0

B::Utils::blessed at "__none__" from 0 to 0

B::PMf_EXTENDED_MORE at "__none__" from 0 to 0

B::PADNAMEt_TYPED at "__none__" from 0 to 0

version::new at "__none__" from 0 to 0

DynaLoader::dl_undef_symbols at "__none__" from 0 to 0

B::GVf_ASSUMECV at "__none__" from 0 to 0

B::OA_METHOP at "__none__" from 0 to 0

List::Util::zip_longest at "__none__" from 0 to 0

B::walkoptree_debug at "__none__" from 0 to 0

B::OPpMULTIDEREF_DELETE at "__none__" from 0 to 0

B::OP::savefree at "__none__" from 0 to 0

B::COP::hints_hash at "__none__" from 0 to 0

B::PERL_LOADMOD_DENY at "__none__" from 0 to 0

B::COP::filegv at "__none__" from 0 to 0

UNIVERSAL::DOES at "__none__" from 0 to 0

Foo::wibble at "/home/david/cpantesting/perl-5.32.0/.cpan/build/Module-Info-0.39-0/t/lib/Foo.pm" from 21 to 22

B::OPpASSIGN_TRUEBOOL at "__none__" from 0 to 0

B::OA_CLASS_MASK at "__none__" from 0 to 0

B::PMOP::pmreplroot at "__none__" from 0 to 0

B::Utils::_walkallops_filtered at "/home/david/cpantesting/perl-5.32.0/lib/site_perl/5.32.0/i686-linux/B/Utils.pm" from 743 to 754

B::CXt_GIVEN at "__none__" from 0 to 0

Scalar::Util::refaddr at "__none__" from 0 to 0

XSLoader::load at "/home/david/cpantesting/perl-5.32.0/lib/site_perl/5.32.0/i686-linux/XSLoader.pm" from 21 to 114

B::RXf_CHECK_ALL at "__none__" from 0 to 0
#     Failed test (t/Module-Info.t at line 196)
#          got: '0'
#     expected: '2'
#     Failed test (t/Module-Info.t at line 197)
Use of uninitialized value $start in concatenation (.) or string at t/Module-Info.t line 200.
Use of uninitialized value $end in concatenation (.) or string at t/Module-Info.t line 200.
#     Failed test (t/Module-Info.t at line 201)
#          got: undef
#     expected: '21'
#     Failed test (t/Module-Info.t at line 202)
#          got: undef
#     expected: '22'
B::Module::Info,modules_used use failed with 2 saying:
Can't locate t/lib/Bar.pm in @INC (you may need to install the t::lib::Bar module) (@INC contains: blahbityblahblah blib/lib /home/david/cpantesting/perl-5.32.0/.cpan/build/Module-Info-0.39-0/blib/lib /home/david/cpantesting/perl-5.32.0/.cpan/build/Module-Info-0.39-0/blib/arch /home/david/cpantesting/perl-5.32.0/lib/site_perl/5.32.0/i686-linux /home/david/cpantesting/perl-5.32.0/lib/site_perl/5.32.0 /home/david/cpantesting/perl-5.32.0/lib/5.32.0/i686-linux /home/david/cpantesting/perl-5.32.0/lib/5.32.0) at /home/david/cpantesting/perl-5.32.0/.cpan/build/Module-Info-0.39-0/t/lib/Foo.pm line 64.

BEGIN failed--compilation aborted at /home/david/cpantesting/perl-5.32.0/.cpan/build/Module-Info-0.39-0/t/lib/Foo.pm line 65.

use strict () at "/home/david/cpantesting/perl-5.32.0/.cpan/build/Module-Info-0.39-0/t/lib/Foo.pm" line 3

use vars () at "/home/david/cpantesting/perl-5.32.0/.cpan/build/Module-Info-0.39-0/t/lib/Foo.pm" line 6

use strict () at "/home/david/cpantesting/perl-5.32.0/.cpan/build/Module-Info-0.39-0/t/lib/Foo.pm" line 26

use strict () at "/home/david/cpantesting/perl-5.32.0/.cpan/build/Module-Info-0.39-0/t/lib/Foo.pm" line 37

require not bare 5.004 at line 46

require not bare 5 at line 48

use lib () at "/home/david/cpantesting/perl-5.32.0/.cpan/build/Module-Info-0.39-0/t/lib/Foo.pm" line 49

require not bare t/lib/Bar.pm at line 64

require bare Carp.pm at line 54

require not bare t/lib/NotHere.pm at line 59
#     Failed test (t/Module-Info.t at line 205)
#          got: '0'
#     expected: '8'
#     Failed test (t/Module-Info.t at line 206)
#     Structures begin differing at:
#          $got->[0] = Does not exist
#     $expected->[0] = 'Carp'
#     Failed test (t/Module-Info.t at line 213)
#     Structures begin differing at:
#          $got->[0] = 'BEGIN failed--compilation aborted at /home/david/cpantesting/perl-5.32.0/.cpan/build/Module-Info-0.39-0/t/lib/Foo.pm line 65.'
#     $expected->[0] = 'That'
B::Module::Info,subs_called use failed with 2 saying:
Can't locate t/lib/Bar.pm in @INC (you may need to install the t::lib::Bar module) (@INC contains: blahbityblahblah blib/lib /home/david/cpantesting/perl-5.32.0/.cpan/build/Module-Info-0.39-0/blib/lib /home/david/cpantesting/perl-5.32.0/.cpan/build/Module-Info-0.39-0/blib/arch /home/david/cpantesting/perl-5.32.0/lib/site_perl/5.32.0/i686-linux /home/david/cpantesting/perl-5.32.0/lib/site_perl/5.32.0 /home/david/cpantesting/perl-5.32.0/lib/5.32.0/i686-linux /home/david/cpantesting/perl-5.32.0/lib/5.32.0) at /home/david/cpantesting/perl-5.32.0/.cpan/build/Module-Info-0.39-0/t/lib/Foo.pm line 64.

BEGIN failed--compilation aborted at /home/david/cpantesting/perl-5.32.0/.cpan/build/Module-Info-0.39-0/t/lib/Foo.pm line 65.

function call to _init_sub_cache at "/home/david/cpantesting/perl-5.32.0/lib/site_perl/5.32.0/i686-linux/B/Utils.pm" line 464

function call to _push_tags at "/home/david/cpantesting/perl-5.32.0/lib/site_perl/5.32.0/Exporter/Heavy.pm" line 246

object method call to MAGIC at "blib/lib/B/Module/Info.pm" line 289

object method call to TYPE at "blib/lib/B/Module/Info.pm" line 292

function call to _init_sub_cache at "/home/david/cpantesting/perl-5.32.0/lib/site_perl/5.32.0/i686-linux/B/Utils.pm" line 493

function call to _walkoptree_filtered at "/home/david/cpantesting/perl-5.32.0/lib/site_perl/5.32.0/i686-linux/B/Utils.pm" line 661

function call to croak at "/home/david/cpantesting/perl-5.32.0/lib/5.32.0/strict.pm" line 55

function call to as_heavy at "/home/david/cpantesting/perl-5.32.0/lib/site_perl/5.32.0/Exporter.pm" line 22

function call to bootstrap at "/home/david/cpantesting/perl-5.32.0/lib/5.32.0/i686-linux/DynaLoader.pm" line 102

function call to filtered_roots at "blib/lib/B/Module/Info.pm" line 95

function call to main_root at "blib/lib/B/Module/Info.pm" line 97

function call to main_cv at "__none__" line 0

function call to svref_2object at "blib/lib/B/Module/Info.pm" line 98

function call to _init_sub_cache at "/home/david/cpantesting/perl-5.32.0/lib/site_perl/5.32.0/i686-linux/B/Utils.pm" line 476

function call to walkoptree_simple at "/home/david/cpantesting/perl-5.32.0/lib/site_perl/5.32.0/i686-linux/B/Utils.pm" line 270

function call to shuffle at "/home/david/cpantesting/perl-5.32.0/lib/site_perl/5.32.0/i686-linux/B/Utils.pm" line 271

function call to set_prototype at "/home/david/cpantesting/perl-5.32.0/lib/site_perl/5.32.0/i686-linux/Scalar/Util.pm" line 40

object method call to FLAGS at "/home/david/cpantesting/perl-5.32.0/lib/5.32.0/i686-linux/B.pm" line 119

object method call to UVX at "/home/david/cpantesting/perl-5.32.0/lib/5.32.0/i686-linux/B.pm" line 119

object method call to IV at "/home/david/cpantesting/perl-5.32.0/lib/5.32.0/i686-linux/B.pm" line 119

function call to _preparewarn at "/home/david/cpantesting/perl-5.32.0/lib/site_perl/5.32.0/i686-linux/B/Utils.pm" line 1121

function call to croak at "/home/david/cpantesting/perl-5.32.0/lib/5.32.0/warnings.pm" line 279

function call to _walkoptree_filtered at "/home/david/cpantesting/perl-5.32.0/lib/site_perl/5.32.0/i686-linux/B/Utils.pm" line 661

object method call to NAME at "/home/david/cpantesting/perl-5.32.0/lib/5.32.0/i686-linux/B.pm" line 276

function call to svref_2object at "/home/david/cpantesting/perl-5.32.0/lib/5.32.0/i686-linux/B.pm" line 276

function call using symbolic ref at "__none__" line 0

function call to walksymtable at "/home/david/cpantesting/perl-5.32.0/lib/5.32.0/i686-linux/B.pm" line 277

dynamic object method call at "/home/david/cpantesting/perl-5.32.0/lib/5.32.0/i686-linux/B.pm" line 280

function call to svref_2object at "/home/david/cpantesting/perl-5.32.0/lib/5.32.0/i686-linux/B.pm" line 280

function call to _preparewarn at "/home/david/cpantesting/perl-5.32.0/lib/site_perl/5.32.0/i686-linux/B/Utils.pm" line 1122

function call to __chk at "/home/david/cpantesting/perl-5.32.0/lib/5.32.0/warnings.pm" line 519

function call to _walkoptree_simple at "/home/david/cpantesting/perl-5.32.0/lib/site_perl/5.32.0/i686-linux/B/Utils.pm" line 612

function call to bits at "/home/david/cpantesting/perl-5.32.0/lib/5.32.0/strict.pm" line 62

function call to class at "blib/lib/B/Module/Info.pm" line 213

function call to class at "blib/lib/B/Module/Info.pm" line 215

object method call to FLAGS at "blib/lib/B/Module/Info.pm" line 217

object method call to int_value at "blib/lib/B/Module/Info.pm" line 218

object method call to FLAGS at "blib/lib/B/Module/Info.pm" line 219

object method call to NV at "blib/lib/B/Module/Info.pm" line 221

object method call to NV at "blib/lib/B/Module/Info.pm" line 224

object method call to FLAGS at "blib/lib/B/Module/Info.pm" line 227

object method call to can at "blib/lib/B/Module/Info.pm" line 227

function call to const at "blib/lib/B/Module/Info.pm" line 228

object method call to RV at "__none__" line 0

object method call to FLAGS at "blib/lib/B/Module/Info.pm" line 229

object method call to PV at "blib/lib/B/Module/Info.pm" line 230

function call to single_delim at "blib/lib/B/Module/Info.pm" line 232

class method call to uninterp via escape_str at "__none__" line 0

function call to unback at "__none__" line 0

function call to single_delim at "blib/lib/B/Module/Info.pm" line 234

function call to unback at "__none__" line 0

function call to _init_sub_cache at "/home/david/cpantesting/perl-5.32.0/lib/site_perl/5.32.0/i686-linux/B/Utils.pm" line 745

function call to walkoptree_filtered at "/home/david/cpantesting/perl-5.32.0/lib/site_perl/5.32.0/i686-linux/B/Utils.pm" line 747

function call to walkoptree_filtered at "/home/david/cpantesting/perl-5.32.0/lib/site_perl/5.32.0/i686-linux/B/Utils.pm" line 752

function call to __chk at "/home/david/cpantesting/perl-5.32.0/lib/5.32.0/warnings.pm" line 539

function call to export at "/home/david/cpantesting/perl-5.32.0/lib/site_perl/5.32.0/Exporter.pm" line 39

function call to export at "/home/david/cpantesting/perl-5.32.0/lib/site_perl/5.32.0/Exporter.pm" line 59

function call to confess at "/home/david/cpantesting/perl-5.32.0/lib/5.32.0/i686-linux/DynaLoader.pm" line 113

function call to croak at "/home/david/cpantesting/perl-5.32.0/lib/5.32.0/i686-linux/DynaLoader.pm" line 118

function call to mod2fname at "/home/david/cpantesting/perl-5.32.0/lib/5.32.0/i686-linux/DynaLoader.pm" line 132

function call to dl_expandspec at "/home/david/cpantesting/perl-5.32.0/lib/5.32.0/i686-linux/DynaLoader.pm" line 151

function call to dl_findfile at "/home/david/cpantesting/perl-5.32.0/lib/5.32.0/i686-linux/DynaLoader.pm" line 157

function call to croak at "/home/david/cpantesting/perl-5.32.0/lib/5.32.0/i686-linux/DynaLoader.pm" line 159

object method call to dl_load_flags at "/home/david/cpantesting/perl-5.32.0/lib/5.32.0/i686-linux/DynaLoader.pm" line 191

function call to dl_load_file at "/home/david/cpantesting/perl-5.32.0/lib/5.32.0/i686-linux/DynaLoader.pm" line 193

function call to croak at "__none__" line 0

function call to dl_error at "__none__" line 0

function call to dl_find_symbol at "/home/david/cpantesting/perl-5.32.0/lib/5.32.0/i686-linux/DynaLoader.pm" line 198

function call to croak at "__none__" line 0

function call to dl_install_xsub at "/home/david/cpantesting/perl-5.32.0/lib/5.32.0/i686-linux/DynaLoader.pm" line 203

function call to args at "/home/david/cpantesting/perl-5.32.0/lib/5.32.0/i686-linux/DynaLoader.pm" line 210

object method call to fetch_string at "/home/david/cpantesting/perl-5.32.0/lib/5.32.0/i686-linux/Config.pm" line 70

function call to __chk at "/home/david/cpantesting/perl-5.32.0/lib/5.32.0/warnings.pm" line 529

object method call to sibling at "blib/lib/B/Module/Info.pm" line 302

function call to class at "blib/lib/B/Module/Info.pm" line 303

object method call to name at "blib/lib/B/Module/Info.pm" line 304

object method call to next at "blib/lib/B/Module/Info.pm" line 307

object method call to next at "blib/lib/B/Module/Info.pm" line 307

object method call to first at "blib/lib/B/Module/Info.pm" line 307

object method call to PV at "blib/lib/B/Module/Info.pm" line 309

function call to const_sv at "blib/lib/B/Module/Info.pm" line 309

object method call to sibling at "blib/lib/B/Module/Info.pm" line 310

function call to const_sv at "blib/lib/B/Module/Info.pm" line 311

function call to class at "blib/lib/B/Module/Info.pm" line 312

object method call to int_value at "blib/lib/B/Module/Info.pm" line 314

object method call to NV at "blib/lib/B/Module/Info.pm" line 314

function call to grep_magic at "blib/lib/B/Module/Info.pm" line 314

object method call to PTR at "__none__" line 0

object method call to PV at "__none__" line 0

object method call to PV at "__none__" line 0

object method call to int_value at "__none__" line 0

object method call to NV at "__none__" line 0

object method call to sibling at "blib/lib/B/Module/Info.pm" line 327

object method call to name at "blib/lib/B/Module/Info.pm" line 328

object method call to PV at "blib/lib/B/Module/Info.pm" line 329

function call to const_sv at "blib/lib/B/Module/Info.pm" line 329

function call to encode at "/home/david/cpantesting/perl-5.32.0/lib/site_perl/5.32.0/base.pm" line 70

function call to class at "blib/lib/B/Module/Info.pm" line 382

object method call to name at "__none__" line 0

object method call to FLAGS at "/home/david/cpantesting/perl-5.32.0/lib/5.32.0/i686-linux/B.pm" line 119

object method call to UVX at "/home/david/cpantesting/perl-5.32.0/lib/5.32.0/i686-linux/B.pm" line 119

object method call to IV at "/home/david/cpantesting/perl-5.32.0/lib/5.32.0/i686-linux/B.pm" line 119

function call to as_heavy at "/home/david/cpantesting/perl-5.32.0/lib/site_perl/5.32.0/Exporter.pm" line 78

function call to __chk at "/home/david/cpantesting/perl-5.32.0/lib/5.32.0/warnings.pm" line 544

function call to _walkallops_simple at "/home/david/cpantesting/perl-5.32.0/lib/site_perl/5.32.0/i686-linux/B/Utils.pm" line 706

object method call to flags at "/home/david/cpantesting/perl-5.32.0/lib/site_perl/5.32.0/i686-linux/B/Utils.pm" line 157

object method call to first at "/home/david/cpantesting/perl-5.32.0/lib/site_perl/5.32.0/i686-linux/B/Utils.pm" line 158

object method call to sibling at "/home/david/cpantesting/perl-5.32.0/lib/site_perl/5.32.0/i686-linux/B/Utils.pm" line 159

object method call to can at "/home/david/cpantesting/perl-5.32.0/lib/site_perl/5.32.0/i686-linux/B/Utils.pm" line 164

object method call to first at "/home/david/cpantesting/perl-5.32.0/lib/site_perl/5.32.0/i686-linux/B/Utils.pm" line 164

object method call to can at "/home/david/cpantesting/perl-5.32.0/lib/site_perl/5.32.0/i686-linux/B/Utils.pm" line 164

object method call to last at "/home/david/cpantesting/perl-5.32.0/lib/site_perl/5.32.0/i686-linux/B/Utils.pm" line 164

object method call to can at "/home/david/cpantesting/perl-5.32.0/lib/site_perl/5.32.0/i686-linux/B/Utils.pm" line 164

object method call to other at "/home/david/cpantesting/perl-5.32.0/lib/site_perl/5.32.0/i686-linux/B/Utils.pm" line 164

function call to _bits at "/home/david/cpantesting/perl-5.32.0/lib/5.32.0/warnings.pm" line 347

function call to _rebuild_cache at "/home/david/cpantesting/perl-5.32.0/lib/site_perl/5.32.0/Exporter/Heavy.pm" line 72

object method call to VERSION at "/home/david/cpantesting/perl-5.32.0/lib/site_perl/5.32.0/Exporter/Heavy.pm" line 125

function call to _rebuild_cache at "/home/david/cpantesting/perl-5.32.0/lib/site_perl/5.32.0/Exporter/Heavy.pm" line 144

function call to croak at "/home/david/cpantesting/perl-5.32.0/lib/site_perl/5.32.0/Exporter/Heavy.pm" line 159

object method call to export_fail at "/home/david/cpantesting/perl-5.32.0/lib/site_perl/5.32.0/Exporter/Heavy.pm" line 181

function call to carp at "/home/david/cpantesting/perl-5.32.0/lib/site_perl/5.32.0/Exporter/Heavy.pm" line 184

function call to croak at "/home/david/cpantesting/perl-5.32.0/lib/site_perl/5.32.0/Exporter/Heavy.pm" line 189

function call to croak at "/home/david/cpantesting/perl-5.32.0/lib/site_perl/5.32.0/Exporter/Heavy.pm" line 209

function call to croak at "/home/david/cpantesting/perl-5.32.0/lib/site_perl/5.32.0/i686-linux/Scalar/Util.pm" line 30

function call to __chk at "/home/david/cpantesting/perl-5.32.0/lib/5.32.0/warnings.pm" line 524

function call to as_heavy at "/home/david/cpantesting/perl-5.32.0/lib/site_perl/5.32.0/Exporter.pm" line 86

object method call to parent at "/home/david/cpantesting/perl-5.32.0/lib/site_perl/5.32.0/i686-linux/B/Utils.pm" line 254

function call to _get_dirs at "/home/david/cpantesting/perl-5.32.0/lib/5.32.0/i686-linux/lib.pm" line 60

function call to class at "/home/david/cpantesting/perl-5.32.0/lib/5.32.0/i686-linux/B.pm" line 157

object method call to name at "__none__" line 0

object method call to CV at "/home/david/cpantesting/perl-5.32.0/lib/site_perl/5.32.0/i686-linux/B/Utils.pm" line 542

object method call to NAME at "/home/david/cpantesting/perl-5.32.0/lib/site_perl/5.32.0/i686-linux/B/Utils.pm" line 552

object method call to STASH at "/home/david/cpantesting/perl-5.32.0/lib/site_perl/5.32.0/i686-linux/B/Utils.pm" line 552

object method call to NAME at "/home/david/cpantesting/perl-5.32.0/lib/site_perl/5.32.0/i686-linux/B/Utils.pm" line 552

object method call to can at "/home/david/cpantesting/perl-5.32.0/lib/site_perl/5.32.0/i686-linux/B/Utils.pm" line 556

object method call to can at "/home/david/cpantesting/perl-5.32.0/lib/site_perl/5.32.0/i686-linux/B/Utils.pm" line 556

object method call to PADLIST at "/home/david/cpantesting/perl-5.32.0/lib/site_perl/5.32.0/i686-linux/B/Utils.pm" line 556

object method call to can at "/home/david/cpantesting/perl-5.32.0/lib/site_perl/5.32.0/i686-linux/B/Utils.pm" line 556

object method call to ARRAY at "/home/david/cpantesting/perl-5.32.0/lib/site_perl/5.32.0/i686-linux/B/Utils.pm" line 556

object method call to PADLIST at "/home/david/cpantesting/perl-5.32.0/lib/site_perl/5.32.0/i686-linux/B/Utils.pm" line 556

function call to class at "/home/david/cpantesting/perl-5.32.0/lib/site_perl/5.32.0/i686-linux/B/Utils.pm" line 560

object method call to ROOT at "__none__" line 0

object method call to START at "__none__" line 0

object method call to ARRAY at "__none__" line 0

object method call to ARRAY at "__none__" line 0

object method call to PADLIST at "__none__" line 0

object method call to START at "/home/david/cpantesting/perl-5.32.0/lib/site_perl/5.32.0/i686-linux/B/Utils.pm" line 571

object method call to ROOT at "/home/david/cpantesting/perl-5.32.0/lib/site_perl/5.32.0/i686-linux/B/Utils.pm" line 571

function call to _push_tags at "/home/david/cpantesting/perl-5.32.0/lib/site_perl/5.32.0/Exporter/Heavy.pm" line 250

function call to bits at "/home/david/cpantesting/perl-5.32.0/lib/5.32.0/strict.pm" line 69

object method call to name at "blib/lib/B/Module/Info.pm" line 388

object method call to kids at "blib/lib/B/Module/Info.pm" line 393

object method call to name at "blib/lib/B/Module/Info.pm" line 396

function call to _class_or_object_method at "blib/lib/B/Module/Info.pm" line 397

object method call to PV at "blib/lib/B/Module/Info.pm" line 398

function call to const_sv at "blib/lib/B/Module/Info.pm" line 398

object method call to name at "blib/lib/B/Module/Info.pm" line 405

function call to _class_or_object_method at "blib/lib/B/Module/Info.pm" line 406

function call to walkoptree_simple at "blib/lib/B/Module/Info.pm" line 418

function call to gv_or_padgv at "blib/lib/B/Module/Info.pm" line 420

object method call to NAME at "blib/lib/B/Module/Info.pm" line 421

function call to _init_sub_cache at "/home/david/cpantesting/perl-5.32.0/lib/site_perl/5.32.0/i686-linux/B/Utils.pm" line 465

function call to peekop at "/home/david/cpantesting/perl-5.32.0/lib/5.32.0/i686-linux/B.pm" line 164

object method call to can at "/home/david/cpantesting/perl-5.32.0/lib/5.32.0/i686-linux/B.pm" line 165

dynamic object method call at "/home/david/cpantesting/perl-5.32.0/lib/5.32.0/i686-linux/B.pm" line 165

object method call to flags at "/home/david/cpantesting/perl-5.32.0/lib/5.32.0/i686-linux/B.pm" line 166

object method call to first at "/home/david/cpantesting/perl-5.32.0/lib/5.32.0/i686-linux/B.pm" line 169

function call to walkoptree_slow at "/home/david/cpantesting/perl-5.32.0/lib/5.32.0/i686-linux/B.pm" line 170

object method call to sibling at "__none__" line 0

function call to class at "/home/david/cpantesting/perl-5.32.0/lib/5.32.0/i686-linux/B.pm" line 174

object method call to pmreplroot at "__none__" line 0

object method call to pmreplroot at "/home/david/cpantesting/perl-5.32.0/lib/5.32.0/i686-linux/B.pm" line 176

object method call to isa at "/home/david/cpantesting/perl-5.32.0/lib/5.32.0/i686-linux/B.pm" line 176

object method call to pmreplroot at "/home/david/cpantesting/perl-5.32.0/lib/5.32.0/i686-linux/B.pm" line 176

function call to walkoptree_slow at "/home/david/cpantesting/perl-5.32.0/lib/5.32.0/i686-linux/B.pm" line 180

object method call to pmreplroot at "__none__" line 0

function call to croak at "/home/david/cpantesting/perl-5.32.0/lib/5.32.0/i686-linux/O.pm" line 58

object method call to isa at "/home/david/cpantesting/perl-5.32.0/lib/site_perl/5.32.0/i686-linux/B/Utils.pm" line 622

object method call to file at "/home/david/cpantesting/perl-5.32.0/lib/site_perl/5.32.0/i686-linux/B/Utils.pm" line 623

object method call to line at "/home/david/cpantesting/perl-5.32.0/lib/site_perl/5.32.0/i686-linux/B/Utils.pm" line 624

function call using symbolic ref at "/home/david/cpantesting/perl-5.32.0/lib/site_perl/5.32.0/i686-linux/B/Utils.pm" line 627

object method call to isa at "/home/david/cpantesting/perl-5.32.0/lib/site_perl/5.32.0/i686-linux/B/Utils.pm" line 628

object method call to flags at "/home/david/cpantesting/perl-5.32.0/lib/site_perl/5.32.0/i686-linux/B/Utils.pm" line 629

object method call to kids at "/home/david/cpantesting/perl-5.32.0/lib/site_perl/5.32.0/i686-linux/B/Utils.pm" line 633

function call to _walkoptree_simple at "/home/david/cpantesting/perl-5.32.0/lib/site_perl/5.32.0/i686-linux/B/Utils.pm" line 633

object method call to isa at "/home/david/cpantesting/perl-5.32.0/lib/site_perl/5.32.0/i686-linux/B/Utils.pm" line 635

object method call to pmreplroot at "/home/david/cpantesting/perl-5.32.0/lib/site_perl/5.32.0/i686-linux/B/Utils.pm" line 636

object method call to isa at "/home/david/cpantesting/perl-5.32.0/lib/site_perl/5.32.0/i686-linux/B/Utils.pm" line 637

function call to _walkoptree_simple at "/home/david/cpantesting/perl-5.32.0/lib/site_perl/5.32.0/i686-linux/B/Utils.pm" line 640

object method call to kids at "/home/david/cpantesting/perl-5.32.0/lib/site_perl/5.32.0/i686-linux/B/Utils.pm" line 222

object method call to _parent_impl at "/home/david/cpantesting/perl-5.32.0/lib/site_perl/5.32.0/i686-linux/B/Utils.pm" line 229

object method call to sibling at "/home/david/cpantesting/perl-5.32.0/lib/site_perl/5.32.0/i686-linux/B/Utils.pm" line 229

object method call to _parent_impl at "/home/david/cpantesting/perl-5.32.0/lib/site_perl/5.32.0/i686-linux/B/Utils.pm" line 229

object method call to next at "/home/david/cpantesting/perl-5.32.0/lib/site_perl/5.32.0/i686-linux/B/Utils.pm" line 229

object method call to can at "/home/david/cpantesting/perl-5.32.0/lib/site_perl/5.32.0/i686-linux/B/Utils.pm" line 229

object method call to _parent_impl at "/home/david/cpantesting/perl-5.32.0/lib/site_perl/5.32.0/i686-linux/B/Utils.pm" line 229

object method call to first at "/home/david/cpantesting/perl-5.32.0/lib/site_perl/5.32.0/i686-linux/B/Utils.pm" line 229

function call to get_attr at "/home/david/cpantesting/perl-5.32.0/lib/site_perl/5.32.0/base.pm" line 151

function call to get_attr at "/home/david/cpantesting/perl-5.32.0/lib/site_perl/5.32.0/base.pm" line 152

function call to get_fields at "/home/david/cpantesting/perl-5.32.0/lib/site_perl/5.32.0/base.pm" line 153

function call to get_fields at "/home/david/cpantesting/perl-5.32.0/lib/site_perl/5.32.0/base.pm" line 154

function call to croak at "/home/david/cpantesting/perl-5.32.0/lib/site_perl/5.32.0/base.pm" line 174

function call to class at "blib/lib/B/Module/Info.pm" line 337

object method call to name at "__none__" line 0

function call to balanced_delim at "blib/lib/B/Module/Info.pm" line 246

object method call to can at "/home/david/cpantesting/perl-5.32.0/lib/site_perl/5.32.0/i686-linux/B/Utils.pm" line 410

dynamic object method call at "/home/david/cpantesting/perl-5.32.0/lib/site_perl/5.32.0/i686-linux/B/Utils.pm" line 410

object method call to flags at "/home/david/cpantesting/perl-5.32.0/lib/site_perl/5.32.0/i686-linux/B/Utils.pm" line 414

object method call to as_opgrep_pattern at "/home/david/cpantesting/perl-5.32.0/lib/site_perl/5.32.0/i686-linux/B/Utils.pm" line 422

object method call to kids at "/home/david/cpantesting/perl-5.32.0/lib/site_perl/5.32.0/i686-linux/B/Utils.pm" line 422

function call to opgrep at "blib/lib/B/Module/Info.pm" line 31

object method call to can at "/home/david/cpantesting/perl-5.32.0/lib/site_perl/5.32.0/i686-linux/B/Utils.pm" line 285

object method call to sibling at "/home/david/cpantesting/perl-5.32.0/lib/site_perl/5.32.0/i686-linux/B/Utils.pm" line 285

object method call to NAME at "/home/david/cpantesting/perl-5.32.0/lib/5.32.0/i686-linux/B.pm" line 276

function call to svref_2object at "/home/david/cpantesting/perl-5.32.0/lib/5.32.0/i686-linux/B.pm" line 276

function call using symbolic ref at "__none__" line 0

function call to walksymtable at "/home/david/cpantesting/perl-5.32.0/lib/5.32.0/i686-linux/B.pm" line 277

dynamic object method call at "/home/david/cpantesting/perl-5.32.0/lib/5.32.0/i686-linux/B.pm" line 280

function call to svref_2object at "/home/david/cpantesting/perl-5.32.0/lib/5.32.0/i686-linux/B.pm" line 280

object method call to VERSION at "/home/david/cpantesting/perl-5.32.0/lib/site_perl/5.32.0/Exporter/Heavy.pm" line 242

object method call to name at "/home/david/cpantesting/perl-5.32.0/lib/site_perl/5.32.0/i686-linux/B/Utils.pm" line 367

function call to class at "/home/david/cpantesting/perl-5.32.0/lib/site_perl/5.32.0/i686-linux/B/Utils.pm" line 367

object method call to _parent_impl at "(eval 3)" line 4

function call to _expand_bits at "/home/david/cpantesting/perl-5.32.0/lib/5.32.0/warnings.pm" line 360

function call to Croaker at "/home/david/cpantesting/perl-5.32.0/lib/5.32.0/warnings.pm" line 369

function call to _mkMask at "/home/david/cpantesting/perl-5.32.0/lib/5.32.0/warnings.pm" line 502

function call to _mkMask at "/home/david/cpantesting/perl-5.32.0/lib/5.32.0/warnings.pm" line 503

function call to as_heavy at "/home/david/cpantesting/perl-5.32.0/lib/site_perl/5.32.0/Exporter.pm" line 82

object method call to name at "/home/david/cpantesting/perl-5.32.0/lib/site_perl/5.32.0/i686-linux/B/Utils.pm" line 133

object method call to targ at "/home/david/cpantesting/perl-5.32.0/lib/site_perl/5.32.0/i686-linux/B/Utils.pm" line 134

function call to ppname at "/home/david/cpantesting/perl-5.32.0/lib/site_perl/5.32.0/i686-linux/B/Utils.pm" line 140

object method call to stashpv at "blib/lib/B/Module/Info.pm" line 37

function call to main_start at "/home/david/cpantesting/perl-5.32.0/lib/site_perl/5.32.0/i686-linux/B/Utils.pm" line 502

function call to main_root at "/home/david/cpantesting/perl-5.32.0/lib/site_perl/5.32.0/i686-linux/B/Utils.pm" line 503

function call to walksymtable at "/home/david/cpantesting/perl-5.32.0/lib/site_perl/5.32.0/i686-linux/B/Utils.pm" line 516

function call to class at "/home/david/cpantesting/perl-5.32.0/lib/site_perl/5.32.0/i686-linux/B/Utils.pm" line 522

object method call to ROOT at "__none__" line 0

object method call to START at "__none__" line 0

object method call to ARRAY at "__none__" line 0

object method call to ARRAY at "__none__" line 0

object method call to PADLIST at "__none__" line 0

function call to main_cv at "__none__" line 0

function call to _opgrep_helper at "/home/david/cpantesting/perl-5.32.0/lib/site_perl/5.32.0/i686-linux/B/Utils.pm" line 859

object method call to can at "/home/david/cpantesting/perl-5.32.0/lib/site_perl/5.32.0/i686-linux/B/Utils.pm" line 891

dynamic object method call at "/home/david/cpantesting/perl-5.32.0/lib/site_perl/5.32.0/i686-linux/B/Utils.pm" line 891

object method call to can at "/home/david/cpantesting/perl-5.32.0/lib/site_perl/5.32.0/i686-linux/B/Utils.pm" line 912

dynamic object method call at "/home/david/cpantesting/perl-5.32.0/lib/site_perl/5.32.0/i686-linux/B/Utils.pm" line 929

function call using symbolic ref at "/home/david/cpantesting/perl-5.32.0/lib/site_perl/5.32.0/i686-linux/B/Utils.pm" line 955

dynamic object method call at "/home/david/cpantesting/perl-5.32.0/lib/site_perl/5.32.0/i686-linux/B/Utils.pm" line 961

function call to opgrep at "/home/david/cpantesting/perl-5.32.0/lib/site_perl/5.32.0/i686-linux/B/Utils.pm" line 973

dynamic object method call at "__none__" line 0

function call to blessed at "/home/david/cpantesting/perl-5.32.0/lib/site_perl/5.32.0/i686-linux/B/Utils.pm" line 976

object method call to kids at "/home/david/cpantesting/perl-5.32.0/lib/site_perl/5.32.0/i686-linux/B/Utils.pm" line 989

function call to opgrep at "/home/david/cpantesting/perl-5.32.0/lib/site_perl/5.32.0/i686-linux/B/Utils.pm" line 993

function call to blessed at "/home/david/cpantesting/perl-5.32.0/lib/site_perl/5.32.0/i686-linux/B/Utils.pm" line 996

function call to croak at "/home/david/cpantesting/perl-5.32.0/.cpan/build/Module-Info-0.39-0/t/lib/Foo.pm" line 55

function call to all_roots at "blib/lib/B/Module/Info.pm" line 44

function call to carp at "/home/david/cpantesting/perl-5.32.0/lib/site_perl/5.32.0/Exporter/Heavy.pm" line 235

object method call to export at "/home/david/cpantesting/perl-5.32.0/lib/site_perl/5.32.0/Exporter/Heavy.pm" line 219

function call to dl_expandspec at "/home/david/cpantesting/perl-5.32.0/lib/5.32.0/i686-linux/DynaLoader.pm" line 266

function call to _bits at "/home/david/cpantesting/perl-5.32.0/lib/5.32.0/warnings.pm" line 333

object method call to isa at "/home/david/cpantesting/perl-5.32.0/lib/site_perl/5.32.0/i686-linux/B/Utils.pm" line 669

object method call to file at "/home/david/cpantesting/perl-5.32.0/lib/site_perl/5.32.0/i686-linux/B/Utils.pm" line 670

object method call to line at "/home/david/cpantesting/perl-5.32.0/lib/site_perl/5.32.0/i686-linux/B/Utils.pm" line 671

function call using symbolic ref at "/home/david/cpantesting/perl-5.32.0/lib/site_perl/5.32.0/i686-linux/B/Utils.pm" line 674

function call using symbolic ref at "__none__" line 0

object method call to flags at "/home/david/cpantesting/perl-5.32.0/lib/site_perl/5.32.0/i686-linux/B/Utils.pm" line 676

object method call to first at "/home/david/cpantesting/perl-5.32.0/lib/site_perl/5.32.0/i686-linux/B/Utils.pm" line 681

function call to _walkoptree_filtered at "/home/david/cpantesting/perl-5.32.0/lib/site_perl/5.32.0/i686-linux/B/Utils.pm" line 685

object method call to sibling at "/home/david/cpantesting/perl-5.32.0/lib/site_perl/5.32.0/i686-linux/B/Utils.pm" line 687

function call to __chk at "/home/david/cpantesting/perl-5.32.0/lib/5.32.0/warnings.pm" line 534

object method call to ARRAY at "blib/lib/B/Module/Info.pm" line 263

object method call to ARRAY at "blib/lib/B/Module/Info.pm" line 263

object method call to PADLIST at "blib/lib/B/Module/Info.pm" line 263

function call to register_categories at "/home/david/cpantesting/perl-5.32.0/lib/5.32.0/warnings/register.pm" line 23

function call to register_categories at "/home/david/cpantesting/perl-5.32.0/lib/5.32.0/warnings/register.pm" line 25

function call to __chk at "/home/david/cpantesting/perl-5.32.0/lib/5.32.0/warnings.pm" line 554

function call to objsym at "/home/david/cpantesting/perl-5.32.0/lib/5.32.0/i686-linux/B.pm" line 219

function call to savesym at "/home/david/cpantesting/perl-5.32.0/lib/5.32.0/i686-linux/B.pm" line 224

function call to class at "__none__" line 0

dynamic object method call at "/home/david/cpantesting/perl-5.32.0/lib/5.32.0/i686-linux/B.pm" line 225

object method call to name at "/home/david/cpantesting/perl-5.32.0/lib/5.32.0/i686-linux/B.pm" line 226

function call to walkoptree_exec at "/home/david/cpantesting/perl-5.32.0/lib/5.32.0/i686-linux/B.pm" line 231

object method call to other at "__none__" line 0

object method call to pmreplstart at "/home/david/cpantesting/perl-5.32.0/lib/5.32.0/i686-linux/B.pm" line 234

function call to walkoptree_exec at "/home/david/cpantesting/perl-5.32.0/lib/5.32.0/i686-linux/B.pm" line 237

function call to walkoptree_exec at "/home/david/cpantesting/perl-5.32.0/lib/5.32.0/i686-linux/B.pm" line 242

object method call to pmreplstart at "__none__" line 0

object method call to other at "__none__" line 0

object method call to other at "/home/david/cpantesting/perl-5.32.0/lib/5.32.0/i686-linux/B.pm" line 244

function call to walkoptree_exec at "/home/david/cpantesting/perl-5.32.0/lib/5.32.0/i686-linux/B.pm" line 247

object method call to redoop at "__none__" line 0

function call to walkoptree_exec at "/home/david/cpantesting/perl-5.32.0/lib/5.32.0/i686-linux/B.pm" line 249

object method call to nextop at "__none__" line 0

function call to walkoptree_exec at "/home/david/cpantesting/perl-5.32.0/lib/5.32.0/i686-linux/B.pm" line 251

object method call to lastop at "__none__" line 0

object method call to pmreplstart at "/home/david/cpantesting/perl-5.32.0/lib/5.32.0/i686-linux/B.pm" line 254

function call to walkoptree_exec at "/home/david/cpantesting/perl-5.32.0/lib/5.32.0/i686-linux/B.pm" line 257

object method call to next at "/home/david/cpantesting/perl-5.32.0/lib/5.32.0/i686-linux/B.pm" line 258

function call to _walkoptree_simple at "/home/david/cpantesting/perl-5.32.0/lib/site_perl/5.32.0/i686-linux/B/Utils.pm" line 612

object method call to GV at "blib/lib/B/Module/Info.pm" line 276

function call to as_heavy at "/home/david/cpantesting/perl-5.32.0/lib/site_perl/5.32.0/Exporter.pm" line 90

object method call to name at "blib/lib/B/Module/Info.pm" line 449

object method call to PV at "blib/lib/B/Module/Info.pm" line 450

function call to const_sv at "blib/lib/B/Module/Info.pm" line 450

function call to safename at "/home/david/cpantesting/perl-5.32.0/lib/5.32.0/i686-linux/B.pm" line 97

object method call to NAME at "__none__" line 0

function call to carp at "/home/david/cpantesting/perl-5.32.0/lib/5.32.0/i686-linux/lib.pm" line 26

function call to carp at "/home/david/cpantesting/perl-5.32.0/lib/5.32.0/i686-linux/lib.pm" line 31

function call to _get_dirs at "/home/david/cpantesting/perl-5.32.0/lib/5.32.0/i686-linux/lib.pm" line 42

function call to dl_find_symbol at "/home/david/cpantesting/perl-5.32.0/lib/5.32.0/i686-linux/DynaLoader.pm" line 313

function call to Croaker at "/home/david/cpantesting/perl-5.32.0/lib/5.32.0/warnings.pm" line 397

function call to Croaker at "/home/david/cpantesting/perl-5.32.0/lib/5.32.0/warnings.pm" line 403

function call to Croaker at "/home/david/cpantesting/perl-5.32.0/lib/5.32.0/warnings.pm" line 413

function call to Croaker at "/home/david/cpantesting/perl-5.32.0/lib/5.32.0/warnings.pm" line 418

function call to Croaker at "/home/david/cpantesting/perl-5.32.0/lib/5.32.0/warnings.pm" line 424

function call to _error_loc at "/home/david/cpantesting/perl-5.32.0/lib/5.32.0/warnings.pm" line 442

function call to croak at "/home/david/cpantesting/perl-5.32.0/lib/5.32.0/warnings.pm" line 480

function call to carp at "/home/david/cpantesting/perl-5.32.0/lib/5.32.0/warnings.pm" line 483

function call to _init_sub_cache at "/home/david/cpantesting/perl-5.32.0/lib/site_perl/5.32.0/i686-linux/B/Utils.pm" line 714

function call to walkoptree_simple at "/home/david/cpantesting/perl-5.32.0/lib/site_perl/5.32.0/i686-linux/B/Utils.pm" line 719

function call to walkoptree_simple at "/home/david/cpantesting/perl-5.32.0/lib/site_perl/5.32.0/i686-linux/B/Utils.pm" line 723

object method call to name at "blib/lib/B/Module/Info.pm" line 193

object method call to can at "blib/lib/B/Module/Info.pm" line 193

object method call to meth_sv at "blib/lib/B/Module/Info.pm" line 194

object method call to can at "blib/lib/B/Module/Info.pm" line 196

object method call to sv at "blib/lib/B/Module/Info.pm" line 197

function call to padval at "blib/lib/B/Module/Info.pm" line 200

object method call to targ at "__none__" line 0

function call to roots_cv_pairs at "blib/lib/B/Module/Info.pm" line 63

function call to walkoptree_filtered at "blib/lib/B/Module/Info.pm" line 79

function call to _walkallops_filtered at "/home/david/cpantesting/perl-5.32.0/lib/site_perl/5.32.0/i686-linux/B/Utils.pm" line 737

function call to class at "blib/lib/B/Module/Info.pm" line 345

object method call to name at "__none__" line 0

object method call to first at "__none__" line 0

object method call to private at "__none__" line 0

object method call to first at "__none__" line 0

object method call to PV at "blib/lib/B/Module/Info.pm" line 348

function call to const_sv at "blib/lib/B/Module/Info.pm" line 348

object method call to first at "__none__" line 0

object method call to flags at "blib/lib/B/Module/Info.pm" line 352

object method call to first at "blib/lib/B/Module/Info.pm" line 353

object method call to name at "blib/lib/B/Module/Info.pm" line 354

object method call to first at "blib/lib/B/Module/Info.pm" line 357

function call to const_sv at "blib/lib/B/Module/Info.pm" line 360

object method call to isa at "blib/lib/B/Module/Info.pm" line 361

object method call to isa at "blib/lib/B/Module/Info.pm" line 362

object method call to NV at "blib/lib/B/Module/Info.pm" line 362

object method call to isa at "blib/lib/B/Module/Info.pm" line 363

object method call to PV at "blib/lib/B/Module/Info.pm" line 363

object method call to IV at "blib/lib/B/Module/Info.pm" line 364

function call to _expand_bits at "/home/david/cpantesting/perl-5.32.0/lib/5.32.0/warnings.pm" line 307

function call to Croaker at "/home/david/cpantesting/perl-5.32.0/lib/5.32.0/warnings.pm" line 323

function call to dl_load_file at "/home/david/cpantesting/perl-5.32.0/lib/site_perl/5.32.0/i686-linux/XSLoader.pm" line 96

function call to croak at "/home/david/cpantesting/perl-5.32.0/lib/site_perl/5.32.0/i686-linux/XSLoader.pm" line 98

function call to dl_error at "__none__" line 0

function call to dl_find_symbol at "/home/david/cpantesting/perl-5.32.0/lib/site_perl/5.32.0/i686-linux/XSLoader.pm" line 102

function call to croak at "/home/david/cpantesting/perl-5.32.0/lib/site_perl/5.32.0/i686-linux/XSLoader.pm" line 104

function call to dl_install_xsub at "/home/david/cpantesting/perl-5.32.0/lib/site_perl/5.32.0/i686-linux/XSLoader.pm" line 109

function call to _ at "/home/david/cpantesting/perl-5.32.0/lib/site_perl/5.32.0/i686-linux/XSLoader.pm" line 114

function call to _init_sub_cache at "/home/david/cpantesting/perl-5.32.0/lib/site_perl/5.32.0/i686-linux/B/Utils.pm" line 465

object method call to isa at "/home/david/cpantesting/perl-5.32.0/lib/site_perl/5.32.0/base.pm" line 92

function call to _module_to_filename at "/home/david/cpantesting/perl-5.32.0/lib/site_perl/5.32.0/base.pm" line 99

function call to croak at "/home/david/cpantesting/perl-5.32.0/lib/site_perl/5.32.0/base.pm" line 114

function call to has_fields at "/home/david/cpantesting/perl-5.32.0/lib/site_perl/5.32.0/base.pm" line 127

function call to has_attr at "__none__" line 0

function call to croak at "/home/david/cpantesting/perl-5.32.0/lib/site_perl/5.32.0/base.pm" line 131

function call to inherit_fields at "/home/david/cpantesting/perl-5.32.0/lib/site_perl/5.32.0/base.pm" line 141

function call to walkoptree_debug at "/home/david/cpantesting/perl-5.32.0/lib/5.32.0/i686-linux/B.pm" line 142

function call to export at "/home/david/cpantesting/perl-5.32.0/lib/site_perl/5.32.0/Exporter.pm" line 39

function call to export at "/home/david/cpantesting/perl-5.32.0/lib/site_perl/5.32.0/Exporter.pm" line 59

object method call to isa at "blib/lib/B/Module/Info.pm" line 435

function call to padval at "blib/lib/B/Module/Info.pm" line 436

object method call to padix at "__none__" line 0

object method call to gv at "blib/lib/B/Module/Info.pm" line 439

function call to __chk at "/home/david/cpantesting/perl-5.32.0/lib/5.32.0/warnings.pm" line 549

class method call to export_to_level via B at "/home/david/cpantesting/perl-5.32.0/lib/5.32.0/i686-linux/B.pm" line 16

function call to croak at "/home/david/cpantesting/perl-5.32.0/lib/5.32.0/vars.pm" line 20

function call to enabled at "/home/david/cpantesting/perl-5.32.0/lib/5.32.0/vars.pm" line 21

function call to warn at "/home/david/cpantesting/perl-5.32.0/lib/5.32.0/vars.pm" line 22

function call to bits at "/home/david/cpantesting/perl-5.32.0/lib/5.32.0/vars.pm" line 23

function call to croak at "/home/david/cpantesting/perl-5.32.0/lib/5.32.0/vars.pm" line 25

function call to croak at "/home/david/cpantesting/perl-5.32.0/lib/5.32.0/vars.pm" line 37

function call to croak at "/home/david/cpantesting/perl-5.32.0/lib/5.32.0/vars.pm" line 41

function call to _opgrep_helper at "/home/david/cpantesting/perl-5.32.0/lib/site_perl/5.32.0/i686-linux/B/Utils.pm" line 859

object method call to can at "/home/david/cpantesting/perl-5.32.0/lib/site_perl/5.32.0/i686-linux/B/Utils.pm" line 891

dynamic object method call at "/home/david/cpantesting/perl-5.32.0/lib/site_perl/5.32.0/i686-linux/B/Utils.pm" line 891

object method call to can at "/home/david/cpantesting/perl-5.32.0/lib/site_perl/5.32.0/i686-linux/B/Utils.pm" line 912

dynamic object method call at "/home/david/cpantesting/perl-5.32.0/lib/site_perl/5.32.0/i686-linux/B/Utils.pm" line 929

function call using symbolic ref at "/home/david/cpantesting/perl-5.32.0/lib/site_perl/5.32.0/i686-linux/B/Utils.pm" line 955

dynamic object method call at "/home/david/cpantesting/perl-5.32.0/lib/site_perl/5.32.0/i686-linux/B/Utils.pm" line 961

function call to opgrep at "/home/david/cpantesting/perl-5.32.0/lib/site_perl/5.32.0/i686-linux/B/Utils.pm" line 973

dynamic object method call at "__none__" line 0

function call to blessed at "/home/david/cpantesting/perl-5.32.0/lib/site_perl/5.32.0/i686-linux/B/Utils.pm" line 976

object method call to kids at "/home/david/cpantesting/perl-5.32.0/lib/site_perl/5.32.0/i686-linux/B/Utils.pm" line 989

function call to opgrep at "/home/david/cpantesting/perl-5.32.0/lib/site_perl/5.32.0/i686-linux/B/Utils.pm" line 993

function call to blessed at "/home/david/cpantesting/perl-5.32.0/lib/site_perl/5.32.0/i686-linux/B/Utils.pm" line 996

function call to croak at "/home/david/cpantesting/perl-5.32.0/lib/5.32.0/i686-linux/DynaLoader.pm" line 95

function call to carp at "/home/david/cpantesting/perl-5.32.0/lib/site_perl/5.32.0/Exporter.pm" line 61

function call to carp at "/home/david/cpantesting/perl-5.32.0/lib/site_perl/5.32.0/Exporter/Heavy.pm" line 52

function call to croak at "/home/david/cpantesting/perl-5.32.0/lib/site_perl/5.32.0/Exporter/Heavy.pm" line 61

object method call to name at "blib/lib/B/Module/Info.pm" line 417

function call to wibble at "/home/david/cpantesting/perl-5.32.0/.cpan/build/Module-Info-0.39-0/t/lib/Foo.pm" line 58

function call to class at "blib/lib/B/Module/Info.pm" line 67

object method call to name at "__none__" line 0

function call to const_sv at "blib/lib/B/Module/Info.pm" line 71

object method call to ROOT at "blib/lib/B/Module/Info.pm" line 72

function call to carp at "/home/david/cpantesting/perl-5.32.0/lib/site_perl/5.32.0/Exporter.pm" line 61
#     Failed test (t/Module-Info.t at line 298)
#     Structures begin differing at:
#          $got->[0] = Does not exist
#     $expected->[0] = 'HASH(0x1c3b8d0)'
B::Module::Info,subs_called use failed with 2 saying:
Can't locate t/lib/Bar.pm in @INC (you may need to install the t::lib::Bar module) (@INC contains: blahbityblahblah blib/lib /home/david/cpantesting/perl-5.32.0/.cpan/build/Module-Info-0.39-0/blib/lib /home/david/cpantesting/perl-5.32.0/.cpan/build/Module-Info-0.39-0/blib/arch /home/david/cpantesting/perl-5.32.0/lib/site_perl/5.32.0/i686-linux /home/david/cpantesting/perl-5.32.0/lib/site_perl/5.32.0 /home/david/cpantesting/perl-5.32.0/lib/5.32.0/i686-linux /home/david/cpantesting/perl-5.32.0/lib/5.32.0) at /home/david/cpantesting/perl-5.32.0/.cpan/build/Module-Info-0.39-0/t/lib/Foo.pm line 64.

BEGIN failed--compilation aborted at /home/david/cpantesting/perl-5.32.0/.cpan/build/Module-Info-0.39-0/t/lib/Foo.pm line 65.

function call to get_attr at "/home/david/cpantesting/perl-5.32.0/lib/site_perl/5.32.0/base.pm" line 151

function call to get_attr at "/home/david/cpantesting/perl-5.32.0/lib/site_perl/5.32.0/base.pm" line 152

function call to get_fields at "/home/david/cpantesting/perl-5.32.0/lib/site_perl/5.32.0/base.pm" line 153

function call to get_fields at "/home/david/cpantesting/perl-5.32.0/lib/site_perl/5.32.0/base.pm" line 154

function call to croak at "/home/david/cpantesting/perl-5.32.0/lib/site_perl/5.32.0/base.pm" line 174

function call to croak at "/home/david/cpantesting/perl-5.32.0/lib/5.32.0/i686-linux/DynaLoader.pm" line 95

function call to croak at "/home/david/cpantesting/perl-5.32.0/lib/5.32.0/vars.pm" line 20

function call to enabled at "/home/david/cpantesting/perl-5.32.0/lib/5.32.0/vars.pm" line 21

function call to warn at "/home/david/cpantesting/perl-5.32.0/lib/5.32.0/vars.pm" line 22

function call to bits at "/home/david/cpantesting/perl-5.32.0/lib/5.32.0/vars.pm" line 23

function call to croak at "/home/david/cpantesting/perl-5.32.0/lib/5.32.0/vars.pm" line 25

function call to croak at "/home/david/cpantesting/perl-5.32.0/lib/5.32.0/vars.pm" line 37

function call to croak at "/home/david/cpantesting/perl-5.32.0/lib/5.32.0/vars.pm" line 41

function call to croak at "/home/david/cpantesting/perl-5.32.0/lib/5.32.0/strict.pm" line 55

function call to _get_dirs at "/home/david/cpantesting/perl-5.32.0/lib/5.32.0/i686-linux/lib.pm" line 60

function call to class at "blib/lib/B/Module/Info.pm" line 337

object method call to name at "__none__" line 0

object method call to GV at "blib/lib/B/Module/Info.pm" line 276

object method call to name at "/home/david/cpantesting/perl-5.32.0/lib/site_perl/5.32.0/i686-linux/B/Utils.pm" line 133

object method call to targ at "/home/david/cpantesting/perl-5.32.0/lib/site_perl/5.32.0/i686-linux/B/Utils.pm" line 134

function call to ppname at "/home/david/cpantesting/perl-5.32.0/lib/site_perl/5.32.0/i686-linux/B/Utils.pm" line 140

function call to bootstrap at "/home/david/cpantesting/perl-5.32.0/lib/5.32.0/i686-linux/DynaLoader.pm" line 102

function call to set_prototype at "/home/david/cpantesting/perl-5.32.0/lib/site_perl/5.32.0/i686-linux/Scalar/Util.pm" line 40

function call to croak at "/home/david/cpantesting/perl-5.32.0/lib/5.32.0/i686-linux/O.pm" line 58

object method call to stashpv at "blib/lib/B/Module/Info.pm" line 37

function call to as_heavy at "/home/david/cpantesting/perl-5.32.0/lib/site_perl/5.32.0/Exporter.pm" line 22

object method call to isa at "blib/lib/B/Module/Info.pm" line 435

function call to padval at "blib/lib/B/Module/Info.pm" line 436

object method call to padix at "__none__" line 0

object method call to gv at "blib/lib/B/Module/Info.pm" line 439

object method call to name at "/home/david/cpantesting/perl-5.32.0/lib/site_perl/5.32.0/i686-linux/B/Utils.pm" line 367

function call to class at "/home/david/cpantesting/perl-5.32.0/lib/site_perl/5.32.0/i686-linux/B/Utils.pm" line 367

function call to _init_sub_cache at "/home/david/cpantesting/perl-5.32.0/lib/site_perl/5.32.0/i686-linux/B/Utils.pm" line 476

object method call to NAME at "/home/david/cpantesting/perl-5.32.0/lib/5.32.0/i686-linux/B.pm" line 276

function call to svref_2object at "/home/david/cpantesting/perl-5.32.0/lib/5.32.0/i686-linux/B.pm" line 276

function call using symbolic ref at "__none__" line 0

function call to walksymtable at "/home/david/cpantesting/perl-5.32.0/lib/5.32.0/i686-linux/B.pm" line 277

dynamic object method call at "/home/david/cpantesting/perl-5.32.0/lib/5.32.0/i686-linux/B.pm" line 280

function call to svref_2object at "/home/david/cpantesting/perl-5.32.0/lib/5.32.0/i686-linux/B.pm" line 280

function call to as_heavy at "/home/david/cpantesting/perl-5.32.0/lib/site_perl/5.32.0/Exporter.pm" line 82

object method call to NAME at "/home/david/cpantesting/perl-5.32.0/lib/5.32.0/i686-linux/B.pm" line 276

function call to svref_2object at "/home/david/cpantesting/perl-5.32.0/lib/5.32.0/i686-linux/B.pm" line 276

function call using symbolic ref at "__none__" line 0

function call to walksymtable at "/home/david/cpantesting/perl-5.32.0/lib/5.32.0/i686-linux/B.pm" line 277

dynamic object method call at "/home/david/cpantesting/perl-5.32.0/lib/5.32.0/i686-linux/B.pm" line 280

function call to svref_2object at "/home/david/cpantesting/perl-5.32.0/lib/5.32.0/i686-linux/B.pm" line 280

function call to _preparewarn at "/home/david/cpantesting/perl-5.32.0/lib/site_perl/5.32.0/i686-linux/B/Utils.pm" line 1122

object method call to can at "/home/david/cpantesting/perl-5.32.0/lib/site_perl/5.32.0/i686-linux/B/Utils.pm" line 410

dynamic object method call at "/home/david/cpantesting/perl-5.32.0/lib/site_perl/5.32.0/i686-linux/B/Utils.pm" line 410

object method call to flags at "/home/david/cpantesting/perl-5.32.0/lib/site_perl/5.32.0/i686-linux/B/Utils.pm" line 414

object method call to as_opgrep_pattern at "/home/david/cpantesting/perl-5.32.0/lib/site_perl/5.32.0/i686-linux/B/Utils.pm" line 422

object method call to kids at "/home/david/cpantesting/perl-5.32.0/lib/site_perl/5.32.0/i686-linux/B/Utils.pm" line 422

function call to export at "/home/david/cpantesting/perl-5.32.0/lib/site_perl/5.32.0/Exporter.pm" line 39

function call to export at "/home/david/cpantesting/perl-5.32.0/lib/site_perl/5.32.0/Exporter.pm" line 59

function call to _bits at "/home/david/cpantesting/perl-5.32.0/lib/5.32.0/warnings.pm" line 347

object method call to export at "/home/david/cpantesting/perl-5.32.0/lib/site_perl/5.32.0/Exporter/Heavy.pm" line 219

function call to _walkoptree_simple at "/home/david/cpantesting/perl-5.32.0/lib/site_perl/5.32.0/i686-linux/B/Utils.pm" line 612

object method call to name at "blib/lib/B/Module/Info.pm" line 388

object method call to kids at "blib/lib/B/Module/Info.pm" line 393

object method call to name at "blib/lib/B/Module/Info.pm" line 396

function call to _class_or_object_method at "blib/lib/B/Module/Info.pm" line 397

object method call to PV at "blib/lib/B/Module/Info.pm" line 398

function call to const_sv at "blib/lib/B/Module/Info.pm" line 398

object method call to name at "blib/lib/B/Module/Info.pm" line 405

function call to _class_or_object_method at "blib/lib/B/Module/Info.pm" line 406

function call to walkoptree_simple at "blib/lib/B/Module/Info.pm" line 418

function call to gv_or_padgv at "blib/lib/B/Module/Info.pm" line 420

object method call to NAME at "blib/lib/B/Module/Info.pm" line 421

function call to __chk at "/home/david/cpantesting/perl-5.32.0/lib/5.32.0/warnings.pm" line 549

function call to _preparewarn at "/home/david/cpantesting/perl-5.32.0/lib/site_perl/5.32.0/i686-linux/B/Utils.pm" line 1121

function call to class at "blib/lib/B/Module/Info.pm" line 382

object method call to name at "__none__" line 0

object method call to flags at "/home/david/cpantesting/perl-5.32.0/lib/site_perl/5.32.0/i686-linux/B/Utils.pm" line 157

object method call to first at "/home/david/cpantesting/perl-5.32.0/lib/site_perl/5.32.0/i686-linux/B/Utils.pm" line 158

object method call to sibling at "/home/david/cpantesting/perl-5.32.0/lib/site_perl/5.32.0/i686-linux/B/Utils.pm" line 159

object method call to can at "/home/david/cpantesting/perl-5.32.0/lib/site_perl/5.32.0/i686-linux/B/Utils.pm" line 164

object method call to first at "/home/david/cpantesting/perl-5.32.0/lib/site_perl/5.32.0/i686-linux/B/Utils.pm" line 164

object method call to can at "/home/david/cpantesting/perl-5.32.0/lib/site_perl/5.32.0/i686-linux/B/Utils.pm" line 164

object method call to last at "/home/david/cpantesting/perl-5.32.0/lib/site_perl/5.32.0/i686-linux/B/Utils.pm" line 164

object method call to can at "/home/david/cpantesting/perl-5.32.0/lib/site_perl/5.32.0/i686-linux/B/Utils.pm" line 164

object method call to other at "/home/david/cpantesting/perl-5.32.0/lib/site_perl/5.32.0/i686-linux/B/Utils.pm" line 164

function call to croak at "/home/david/cpantesting/perl-5.32.0/.cpan/build/Module-Info-0.39-0/t/lib/Foo.pm" line 55

function call to _push_tags at "/home/david/cpantesting/perl-5.32.0/lib/site_perl/5.32.0/Exporter/Heavy.pm" line 246

function call to _walkallops_filtered at "/home/david/cpantesting/perl-5.32.0/lib/site_perl/5.32.0/i686-linux/B/Utils.pm" line 737

object method call to name at "blib/lib/B/Module/Info.pm" line 193

object method call to can at "blib/lib/B/Module/Info.pm" line 193

object method call to meth_sv at "blib/lib/B/Module/Info.pm" line 194

object method call to can at "blib/lib/B/Module/Info.pm" line 196

object method call to sv at "blib/lib/B/Module/Info.pm" line 197

function call to padval at "blib/lib/B/Module/Info.pm" line 200

object method call to targ at "__none__" line 0

function call to balanced_delim at "blib/lib/B/Module/Info.pm" line 246

object method call to CV at "/home/david/cpantesting/perl-5.32.0/lib/site_perl/5.32.0/i686-linux/B/Utils.pm" line 542

object method call to NAME at "/home/david/cpantesting/perl-5.32.0/lib/site_perl/5.32.0/i686-linux/B/Utils.pm" line 552

object method call to STASH at "/home/david/cpantesting/perl-5.32.0/lib/site_perl/5.32.0/i686-linux/B/Utils.pm" line 552

object method call to NAME at "/home/david/cpantesting/perl-5.32.0/lib/site_perl/5.32.0/i686-linux/B/Utils.pm" line 552

object method call to can at "/home/david/cpantesting/perl-5.32.0/lib/site_perl/5.32.0/i686-linux/B/Utils.pm" line 556

object method call to can at "/home/david/cpantesting/perl-5.32.0/lib/site_perl/5.32.0/i686-linux/B/Utils.pm" line 556

object method call to PADLIST at "/home/david/cpantesting/perl-5.32.0/lib/site_perl/5.32.0/i686-linux/B/Utils.pm" line 556

object method call to can at "/home/david/cpantesting/perl-5.32.0/lib/site_perl/5.32.0/i686-linux/B/Utils.pm" line 556

object method call to ARRAY at "/home/david/cpantesting/perl-5.32.0/lib/site_perl/5.32.0/i686-linux/B/Utils.pm" line 556

object method call to PADLIST at "/home/david/cpantesting/perl-5.32.0/lib/site_perl/5.32.0/i686-linux/B/Utils.pm" line 556

function call to class at "/home/david/cpantesting/perl-5.32.0/lib/site_perl/5.32.0/i686-linux/B/Utils.pm" line 560

object method call to ROOT at "__none__" line 0

object method call to START at "__none__" line 0

object method call to ARRAY at "__none__" line 0

object method call to ARRAY at "__none__" line 0

object method call to PADLIST at "__none__" line 0

object method call to START at "/home/david/cpantesting/perl-5.32.0/lib/site_perl/5.32.0/i686-linux/B/Utils.pm" line 571

object method call to ROOT at "/home/david/cpantesting/perl-5.32.0/lib/site_perl/5.32.0/i686-linux/B/Utils.pm" line 571

function call to _mkMask at "/home/david/cpantesting/perl-5.32.0/lib/5.32.0/warnings.pm" line 502

function call to _mkMask at "/home/david/cpantesting/perl-5.32.0/lib/5.32.0/warnings.pm" line 503

function call to _expand_bits at "/home/david/cpantesting/perl-5.32.0/lib/5.32.0/warnings.pm" line 307

function call to Croaker at "/home/david/cpantesting/perl-5.32.0/lib/5.32.0/warnings.pm" line 323

function call to walkoptree_debug at "/home/david/cpantesting/perl-5.32.0/lib/5.32.0/i686-linux/B.pm" line 142

function call to _walkoptree_filtered at "/home/david/cpantesting/perl-5.32.0/lib/site_perl/5.32.0/i686-linux/B/Utils.pm" line 661

object method call to ARRAY at "blib/lib/B/Module/Info.pm" line 263

object method call to ARRAY at "blib/lib/B/Module/Info.pm" line 263

object method call to PADLIST at "blib/lib/B/Module/Info.pm" line 263

object method call to isa at "/home/david/cpantesting/perl-5.32.0/lib/site_perl/5.32.0/base.pm" line 92

function call to _module_to_filename at "/home/david/cpantesting/perl-5.32.0/lib/site_perl/5.32.0/base.pm" line 99

function call to croak at "/home/david/cpantesting/perl-5.32.0/lib/site_perl/5.32.0/base.pm" line 114

function call to has_fields at "/home/david/cpantesting/perl-5.32.0/lib/site_perl/5.32.0/base.pm" line 127

function call to has_attr at "__none__" line 0

function call to croak at "/home/david/cpantesting/perl-5.32.0/lib/site_perl/5.32.0/base.pm" line 131

function call to inherit_fields at "/home/david/cpantesting/perl-5.32.0/lib/site_perl/5.32.0/base.pm" line 141

function call to __chk at "/home/david/cpantesting/perl-5.32.0/lib/5.32.0/warnings.pm" line 534

function call to __chk at "/home/david/cpantesting/perl-5.32.0/lib/5.32.0/warnings.pm" line 554

function call to as_heavy at "/home/david/cpantesting/perl-5.32.0/lib/site_perl/5.32.0/Exporter.pm" line 86

function call to _opgrep_helper at "/home/david/cpantesting/perl-5.32.0/lib/site_perl/5.32.0/i686-linux/B/Utils.pm" line 859

object method call to can at "/home/david/cpantesting/perl-5.32.0/lib/site_perl/5.32.0/i686-linux/B/Utils.pm" line 891

dynamic object method call at "/home/david/cpantesting/perl-5.32.0/lib/site_perl/5.32.0/i686-linux/B/Utils.pm" line 891

object method call to can at "/home/david/cpantesting/perl-5.32.0/lib/site_perl/5.32.0/i686-linux/B/Utils.pm" line 912

dynamic object method call at "/home/david/cpantesting/perl-5.32.0/lib/site_perl/5.32.0/i686-linux/B/Utils.pm" line 929

function call using symbolic ref at "/home/david/cpantesting/perl-5.32.0/lib/site_perl/5.32.0/i686-linux/B/Utils.pm" line 955

dynamic object method call at "/home/david/cpantesting/perl-5.32.0/lib/site_perl/5.32.0/i686-linux/B/Utils.pm" line 961

function call to opgrep at "/home/david/cpantesting/perl-5.32.0/lib/site_perl/5.32.0/i686-linux/B/Utils.pm" line 973

dynamic object method call at "__none__" line 0

function call to blessed at "/home/david/cpantesting/perl-5.32.0/lib/site_perl/5.32.0/i686-linux/B/Utils.pm" line 976

object method call to kids at "/home/david/cpantesting/perl-5.32.0/lib/site_perl/5.32.0/i686-linux/B/Utils.pm" line 989

function call to opgrep at "/home/david/cpantesting/perl-5.32.0/lib/site_perl/5.32.0/i686-linux/B/Utils.pm" line 993

function call to blessed at "/home/david/cpantesting/perl-5.32.0/lib/site_perl/5.32.0/i686-linux/B/Utils.pm" line 996

function call to objsym at "/home/david/cpantesting/perl-5.32.0/lib/5.32.0/i686-linux/B.pm" line 219

function call to savesym at "/home/david/cpantesting/perl-5.32.0/lib/5.32.0/i686-linux/B.pm" line 224

function call to class at "__none__" line 0

dynamic object method call at "/home/david/cpantesting/perl-5.32.0/lib/5.32.0/i686-linux/B.pm" line 225

object method call to name at "/home/david/cpantesting/perl-5.32.0/lib/5.32.0/i686-linux/B.pm" line 226

function call to walkoptree_exec at "/home/david/cpantesting/perl-5.32.0/lib/5.32.0/i686-linux/B.pm" line 231

object method call to other at "__none__" line 0

object method call to pmreplstart at "/home/david/cpantesting/perl-5.32.0/lib/5.32.0/i686-linux/B.pm" line 234

function call to walkoptree_exec at "/home/david/cpantesting/perl-5.32.0/lib/5.32.0/i686-linux/B.pm" line 237

function call to walkoptree_exec at "/home/david/cpantesting/perl-5.32.0/lib/5.32.0/i686-linux/B.pm" line 242

object method call to pmreplstart at "__none__" line 0

object method call to other at "__none__" line 0

object method call to other at "/home/david/cpantesting/perl-5.32.0/lib/5.32.0/i686-linux/B.pm" line 244

function call to walkoptree_exec at "/home/david/cpantesting/perl-5.32.0/lib/5.32.0/i686-linux/B.pm" line 247

object method call to redoop at "__none__" line 0

function call to walkoptree_exec at "/home/david/cpantesting/perl-5.32.0/lib/5.32.0/i686-linux/B.pm" line 249

object method call to nextop at "__none__" line 0

function call to walkoptree_exec at "/home/david/cpantesting/perl-5.32.0/lib/5.32.0/i686-linux/B.pm" line 251

object method call to lastop at "__none__" line 0

object method call to pmreplstart at "/home/david/cpantesting/perl-5.32.0/lib/5.32.0/i686-linux/B.pm" line 254

function call to walkoptree_exec at "/home/david/cpantesting/perl-5.32.0/lib/5.32.0/i686-linux/B.pm" line 257

object method call to next at "/home/david/cpantesting/perl-5.32.0/lib/5.32.0/i686-linux/B.pm" line 258

function call to roots_cv_pairs at "blib/lib/B/Module/Info.pm" line 63

function call to walkoptree_filtered at "blib/lib/B/Module/Info.pm" line 79

function call to _init_sub_cache at "/home/david/cpantesting/perl-5.32.0/lib/site_perl/5.32.0/i686-linux/B/Utils.pm" line 745

function call to walkoptree_filtered at "/home/david/cpantesting/perl-5.32.0/lib/site_perl/5.32.0/i686-linux/B/Utils.pm" line 747

function call to walkoptree_filtered at "/home/david/cpantesting/perl-5.32.0/lib/site_perl/5.32.0/i686-linux/B/Utils.pm" line 752

object method call to isa at "/home/david/cpantesting/perl-5.32.0/lib/site_perl/5.32.0/i686-linux/B/Utils.pm" line 669

object method call to file at "/home/david/cpantesting/perl-5.32.0/lib/site_perl/5.32.0/i686-linux/B/Utils.pm" line 670

object method call to line at "/home/david/cpantesting/perl-5.32.0/lib/site_perl/5.32.0/i686-linux/B/Utils.pm" line 671

function call using symbolic ref at "/home/david/cpantesting/perl-5.32.0/lib/site_perl/5.32.0/i686-linux/B/Utils.pm" line 674

function call using symbolic ref at "__none__" line 0

object method call to flags at "/home/david/cpantesting/perl-5.32.0/lib/site_perl/5.32.0/i686-linux/B/Utils.pm" line 676

object method call to first at "/home/david/cpantesting/perl-5.32.0/lib/site_perl/5.32.0/i686-linux/B/Utils.pm" line 681

function call to _walkoptree_filtered at "/home/david/cpantesting/perl-5.32.0/lib/site_perl/5.32.0/i686-linux/B/Utils.pm" line 685

object method call to sibling at "/home/david/cpantesting/perl-5.32.0/lib/site_perl/5.32.0/i686-linux/B/Utils.pm" line 687

object method call to kids at "/home/david/cpantesting/perl-5.32.0/lib/site_perl/5.32.0/i686-linux/B/Utils.pm" line 222

object method call to _parent_impl at "/home/david/cpantesting/perl-5.32.0/lib/site_perl/5.32.0/i686-linux/B/Utils.pm" line 229

object method call to sibling at "/home/david/cpantesting/perl-5.32.0/lib/site_perl/5.32.0/i686-linux/B/Utils.pm" line 229

object method call to _parent_impl at "/home/david/cpantesting/perl-5.32.0/lib/site_perl/5.32.0/i686-linux/B/Utils.pm" line 229

object method call to next at "/home/david/cpantesting/perl-5.32.0/lib/site_perl/5.32.0/i686-linux/B/Utils.pm" line 229

object method call to can at "/home/david/cpantesting/perl-5.32.0/lib/site_perl/5.32.0/i686-linux/B/Utils.pm" line 229

object method call to _parent_impl at "/home/david/cpantesting/perl-5.32.0/lib/site_perl/5.32.0/i686-linux/B/Utils.pm" line 229

object method call to first at "/home/david/cpantesting/perl-5.32.0/lib/site_perl/5.32.0/i686-linux/B/Utils.pm" line 229

function call to _rebuild_cache at "/home/david/cpantesting/perl-5.32.0/lib/site_perl/5.32.0/Exporter/Heavy.pm" line 72

object method call to VERSION at "/home/david/cpantesting/perl-5.32.0/lib/site_perl/5.32.0/Exporter/Heavy.pm" line 125

function call to _rebuild_cache at "/home/david/cpantesting/perl-5.32.0/lib/site_perl/5.32.0/Exporter/Heavy.pm" line 144

function call to croak at "/home/david/cpantesting/perl-5.32.0/lib/site_perl/5.32.0/Exporter/Heavy.pm" line 159

object method call to export_fail at "/home/david/cpantesting/perl-5.32.0/lib/site_perl/5.32.0/Exporter/Heavy.pm" line 181

function call to carp at "/home/david/cpantesting/perl-5.32.0/lib/site_perl/5.32.0/Exporter/Heavy.pm" line 184

function call to croak at "/home/david/cpantesting/perl-5.32.0/lib/site_perl/5.32.0/Exporter/Heavy.pm" line 189

function call to croak at "/home/david/cpantesting/perl-5.32.0/lib/site_perl/5.32.0/Exporter/Heavy.pm" line 209

function call to as_heavy at "/home/david/cpantesting/perl-5.32.0/lib/site_perl/5.32.0/Exporter.pm" line 78

function call to class at "blib/lib/B/Module/Info.pm" line 345

object method call to name at "__none__" line 0

object method call to first at "__none__" line 0

object method call to private at "__none__" line 0

object method call to first at "__none__" line 0

object method call to PV at "blib/lib/B/Module/Info.pm" line 348

function call to const_sv at "blib/lib/B/Module/Info.pm" line 348

object method call to first at "__none__" line 0

object method call to flags at "blib/lib/B/Module/Info.pm" line 352

object method call to first at "blib/lib/B/Module/Info.pm" line 353

object method call to name at "blib/lib/B/Module/Info.pm" line 354

object method call to first at "blib/lib/B/Module/Info.pm" line 357

function call to const_sv at "blib/lib/B/Module/Info.pm" line 360

object method call to isa at "blib/lib/B/Module/Info.pm" line 361

object method call to isa at "blib/lib/B/Module/Info.pm" line 362

object method call to NV at "blib/lib/B/Module/Info.pm" line 362

object method call to isa at "blib/lib/B/Module/Info.pm" line 363

object method call to PV at "blib/lib/B/Module/Info.pm" line 363

object method call to IV at "blib/lib/B/Module/Info.pm" line 364

function call to _init_sub_cache at "/home/david/cpantesting/perl-5.32.0/lib/site_perl/5.32.0/i686-linux/B/Utils.pm" line 493

object method call to _parent_impl at "(eval 3)" line 4

function call to safename at "/home/david/cpantesting/perl-5.32.0/lib/5.32.0/i686-linux/B.pm" line 97

object method call to NAME at "__none__" line 0

function call to _push_tags at "/home/david/cpantesting/perl-5.32.0/lib/site_perl/5.32.0/Exporter/Heavy.pm" line 250

function call to filtered_roots at "blib/lib/B/Module/Info.pm" line 95

function call to main_root at "blib/lib/B/Module/Info.pm" line 97

function call to main_cv at "__none__" line 0

function call to svref_2object at "blib/lib/B/Module/Info.pm" line 98

function call to bits at "/home/david/cpantesting/perl-5.32.0/lib/5.32.0/strict.pm" line 62

function call to _init_sub_cache at "/home/david/cpantesting/perl-5.32.0/lib/site_perl/5.32.0/i686-linux/B/Utils.pm" line 465

function call to main_start at "/home/david/cpantesting/perl-5.32.0/lib/site_perl/5.32.0/i686-linux/B/Utils.pm" line 502

function call to main_root at "/home/david/cpantesting/perl-5.32.0/lib/site_perl/5.32.0/i686-linux/B/Utils.pm" line 503

function call to walksymtable at "/home/david/cpantesting/perl-5.32.0/lib/site_perl/5.32.0/i686-linux/B/Utils.pm" line 516

function call to class at "/home/david/cpantesting/perl-5.32.0/lib/site_perl/5.32.0/i686-linux/B/Utils.pm" line 522

object method call to ROOT at "__none__" line 0

object method call to START at "__none__" line 0

object method call to ARRAY at "__none__" line 0

object method call to ARRAY at "__none__" line 0

object method call to PADLIST at "__none__" line 0

function call to main_cv at "__none__" line 0

function call to _opgrep_helper at "/home/david/cpantesting/perl-5.32.0/lib/site_perl/5.32.0/i686-linux/B/Utils.pm" line 859

object method call to can at "/home/david/cpantesting/perl-5.32.0/lib/site_perl/5.32.0/i686-linux/B/Utils.pm" line 891

dynamic object method call at "/home/david/cpantesting/perl-5.32.0/lib/site_perl/5.32.0/i686-linux/B/Utils.pm" line 891

object method call to can at "/home/david/cpantesting/perl-5.32.0/lib/site_perl/5.32.0/i686-linux/B/Utils.pm" line 912

dynamic object method call at "/home/david/cpantesting/perl-5.32.0/lib/site_perl/5.32.0/i686-linux/B/Utils.pm" line 929

function call using symbolic ref at "/home/david/cpantesting/perl-5.32.0/lib/site_perl/5.32.0/i686-linux/B/Utils.pm" line 955

dynamic object method call at "/home/david/cpantesting/perl-5.32.0/lib/site_perl/5.32.0/i686-linux/B/Utils.pm" line 961

function call to opgrep at "/home/david/cpantesting/perl-5.32.0/lib/site_perl/5.32.0/i686-linux/B/Utils.pm" line 973

dynamic object method call at "__none__" line 0

function call to blessed at "/home/david/cpantesting/perl-5.32.0/lib/site_perl/5.32.0/i686-linux/B/Utils.pm" line 976

object method call to kids at "/home/david/cpantesting/perl-5.32.0/lib/site_perl/5.32.0/i686-linux/B/Utils.pm" line 989

function call to opgrep at "/home/david/cpantesting/perl-5.32.0/lib/site_perl/5.32.0/i686-linux/B/Utils.pm" line 993

function call to blessed at "/home/david/cpantesting/perl-5.32.0/lib/site_perl/5.32.0/i686-linux/B/Utils.pm" line 996

function call to walkoptree_simple at "/home/david/cpantesting/perl-5.32.0/lib/site_perl/5.32.0/i686-linux/B/Utils.pm" line 270

function call to shuffle at "/home/david/cpantesting/perl-5.32.0/lib/site_perl/5.32.0/i686-linux/B/Utils.pm" line 271

function call to __chk at "/home/david/cpantesting/perl-5.32.0/lib/5.32.0/warnings.pm" line 544

function call to carp at "/home/david/cpantesting/perl-5.32.0/lib/site_perl/5.32.0/Exporter/Heavy.pm" line 235

function call to carp at "/home/david/cpantesting/perl-5.32.0/lib/5.32.0/i686-linux/lib.pm" line 26

function call to carp at "/home/david/cpantesting/perl-5.32.0/lib/5.32.0/i686-linux/lib.pm" line 31

function call to _get_dirs at "/home/david/cpantesting/perl-5.32.0/lib/5.32.0/i686-linux/lib.pm" line 42

object method call to isa at "/home/david/cpantesting/perl-5.32.0/lib/site_perl/5.32.0/i686-linux/B/Utils.pm" line 622

object method call to file at "/home/david/cpantesting/perl-5.32.0/lib/site_perl/5.32.0/i686-linux/B/Utils.pm" line 623

object method call to line at "/home/david/cpantesting/perl-5.32.0/lib/site_perl/5.32.0/i686-linux/B/Utils.pm" line 624

function call using symbolic ref at "/home/david/cpantesting/perl-5.32.0/lib/site_perl/5.32.0/i686-linux/B/Utils.pm" line 627

object method call to isa at "/home/david/cpantesting/perl-5.32.0/lib/site_perl/5.32.0/i686-linux/B/Utils.pm" line 628

object method call to flags at "/home/david/cpantesting/perl-5.32.0/lib/site_perl/5.32.0/i686-linux/B/Utils.pm" line 629

object method call to kids at "/home/david/cpantesting/perl-5.32.0/lib/site_perl/5.32.0/i686-linux/B/Utils.pm" line 633

function call to _walkoptree_simple at "/home/david/cpantesting/perl-5.32.0/lib/site_perl/5.32.0/i686-linux/B/Utils.pm" line 633

object method call to isa at "/home/david/cpantesting/perl-5.32.0/lib/site_perl/5.32.0/i686-linux/B/Utils.pm" line 635

object method call to pmreplroot at "/home/david/cpantesting/perl-5.32.0/lib/site_perl/5.32.0/i686-linux/B/Utils.pm" line 636

object method call to isa at "/home/david/cpantesting/perl-5.32.0/lib/site_perl/5.32.0/i686-linux/B/Utils.pm" line 637

function call to _walkoptree_simple at "/home/david/cpantesting/perl-5.32.0/lib/site_perl/5.32.0/i686-linux/B/Utils.pm" line 640

function call to _walkoptree_filtered at "/home/david/cpantesting/perl-5.32.0/lib/site_perl/5.32.0/i686-linux/B/Utils.pm" line 661

function call to _bits at "/home/david/cpantesting/perl-5.32.0/lib/5.32.0/warnings.pm" line 333

function call to __chk at "/home/david/cpantesting/perl-5.32.0/lib/5.32.0/warnings.pm" line 524

function call to class at "blib/lib/B/Module/Info.pm" line 213

function call to class at "blib/lib/B/Module/Info.pm" line 215

object method call to FLAGS at "blib/lib/B/Module/Info.pm" line 217

object method call to int_value at "blib/lib/B/Module/Info.pm" line 218

object method call to FLAGS at "blib/lib/B/Module/Info.pm" line 219

object method call to NV at "blib/lib/B/Module/Info.pm" line 221

object method call to NV at "blib/lib/B/Module/Info.pm" line 224

object method call to FLAGS at "blib/lib/B/Module/Info.pm" line 227

object method call to can at "blib/lib/B/Module/Info.pm" line 227

function call to const at "blib/lib/B/Module/Info.pm" line 228

object method call to RV at "__none__" line 0

object method call to FLAGS at "blib/lib/B/Module/Info.pm" line 229

object method call to PV at "blib/lib/B/Module/Info.pm" line 230

function call to single_delim at "blib/lib/B/Module/Info.pm" line 232

class method call to uninterp via escape_str at "__none__" line 0

function call to unback at "__none__" line 0

function call to single_delim at "blib/lib/B/Module/Info.pm" line 234

function call to unback at "__none__" line 0

function call to bits at "/home/david/cpantesting/perl-5.32.0/lib/5.32.0/strict.pm" line 69

function call to peekop at "/home/david/cpantesting/perl-5.32.0/lib/5.32.0/i686-linux/B.pm" line 164

object method call to can at "/home/david/cpantesting/perl-5.32.0/lib/5.32.0/i686-linux/B.pm" line 165

dynamic object method call at "/home/david/cpantesting/perl-5.32.0/lib/5.32.0/i686-linux/B.pm" line 165

object method call to flags at "/home/david/cpantesting/perl-5.32.0/lib/5.32.0/i686-linux/B.pm" line 166

object method call to first at "/home/david/cpantesting/perl-5.32.0/lib/5.32.0/i686-linux/B.pm" line 169

function call to walkoptree_slow at "/home/david/cpantesting/perl-5.32.0/lib/5.32.0/i686-linux/B.pm" line 170

object method call to sibling at "__none__" line 0

function call to class at "/home/david/cpantesting/perl-5.32.0/lib/5.32.0/i686-linux/B.pm" line 174

object method call to pmreplroot at "__none__" line 0

object method call to pmreplroot at "/home/david/cpantesting/perl-5.32.0/lib/5.32.0/i686-linux/B.pm" line 176

object method call to isa at "/home/david/cpantesting/perl-5.32.0/lib/5.32.0/i686-linux/B.pm" line 176

object method call to pmreplroot at "/home/david/cpantesting/perl-5.32.0/lib/5.32.0/i686-linux/B.pm" line 176

function call to walkoptree_slow at "/home/david/cpantesting/perl-5.32.0/lib/5.32.0/i686-linux/B.pm" line 180

object method call to pmreplroot at "__none__" line 0

function call to _init_sub_cache at "/home/david/cpantesting/perl-5.32.0/lib/site_perl/5.32.0/i686-linux/B/Utils.pm" line 464

function call to encode at "/home/david/cpantesting/perl-5.32.0/lib/site_perl/5.32.0/base.pm" line 70

function call to register_categories at "/home/david/cpantesting/perl-5.32.0/lib/5.32.0/warnings/register.pm" line 23

function call to register_categories at "/home/david/cpantesting/perl-5.32.0/lib/5.32.0/warnings/register.pm" line 25

object method call to MAGIC at "blib/lib/B/Module/Info.pm" line 289

object method call to TYPE at "blib/lib/B/Module/Info.pm" line 292

function call to _init_sub_cache at "/home/david/cpantesting/perl-5.32.0/lib/site_perl/5.32.0/i686-linux/B/Utils.pm" line 465

function call to croak at "/home/david/cpantesting/perl-5.32.0/lib/5.32.0/warnings.pm" line 279

object method call to fetch_string at "/home/david/cpantesting/perl-5.32.0/lib/5.32.0/i686-linux/Config.pm" line 70

function call to _walkoptree_simple at "/home/david/cpantesting/perl-5.32.0/lib/site_perl/5.32.0/i686-linux/B/Utils.pm" line 612

object method call to FLAGS at "/home/david/cpantesting/perl-5.32.0/lib/5.32.0/i686-linux/B.pm" line 119

object method call to UVX at "/home/david/cpantesting/perl-5.32.0/lib/5.32.0/i686-linux/B.pm" line 119

object method call to IV at "/home/david/cpantesting/perl-5.32.0/lib/5.32.0/i686-linux/B.pm" line 119

object method call to name at "blib/lib/B/Module/Info.pm" line 449

object method call to PV at "blib/lib/B/Module/Info.pm" line 450

function call to const_sv at "blib/lib/B/Module/Info.pm" line 450

function call to __chk at "/home/david/cpantesting/perl-5.32.0/lib/5.32.0/warnings.pm" line 519

function call to dl_find_symbol at "/home/david/cpantesting/perl-5.32.0/lib/5.32.0/i686-linux/DynaLoader.pm" line 313

function call to _init_sub_cache at "/home/david/cpantesting/perl-5.32.0/lib/site_perl/5.32.0/i686-linux/B/Utils.pm" line 714

function call to walkoptree_simple at "/home/david/cpantesting/perl-5.32.0/lib/site_perl/5.32.0/i686-linux/B/Utils.pm" line 719

function call to walkoptree_simple at "/home/david/cpantesting/perl-5.32.0/lib/site_perl/5.32.0/i686-linux/B/Utils.pm" line 723

function call to croak at "/home/david/cpantesting/perl-5.32.0/lib/site_perl/5.32.0/i686-linux/Scalar/Util.pm" line 30

function call to dl_load_file at "/home/david/cpantesting/perl-5.32.0/lib/site_perl/5.32.0/i686-linux/XSLoader.pm" line 96

function call to croak at "/home/david/cpantesting/perl-5.32.0/lib/site_perl/5.32.0/i686-linux/XSLoader.pm" line 98

function call to dl_error at "__none__" line 0

function call to dl_find_symbol at "/home/david/cpantesting/perl-5.32.0/lib/site_perl/5.32.0/i686-linux/XSLoader.pm" line 102

function call to croak at "/home/david/cpantesting/perl-5.32.0/lib/site_perl/5.32.0/i686-linux/XSLoader.pm" line 104

function call to dl_install_xsub at "/home/david/cpantesting/perl-5.32.0/lib/site_perl/5.32.0/i686-linux/XSLoader.pm" line 109

function call to _ at "/home/david/cpantesting/perl-5.32.0/lib/site_perl/5.32.0/i686-linux/XSLoader.pm" line 114

function call to confess at "/home/david/cpantesting/perl-5.32.0/lib/5.32.0/i686-linux/DynaLoader.pm" line 113

function call to croak at "/home/david/cpantesting/perl-5.32.0/lib/5.32.0/i686-linux/DynaLoader.pm" line 118

function call to mod2fname at "/home/david/cpantesting/perl-5.32.0/lib/5.32.0/i686-linux/DynaLoader.pm" line 132

function call to dl_expandspec at "/home/david/cpantesting/perl-5.32.0/lib/5.32.0/i686-linux/DynaLoader.pm" line 151

function call to dl_findfile at "/home/david/cpantesting/perl-5.32.0/lib/5.32.0/i686-linux/DynaLoader.pm" line 157

function call to croak at "/home/david/cpantesting/perl-5.32.0/lib/5.32.0/i686-linux/DynaLoader.pm" line 159

object method call to dl_load_flags at "/home/david/cpantesting/perl-5.32.0/lib/5.32.0/i686-linux/DynaLoader.pm" line 191

function call to dl_load_file at "/home/david/cpantesting/perl-5.32.0/lib/5.32.0/i686-linux/DynaLoader.pm" line 193

function call to croak at "__none__" line 0

function call to dl_error at "__none__" line 0

function call to dl_find_symbol at "/home/david/cpantesting/perl-5.32.0/lib/5.32.0/i686-linux/DynaLoader.pm" line 198

function call to croak at "__none__" line 0

function call to dl_install_xsub at "/home/david/cpantesting/perl-5.32.0/lib/5.32.0/i686-linux/DynaLoader.pm" line 203

function call to args at "/home/david/cpantesting/perl-5.32.0/lib/5.32.0/i686-linux/DynaLoader.pm" line 210

function call to _expand_bits at "/home/david/cpantesting/perl-5.32.0/lib/5.32.0/warnings.pm" line 360

function call to Croaker at "/home/david/cpantesting/perl-5.32.0/lib/5.32.0/warnings.pm" line 369

class method call to export_to_level via B at "/home/david/cpantesting/perl-5.32.0/lib/5.32.0/i686-linux/B.pm" line 16

function call to all_roots at "blib/lib/B/Module/Info.pm" line 44

function call to opgrep at "blib/lib/B/Module/Info.pm" line 31

function call to __chk at "/home/david/cpantesting/perl-5.32.0/lib/5.32.0/warnings.pm" line 539

object method call to sibling at "blib/lib/B/Module/Info.pm" line 302

function call to class at "blib/lib/B/Module/Info.pm" line 303

object method call to name at "blib/lib/B/Module/Info.pm" line 304

object method call to next at "blib/lib/B/Module/Info.pm" line 307

object method call to next at "blib/lib/B/Module/Info.pm" line 307

object method call to first at "blib/lib/B/Module/Info.pm" line 307

object method call to PV at "blib/lib/B/Module/Info.pm" line 309

function call to const_sv at "blib/lib/B/Module/Info.pm" line 309

object method call to sibling at "blib/lib/B/Module/Info.pm" line 310

function call to const_sv at "blib/lib/B/Module/Info.pm" line 311

function call to class at "blib/lib/B/Module/Info.pm" line 312

object method call to int_value at "blib/lib/B/Module/Info.pm" line 314

object method call to NV at "blib/lib/B/Module/Info.pm" line 314

function call to grep_magic at "blib/lib/B/Module/Info.pm" line 314

object method call to PTR at "__none__" line 0

object method call to PV at "__none__" line 0

object method call to PV at "__none__" line 0

object method call to int_value at "__none__" line 0

object method call to NV at "__none__" line 0

object method call to sibling at "blib/lib/B/Module/Info.pm" line 327

object method call to name at "blib/lib/B/Module/Info.pm" line 328

object method call to PV at "blib/lib/B/Module/Info.pm" line 329

function call to const_sv at "blib/lib/B/Module/Info.pm" line 329

function call to class at "/home/david/cpantesting/perl-5.32.0/lib/5.32.0/i686-linux/B.pm" line 157

object method call to name at "__none__" line 0

object method call to FLAGS at "/home/david/cpantesting/perl-5.32.0/lib/5.32.0/i686-linux/B.pm" line 119

object method call to UVX at "/home/david/cpantesting/perl-5.32.0/lib/5.32.0/i686-linux/B.pm" line 119

object method call to IV at "/home/david/cpantesting/perl-5.32.0/lib/5.32.0/i686-linux/B.pm" line 119

object method call to VERSION at "/home/david/cpantesting/perl-5.32.0/lib/site_perl/5.32.0/Exporter/Heavy.pm" line 242

object method call to parent at "/home/david/cpantesting/perl-5.32.0/lib/site_perl/5.32.0/i686-linux/B/Utils.pm" line 254

function call to as_heavy at "/home/david/cpantesting/perl-5.32.0/lib/site_perl/5.32.0/Exporter.pm" line 90

function call to dl_expandspec at "/home/david/cpantesting/perl-5.32.0/lib/5.32.0/i686-linux/DynaLoader.pm" line 266

function call to export at "/home/david/cpantesting/perl-5.32.0/lib/site_perl/5.32.0/Exporter.pm" line 39

function call to export at "/home/david/cpantesting/perl-5.32.0/lib/site_perl/5.32.0/Exporter.pm" line 59

function call to Croaker at "/home/david/cpantesting/perl-5.32.0/lib/5.32.0/warnings.pm" line 397

function call to Croaker at "/home/david/cpantesting/perl-5.32.0/lib/5.32.0/warnings.pm" line 403

function call to Croaker at "/home/david/cpantesting/perl-5.32.0/lib/5.32.0/warnings.pm" line 413

function call to Croaker at "/home/david/cpantesting/perl-5.32.0/lib/5.32.0/warnings.pm" line 418

function call to Croaker at "/home/david/cpantesting/perl-5.32.0/lib/5.32.0/warnings.pm" line 424

function call to _error_loc at "/home/david/cpantesting/perl-5.32.0/lib/5.32.0/warnings.pm" line 442

function call to croak at "/home/david/cpantesting/perl-5.32.0/lib/5.32.0/warnings.pm" line 480

function call to carp at "/home/david/cpantesting/perl-5.32.0/lib/5.32.0/warnings.pm" line 483

object method call to can at "/home/david/cpantesting/perl-5.32.0/lib/site_perl/5.32.0/i686-linux/B/Utils.pm" line 285

object method call to sibling at "/home/david/cpantesting/perl-5.32.0/lib/site_perl/5.32.0/i686-linux/B/Utils.pm" line 285

function call to __chk at "/home/david/cpantesting/perl-5.32.0/lib/5.32.0/warnings.pm" line 529

function call to _walkallops_simple at "/home/david/cpantesting/perl-5.32.0/lib/site_perl/5.32.0/i686-linux/B/Utils.pm" line 706

function call to carp at "/home/david/cpantesting/perl-5.32.0/lib/site_perl/5.32.0/Exporter.pm" line 61

object method call to name at "blib/lib/B/Module/Info.pm" line 417

function call to wibble at "/home/david/cpantesting/perl-5.32.0/.cpan/build/Module-Info-0.39-0/t/lib/Foo.pm" line 58

function call to class at "blib/lib/B/Module/Info.pm" line 67

object method call to name at "__none__" line 0

function call to const_sv at "blib/lib/B/Module/Info.pm" line 71

object method call to ROOT at "blib/lib/B/Module/Info.pm" line 72

function call to carp at "/home/david/cpantesting/perl-5.32.0/lib/site_perl/5.32.0/Exporter/Heavy.pm" line 52

function call to croak at "/home/david/cpantesting/perl-5.32.0/lib/site_perl/5.32.0/Exporter/Heavy.pm" line 61

function call to carp at "/home/david/cpantesting/perl-5.32.0/lib/site_perl/5.32.0/Exporter.pm" line 61
#     Failed test (t/Module-Info.t at line 300)
#     Structures begin differing at:
#          $got->[0] = Does not exist
#     $expected->[0] = 'HASH(0x1c3bad0)'
# Looks like you failed 13 tests of 59.
t/Module-Info.t .......... 
Dubious, test returned 13 (wstat 3328, 0xd00)
Failed 13/59 subtests 
#     Failed test (t/n0_die_on_error.t at line 20)
# B::Module::Info,packages use failed with 2 saying:
# Can't locate t/lib/Bar.pm in @INC (you may need to install the t::lib::Bar module) (@INC contains: blahbityblahblah /home/david/cpantesting/perl-5.32.0/.cpan/build/Module-Info-0.39-0/blib/lib /home/david/cpantesting/perl-5.32.0/.cpan/build/Module-Info-0.39-0/blib/arch /home/david/cpantesting/perl-5.32.0/lib/site_perl/5.32.0/i686-linux /home/david/cpantesting/perl-5.32.0/lib/site_perl/5.32.0 /home/david/cpantesting/perl-5.32.0/lib/5.32.0/i686-linux /home/david/cpantesting/perl-5.32.0/lib/5.32.0) at /home/david/cpantesting/perl-5.32.0/.cpan/build/Module-Info-0.39-0/t/lib/Foo.pm line 64.
# 
# BEGIN failed--compilation aborted at /home/david/cpantesting/perl-5.32.0/.cpan/build/Module-Info-0.39-0/t/lib/Foo.pm line 65.
# Looks like you failed 1 tests of 4.
t/n0_die_on_error.t ...... 
Dubious, test returned 1 (wstat 256, 0x100)
Failed 1/4 subtests 
t/n1_modules_required.t .. ok
t/n2_safe.t .............. ok
t/n3_version.t ........... ok
t/zy_pod_coverage.t ...... skipped: these tests are for release candidate testing
t/zz_pod.t ............... ok

Test Summary Report
-------------------
t/Module-Info.t        (Wstat: 3328 (exited 13) Tests: 59 Failed: 13)
  Failed tests:  43-46, 48-53, 55-57
  Non-zero exit status: 13
t/n0_die_on_error.t    (Wstat: 256 (exited 1) Tests: 4 Failed: 1)
  Failed test:  1
  Non-zero exit status: 1
Files=7, Tests=113, 13 wallclock secs ( 0.07 usr  0.02 sys +  3.68 cusr  0.35 csys =  4.12 CPU)
Result: FAIL
Failed 2/7 test programs. 14/113 subtests failed.
make: *** [Makefile:890: test_dynamic] Error 255

------------------------------
PREREQUISITES
------------------------------

Prerequisite modules loaded:

requires:

    Module              Need  Have    
    ------------------- ----- --------
    B                   0     1.80    
    B::Utils            0.27  0.27    
    Carp                0     1.50    
    File::Spec          0.8   3.75    
    perl                5.006 5.032000
    strict              0     1.11    

build_requires:

    Module              Need  Have    
    ------------------- ----- --------
    ExtUtils::MakeMaker 0     7.70    

configure_requires:

    Module              Need  Have    
    ------------------- ----- --------
    ExtUtils::MakeMaker 0     7.70    


------------------------------
ENVIRONMENT AND OTHER CONTEXT
------------------------------

Environment variables:

    AUTOMATED_TESTING = 1
    LANG = en_GB.UTF-8
    LANGUAGE = en_GB:en
    LC_TERMINAL = iTerm2
    LC_TERMINAL_VERSION = 3.5.4
    NONINTERACTIVE_TESTING = 1
    PATH = /home/david/.cargo/bin:/home/david/perl5/perlbrew/bin:/home/david/perl5/perlbrew/perls/perl-5.32.0/bin:/home/david/bin:/usr/local/bin:/usr/bin:/bin:/usr/local/games:/usr/games
    PERL = 5.32.0
    PERL5LIB = 
    PERL5OPT = 
    PERL5_CPANPLUS_IS_RUNNING = 20094
    PERL5_CPAN_IS_RUNNING = 20094
    PERLBREW_HOME = /home/david/.perlbrew
    PERLBREW_MANPATH = /home/david/perl5/perlbrew/perls/perl-5.32.0/man
    PERLBREW_PATH = /home/david/perl5/perlbrew/bin:/home/david/perl5/perlbrew/perls/perl-5.32.0/bin
    PERLBREW_PERL = perl-5.32.0
    PERLBREW_ROOT = /home/david/perl5/perlbrew
    PERLBREW_SHELLRC_VERSION = 0.89
    PERLBREW_VERSION = 0.89
    PERLVER = 5.32.0
    PERL_INLINE_DIRECTORY = /home/david/.Inline-5.32.0
    PERL_MM_USE_DEFAULT = 1
    PERL_USE_UNSAFE_INC = 0
    SHELL = /bin/bash
    TERM = screen

Perl special variables (and OS-specific diagnostics, for MSWin32):

    $^X = /home/david/cpantesting/perl-5.32.0/bin/perl
    $UID/$EUID = 1000 / 1000
    $GID = 1000 24 25 27 29 30 44 46 109 1000
    $EGID = 1000 24 25 27 29 30 44 46 109 1000

Perl module toolchain versions installed:

    Module              Have    
    ------------------- --------
    CPAN                2.27    
    CPAN::Meta          2.150010
    Cwd                 3.75    
    ExtUtils::CBuilder  0.280236
    ExtUtils::Command   7.70    
    ExtUtils::Install   2.22    
    ExtUtils::MakeMaker 7.70    
    ExtUtils::Manifest  1.75    
    ExtUtils::ParseXS   3.51    
    File::Spec          3.75    
    JSON                4.10    
    JSON::PP            4.16    
    Module::Build       0.4234  
    Module::Signature   n/a     
    Parse::CPAN::Meta   2.150010
    Test::Harness       3.48    
    Test::More          1.302198
    YAML                1.30    
    YAML::Syck          n/a     
    version             0.9930  


--

Summary of my perl5 (revision 5 version 32 subversion 0) configuration:
   
  Platform:
    osname=linux
    osvers=5.10.0-11-686-pae
    archname=i686-linux
    uname='linux cpantesting-linux-32bit-utm 5.10.0-11-686-pae #1 smp debian 5.10.92-1 (2022-01-18) i686 gnulinux '
    config_args='-de -Dprefix=/home/david/cpantesting/perl-5.32.0'
    hint=recommended
    useposix=true
    d_sigaction=define
    useithreads=undef
    usemultiplicity=undef
    use64bitint=undef
    use64bitall=undef
    uselongdouble=undef
    usemymalloc=n
    default_inc_excludes_dot=define
    bincompat5005=undef
  Compiler:
    cc='cc'
    ccflags ='-fwrapv -fno-strict-aliasing -pipe -fstack-protector-strong -I/usr/local/include -D_LARGEFILE_SOURCE -D_FILE_OFFSET_BITS=64 -D_FORTIFY_SOURCE=2'
    optimize='-O2'
    cppflags='-fwrapv -fno-strict-aliasing -pipe -fstack-protector-strong -I/usr/local/include'
    ccversion=''
    gccversion='10.2.1 20210110'
    gccosandvers=''
    intsize=4
    longsize=4
    ptrsize=4
    doublesize=8
    byteorder=1234
    doublekind=3
    d_longlong=define
    longlongsize=8
    d_longdbl=define
    longdblsize=12
    longdblkind=3
    ivtype='long'
    ivsize=4
    nvtype='double'
    nvsize=8
    Off_t='off_t'
    lseeksize=8
    alignbytes=4
    prototype=define
  Linker and Libraries:
    ld='cc'
    ldflags =' -fstack-protector-strong -L/usr/local/lib'
    libpth=/usr/local/lib /usr/include/i386-linux-gnu /usr/lib /lib/i386-linux-gnu /lib/../lib /usr/lib/i386-linux-gnu /usr/lib/../lib /lib /lib64 /usr/lib64
    libs=-lpthread -lnsl -ldl -lm -lcrypt -lutil -lc
    perllibs=-lpthread -lnsl -ldl -lm -lcrypt -lutil -lc
    libc=libc-2.31.so
    so=so
    useshrplib=false
    libperl=libperl.a
    gnulibc_version='2.31'
  Dynamic Linking:
    dlsrc=dl_dlopen.xs
    dlext=so
    d_dlsymun=undef
    ccdlflags='-Wl,-E'
    cccdlflags='-fPIC'
    lddlflags='-shared -O2 -L/usr/local/lib -fstack-protector-strong'


Characteristics of this binary (from libperl): 
  Compile-time options:
    HAS_TIMES
    PERLIO_LAYERS
    PERL_COPY_ON_WRITE
    PERL_DONT_CREATE_GVSV
    PERL_MALLOC_WRAP
    PERL_OP_PARENT
    PERL_PRESERVE_IVUV
    USE_LARGE_FILES
    USE_LOCALE
    USE_LOCALE_COLLATE
    USE_LOCALE_CTYPE
    USE_LOCALE_NUMERIC
    USE_LOCALE_TIME
    USE_PERLIO
    USE_PERL_ATOF
  Built under linux
  Compiled at Feb  7 2022 22:58:14
  %ENV:
    PERL="5.32.0"
    PERL5LIB=""
    PERL5OPT=""
    PERL5_CPANPLUS_IS_RUNNING="20094"
    PERL5_CPAN_IS_RUNNING="20094"
    PERLBREW_HOME="/home/david/.perlbrew"
    PERLBREW_MANPATH="/home/david/perl5/perlbrew/perls/perl-5.32.0/man"
    PERLBREW_PATH="/home/david/perl5/perlbrew/bin:/home/david/perl5/perlbrew/perls/perl-5.32.0/bin"
    PERLBREW_PERL="perl-5.32.0"
    PERLBREW_ROOT="/home/david/perl5/perlbrew"
    PERLBREW_SHELLRC_VERSION="0.89"
    PERLBREW_VERSION="0.89"
    PERLVER="5.32.0"
    PERL_INLINE_DIRECTORY="/home/david/.Inline-5.32.0"
    PERL_MM_USE_DEFAULT="1"
    PERL_USE_UNSAFE_INC="0"
  @INC:
    /home/david/cpantesting/perl-5.32.0/lib/site_perl/5.32.0/i686-linux
    /home/david/cpantesting/perl-5.32.0/lib/site_perl/5.32.0
    /home/david/cpantesting/perl-5.32.0/lib/5.32.0/i686-linux
    /home/david/cpantesting/perl-5.32.0/lib/5.32.0