Report for Git-ReleaseRepo-0.006

Back
From: metabase:user:314402c4-2aae-11df-837a-5e0a49663a4f
Subject: FAIL Git-ReleaseRepo-0.006 v5.22.0 GNU/Linux
Date: 2016-03-07T19:23:45Z

This distribution has been tested as part of the CPAN Testers
project, supporting the Perl programming language.  See
http://wiki.cpantesters.org/ for more information or email
questions to cpan-testers-discuss@perl.org


--
Dear Doug Bell,

This is a computer-generated report for Git-ReleaseRepo-0.006
on perl 5.22.0, created by CPAN-Reporter-1.2016.

Thank you for uploading your work to CPAN.  However, there was a problem
testing your distribution.

If you think this report is invalid, please consult the CPAN Testers Wiki
for suggestions on how to avoid getting FAIL reports for missing library
or binary dependencies, unsupported operating systems, and so on:

http://wiki.cpantesters.org/wiki/CPANAuthorNotes

Sections of this report:

    * Tester comments
    * Program output
    * Prerequisites
    * Environment and other context

------------------------------
TESTER COMMENTS
------------------------------

Additional comments from tester:

none provided

------------------------------
PROGRAM OUTPUT
------------------------------

Output from './Build test':


#   Failed test 'nothing on stderr'
#   at /tmpfs/.cpan-build-cpansand/2016030718/Git-ReleaseRepo-0.006-h4HMOt/blib/lib/Git/ReleaseRepo/Test.pm line 28.
# fatal: working tree '/var/tmp/cpansmoker-1023/2016030718/bgGbUvV2J6/origin' already exists.
# Clone of '/var/tmp/cpansmoker-1023/2016030718/bgGbUvV2J6/module' into submodule path 'module' failed at /tmpfs/.cpan-build-cpansand/2016030718/Git-ReleaseRepo-0.006-h4HMOt/blib/lib/Git/ReleaseRepo/Command/add.pm line 50.
# error: pathspec '.gitmodules' did not match any file(s) known to git.
# error: pathspec 'module' did not match any file(s) known to git. at /tmpfs/.cpan-build-cpansand/2016030718/Git-ReleaseRepo-0.006-h4HMOt/blib/lib/Git/ReleaseRepo/Command/add.pm line 52.

#   Failed test 'nothing on stderr'
#   at /tmpfs/.cpan-build-cpansand/2016030718/Git-ReleaseRepo-0.006-h4HMOt/blib/lib/Git/ReleaseRepo/Test.pm line 28.
# fatal: working tree '/var/tmp/cpansmoker-1023/2016030718/bgGbUvV2J6/origin' already exists.
# Clone of '/var/tmp/cpansmoker-1023/2016030718/bgGbUvV2J6/other' into submodule path 'other' failed at /tmpfs/.cpan-build-cpansand/2016030718/Git-ReleaseRepo-0.006-h4HMOt/blib/lib/Git/ReleaseRepo/Command/add.pm line 50.
# error: pathspec '.gitmodules' did not match any file(s) known to git.
# error: pathspec 'other' did not match any file(s) known to git. at /tmpfs/.cpan-build-cpansand/2016030718/Git-ReleaseRepo-0.006-h4HMOt/blib/lib/Git/ReleaseRepo/Command/add.pm line 52.
warning: You appear to have cloned an empty repository. at /tmpfs/.cpan-build-cpansand/2016030718/Git-ReleaseRepo-0.006-h4HMOt/blib/lib/Git/ReleaseRepo/Test.pm line 127.
    
    #   Failed test 'nothing on stderr'
    #   at /tmpfs/.cpan-build-cpansand/2016030718/Git-ReleaseRepo-0.006-h4HMOt/blib/lib/Git/ReleaseRepo/Test.pm line 28.
    # fatal: working tree '/var/tmp/cpansmoker-1023/2016030718/bgGbUvV2J6/add-new' already exists.
    # Clone of '/var/tmp/cpansmoker-1023/2016030718/bgGbUvV2J6/module' into submodule path 'new-mod' failed at /tmpfs/.cpan-build-cpansand/2016030718/Git-ReleaseRepo-0.006-h4HMOt/blib/lib/Git/ReleaseRepo/Command/add.pm line 50.
    # error: pathspec '.gitmodules' did not match any file(s) known to git.
    # error: pathspec 'new-mod' did not match any file(s) known to git. at /tmpfs/.cpan-build-cpansand/2016030718/Git-ReleaseRepo-0.006-h4HMOt/blib/lib/Git/ReleaseRepo/Command/add.pm line 52.
        
        #   Failed test 'expected changes'
        #   at t/add.t line 33.
        # Comparing $data as a Bag
        # Missing: '.gitmodules', 'new-mod'
        # 0
        
        #   Failed test 'still on same branch'
        #   at t/add.t line 35.
        #          got: undef
        #     expected: 'master'
        
        #   Failed test 'not pushed'
        #   at t/add.t line 38.
        #          got: undef
        #     expected: anything else
        # Looks like you failed 3 tests of 3.
    
    #   Failed test 'new module added'
    #   at t/add.t line 53.
    # Looks like you failed 2 tests of 7.

#   Failed test 'add a new module'
#   at t/add.t line 54.
warning: You appear to have cloned an empty repository. at /tmpfs/.cpan-build-cpansand/2016030718/Git-ReleaseRepo-0.006-h4HMOt/blib/lib/Git/ReleaseRepo/Test.pm line 127.
    
    #   Failed test 'nothing on stderr'
    #   at /tmpfs/.cpan-build-cpansand/2016030718/Git-ReleaseRepo-0.006-h4HMOt/blib/lib/Git/ReleaseRepo/Test.pm line 28.
    # fatal: working tree '/var/tmp/cpansmoker-1023/2016030718/bgGbUvV2J6/add-reference' already exists.
    # Clone of '/var/tmp/cpansmoker-1023/2016030718/bgGbUvV2J6/module' into submodule path 'reference-mod' failed at /tmpfs/.cpan-build-cpansand/2016030718/Git-ReleaseRepo-0.006-h4HMOt/blib/lib/Git/ReleaseRepo/Command/add.pm line 47.
    # error: pathspec '.gitmodules' did not match any file(s) known to git.
    # error: pathspec 'reference-mod' did not match any file(s) known to git. at /tmpfs/.cpan-build-cpansand/2016030718/Git-ReleaseRepo-0.006-h4HMOt/blib/lib/Git/ReleaseRepo/Command/add.pm line 52.
        
        #   Failed test 'expected changes'
        #   at t/add.t line 33.
        # Comparing $data as a Bag
        # Missing: '.gitmodules', 'reference-mod'
        # 0
        
        #   Failed test 'still on same branch'
        #   at t/add.t line 35.
        #          got: undef
        #     expected: 'master'
        
        #   Failed test 'not pushed'
        #   at t/add.t line 38.
        #          got: undef
        #     expected: anything else
        # Looks like you failed 3 tests of 3.
    
    #   Failed test 'new module added'
    #   at t/add.t line 66.
    
    #   Failed test 'submodule has alternates reference'
    #   at t/add.t line 69.
    # Looks like you failed 3 tests of 8.

#   Failed test 'add with reference'
#   at t/add.t line 71.
# Looks like you failed 4 tests of 11.
t/add.t .............. 
Dubious, test returned 4 (wstat 1024, 0x400)
Failed 4/11 subtests 

#   Failed test 'nothing on stderr'
#   at /tmpfs/.cpan-build-cpansand/2016030718/Git-ReleaseRepo-0.006-h4HMOt/blib/lib/Git/ReleaseRepo/Test.pm line 28.
# fatal: working tree '/var/tmp/cpansmoker-1023/2016030718/_iM7zOdvW7/origin' already exists.
# Clone of '/var/tmp/cpansmoker-1023/2016030718/_iM7zOdvW7/module' into submodule path 'module' failed at /tmpfs/.cpan-build-cpansand/2016030718/Git-ReleaseRepo-0.006-h4HMOt/blib/lib/Git/ReleaseRepo/Command/add.pm line 50.
# error: pathspec '.gitmodules' did not match any file(s) known to git.
# error: pathspec 'module' did not match any file(s) known to git. at /tmpfs/.cpan-build-cpansand/2016030718/Git-ReleaseRepo-0.006-h4HMOt/blib/lib/Git/ReleaseRepo/Command/add.pm line 52.
warning: You appear to have cloned an empty repository. at /tmpfs/.cpan-build-cpansand/2016030718/Git-ReleaseRepo-0.006-h4HMOt/blib/lib/Git/ReleaseRepo/Test.pm line 127.
        
        #   Failed test 'no error'
        #   at /tmpfs/.cpan-build-cpansand/2016030718/Git-ReleaseRepo-0.006-h4HMOt/blib/lib/Git/ReleaseRepo/Test.pm line 29.
        #          got: 'Cannot add module: Submodule does not exist
        # '
        #     expected: undef
        # Cannot add module: Submodule does not exist
        
        #   Failed test 'ran with no errors or warnings'
        #   at /tmpfs/.cpan-build-cpansand/2016030718/Git-ReleaseRepo-0.006-h4HMOt/blib/lib/Git/ReleaseRepo/Test.pm line 30.
        #          got: '-1'
        #     expected: '0'
        # 
        # 
        
        #   Failed test 'nothing on stderr'
        #   at /tmpfs/.cpan-build-cpansand/2016030718/Git-ReleaseRepo-0.006-h4HMOt/blib/lib/Git/ReleaseRepo/Test.pm line 28.
        # Use of uninitialized value in string ne at /tmpfs/.cpan-build-cpansand/2016030718/Git-ReleaseRepo-0.006-h4HMOt/blib/lib/Git/ReleaseRepo/Command/commit.pm line 24.
        
        #   Failed test 'no error'
        #   at /tmpfs/.cpan-build-cpansand/2016030718/Git-ReleaseRepo-0.006-h4HMOt/blib/lib/Git/ReleaseRepo/Test.pm line 29.
        #          got: 'fatal: Failed to resolve 'HEAD' as a valid ref. at /tmpfs/.cpan-build-cpansand/2016030718/Git-ReleaseRepo-0.006-h4HMOt/blib/lib/Git/ReleaseRepo/Command/commit.pm line 71.
        # '
        #     expected: undef
        # fatal: Failed to resolve 'HEAD' as a valid ref. at /tmpfs/.cpan-build-cpansand/2016030718/Git-ReleaseRepo-0.006-h4HMOt/blib/lib/Git/ReleaseRepo/Command/commit.pm line 71.
        
        #   Failed test 'ran with no errors or warnings'
        #   at /tmpfs/.cpan-build-cpansand/2016030718/Git-ReleaseRepo-0.006-h4HMOt/blib/lib/Git/ReleaseRepo/Test.pm line 30.
        #          got: '-1'
        #     expected: '0'
        # Release version v0.0.1
        # Use of uninitialized value in string ne at /tmpfs/.cpan-build-cpansand/2016030718/Git-ReleaseRepo-0.006-h4HMOt/blib/lib/Git/ReleaseRepo/Command/commit.pm line 24.
        # Looks like you failed 5 tests of 6.
    
    #   Failed test 'update origin'
    #   at t/checkout.t line 34.
        
        #   Failed test 'tells user what to do'
        #   at t/checkout.t line 38.
        #                   ''
        #     doesn't match '(?^:git release pull)'
        # Looks like you failed 1 test of 1.
    
    #   Failed test 'checkout'
    #   at t/checkout.t line 39.
    # Looks like you failed 2 tests of 5.

#   Failed test 'behind origin'
#   at t/checkout.t line 40.
# Looks like you failed 2 tests of 7.
t/checkout.t ......... 
Dubious, test returned 2 (wstat 512, 0x200)
Failed 2/7 subtests 

#   Failed test 'nothing on stderr'
#   at /tmpfs/.cpan-build-cpansand/2016030718/Git-ReleaseRepo-0.006-h4HMOt/blib/lib/Git/ReleaseRepo/Test.pm line 28.
# fatal: working tree '/var/tmp/cpansmoker-1023/2016030718/leaaZkIaIK/origin' already exists.
# Clone of '/var/tmp/cpansmoker-1023/2016030718/leaaZkIaIK/other' into submodule path 'other' failed at /tmpfs/.cpan-build-cpansand/2016030718/Git-ReleaseRepo-0.006-h4HMOt/blib/lib/Git/ReleaseRepo/Command/add.pm line 50.
# error: pathspec '.gitmodules' did not match any file(s) known to git.
# error: pathspec 'other' did not match any file(s) known to git. at /tmpfs/.cpan-build-cpansand/2016030718/Git-ReleaseRepo-0.006-h4HMOt/blib/lib/Git/ReleaseRepo/Command/add.pm line 52.

#   Failed test 'nothing on stderr'
#   at /tmpfs/.cpan-build-cpansand/2016030718/Git-ReleaseRepo-0.006-h4HMOt/blib/lib/Git/ReleaseRepo/Test.pm line 28.
# fatal: working tree '/var/tmp/cpansmoker-1023/2016030718/leaaZkIaIK/origin' already exists.
# Clone of '/var/tmp/cpansmoker-1023/2016030718/leaaZkIaIK/module' into submodule path 'module' failed at /tmpfs/.cpan-build-cpansand/2016030718/Git-ReleaseRepo-0.006-h4HMOt/blib/lib/Git/ReleaseRepo/Command/add.pm line 50.
# error: pathspec '.gitmodules' did not match any file(s) known to git.
# error: pathspec 'module' did not match any file(s) known to git. at /tmpfs/.cpan-build-cpansand/2016030718/Git-ReleaseRepo-0.006-h4HMOt/blib/lib/Git/ReleaseRepo/Command/add.pm line 52.
            
            #   Failed test 'submodule 'module' is initialized'
            #   at t/clone.t line 35.
            
            #   Failed test 'submodule 'other' is initialized'
            #   at t/clone.t line 35.
            # Looks like you failed 2 tests of 2.
        
        #   Failed test 'submodules are initialized'
        #   at t/clone.t line 37.
        # Looks like you failed 1 test of 4.
    
    #   Failed test 'relative clone is correct'
    #   at t/clone.t line 49.
            
            #   Failed test 'submodule 'module' is initialized'
            #   at t/clone.t line 35.
            
            #   Failed test 'submodule 'other' is initialized'
            #   at t/clone.t line 35.
            # Looks like you failed 2 tests of 2.
        
        #   Failed test 'submodules are initialized'
        #   at t/clone.t line 37.
        # Looks like you failed 1 test of 4.
    
    #   Failed test 'absolute clone is correct'
    #   at t/clone.t line 56.
    # Looks like you failed 2 tests of 8.

#   Failed test 'clone'
#   at t/clone.t line 58.
            
            #   Failed test 'submodule 'module' is initialized'
            #   at t/clone.t line 35.
            
            #   Failed test 'submodule 'other' is initialized'
            #   at t/clone.t line 35.
            # Looks like you failed 2 tests of 2.
        
        #   Failed test 'submodules are initialized'
        #   at t/clone.t line 37.
        # Looks like you failed 1 test of 4.
    
    #   Failed test 'clone is correct'
    #   at t/clone.t line 63.
    
    #   Failed test 'submodule 'module' has alternates reference'
    #   at t/clone.t line 67.
    
    #   Failed test 'submodule 'other' has alternates reference'
    #   at t/clone.t line 67.
    # Looks like you failed 3 tests of 6.

#   Failed test 'clone with reference'
#   at t/clone.t line 71.
            
            #   Failed test 'submodule 'module' is initialized'
            #   at t/clone.t line 35.
            
            #   Failed test 'submodule 'other' is initialized'
            #   at t/clone.t line 35.
            # Looks like you failed 2 tests of 2.
        
        #   Failed test 'submodules are initialized'
        #   at t/clone.t line 37.
        # Looks like you failed 1 test of 4.
    
    #   Failed test 'clone is correct'
    #   at t/clone.t line 96.
    # Looks like you failed 1 test of 4.

#   Failed test 'default directory'
#   at t/clone.t line 99.
    
    #   Failed test 'nothing on stderr'
    #   at /tmpfs/.cpan-build-cpansand/2016030718/Git-ReleaseRepo-0.006-h4HMOt/blib/lib/Git/ReleaseRepo/Test.pm line 28.
    # fatal: working tree '/var/tmp/cpansmoker-1023/2016030718/leaaZkIaIK/origin_release' already exists.
    # Clone of '/var/tmp/cpansmoker-1023/2016030718/leaaZkIaIK/module_release' into submodule path 'module_release' failed at /tmpfs/.cpan-build-cpansand/2016030718/Git-ReleaseRepo-0.006-h4HMOt/blib/lib/Git/ReleaseRepo/Command/add.pm line 50.
    # error: pathspec '.gitmodules' did not match any file(s) known to git.
    # error: pathspec 'module_release' did not match any file(s) known to git. at /tmpfs/.cpan-build-cpansand/2016030718/Git-ReleaseRepo-0.006-h4HMOt/blib/lib/Git/ReleaseRepo/Command/add.pm line 52.
    
    #   Failed test 'nothing on stderr'
    #   at /tmpfs/.cpan-build-cpansand/2016030718/Git-ReleaseRepo-0.006-h4HMOt/blib/lib/Git/ReleaseRepo/Test.pm line 28.
    # Use of uninitialized value in string ne at /tmpfs/.cpan-build-cpansand/2016030718/Git-ReleaseRepo-0.006-h4HMOt/blib/lib/Git/ReleaseRepo/Command/commit.pm line 24.
    
    #   Failed test 'no error'
    #   at /tmpfs/.cpan-build-cpansand/2016030718/Git-ReleaseRepo-0.006-h4HMOt/blib/lib/Git/ReleaseRepo/Test.pm line 29.
    #          got: 'fatal: Failed to resolve 'HEAD' as a valid ref. at /tmpfs/.cpan-build-cpansand/2016030718/Git-ReleaseRepo-0.006-h4HMOt/blib/lib/Git/ReleaseRepo/Command/commit.pm line 71.
    # '
    #     expected: undef
    # fatal: Failed to resolve 'HEAD' as a valid ref. at /tmpfs/.cpan-build-cpansand/2016030718/Git-ReleaseRepo-0.006-h4HMOt/blib/lib/Git/ReleaseRepo/Command/commit.pm line 71.
    
    #   Failed test 'ran with no errors or warnings'
    #   at /tmpfs/.cpan-build-cpansand/2016030718/Git-ReleaseRepo-0.006-h4HMOt/blib/lib/Git/ReleaseRepo/Test.pm line 30.
    #          got: '-1'
    #     expected: '0'
    # Release version v0.0.1
    # Use of uninitialized value in string ne at /tmpfs/.cpan-build-cpansand/2016030718/Git-ReleaseRepo-0.006-h4HMOt/blib/lib/Git/ReleaseRepo/Command/commit.pm line 24.
    
    #   Failed test 'nothing on stderr'
    #   at /tmpfs/.cpan-build-cpansand/2016030718/Git-ReleaseRepo-0.006-h4HMOt/blib/lib/Git/ReleaseRepo/Test.pm line 28.
    # Use of uninitialized value in string ne at /tmpfs/.cpan-build-cpansand/2016030718/Git-ReleaseRepo-0.006-h4HMOt/blib/lib/Git/ReleaseRepo/Command/push.pm line 22.
    # Use of uninitialized value $version in concatenation (.) or string at /tmpfs/.cpan-build-cpansand/2016030718/Git-ReleaseRepo-0.006-h4HMOt/blib/lib/Git/ReleaseRepo/Command/push.pm line 65.
            
            #   Failed test 'submodule 'module_release' is initialized'
            #   at t/clone.t line 35.
            # Looks like you failed 1 test of 1.
        
        #   Failed test 'submodules are initialized'
        #   at t/clone.t line 37.
        # Looks like you failed 1 test of 4.
    
    #   Failed test 'relative clone is correct'
    #   at t/clone.t line 113.
        
        #   Failed test 'nothing on stderr'
        #   at /tmpfs/.cpan-build-cpansand/2016030718/Git-ReleaseRepo-0.006-h4HMOt/blib/lib/Git/ReleaseRepo/Test.pm line 28.
        # Use of uninitialized value in string ne at /tmpfs/.cpan-build-cpansand/2016030718/Git-ReleaseRepo-0.006-h4HMOt/blib/lib/Git/ReleaseRepo/Command/status.pm line 26.
        
        #   Failed test at t/clone.t line 119.
        # +---+------------------------------------+---------------------+
        # | Ln|Got                                 |Expected             |
        # +---+------------------------------------+---------------------+
        # *  1|'Changes since development started  |'Changes since v0.1  *
        # *  2|---------------------------------   |------------------   *
        # |  3|'                                   |'                    |
        # +---+------------------------------------+---------------------+
        # Looks like you failed 2 tests of 4.
    
    #   Failed test 'status in newly-cloned repository'
    #   at t/clone.t line 120.
        
        #   Failed test 'no error'
        #   at /tmpfs/.cpan-build-cpansand/2016030718/Git-ReleaseRepo-0.006-h4HMOt/blib/lib/Git/ReleaseRepo/Test.pm line 29.
        #          got: 'Could not checkout 'master'.
        # EXIT: 1
        # STDERR: error: pathspec 'master' did not match any file(s) known to git.
        # 
        # STDOUT:  at /tmpfs/.cpan-build-cpansand/2016030718/Git-ReleaseRepo-0.006-h4HMOt/blib/lib/Git/ReleaseRepo/Repository.pm line 91.
        # '
        #     expected: undef
        # Could not checkout 'master'.
        # EXIT: 1
        # STDERR: error: pathspec 'master' did not match any file(s) known to git.
        # 
        # STDOUT:  at /tmpfs/.cpan-build-cpansand/2016030718/Git-ReleaseRepo-0.006-h4HMOt/blib/lib/Git/ReleaseRepo/Repository.pm line 91.
        
        #   Failed test 'ran with no errors or warnings'
        #   at /tmpfs/.cpan-build-cpansand/2016030718/Git-ReleaseRepo-0.006-h4HMOt/blib/lib/Git/ReleaseRepo/Test.pm line 30.
        #          got: '-1'
        #     expected: '0'
        # 
        # 
        
        #   Failed test at t/clone.t line 127.
        #          got: undef
        #     expected: 'v0.1'
        # Looks like you failed 3 tests of 4.
    
    #   Failed test 'checkout bugfix branch'
    #   at t/clone.t line 128.
        
        #   Failed test 'nothing on stderr'
        #   at /tmpfs/.cpan-build-cpansand/2016030718/Git-ReleaseRepo-0.006-h4HMOt/blib/lib/Git/ReleaseRepo/Test.pm line 28.
        # Use of uninitialized value in string ne at /tmpfs/.cpan-build-cpansand/2016030718/Git-ReleaseRepo-0.006-h4HMOt/blib/lib/Git/ReleaseRepo/Command/status.pm line 26.
        
        #   Failed test at t/clone.t line 133.
        # +---+------------------------------------+-----------------------+
        # | Ln|Got                                 |Expected               |
        # +---+------------------------------------+-----------------------+
        # *  1|'Changes since development started  |'Changes since v0.1.0  *
        # *  2|---------------------------------   |--------------------   *
        # |  3|'                                   |'                      |
        # +---+------------------------------------+-----------------------+
        # Looks like you failed 2 tests of 4.
    
    #   Failed test 'bugfix status in newly-cloned repository'
    #   at t/clone.t line 134.
        
        #   Failed test 'nothing on stderr'
        #   at /tmpfs/.cpan-build-cpansand/2016030718/Git-ReleaseRepo-0.006-h4HMOt/blib/lib/Git/ReleaseRepo/Test.pm line 28.
        # Use of uninitialized value in string ne at /tmpfs/.cpan-build-cpansand/2016030718/Git-ReleaseRepo-0.006-h4HMOt/blib/lib/Git/ReleaseRepo/Command/commit.pm line 24.
        
        #   Failed test 'no error'
        #   at /tmpfs/.cpan-build-cpansand/2016030718/Git-ReleaseRepo-0.006-h4HMOt/blib/lib/Git/ReleaseRepo/Test.pm line 29.
        #          got: 'fatal: Failed to resolve 'HEAD' as a valid ref. at /tmpfs/.cpan-build-cpansand/2016030718/Git-ReleaseRepo-0.006-h4HMOt/blib/lib/Git/ReleaseRepo/Command/commit.pm line 71.
        # '
        #     expected: undef
        # fatal: Failed to resolve 'HEAD' as a valid ref. at /tmpfs/.cpan-build-cpansand/2016030718/Git-ReleaseRepo-0.006-h4HMOt/blib/lib/Git/ReleaseRepo/Command/commit.pm line 71.
        
        #   Failed test 'ran with no errors or warnings'
        #   at /tmpfs/.cpan-build-cpansand/2016030718/Git-ReleaseRepo-0.006-h4HMOt/blib/lib/Git/ReleaseRepo/Test.pm line 30.
        #          got: '-1'
        #     expected: '0'
        # Release version v0.0.1
        # Use of uninitialized value in string ne at /tmpfs/.cpan-build-cpansand/2016030718/Git-ReleaseRepo-0.006-h4HMOt/blib/lib/Git/ReleaseRepo/Command/commit.pm line 24.
        
        #   Failed test at t/clone.t line 142.
        #          got: undef
        #     expected: 'v0.1'
        
        #   Failed test at t/clone.t line 143.
        # Comparing $data as a Bag
        # Missing: 'v0.1.0', 'v0.1.1'
        
        #   Failed test 'nothing on stderr'
        #   at /tmpfs/.cpan-build-cpansand/2016030718/Git-ReleaseRepo-0.006-h4HMOt/blib/lib/Git/ReleaseRepo/Test.pm line 28.
        # Use of uninitialized value in string ne at /tmpfs/.cpan-build-cpansand/2016030718/Git-ReleaseRepo-0.006-h4HMOt/blib/lib/Git/ReleaseRepo/Command/push.pm line 22.
        # Use of uninitialized value $version in concatenation (.) or string at /tmpfs/.cpan-build-cpansand/2016030718/Git-ReleaseRepo-0.006-h4HMOt/blib/lib/Git/ReleaseRepo/Command/push.pm line 65.
        
        #   Failed test at t/clone.t line 148.
        # Comparing $data as a Bag
        # Missing: 'v0.1.0', 'v0.1.1'
        # Looks like you failed 7 tests of 9.
    
    #   Failed test 'release and push bugfix'
    #   at t/clone.t line 149.
        
        #   Failed test 'no error'
        #   at /tmpfs/.cpan-build-cpansand/2016030718/Git-ReleaseRepo-0.006-h4HMOt/blib/lib/Git/ReleaseRepo/Test.pm line 29.
        #          got: 'Could not checkout 'master'.
        # EXIT: 1
        # STDERR: error: pathspec 'master' did not match any file(s) known to git.
        # 
        # STDOUT:  at /tmpfs/.cpan-build-cpansand/2016030718/Git-ReleaseRepo-0.006-h4HMOt/blib/lib/Git/ReleaseRepo/Repository.pm line 91.
        # '
        #     expected: undef
        # Could not checkout 'master'.
        # EXIT: 1
        # STDERR: error: pathspec 'master' did not match any file(s) known to git.
        # 
        # STDOUT:  at /tmpfs/.cpan-build-cpansand/2016030718/Git-ReleaseRepo-0.006-h4HMOt/blib/lib/Git/ReleaseRepo/Repository.pm line 91.
        
        #   Failed test 'ran with no errors or warnings'
        #   at /tmpfs/.cpan-build-cpansand/2016030718/Git-ReleaseRepo-0.006-h4HMOt/blib/lib/Git/ReleaseRepo/Test.pm line 30.
        #          got: '-1'
        #     expected: '0'
        # 
        # 
        
        #   Failed test 'nothing on stderr'
        #   at /tmpfs/.cpan-build-cpansand/2016030718/Git-ReleaseRepo-0.006-h4HMOt/blib/lib/Git/ReleaseRepo/Test.pm line 28.
        # Use of uninitialized value in string ne at /tmpfs/.cpan-build-cpansand/2016030718/Git-ReleaseRepo-0.006-h4HMOt/blib/lib/Git/ReleaseRepo/Command/status.pm line 26.
        
        #   Failed test at t/clone.t line 155.
        # +---+------------------------------------+---------------------+
        # | Ln|Got                                 |Expected             |
        # +---+------------------------------------+---------------------+
        # *  1|'Changes since development started  |'Changes since v0.1  *
        # *  2|---------------------------------   |------------------   *
        # |  3|'                                   |'                    |
        # +---+------------------------------------+---------------------+
        # Looks like you failed 4 tests of 7.
    
    #   Failed test 'status in newly-released repository'
    #   at t/clone.t line 156.
        
        #   Failed test 'no error'
        #   at /tmpfs/.cpan-build-cpansand/2016030718/Git-ReleaseRepo-0.006-h4HMOt/blib/lib/Git/ReleaseRepo/Test.pm line 29.
        #          got: 'Could not checkout 'master'.
        # EXIT: 1
        # STDERR: error: pathspec 'master' did not match any file(s) known to git.
        # 
        # STDOUT:  at /tmpfs/.cpan-build-cpansand/2016030718/Git-ReleaseRepo-0.006-h4HMOt/blib/lib/Git/ReleaseRepo/Repository.pm line 91.
        # '
        #     expected: undef
        # Could not checkout 'master'.
        # EXIT: 1
        # STDERR: error: pathspec 'master' did not match any file(s) known to git.
        # 
        # STDOUT:  at /tmpfs/.cpan-build-cpansand/2016030718/Git-ReleaseRepo-0.006-h4HMOt/blib/lib/Git/ReleaseRepo/Repository.pm line 91.
        
        #   Failed test 'ran with no errors or warnings'
        #   at /tmpfs/.cpan-build-cpansand/2016030718/Git-ReleaseRepo-0.006-h4HMOt/blib/lib/Git/ReleaseRepo/Test.pm line 30.
        #          got: '-1'
        #     expected: '0'
        # 
        # 
        
        #   Failed test 'nothing on stderr'
        #   at /tmpfs/.cpan-build-cpansand/2016030718/Git-ReleaseRepo-0.006-h4HMOt/blib/lib/Git/ReleaseRepo/Test.pm line 28.
        # Use of uninitialized value in string ne at /tmpfs/.cpan-build-cpansand/2016030718/Git-ReleaseRepo-0.006-h4HMOt/blib/lib/Git/ReleaseRepo/Command/status.pm line 26.
        
        #   Failed test at t/clone.t line 162.
        # +---+------------------------------------+-----------------------+
        # | Ln|Got                                 |Expected               |
        # +---+------------------------------------+-----------------------+
        # *  1|'Changes since development started  |'Changes since v0.1.1  *
        # *  2|---------------------------------   |--------------------   *
        # |  3|'                                   |'                      |
        # +---+------------------------------------+-----------------------+
        # Looks like you failed 4 tests of 7.
    
    #   Failed test 'bugfix status in newly-cloned repository'
    #   at t/clone.t line 163.
    # Looks like you failed 12 tests of 22.

#   Failed test 'clone after release'
#   at t/clone.t line 167.
# Looks like you failed 6 tests of 16.
t/clone.t ............ 
Dubious, test returned 6 (wstat 1536, 0x600)
Failed 6/16 subtests 

#   Failed test 'nothing on stderr'
#   at /tmpfs/.cpan-build-cpansand/2016030718/Git-ReleaseRepo-0.006-h4HMOt/blib/lib/Git/ReleaseRepo/Test.pm line 28.
# fatal: working tree '/var/tmp/cpansmoker-1023/2016030718/PkgCsyAwiJ/origin' already exists.
# Clone of '/var/tmp/cpansmoker-1023/2016030718/PkgCsyAwiJ/other' into submodule path 'other' failed at /tmpfs/.cpan-build-cpansand/2016030718/Git-ReleaseRepo-0.006-h4HMOt/blib/lib/Git/ReleaseRepo/Command/add.pm line 50.
# error: pathspec '.gitmodules' did not match any file(s) known to git.
# error: pathspec 'other' did not match any file(s) known to git. at /tmpfs/.cpan-build-cpansand/2016030718/Git-ReleaseRepo-0.006-h4HMOt/blib/lib/Git/ReleaseRepo/Command/add.pm line 52.

#   Failed test 'nothing on stderr'
#   at /tmpfs/.cpan-build-cpansand/2016030718/Git-ReleaseRepo-0.006-h4HMOt/blib/lib/Git/ReleaseRepo/Test.pm line 28.
# fatal: working tree '/var/tmp/cpansmoker-1023/2016030718/PkgCsyAwiJ/origin' already exists.
# Clone of '/var/tmp/cpansmoker-1023/2016030718/PkgCsyAwiJ/module' into submodule path 'module' failed at /tmpfs/.cpan-build-cpansand/2016030718/Git-ReleaseRepo-0.006-h4HMOt/blib/lib/Git/ReleaseRepo/Command/add.pm line 50.
# error: pathspec '.gitmodules' did not match any file(s) known to git.
# error: pathspec 'module' did not match any file(s) known to git. at /tmpfs/.cpan-build-cpansand/2016030718/Git-ReleaseRepo-0.006-h4HMOt/blib/lib/Git/ReleaseRepo/Command/add.pm line 52.
    
    #   Failed test 'nothing on stderr'
    #   at /tmpfs/.cpan-build-cpansand/2016030718/Git-ReleaseRepo-0.006-h4HMOt/blib/lib/Git/ReleaseRepo/Test.pm line 28.
    # Use of uninitialized value in string ne at /tmpfs/.cpan-build-cpansand/2016030718/Git-ReleaseRepo-0.006-h4HMOt/blib/lib/Git/ReleaseRepo/Command/commit.pm line 24.
    
    #   Failed test 'no error'
    #   at /tmpfs/.cpan-build-cpansand/2016030718/Git-ReleaseRepo-0.006-h4HMOt/blib/lib/Git/ReleaseRepo/Test.pm line 29.
    #          got: 'fatal: Failed to resolve 'HEAD' as a valid ref. at /tmpfs/.cpan-build-cpansand/2016030718/Git-ReleaseRepo-0.006-h4HMOt/blib/lib/Git/ReleaseRepo/Command/commit.pm line 71.
    # '
    #     expected: undef
    # fatal: Failed to resolve 'HEAD' as a valid ref. at /tmpfs/.cpan-build-cpansand/2016030718/Git-ReleaseRepo-0.006-h4HMOt/blib/lib/Git/ReleaseRepo/Command/commit.pm line 71.
    
    #   Failed test 'ran with no errors or warnings'
    #   at /tmpfs/.cpan-build-cpansand/2016030718/Git-ReleaseRepo-0.006-h4HMOt/blib/lib/Git/ReleaseRepo/Test.pm line 30.
    #          got: '-1'
    #     expected: '0'
    # Release version v0.0.1
    # Use of uninitialized value in string ne at /tmpfs/.cpan-build-cpansand/2016030718/Git-ReleaseRepo-0.006-h4HMOt/blib/lib/Git/ReleaseRepo/Command/commit.pm line 24.
    # Looks like you failed 3 tests of 3.

#   Failed test 'setup'
#   at t/deploy.t line 30.
    
    #   Failed test 'nothing on stderr'
    #   at /tmpfs/.cpan-build-cpansand/2016030718/Git-ReleaseRepo-0.006-h4HMOt/blib/lib/Git/ReleaseRepo/Test.pm line 28.
    # Use of uninitialized value $version in concatenation (.) or string at /tmpfs/.cpan-build-cpansand/2016030718/Git-ReleaseRepo-0.006-h4HMOt/blib/lib/Git/ReleaseRepo/Command/deploy.pm line 68.
    
    #   Failed test 'no error'
    #   at /tmpfs/.cpan-build-cpansand/2016030718/Git-ReleaseRepo-0.006-h4HMOt/blib/lib/Git/ReleaseRepo/Test.pm line 29.
    #          got: 'Could not checkout ''.
    # EXIT: 1
    # STDERR: Use of uninitialized value $cmd[2] in exec at /opt/perl-5.22.0/lib/site_perl/5.22.0/System/Command.pm line 153.
    # 
    # error: pathspec './' did not match any file(s) known to git.
    # 
    # STDOUT:  at /tmpfs/.cpan-build-cpansand/2016030718/Git-ReleaseRepo-0.006-h4HMOt/blib/lib/Git/ReleaseRepo/Command/deploy.pm line 68.
    # '
    #     expected: undef
    # Could not checkout ''.
    # EXIT: 1
    # STDERR: Use of uninitialized value $cmd[2] in exec at /opt/perl-5.22.0/lib/site_perl/5.22.0/System/Command.pm line 153.
    # 
    # error: pathspec './' did not match any file(s) known to git.
    # 
    # STDOUT:  at /tmpfs/.cpan-build-cpansand/2016030718/Git-ReleaseRepo-0.006-h4HMOt/blib/lib/Git/ReleaseRepo/Command/deploy.pm line 68.
    
    #   Failed test 'ran with no errors or warnings'
    #   at /tmpfs/.cpan-build-cpansand/2016030718/Git-ReleaseRepo-0.006-h4HMOt/blib/lib/Git/ReleaseRepo/Test.pm line 30.
    #          got: '-1'
    #     expected: '0'
    # 
    # Use of uninitialized value $version in concatenation (.) or string at /tmpfs/.cpan-build-cpansand/2016030718/Git-ReleaseRepo-0.006-h4HMOt/blib/lib/Git/ReleaseRepo/Command/deploy.pm line 68.
            
            #   Failed test 'submodule 'module' is initialized'
            #   at t/deploy.t line 39.
            
            #   Failed test 'submodule 'other' is initialized'
            #   at t/deploy.t line 39.
            # Looks like you failed 2 tests of 2.
        
        #   Failed test 'submodules are initialized'
        #   at t/deploy.t line 41.
        
        #   Failed test 'config file exists'
        #   at t/deploy.t line 43.
YAML Error: Couldn't open /var/tmp/cpansmoker-1023/2016030718/PkgCsyAwiJ/deploy/.git/release for input:\n
   Code: YAML_LOAD_ERR_FILE_INPUT
 at /opt/perl-5.22.0/lib/site_perl/5.22.0/YAML.pm line 70.
# Tests were run but no plan was declared and done_testing() was not seen.
# Looks like your test exited with 255 just after 10.
t/deploy.t ........... 
Dubious, test returned 255 (wstat 65280, 0xff00)
Failed 3/10 subtests 
t/init.t ............. ok
    
    #   Failed test 'nothing on stderr'
    #   at /tmpfs/.cpan-build-cpansand/2016030718/Git-ReleaseRepo-0.006-h4HMOt/blib/lib/Git/ReleaseRepo/Test.pm line 28.
    # fatal: working tree '/var/tmp/cpansmoker-1023/2016030718/hnkEkGFRZH/pull-origin' already exists.
    # Clone of '/var/tmp/cpansmoker-1023/2016030718/hnkEkGFRZH/pull-module' into submodule path 'pull-module' failed at /tmpfs/.cpan-build-cpansand/2016030718/Git-ReleaseRepo-0.006-h4HMOt/blib/lib/Git/ReleaseRepo/Command/add.pm line 50.
    # error: pathspec '.gitmodules' did not match any file(s) known to git.
    # error: pathspec 'pull-module' did not match any file(s) known to git. at /tmpfs/.cpan-build-cpansand/2016030718/Git-ReleaseRepo-0.006-h4HMOt/blib/lib/Git/ReleaseRepo/Command/add.pm line 52.
    
    #   Failed test 'nothing on stderr'
    #   at /tmpfs/.cpan-build-cpansand/2016030718/Git-ReleaseRepo-0.006-h4HMOt/blib/lib/Git/ReleaseRepo/Test.pm line 28.
    # fatal: working tree '/var/tmp/cpansmoker-1023/2016030718/hnkEkGFRZH/pull-origin' already exists.
    # Clone of '/var/tmp/cpansmoker-1023/2016030718/hnkEkGFRZH/pull-other' into submodule path 'pull-other' failed at /tmpfs/.cpan-build-cpansand/2016030718/Git-ReleaseRepo-0.006-h4HMOt/blib/lib/Git/ReleaseRepo/Command/add.pm line 50.
    # error: pathspec '.gitmodules' did not match any file(s) known to git.
    # error: pathspec 'pull-other' did not match any file(s) known to git. at /tmpfs/.cpan-build-cpansand/2016030718/Git-ReleaseRepo-0.006-h4HMOt/blib/lib/Git/ReleaseRepo/Command/add.pm line 52.
        
        #   Failed test 'nothing on stderr'
        #   at /tmpfs/.cpan-build-cpansand/2016030718/Git-ReleaseRepo-0.006-h4HMOt/blib/lib/Git/ReleaseRepo/Test.pm line 28.
        # Use of uninitialized value in string ne at /tmpfs/.cpan-build-cpansand/2016030718/Git-ReleaseRepo-0.006-h4HMOt/blib/lib/Git/ReleaseRepo/Command/commit.pm line 24.
        
        #   Failed test 'no error'
        #   at /tmpfs/.cpan-build-cpansand/2016030718/Git-ReleaseRepo-0.006-h4HMOt/blib/lib/Git/ReleaseRepo/Test.pm line 29.
        #          got: 'fatal: Failed to resolve 'HEAD' as a valid ref. at /tmpfs/.cpan-build-cpansand/2016030718/Git-ReleaseRepo-0.006-h4HMOt/blib/lib/Git/ReleaseRepo/Command/commit.pm line 71.
        # '
        #     expected: undef
        # fatal: Failed to resolve 'HEAD' as a valid ref. at /tmpfs/.cpan-build-cpansand/2016030718/Git-ReleaseRepo-0.006-h4HMOt/blib/lib/Git/ReleaseRepo/Command/commit.pm line 71.
        
        #   Failed test 'ran with no errors or warnings'
        #   at /tmpfs/.cpan-build-cpansand/2016030718/Git-ReleaseRepo-0.006-h4HMOt/blib/lib/Git/ReleaseRepo/Test.pm line 30.
        #          got: '-1'
        #     expected: '0'
        # Release version v0.0.1
        # Use of uninitialized value in string ne at /tmpfs/.cpan-build-cpansand/2016030718/Git-ReleaseRepo-0.006-h4HMOt/blib/lib/Git/ReleaseRepo/Command/commit.pm line 24.
        
        #   Failed test 'nothing on stderr'
        #   at /tmpfs/.cpan-build-cpansand/2016030718/Git-ReleaseRepo-0.006-h4HMOt/blib/lib/Git/ReleaseRepo/Test.pm line 28.
        # Use of uninitialized value in string ne at /tmpfs/.cpan-build-cpansand/2016030718/Git-ReleaseRepo-0.006-h4HMOt/blib/lib/Git/ReleaseRepo/Command/push.pm line 22.
        # Use of uninitialized value $version in concatenation (.) or string at /tmpfs/.cpan-build-cpansand/2016030718/Git-ReleaseRepo-0.006-h4HMOt/blib/lib/Git/ReleaseRepo/Command/push.pm line 65.
        
        #   Failed test 'nothing on stderr'
        #   at /tmpfs/.cpan-build-cpansand/2016030718/Git-ReleaseRepo-0.006-h4HMOt/blib/lib/Git/ReleaseRepo/Test.pm line 28.
        # Use of uninitialized value $version in concatenation (.) or string at /tmpfs/.cpan-build-cpansand/2016030718/Git-ReleaseRepo-0.006-h4HMOt/blib/lib/Git/ReleaseRepo/Command/deploy.pm line 68.
        
        #   Failed test 'no error'
        #   at /tmpfs/.cpan-build-cpansand/2016030718/Git-ReleaseRepo-0.006-h4HMOt/blib/lib/Git/ReleaseRepo/Test.pm line 29.
        #          got: 'Could not checkout ''.
        # EXIT: 1
        # STDERR: Use of uninitialized value $cmd[2] in exec at /opt/perl-5.22.0/lib/site_perl/5.22.0/System/Command.pm line 153.
        # 
        # error: pathspec './' did not match any file(s) known to git.
        # 
        # STDOUT:  at /tmpfs/.cpan-build-cpansand/2016030718/Git-ReleaseRepo-0.006-h4HMOt/blib/lib/Git/ReleaseRepo/Command/deploy.pm line 68.
        # '
        #     expected: undef
        # Could not checkout ''.
        # EXIT: 1
        # STDERR: Use of uninitialized value $cmd[2] in exec at /opt/perl-5.22.0/lib/site_perl/5.22.0/System/Command.pm line 153.
        # 
        # error: pathspec './' did not match any file(s) known to git.
        # 
        # STDOUT:  at /tmpfs/.cpan-build-cpansand/2016030718/Git-ReleaseRepo-0.006-h4HMOt/blib/lib/Git/ReleaseRepo/Command/deploy.pm line 68.
        
        #   Failed test 'ran with no errors or warnings'
        #   at /tmpfs/.cpan-build-cpansand/2016030718/Git-ReleaseRepo-0.006-h4HMOt/blib/lib/Git/ReleaseRepo/Test.pm line 30.
        #          got: '-1'
        #     expected: '0'
        # 
        # Use of uninitialized value $version in concatenation (.) or string at /tmpfs/.cpan-build-cpansand/2016030718/Git-ReleaseRepo-0.006-h4HMOt/blib/lib/Git/ReleaseRepo/Command/deploy.pm line 68.
error: pathspec 'v0.1' did not match any file(s) known to git. at t/pull.t line 41.
Already on 'master' at t/pull.t line 44.
        
        #   Failed test 'no error'
        #   at /tmpfs/.cpan-build-cpansand/2016030718/Git-ReleaseRepo-0.006-h4HMOt/blib/lib/Git/ReleaseRepo/Test.pm line 29.
        #          got: 'Could not checkout 'master'.
        # EXIT: 1
        # STDERR: error: pathspec 'master' did not match any file(s) known to git.
        # 
        # STDOUT:  at /tmpfs/.cpan-build-cpansand/2016030718/Git-ReleaseRepo-0.006-h4HMOt/blib/lib/Git/ReleaseRepo/Repository.pm line 91.
        # '
        #     expected: undef
        # Could not checkout 'master'.
        # EXIT: 1
        # STDERR: error: pathspec 'master' did not match any file(s) known to git.
        # 
        # STDOUT:  at /tmpfs/.cpan-build-cpansand/2016030718/Git-ReleaseRepo-0.006-h4HMOt/blib/lib/Git/ReleaseRepo/Repository.pm line 91.
        
        #   Failed test 'ran with no errors or warnings'
        #   at /tmpfs/.cpan-build-cpansand/2016030718/Git-ReleaseRepo-0.006-h4HMOt/blib/lib/Git/ReleaseRepo/Test.pm line 30.
        #          got: '-1'
        #     expected: '0'
        # 
        # 
        
        #   Failed test 'nothing on stderr'
        #   at /tmpfs/.cpan-build-cpansand/2016030718/Git-ReleaseRepo-0.006-h4HMOt/blib/lib/Git/ReleaseRepo/Test.pm line 28.
        # Use of uninitialized value $version in concatenation (.) or string at /tmpfs/.cpan-build-cpansand/2016030718/Git-ReleaseRepo-0.006-h4HMOt/blib/lib/Git/ReleaseRepo/Command/pull.pm line 81.
        
        #   Failed test 'no error'
        #   at /tmpfs/.cpan-build-cpansand/2016030718/Git-ReleaseRepo-0.006-h4HMOt/blib/lib/Git/ReleaseRepo/Test.pm line 29.
        #          got: 'Could not checkout 
        # EXIT: 1
        # STDERR: Use of uninitialized value $cmd[2] in exec at /opt/perl-5.22.0/lib/site_perl/5.22.0/System/Command.pm line 153.
        # 
        # error: pathspec './' did not match any file(s) known to git.
        # 
        # STDOUT:  at /tmpfs/.cpan-build-cpansand/2016030718/Git-ReleaseRepo-0.006-h4HMOt/blib/lib/Git/ReleaseRepo/Command/pull.pm line 81.
        # '
        #     expected: undef
        # Could not checkout 
        # EXIT: 1
        # STDERR: Use of uninitialized value $cmd[2] in exec at /opt/perl-5.22.0/lib/site_perl/5.22.0/System/Command.pm line 153.
        # 
        # error: pathspec './' did not match any file(s) known to git.
        # 
        # STDOUT:  at /tmpfs/.cpan-build-cpansand/2016030718/Git-ReleaseRepo-0.006-h4HMOt/blib/lib/Git/ReleaseRepo/Command/pull.pm line 81.
        
        #   Failed test 'ran with no errors or warnings'
        #   at /tmpfs/.cpan-build-cpansand/2016030718/Git-ReleaseRepo-0.006-h4HMOt/blib/lib/Git/ReleaseRepo/Test.pm line 30.
        #          got: '-1'
        #     expected: '0'
        # 
        # Use of uninitialized value $version in concatenation (.) or string at /tmpfs/.cpan-build-cpansand/2016030718/Git-ReleaseRepo-0.006-h4HMOt/blib/lib/Git/ReleaseRepo/Command/pull.pm line 81.
        
        #   Failed test 'nothing on stderr'
        #   at /tmpfs/.cpan-build-cpansand/2016030718/Git-ReleaseRepo-0.006-h4HMOt/blib/lib/Git/ReleaseRepo/Test.pm line 28.
        # Use of uninitialized value in string ne at /tmpfs/.cpan-build-cpansand/2016030718/Git-ReleaseRepo-0.006-h4HMOt/blib/lib/Git/ReleaseRepo/Command/commit.pm line 24.
        
        #   Failed test 'no error'
        #   at /tmpfs/.cpan-build-cpansand/2016030718/Git-ReleaseRepo-0.006-h4HMOt/blib/lib/Git/ReleaseRepo/Test.pm line 29.
        #          got: 'fatal: Failed to resolve 'HEAD' as a valid ref. at /tmpfs/.cpan-build-cpansand/2016030718/Git-ReleaseRepo-0.006-h4HMOt/blib/lib/Git/ReleaseRepo/Command/commit.pm line 71.
        # '
        #     expected: undef
        # fatal: Failed to resolve 'HEAD' as a valid ref. at /tmpfs/.cpan-build-cpansand/2016030718/Git-ReleaseRepo-0.006-h4HMOt/blib/lib/Git/ReleaseRepo/Command/commit.pm line 71.
        
        #   Failed test 'ran with no errors or warnings'
        #   at /tmpfs/.cpan-build-cpansand/2016030718/Git-ReleaseRepo-0.006-h4HMOt/blib/lib/Git/ReleaseRepo/Test.pm line 30.
        #          got: '-1'
        #     expected: '0'
        # Release version v0.0.1
        # Use of uninitialized value in string ne at /tmpfs/.cpan-build-cpansand/2016030718/Git-ReleaseRepo-0.006-h4HMOt/blib/lib/Git/ReleaseRepo/Command/commit.pm line 24.
        
        #   Failed test 'nothing on stderr'
        #   at /tmpfs/.cpan-build-cpansand/2016030718/Git-ReleaseRepo-0.006-h4HMOt/blib/lib/Git/ReleaseRepo/Test.pm line 28.
        # Use of uninitialized value in string ne at /tmpfs/.cpan-build-cpansand/2016030718/Git-ReleaseRepo-0.006-h4HMOt/blib/lib/Git/ReleaseRepo/Command/push.pm line 22.
        # Use of uninitialized value $version in concatenation (.) or string at /tmpfs/.cpan-build-cpansand/2016030718/Git-ReleaseRepo-0.006-h4HMOt/blib/lib/Git/ReleaseRepo/Command/push.pm line 65.
error: pathspec 'v0.1' did not match any file(s) known to git. at t/pull.t line 53.
Already on 'master' at t/pull.t line 56.
        
        #   Failed test 'no error'
        #   at /tmpfs/.cpan-build-cpansand/2016030718/Git-ReleaseRepo-0.006-h4HMOt/blib/lib/Git/ReleaseRepo/Test.pm line 29.
        #          got: 'Could not checkout 'master'.
        # EXIT: 1
        # STDERR: error: pathspec 'master' did not match any file(s) known to git.
        # 
        # STDOUT:  at /tmpfs/.cpan-build-cpansand/2016030718/Git-ReleaseRepo-0.006-h4HMOt/blib/lib/Git/ReleaseRepo/Repository.pm line 91.
        # '
        #     expected: undef
        # Could not checkout 'master'.
        # EXIT: 1
        # STDERR: error: pathspec 'master' did not match any file(s) known to git.
        # 
        # STDOUT:  at /tmpfs/.cpan-build-cpansand/2016030718/Git-ReleaseRepo-0.006-h4HMOt/blib/lib/Git/ReleaseRepo/Repository.pm line 91.
        
        #   Failed test 'ran with no errors or warnings'
        #   at /tmpfs/.cpan-build-cpansand/2016030718/Git-ReleaseRepo-0.006-h4HMOt/blib/lib/Git/ReleaseRepo/Test.pm line 30.
        #          got: '-1'
        #     expected: '0'
        # 
        # 
        # Looks like you failed 18 tests of 30.
    
    #   Failed test 'setup'
    #   at t/pull.t line 60.
        
        #   Failed test 'nothing on stderr'
        #   at /tmpfs/.cpan-build-cpansand/2016030718/Git-ReleaseRepo-0.006-h4HMOt/blib/lib/Git/ReleaseRepo/Test.pm line 28.
        # Use of uninitialized value $branch in concatenation (.) or string at /tmpfs/.cpan-build-cpansand/2016030718/Git-ReleaseRepo-0.006-h4HMOt/blib/lib/Git/ReleaseRepo/Command/pull.pm line 53.
        
        #   Failed test 'no error'
        #   at /tmpfs/.cpan-build-cpansand/2016030718/Git-ReleaseRepo-0.006-h4HMOt/blib/lib/Git/ReleaseRepo/Test.pm line 29.
        #          got: 'Could not checkout branch 
        # EXIT: 1
        # STDERR: Use of uninitialized value $cmd[2] in exec at /opt/perl-5.22.0/lib/site_perl/5.22.0/System/Command.pm line 153.
        # 
        # error: pathspec './' did not match any file(s) known to git.
        # 
        # STDOUT:  at /tmpfs/.cpan-build-cpansand/2016030718/Git-ReleaseRepo-0.006-h4HMOt/blib/lib/Git/ReleaseRepo/Command/pull.pm line 53.
        # '
        #     expected: undef
        # Could not checkout branch 
        # EXIT: 1
        # STDERR: Use of uninitialized value $cmd[2] in exec at /opt/perl-5.22.0/lib/site_perl/5.22.0/System/Command.pm line 153.
        # 
        # error: pathspec './' did not match any file(s) known to git.
        # 
        # STDOUT:  at /tmpfs/.cpan-build-cpansand/2016030718/Git-ReleaseRepo-0.006-h4HMOt/blib/lib/Git/ReleaseRepo/Command/pull.pm line 53.
        
        #   Failed test 'ran with no errors or warnings'
        #   at /tmpfs/.cpan-build-cpansand/2016030718/Git-ReleaseRepo-0.006-h4HMOt/blib/lib/Git/ReleaseRepo/Test.pm line 30.
        #          got: '-1'
        #     expected: '0'
        # 
        # Use of uninitialized value $branch in concatenation (.) or string at /tmpfs/.cpan-build-cpansand/2016030718/Git-ReleaseRepo-0.006-h4HMOt/blib/lib/Git/ReleaseRepo/Command/pull.pm line 53.
read_file '/var/tmp/cpansmoker-1023/2016030718/hnkEkGFRZH/pull-deploy/pull-module/README' - sysopen: No such file or directory at t/pull.t line 64.
t/pull.t ............. 
Dubious, test returned 2 (wstat 512, 0x200)
No subtests run 

#   Failed test 'nothing on stderr'
#   at /tmpfs/.cpan-build-cpansand/2016030718/Git-ReleaseRepo-0.006-h4HMOt/blib/lib/Git/ReleaseRepo/Test.pm line 28.
# fatal: working tree '/var/tmp/cpansmoker-1023/2016030718/miPGKxjBgh/origin' already exists.
# Clone of '/var/tmp/cpansmoker-1023/2016030718/miPGKxjBgh/module' into submodule path 'module' failed at /tmpfs/.cpan-build-cpansand/2016030718/Git-ReleaseRepo-0.006-h4HMOt/blib/lib/Git/ReleaseRepo/Command/add.pm line 50.
# error: pathspec '.gitmodules' did not match any file(s) known to git.
# error: pathspec 'module' did not match any file(s) known to git. at /tmpfs/.cpan-build-cpansand/2016030718/Git-ReleaseRepo-0.006-h4HMOt/blib/lib/Git/ReleaseRepo/Command/add.pm line 52.
fatal: Not a valid object name: 'master'. at t/push.t line 22.
# Tests were run but no plan was declared and done_testing() was not seen.
# Looks like your test exited with 128 just after 6.
t/push.t ............. 
Dubious, test returned 128 (wstat 32768, 0x8000)
Failed 1/6 subtests 

#   Failed test 'nothing on stderr'
#   at /tmpfs/.cpan-build-cpansand/2016030718/Git-ReleaseRepo-0.006-h4HMOt/blib/lib/Git/ReleaseRepo/Test.pm line 28.
# fatal: working tree '/var/tmp/cpansmoker-1023/2016030718/_5NHs9Fgep/origin' already exists.
# Clone of '/var/tmp/cpansmoker-1023/2016030718/_5NHs9Fgep/other' into submodule path 'other' failed at /tmpfs/.cpan-build-cpansand/2016030718/Git-ReleaseRepo-0.006-h4HMOt/blib/lib/Git/ReleaseRepo/Command/add.pm line 50.
# error: pathspec '.gitmodules' did not match any file(s) known to git.
# error: pathspec 'other' did not match any file(s) known to git. at /tmpfs/.cpan-build-cpansand/2016030718/Git-ReleaseRepo-0.006-h4HMOt/blib/lib/Git/ReleaseRepo/Command/add.pm line 52.

#   Failed test 'nothing on stderr'
#   at /tmpfs/.cpan-build-cpansand/2016030718/Git-ReleaseRepo-0.006-h4HMOt/blib/lib/Git/ReleaseRepo/Test.pm line 28.
# fatal: working tree '/var/tmp/cpansmoker-1023/2016030718/_5NHs9Fgep/origin' already exists.
# Clone of '/var/tmp/cpansmoker-1023/2016030718/_5NHs9Fgep/module' into submodule path 'module' failed at /tmpfs/.cpan-build-cpansand/2016030718/Git-ReleaseRepo-0.006-h4HMOt/blib/lib/Git/ReleaseRepo/Command/add.pm line 50.
# error: pathspec '.gitmodules' did not match any file(s) known to git.
# error: pathspec 'module' did not match any file(s) known to git. at /tmpfs/.cpan-build-cpansand/2016030718/Git-ReleaseRepo-0.006-h4HMOt/blib/lib/Git/ReleaseRepo/Command/add.pm line 52.
warning: You appear to have cloned an empty repository. at /tmpfs/.cpan-build-cpansand/2016030718/Git-ReleaseRepo-0.006-h4HMOt/blib/lib/Git/ReleaseRepo/Test.pm line 127.
    
    #   Failed test 'no error'
    #   at /tmpfs/.cpan-build-cpansand/2016030718/Git-ReleaseRepo-0.006-h4HMOt/blib/lib/Git/ReleaseRepo/Test.pm line 29.
    #          got: 'Cannot add module: Submodule does not exist
    # '
    #     expected: undef
    # Cannot add module: Submodule does not exist
    
    #   Failed test 'ran with no errors or warnings'
    #   at /tmpfs/.cpan-build-cpansand/2016030718/Git-ReleaseRepo-0.006-h4HMOt/blib/lib/Git/ReleaseRepo/Test.pm line 30.
    #          got: '-1'
    #     expected: '0'
    # 
    # 
        
        #   Failed test 'expected changes'
        #   at t/update.t line 33.
        # Comparing $data as a Bag
        # Missing: 'module'
        # 0
        
        #   Failed test 'still on same branch'
        #   at t/update.t line 35.
        #          got: undef
        #     expected: 'master'
        
        #   Failed test 'not pushed'
        #   at t/update.t line 38.
        #          got: undef
        #     expected: anything else
        # Looks like you failed 3 tests of 3.
    
    #   Failed test 'existing module added'
    #   at t/update.t line 56.
    # Looks like you failed 3 tests of 7.

#   Failed test 'update an existing module'
#   at t/update.t line 57.
warning: You appear to have cloned an empty repository. at /tmpfs/.cpan-build-cpansand/2016030718/Git-ReleaseRepo-0.006-h4HMOt/blib/lib/Git/ReleaseRepo/Test.pm line 127.
        
        #   Failed test 'expected changes'
        #   at t/update.t line 33.
        # Comparing $data as a Bag
        # Missing: 'module', 'other'
        # 0
        
        #   Failed test 'still on same branch'
        #   at t/update.t line 35.
        #          got: undef
        #     expected: 'master'
        
        #   Failed test 'not pushed'
        #   at t/update.t line 38.
        #          got: undef
        #     expected: anything else
        # Looks like you failed 3 tests of 3.
    
    #   Failed test 'all existing modules updated'
    #   at t/update.t line 67.
    # Looks like you failed 1 test of 7.

#   Failed test 'update all'
#   at t/update.t line 68.
# Looks like you failed 4 tests of 11.
t/update.t ........... 
Dubious, test returned 4 (wstat 1024, 0x400)
Failed 4/11 subtests 
# git version 1.7.10.4
# /tmpfs/.cpan-build-cpansand/2016030718/Git-ReleaseRepo-0.006-h4HMOt/blib/lib/Git/ReleaseRepo.pm
    
    #   Failed test 'nothing on stderr'
    #   at /tmpfs/.cpan-build-cpansand/2016030718/Git-ReleaseRepo-0.006-h4HMOt/blib/lib/Git/ReleaseRepo/Test.pm line 28.
    # fatal: working tree '/var/tmp/cpansmoker-1023/2016030718/wouhjCeAgt/test-release' already exists.
    # Clone of 'file:///var/tmp/cpansmoker-1023/2016030718/VLN2nu6_2j' into submodule path 'foo' failed at /tmpfs/.cpan-build-cpansand/2016030718/Git-ReleaseRepo-0.006-h4HMOt/blib/lib/Git/ReleaseRepo/Command/add.pm line 50.
    # error: pathspec '.gitmodules' did not match any file(s) known to git.
    # error: pathspec 'foo' did not match any file(s) known to git. at /tmpfs/.cpan-build-cpansand/2016030718/Git-ReleaseRepo-0.006-h4HMOt/blib/lib/Git/ReleaseRepo/Command/add.pm line 52.
[Test failed.  Stopping test.]# Tests were run but no plan was declared and done_testing() was not seen.
# Looks like your test exited with 1 just after 1.
t/zzz-integration.t .. 
Dubious, test returned 1 (wstat 256, 0x100)
All 1 subtests passed 

Test Summary Report
-------------------
t/add.t            (Wstat: 1024 Tests: 11 Failed: 4)
  Failed tests:  4, 7, 10-11
  Non-zero exit status: 4
t/checkout.t       (Wstat: 512 Tests: 7 Failed: 2)
  Failed tests:  4, 7
  Non-zero exit status: 2
t/clone.t          (Wstat: 1536 Tests: 16 Failed: 6)
  Failed tests:  4, 7, 10-11, 15-16
  Non-zero exit status: 6
t/deploy.t         (Wstat: 65280 Tests: 10 Failed: 3)
  Failed tests:  4, 7, 10
  Non-zero exit status: 255
  Parse errors: No plan found in TAP output
t/pull.t           (Wstat: 512 Tests: 0 Failed: 0)
  Non-zero exit status: 2
  Parse errors: No plan found in TAP output
t/push.t           (Wstat: 32768 Tests: 6 Failed: 1)
  Failed test:  4
  Non-zero exit status: 128
  Parse errors: No plan found in TAP output
t/update.t         (Wstat: 1024 Tests: 11 Failed: 4)
  Failed tests:  4, 7, 10-11
  Non-zero exit status: 4
t/zzz-integration.t (Wstat: 256 Tests: 1 Failed: 0)
  Non-zero exit status: 1
  Parse errors: No plan found in TAP output
Files=9, Tests=66, 19 wallclock secs ( 0.06 usr  0.06 sys +  3.94 cusr 11.40 csys = 15.46 CPU)
Result: FAIL
Failed 8/9 test programs. 20/66 subtests failed.

------------------------------
PREREQUISITES
------------------------------

Prerequisite modules loaded:

requires:

    Module                                      Need   Have   
    ------------------------------------------- ------ -------
    App::Cmd                                    0.318  0.330  
    File::HomeDir                               1.00   1.00   
    File::Path                                  0      2.12   
    File::Spec::Functions                       0      3.62   
    Git::Repository                             1.26   1.316  
    Moose                                       2.000  2.1604 
    Progress::Any                               0      0.20   
    Progress::Any::Output                       0      0.20   
    Progress::Any::Output::TermProgressBarColor 0      0.21   
    YAML                                        0.84   1.15   

build_requires:

    Module                                      Need   Have   
    ------------------------------------------- ------ -------
    File::Slurp                                 0      9999.19
    File::Spec::Functions                       0      3.62   
    File::Temp                                  0      0.2304 
    Module::Build                               0.3601 0.4214 
    Test::Compile                               0      v1.3.0 
    Test::Most                                  0      0.34   

configure_requires:

    Module                                      Need   Have   
    ------------------------------------------- ------ -------
    ExtUtils::MakeMaker                         6.30   7.10   
    Module::Build                               0.3601 0.4214 


------------------------------
ENVIRONMENT AND OTHER CONTEXT
------------------------------

Environment variables:

    LANG = C
    PATH = /usr/local/bin:/usr/bin:/bin:/usr/local/sbin:/usr/sbin:/sbin:/home/cpansand/bin/linux-gnu:/home/cpansand/bin/sh:/home/cpansand/bin:/usr/games:/home/cpansand/devel:/home/eserte/src/srezic-misc/scripts
    PERL5LIB = /home/cpansand/.cpan/build/2016030718/Log-Unrotate-1.32-kOM4LK/blib/arch:/home/cpansand/.cpan/build/2016030718/Log-Unrotate-1.32-kOM4LK/blib/lib:/home/cpansand/.cpan/build/2016030718/Flux-File-1.01-HBmWNU/blib/arch:/home/cpansand/.cpan/build/2016030718/Flux-File-1.01-HBmWNU/blib/lib:/home/cpansand/.cpan/build/2016030718/Flux-1.03-lzSGpm/blib/arch:/home/cpansand/.cpan/build/2016030718/Flux-1.03-lzSGpm/blib/lib:/home/cpansand/.cpan/build/2016030718/UV-0.24-avFJw0/blib/arch:/home/cpansand/.cpan/build/2016030718/UV-0.24-avFJw0/blib/lib:/home/cpansand/.cpan/build/2016030718/Namespace-Dispatch-0.07-j20q2p/blib/arch:/home/cpansand/.cpan/build/2016030718/Namespace-Dispatch-0.07-j20q2p/blib/lib:/home/cpansand/.cpan/build/2016030718/UNIVERSAL-filename-0.03-TCMp7k/blib/arch:/home/cpansand/.cpan/build/2016030718/UNIVERSAL-filename-0.03-TCMp7k/blib/lib
    PERL5OPT = 
    PERL5_CPANPLUS_IS_RUNNING = 1008
    PERL5_CPAN_IS_RUNNING = 1008
    PERL5_CPAN_IS_RUNNING_IN_RECURSION = 22047,1008
    PERLDOC = -MPod::Perldoc::ToTextOverstrike
    PERL_BATCH = yes
    PERL_CANARY_STABILITY_NOPROMPT = 1
    PERL_CPAN_REPORTER_CONFIG = /var/tmp/cpansmoker-1023/2016030718/cpanreporter_000_config.ini
    PERL_EXTUTILS_AUTOINSTALL = --defaultdeps
    SHELL = /bin/zsh
    TERM = screen
    TMPDIR = /var/tmp/cpansmoker-1023/2016030718

Perl special variables (and OS-specific diagnostics, for MSWin32):

    $^X = /bbbike/perl-5.22.0/bin/perl
    $UID/$EUID = 1023 / 1023
    $GID = 1023 1023
    $EGID = 1023 1023

Perl module toolchain versions installed:

    Module              Have    
    ------------------- --------
    CPAN                2.10    
    CPAN::Meta          2.150005
    Cwd                 3.62    
    ExtUtils::CBuilder  0.280221
    ExtUtils::Command   7.10    
    ExtUtils::Install   2.04    
    ExtUtils::MakeMaker 7.10    
    ExtUtils::Manifest  1.70    
    ExtUtils::ParseXS   3.28    
    File::Spec          3.62    
    JSON                2.90    
    JSON::PP            2.27300 
    Module::Build       0.4214  
    Module::Signature   0.79    
    Parse::CPAN::Meta   1.4414  
    Test::Harness       3.36    
    Test::More          1.001014
    YAML                1.15    
    YAML::Syck          1.29    
    version             0.9912  


--

Summary of my perl5 (revision 5 version 22 subversion 0) configuration:
   
  Platform:
    osname=linux, osvers=3.2.0-4-amd64, archname=x86_64-linux
    uname='linux eserte 3.2.0-4-amd64 #1 smp debian 3.2.68-1+deb7u1 x86_64 gnulinux '
    config_args='-ds -e -Dprefix=/opt/perl-5.22.0 -Dcf_email=srezic@cpan.org'
    hint=recommended, useposix=true, d_sigaction=define
    useithreads=undef, usemultiplicity=undef
    use64bitint=define, use64bitall=define, uselongdouble=undef
    usemymalloc=n, bincompat5005=undef
  Compiler:
    cc='cc', ccflags ='-fwrapv -fno-strict-aliasing -pipe -fstack-protector -I/usr/local/include -D_LARGEFILE_SOURCE -D_FILE_OFFSET_BITS=64 -D_FORTIFY_SOURCE=2',
    optimize='-O2',
    cppflags='-fwrapv -fno-strict-aliasing -pipe -fstack-protector -I/usr/local/include'
    ccversion='', gccversion='4.7.2', gccosandvers=''
    intsize=4, longsize=8, ptrsize=8, doublesize=8, byteorder=12345678, doublekind=3
    d_longlong=define, longlongsize=8, d_longdbl=define, longdblsize=16, longdblkind=3
    ivtype='long', ivsize=8, nvtype='double', nvsize=8, Off_t='off_t', lseeksize=8
    alignbytes=8, prototype=define
  Linker and Libraries:
    ld='cc', ldflags =' -fstack-protector -L/usr/local/lib'
    libpth=/usr/local/lib /usr/lib/gcc/x86_64-linux-gnu/4.7/include-fixed /usr/include/x86_64-linux-gnu /usr/lib /lib/x86_64-linux-gnu /lib/../lib /usr/lib/x86_64-linux-gnu /usr/lib/../lib /lib
    libs=-lpthread -lnsl -ldb -ldl -lm -lcrypt -lutil -lc
    perllibs=-lpthread -lnsl -ldl -lm -lcrypt -lutil -lc
    libc=libc-2.13.so, so=so, useshrplib=false, libperl=libperl.a
    gnulibc_version='2.13'
  Dynamic Linking:
    dlsrc=dl_dlopen.xs, dlext=so, d_dlsymun=undef, ccdlflags='-Wl,-E'
    cccdlflags='-fPIC', lddlflags='-shared -O2 -L/usr/local/lib -fstack-protector'


Characteristics of this binary (from libperl): 
  Compile-time options: HAS_TIMES PERLIO_LAYERS PERL_DONT_CREATE_GVSV
                        PERL_HASH_FUNC_ONE_AT_A_TIME_HARD PERL_MALLOC_WRAP
                        PERL_NEW_COPY_ON_WRITE PERL_PRESERVE_IVUV
                        USE_64_BIT_ALL USE_64_BIT_INT USE_LARGE_FILES
                        USE_LOCALE USE_LOCALE_COLLATE USE_LOCALE_CTYPE
                        USE_LOCALE_NUMERIC USE_LOCALE_TIME USE_PERLIO
                        USE_PERL_ATOF
  Built under linux
  Compiled at Jun  1 2015 18:17:49
  %ENV:
    PERL5LIB="/home/cpansand/.cpan/build/2016030718/Log-Unrotate-1.32-kOM4LK/blib/arch:/home/cpansand/.cpan/build/2016030718/Log-Unrotate-1.32-kOM4LK/blib/lib:/home/cpansand/.cpan/build/2016030718/Flux-File-1.01-HBmWNU/blib/arch:/home/cpansand/.cpan/build/2016030718/Flux-File-1.01-HBmWNU/blib/lib:/home/cpansand/.cpan/build/2016030718/Flux-1.03-lzSGpm/blib/arch:/home/cpansand/.cpan/build/2016030718/Flux-1.03-lzSGpm/blib/lib:/home/cpansand/.cpan/build/2016030718/UV-0.24-avFJw0/blib/arch:/home/cpansand/.cpan/build/2016030718/UV-0.24-avFJw0/blib/lib:/home/cpansand/.cpan/build/2016030718/Namespace-Dispatch-0.07-j20q2p/blib/arch:/home/cpansand/.cpan/build/2016030718/Namespace-Dispatch-0.07-j20q2p/blib/lib:/home/cpansand/.cpan/build/2016030718/UNIVERSAL-filename-0.03-TCMp7k/blib/arch:/home/cpansand/.cpan/build/2016030718/UNIVERSAL-filename-0.03-TCMp7k/blib/lib"
    PERL5OPT=""
    PERL5_CPANPLUS_IS_RUNNING="1008"
    PERL5_CPAN_IS_RUNNING="1008"
    PERL5_CPAN_IS_RUNNING_IN_RECURSION="22047,1008"
    PERLDOC="-MPod::Perldoc::ToTextOverstrike"
    PERL_BATCH="yes"
    PERL_CANARY_STABILITY_NOPROMPT="1"
    PERL_CPAN_REPORTER_CONFIG="/var/tmp/cpansmoker-1023/2016030718/cpanreporter_000_config.ini"
    PERL_EXTUTILS_AUTOINSTALL="--defaultdeps"
  @INC:
    /home/cpansand/.cpan/build/2016030718/Log-Unrotate-1.32-kOM4LK/blib/arch
    /home/cpansand/.cpan/build/2016030718/Log-Unrotate-1.32-kOM4LK/blib/lib
    /home/cpansand/.cpan/build/2016030718/Flux-File-1.01-HBmWNU/blib/arch
    /home/cpansand/.cpan/build/2016030718/Flux-File-1.01-HBmWNU/blib/lib
    /home/cpansand/.cpan/build/2016030718/Flux-1.03-lzSGpm/blib/arch
    /home/cpansand/.cpan/build/2016030718/Flux-1.03-lzSGpm/blib/lib
    /home/cpansand/.cpan/build/2016030718/UV-0.24-avFJw0/blib/arch
    /home/cpansand/.cpan/build/2016030718/UV-0.24-avFJw0/blib/lib
    /home/cpansand/.cpan/build/2016030718/Namespace-Dispatch-0.07-j20q2p/blib/arch
    /home/cpansand/.cpan/build/2016030718/Namespace-Dispatch-0.07-j20q2p/blib/lib
    /home/cpansand/.cpan/build/2016030718/UNIVERSAL-filename-0.03-TCMp7k/blib/arch
    /home/cpansand/.cpan/build/2016030718/UNIVERSAL-filename-0.03-TCMp7k/blib/lib
    /opt/perl-5.22.0/lib/site_perl/5.22.0/x86_64-linux
    /opt/perl-5.22.0/lib/site_perl/5.22.0
    /opt/perl-5.22.0/lib/5.22.0/x86_64-linux
    /opt/perl-5.22.0/lib/5.22.0
    .