Test-WWW-Mechanize v1.52 Perl 5 v5.8.8 x86_64-linux

Status
Fail
From
Andreas J. König (ANDK)
Dist
Test-WWW-Mechanize v1.52
Platform
Perl 5 v5.8.8 x86_64-linux
Date
2018-12-05 16:30:43
ID
1c8fa6b0-f8ab-11e8-b9db-9e183c0409dd
This distribution has been tested as part of the CPAN Testers
project, supporting the Perl programming language.  See
http://wiki.cpantesters.org/ for more information or email
questions to cpan-testers-discuss@perl.org


--
Dear Andy Lester,

This is a computer-generated report for Test-WWW-Mechanize-1.52
on perl 5.8.8, created by CPAN-Reporter-1.2018.

Thank you for uploading your work to CPAN.  However, there was a problem
testing your distribution.

If you think this report is invalid, please consult the CPAN Testers Wiki
for suggestions on how to avoid getting FAIL reports for missing library
or binary dependencies, unsupported operating systems, and so on:

http://wiki.cpantesters.org/wiki/CPANAuthorNotes

Sections of this report:

    * Tester comments
    * Program output
    * Prerequisites
    * Environment and other context

------------------------------
TESTER COMMENTS
------------------------------

Additional comments from tester:

this report is from an automated smoke testing program
and was not reviewed by a human for accuracy

------------------------------
PROGRAM OUTPUT
------------------------------

Output from '/usr/bin/make test':

PERL_DL_NONLAZY=1 "/home/sand/src/perl/repoperls/installed-perls/host/k93stretch/perl-5.8.8/21a6/bin/perl" "-MExtUtils::Command::MM" "-MTest::Harness" "-e" "undef *Test::Harness::Switches; test_harness(0, 'blib/lib', 'blib/arch')" t/*.t
Multidimensional syntax $button [, $msg] not supported at /tmp/loop_over_bdir-13604-Us3rJa/Test-WWW-Mechanize-1.52-0/blib/lib/Test/WWW/Mechanize.pm line 1794.
Global symbol "$mech" requires explicit package name at /tmp/loop_over_bdir-13604-Us3rJa/Test-WWW-Mechanize-1.52-0/blib/lib/Test/WWW/Mechanize.pm line 1767.
Global symbol "$button" requires explicit package name at /tmp/loop_over_bdir-13604-Us3rJa/Test-WWW-Mechanize-1.52-0/blib/lib/Test/WWW/Mechanize.pm line 1767.
Global symbol "$button" requires explicit package name at /tmp/loop_over_bdir-13604-Us3rJa/Test-WWW-Mechanize-1.52-0/blib/lib/Test/WWW/Mechanize.pm line 1767.
Global symbol "$button" requires explicit package name at /tmp/loop_over_bdir-13604-Us3rJa/Test-WWW-Mechanize-1.52-0/blib/lib/Test/WWW/Mechanize.pm line 1767.
Global symbol "$input" requires explicit package name at /tmp/loop_over_bdir-13604-Us3rJa/Test-WWW-Mechanize-1.52-0/blib/lib/Test/WWW/Mechanize.pm line 1767.
Global symbol "$button" requires explicit package name at /tmp/loop_over_bdir-13604-Us3rJa/Test-WWW-Mechanize-1.52-0/blib/lib/Test/WWW/Mechanize.pm line 1787.
syntax error at /tmp/loop_over_bdir-13604-Us3rJa/Test-WWW-Mechanize-1.52-0/blib/lib/Test/WWW/Mechanize.pm line 1788, near "}"
Global symbol "$input" requires explicit package name at /tmp/loop_over_bdir-13604-Us3rJa/Test-WWW-Mechanize-1.52-0/blib/lib/Test/WWW/Mechanize.pm line 1790.
Global symbol "$mech" requires explicit package name at /tmp/loop_over_bdir-13604-Us3rJa/Test-WWW-Mechanize-1.52-0/blib/lib/Test/WWW/Mechanize.pm line 1794.
Global symbol "@button" requires explicit package name at /tmp/loop_over_bdir-13604-Us3rJa/Test-WWW-Mechanize-1.52-0/blib/lib/Test/WWW/Mechanize.pm line 1794.
syntax error at /tmp/loop_over_bdir-13604-Us3rJa/Test-WWW-Mechanize-1.52-0/blib/lib/Test/WWW/Mechanize.pm line 1794, near "[,"
/tmp/loop_over_bdir-13604-Us3rJa/Test-WWW-Mechanize-1.52-0/blib/lib/Test/WWW/Mechanize.pm has too many errors.
Compilation failed in require at t/00-load.t line 10.
BEGIN failed--compilation aborted at t/00-load.t line 10.
# Looks like your test exited with 9 before it could output anything.
t/00-load.t ................ 
Dubious, test returned 9 (wstat 2304, 0x900)
Failed 1/1 subtests 
Multidimensional syntax $button [, $msg] not supported at /tmp/loop_over_bdir-13604-Us3rJa/Test-WWW-Mechanize-1.52-0/blib/lib/Test/WWW/Mechanize.pm line 1794.
Global symbol "$mech" requires explicit package name at /tmp/loop_over_bdir-13604-Us3rJa/Test-WWW-Mechanize-1.52-0/blib/lib/Test/WWW/Mechanize.pm line 1767.
Global symbol "$button" requires explicit package name at /tmp/loop_over_bdir-13604-Us3rJa/Test-WWW-Mechanize-1.52-0/blib/lib/Test/WWW/Mechanize.pm line 1767.
Global symbol "$button" requires explicit package name at /tmp/loop_over_bdir-13604-Us3rJa/Test-WWW-Mechanize-1.52-0/blib/lib/Test/WWW/Mechanize.pm line 1767.
Global symbol "$button" requires explicit package name at /tmp/loop_over_bdir-13604-Us3rJa/Test-WWW-Mechanize-1.52-0/blib/lib/Test/WWW/Mechanize.pm line 1767.
Global symbol "$input" requires explicit package name at /tmp/loop_over_bdir-13604-Us3rJa/Test-WWW-Mechanize-1.52-0/blib/lib/Test/WWW/Mechanize.pm line 1767.
Global symbol "$button" requires explicit package name at /tmp/loop_over_bdir-13604-Us3rJa/Test-WWW-Mechanize-1.52-0/blib/lib/Test/WWW/Mechanize.pm line 1787.
syntax error at /tmp/loop_over_bdir-13604-Us3rJa/Test-WWW-Mechanize-1.52-0/blib/lib/Test/WWW/Mechanize.pm line 1788, near "}"
Global symbol "$input" requires explicit package name at /tmp/loop_over_bdir-13604-Us3rJa/Test-WWW-Mechanize-1.52-0/blib/lib/Test/WWW/Mechanize.pm line 1790.
Global symbol "$mech" requires explicit package name at /tmp/loop_over_bdir-13604-Us3rJa/Test-WWW-Mechanize-1.52-0/blib/lib/Test/WWW/Mechanize.pm line 1794.
Global symbol "@button" requires explicit package name at /tmp/loop_over_bdir-13604-Us3rJa/Test-WWW-Mechanize-1.52-0/blib/lib/Test/WWW/Mechanize.pm line 1794.
syntax error at /tmp/loop_over_bdir-13604-Us3rJa/Test-WWW-Mechanize-1.52-0/blib/lib/Test/WWW/Mechanize.pm line 1794, near "[,"
/tmp/loop_over_bdir-13604-Us3rJa/Test-WWW-Mechanize-1.52-0/blib/lib/Test/WWW/Mechanize.pm has too many errors.
Compilation failed in require at t/autolint.t line 9.
BEGIN failed--compilation aborted at t/autolint.t line 9.
t/autolint.t ............... 
Dubious, test returned 9 (wstat 2304, 0x900)
No subtests run 
Multidimensional syntax $button [, $msg] not supported at /tmp/loop_over_bdir-13604-Us3rJa/Test-WWW-Mechanize-1.52-0/blib/lib/Test/WWW/Mechanize.pm line 1794.
Global symbol "$mech" requires explicit package name at /tmp/loop_over_bdir-13604-Us3rJa/Test-WWW-Mechanize-1.52-0/blib/lib/Test/WWW/Mechanize.pm line 1767.
Global symbol "$button" requires explicit package name at /tmp/loop_over_bdir-13604-Us3rJa/Test-WWW-Mechanize-1.52-0/blib/lib/Test/WWW/Mechanize.pm line 1767.
Global symbol "$button" requires explicit package name at /tmp/loop_over_bdir-13604-Us3rJa/Test-WWW-Mechanize-1.52-0/blib/lib/Test/WWW/Mechanize.pm line 1767.
Global symbol "$button" requires explicit package name at /tmp/loop_over_bdir-13604-Us3rJa/Test-WWW-Mechanize-1.52-0/blib/lib/Test/WWW/Mechanize.pm line 1767.
Global symbol "$input" requires explicit package name at /tmp/loop_over_bdir-13604-Us3rJa/Test-WWW-Mechanize-1.52-0/blib/lib/Test/WWW/Mechanize.pm line 1767.
Global symbol "$button" requires explicit package name at /tmp/loop_over_bdir-13604-Us3rJa/Test-WWW-Mechanize-1.52-0/blib/lib/Test/WWW/Mechanize.pm line 1787.
syntax error at /tmp/loop_over_bdir-13604-Us3rJa/Test-WWW-Mechanize-1.52-0/blib/lib/Test/WWW/Mechanize.pm line 1788, near "}"
Global symbol "$input" requires explicit package name at /tmp/loop_over_bdir-13604-Us3rJa/Test-WWW-Mechanize-1.52-0/blib/lib/Test/WWW/Mechanize.pm line 1790.
Global symbol "$mech" requires explicit package name at /tmp/loop_over_bdir-13604-Us3rJa/Test-WWW-Mechanize-1.52-0/blib/lib/Test/WWW/Mechanize.pm line 1794.
Global symbol "@button" requires explicit package name at /tmp/loop_over_bdir-13604-Us3rJa/Test-WWW-Mechanize-1.52-0/blib/lib/Test/WWW/Mechanize.pm line 1794.
syntax error at /tmp/loop_over_bdir-13604-Us3rJa/Test-WWW-Mechanize-1.52-0/blib/lib/Test/WWW/Mechanize.pm line 1794, near "[,"
/tmp/loop_over_bdir-13604-Us3rJa/Test-WWW-Mechanize-1.52-0/blib/lib/Test/WWW/Mechanize.pm has too many errors.
Compilation failed in require at t/autotidy.t line 9.
BEGIN failed--compilation aborted at t/autotidy.t line 9.
t/autotidy.t ............... 
Dubious, test returned 9 (wstat 2304, 0x900)
No subtests run 
Multidimensional syntax $button [, $msg] not supported at /tmp/loop_over_bdir-13604-Us3rJa/Test-WWW-Mechanize-1.52-0/blib/lib/Test/WWW/Mechanize.pm line 1794.
Global symbol "$mech" requires explicit package name at /tmp/loop_over_bdir-13604-Us3rJa/Test-WWW-Mechanize-1.52-0/blib/lib/Test/WWW/Mechanize.pm line 1767.
Global symbol "$button" requires explicit package name at /tmp/loop_over_bdir-13604-Us3rJa/Test-WWW-Mechanize-1.52-0/blib/lib/Test/WWW/Mechanize.pm line 1767.
Global symbol "$button" requires explicit package name at /tmp/loop_over_bdir-13604-Us3rJa/Test-WWW-Mechanize-1.52-0/blib/lib/Test/WWW/Mechanize.pm line 1767.
Global symbol "$button" requires explicit package name at /tmp/loop_over_bdir-13604-Us3rJa/Test-WWW-Mechanize-1.52-0/blib/lib/Test/WWW/Mechanize.pm line 1767.
Global symbol "$input" requires explicit package name at /tmp/loop_over_bdir-13604-Us3rJa/Test-WWW-Mechanize-1.52-0/blib/lib/Test/WWW/Mechanize.pm line 1767.
Global symbol "$button" requires explicit package name at /tmp/loop_over_bdir-13604-Us3rJa/Test-WWW-Mechanize-1.52-0/blib/lib/Test/WWW/Mechanize.pm line 1787.
syntax error at /tmp/loop_over_bdir-13604-Us3rJa/Test-WWW-Mechanize-1.52-0/blib/lib/Test/WWW/Mechanize.pm line 1788, near "}"
Global symbol "$input" requires explicit package name at /tmp/loop_over_bdir-13604-Us3rJa/Test-WWW-Mechanize-1.52-0/blib/lib/Test/WWW/Mechanize.pm line 1790.
Global symbol "$mech" requires explicit package name at /tmp/loop_over_bdir-13604-Us3rJa/Test-WWW-Mechanize-1.52-0/blib/lib/Test/WWW/Mechanize.pm line 1794.
Global symbol "@button" requires explicit package name at /tmp/loop_over_bdir-13604-Us3rJa/Test-WWW-Mechanize-1.52-0/blib/lib/Test/WWW/Mechanize.pm line 1794.
syntax error at /tmp/loop_over_bdir-13604-Us3rJa/Test-WWW-Mechanize-1.52-0/blib/lib/Test/WWW/Mechanize.pm line 1794, near "[,"
/tmp/loop_over_bdir-13604-Us3rJa/Test-WWW-Mechanize-1.52-0/blib/lib/Test/WWW/Mechanize.pm has too many errors.
Compilation failed in require at t/button_exists.t line 8.
BEGIN failed--compilation aborted at t/button_exists.t line 8.
# Looks like your test exited with 9 before it could output anything.
t/button_exists.t .......... 
Dubious, test returned 9 (wstat 2304, 0x900)
Failed 6/6 subtests 
Multidimensional syntax $button [, $msg] not supported at /tmp/loop_over_bdir-13604-Us3rJa/Test-WWW-Mechanize-1.52-0/blib/lib/Test/WWW/Mechanize.pm line 1794.
Global symbol "$mech" requires explicit package name at /tmp/loop_over_bdir-13604-Us3rJa/Test-WWW-Mechanize-1.52-0/blib/lib/Test/WWW/Mechanize.pm line 1767.
Global symbol "$button" requires explicit package name at /tmp/loop_over_bdir-13604-Us3rJa/Test-WWW-Mechanize-1.52-0/blib/lib/Test/WWW/Mechanize.pm line 1767.
Global symbol "$button" requires explicit package name at /tmp/loop_over_bdir-13604-Us3rJa/Test-WWW-Mechanize-1.52-0/blib/lib/Test/WWW/Mechanize.pm line 1767.
Global symbol "$button" requires explicit package name at /tmp/loop_over_bdir-13604-Us3rJa/Test-WWW-Mechanize-1.52-0/blib/lib/Test/WWW/Mechanize.pm line 1767.
Global symbol "$input" requires explicit package name at /tmp/loop_over_bdir-13604-Us3rJa/Test-WWW-Mechanize-1.52-0/blib/lib/Test/WWW/Mechanize.pm line 1767.
Global symbol "$button" requires explicit package name at /tmp/loop_over_bdir-13604-Us3rJa/Test-WWW-Mechanize-1.52-0/blib/lib/Test/WWW/Mechanize.pm line 1787.
syntax error at /tmp/loop_over_bdir-13604-Us3rJa/Test-WWW-Mechanize-1.52-0/blib/lib/Test/WWW/Mechanize.pm line 1788, near "}"
Global symbol "$input" requires explicit package name at /tmp/loop_over_bdir-13604-Us3rJa/Test-WWW-Mechanize-1.52-0/blib/lib/Test/WWW/Mechanize.pm line 1790.
Global symbol "$mech" requires explicit package name at /tmp/loop_over_bdir-13604-Us3rJa/Test-WWW-Mechanize-1.52-0/blib/lib/Test/WWW/Mechanize.pm line 1794.
Global symbol "@button" requires explicit package name at /tmp/loop_over_bdir-13604-Us3rJa/Test-WWW-Mechanize-1.52-0/blib/lib/Test/WWW/Mechanize.pm line 1794.
syntax error at /tmp/loop_over_bdir-13604-Us3rJa/Test-WWW-Mechanize-1.52-0/blib/lib/Test/WWW/Mechanize.pm line 1794, near "[,"
/tmp/loop_over_bdir-13604-Us3rJa/Test-WWW-Mechanize-1.52-0/blib/lib/Test/WWW/Mechanize.pm has too many errors.
Compilation failed in require at t/click_ok.t line 8.
BEGIN failed--compilation aborted at t/click_ok.t line 8.
# Looks like your test exited with 9 before it could output anything.
t/click_ok.t ............... 
Dubious, test returned 9 (wstat 2304, 0x900)
Failed 6/6 subtests 
Multidimensional syntax $button [, $msg] not supported at /tmp/loop_over_bdir-13604-Us3rJa/Test-WWW-Mechanize-1.52-0/blib/lib/Test/WWW/Mechanize.pm line 1794.
Global symbol "$mech" requires explicit package name at /tmp/loop_over_bdir-13604-Us3rJa/Test-WWW-Mechanize-1.52-0/blib/lib/Test/WWW/Mechanize.pm line 1767.
Global symbol "$button" requires explicit package name at /tmp/loop_over_bdir-13604-Us3rJa/Test-WWW-Mechanize-1.52-0/blib/lib/Test/WWW/Mechanize.pm line 1767.
Global symbol "$button" requires explicit package name at /tmp/loop_over_bdir-13604-Us3rJa/Test-WWW-Mechanize-1.52-0/blib/lib/Test/WWW/Mechanize.pm line 1767.
Global symbol "$button" requires explicit package name at /tmp/loop_over_bdir-13604-Us3rJa/Test-WWW-Mechanize-1.52-0/blib/lib/Test/WWW/Mechanize.pm line 1767.
Global symbol "$input" requires explicit package name at /tmp/loop_over_bdir-13604-Us3rJa/Test-WWW-Mechanize-1.52-0/blib/lib/Test/WWW/Mechanize.pm line 1767.
Global symbol "$button" requires explicit package name at /tmp/loop_over_bdir-13604-Us3rJa/Test-WWW-Mechanize-1.52-0/blib/lib/Test/WWW/Mechanize.pm line 1787.
syntax error at /tmp/loop_over_bdir-13604-Us3rJa/Test-WWW-Mechanize-1.52-0/blib/lib/Test/WWW/Mechanize.pm line 1788, near "}"
Global symbol "$input" requires explicit package name at /tmp/loop_over_bdir-13604-Us3rJa/Test-WWW-Mechanize-1.52-0/blib/lib/Test/WWW/Mechanize.pm line 1790.
Global symbol "$mech" requires explicit package name at /tmp/loop_over_bdir-13604-Us3rJa/Test-WWW-Mechanize-1.52-0/blib/lib/Test/WWW/Mechanize.pm line 1794.
Global symbol "@button" requires explicit package name at /tmp/loop_over_bdir-13604-Us3rJa/Test-WWW-Mechanize-1.52-0/blib/lib/Test/WWW/Mechanize.pm line 1794.
syntax error at /tmp/loop_over_bdir-13604-Us3rJa/Test-WWW-Mechanize-1.52-0/blib/lib/Test/WWW/Mechanize.pm line 1794, near "[,"
/tmp/loop_over_bdir-13604-Us3rJa/Test-WWW-Mechanize-1.52-0/blib/lib/Test/WWW/Mechanize.pm has too many errors.
Compilation failed in require at t/content_contains.t line 10.
BEGIN failed--compilation aborted at t/content_contains.t line 10.
# Looks like your test exited with 9 before it could output anything.
t/content_contains.t ....... 
Dubious, test returned 9 (wstat 2304, 0x900)
Failed 21/21 subtests 
Multidimensional syntax $button [, $msg] not supported at /tmp/loop_over_bdir-13604-Us3rJa/Test-WWW-Mechanize-1.52-0/blib/lib/Test/WWW/Mechanize.pm line 1794.
Global symbol "$mech" requires explicit package name at /tmp/loop_over_bdir-13604-Us3rJa/Test-WWW-Mechanize-1.52-0/blib/lib/Test/WWW/Mechanize.pm line 1767.
Global symbol "$button" requires explicit package name at /tmp/loop_over_bdir-13604-Us3rJa/Test-WWW-Mechanize-1.52-0/blib/lib/Test/WWW/Mechanize.pm line 1767.
Global symbol "$button" requires explicit package name at /tmp/loop_over_bdir-13604-Us3rJa/Test-WWW-Mechanize-1.52-0/blib/lib/Test/WWW/Mechanize.pm line 1767.
Global symbol "$button" requires explicit package name at /tmp/loop_over_bdir-13604-Us3rJa/Test-WWW-Mechanize-1.52-0/blib/lib/Test/WWW/Mechanize.pm line 1767.
Global symbol "$input" requires explicit package name at /tmp/loop_over_bdir-13604-Us3rJa/Test-WWW-Mechanize-1.52-0/blib/lib/Test/WWW/Mechanize.pm line 1767.
Global symbol "$button" requires explicit package name at /tmp/loop_over_bdir-13604-Us3rJa/Test-WWW-Mechanize-1.52-0/blib/lib/Test/WWW/Mechanize.pm line 1787.
syntax error at /tmp/loop_over_bdir-13604-Us3rJa/Test-WWW-Mechanize-1.52-0/blib/lib/Test/WWW/Mechanize.pm line 1788, near "}"
Global symbol "$input" requires explicit package name at /tmp/loop_over_bdir-13604-Us3rJa/Test-WWW-Mechanize-1.52-0/blib/lib/Test/WWW/Mechanize.pm line 1790.
Global symbol "$mech" requires explicit package name at /tmp/loop_over_bdir-13604-Us3rJa/Test-WWW-Mechanize-1.52-0/blib/lib/Test/WWW/Mechanize.pm line 1794.
Global symbol "@button" requires explicit package name at /tmp/loop_over_bdir-13604-Us3rJa/Test-WWW-Mechanize-1.52-0/blib/lib/Test/WWW/Mechanize.pm line 1794.
syntax error at /tmp/loop_over_bdir-13604-Us3rJa/Test-WWW-Mechanize-1.52-0/blib/lib/Test/WWW/Mechanize.pm line 1794, near "[,"
/tmp/loop_over_bdir-13604-Us3rJa/Test-WWW-Mechanize-1.52-0/blib/lib/Test/WWW/Mechanize.pm has too many errors.
Compilation failed in require at t/content_lacks.t line 10.
BEGIN failed--compilation aborted at t/content_lacks.t line 10.
# Looks like your test exited with 9 before it could output anything.
t/content_lacks.t .......... 
Dubious, test returned 9 (wstat 2304, 0x900)
Failed 5/5 subtests 
Multidimensional syntax $button [, $msg] not supported at /tmp/loop_over_bdir-13604-Us3rJa/Test-WWW-Mechanize-1.52-0/blib/lib/Test/WWW/Mechanize.pm line 1794.
Global symbol "$mech" requires explicit package name at /tmp/loop_over_bdir-13604-Us3rJa/Test-WWW-Mechanize-1.52-0/blib/lib/Test/WWW/Mechanize.pm line 1767.
Global symbol "$button" requires explicit package name at /tmp/loop_over_bdir-13604-Us3rJa/Test-WWW-Mechanize-1.52-0/blib/lib/Test/WWW/Mechanize.pm line 1767.
Global symbol "$button" requires explicit package name at /tmp/loop_over_bdir-13604-Us3rJa/Test-WWW-Mechanize-1.52-0/blib/lib/Test/WWW/Mechanize.pm line 1767.
Global symbol "$button" requires explicit package name at /tmp/loop_over_bdir-13604-Us3rJa/Test-WWW-Mechanize-1.52-0/blib/lib/Test/WWW/Mechanize.pm line 1767.
Global symbol "$input" requires explicit package name at /tmp/loop_over_bdir-13604-Us3rJa/Test-WWW-Mechanize-1.52-0/blib/lib/Test/WWW/Mechanize.pm line 1767.
Global symbol "$button" requires explicit package name at /tmp/loop_over_bdir-13604-Us3rJa/Test-WWW-Mechanize-1.52-0/blib/lib/Test/WWW/Mechanize.pm line 1787.
syntax error at /tmp/loop_over_bdir-13604-Us3rJa/Test-WWW-Mechanize-1.52-0/blib/lib/Test/WWW/Mechanize.pm line 1788, near "}"
Global symbol "$input" requires explicit package name at /tmp/loop_over_bdir-13604-Us3rJa/Test-WWW-Mechanize-1.52-0/blib/lib/Test/WWW/Mechanize.pm line 1790.
Global symbol "$mech" requires explicit package name at /tmp/loop_over_bdir-13604-Us3rJa/Test-WWW-Mechanize-1.52-0/blib/lib/Test/WWW/Mechanize.pm line 1794.
Global symbol "@button" requires explicit package name at /tmp/loop_over_bdir-13604-Us3rJa/Test-WWW-Mechanize-1.52-0/blib/lib/Test/WWW/Mechanize.pm line 1794.
syntax error at /tmp/loop_over_bdir-13604-Us3rJa/Test-WWW-Mechanize-1.52-0/blib/lib/Test/WWW/Mechanize.pm line 1794, near "[,"
/tmp/loop_over_bdir-13604-Us3rJa/Test-WWW-Mechanize-1.52-0/blib/lib/Test/WWW/Mechanize.pm has too many errors.
Compilation failed in require at t/delete_ok.t line 9.
BEGIN failed--compilation aborted at t/delete_ok.t line 9.
# Looks like your test exited with 9 before it could output anything.
t/delete_ok.t .............. 
Dubious, test returned 9 (wstat 2304, 0x900)
Failed 9/9 subtests 
Multidimensional syntax $button [, $msg] not supported at /tmp/loop_over_bdir-13604-Us3rJa/Test-WWW-Mechanize-1.52-0/blib/lib/Test/WWW/Mechanize.pm line 1794.
Global symbol "$mech" requires explicit package name at /tmp/loop_over_bdir-13604-Us3rJa/Test-WWW-Mechanize-1.52-0/blib/lib/Test/WWW/Mechanize.pm line 1767.
Global symbol "$button" requires explicit package name at /tmp/loop_over_bdir-13604-Us3rJa/Test-WWW-Mechanize-1.52-0/blib/lib/Test/WWW/Mechanize.pm line 1767.
Global symbol "$button" requires explicit package name at /tmp/loop_over_bdir-13604-Us3rJa/Test-WWW-Mechanize-1.52-0/blib/lib/Test/WWW/Mechanize.pm line 1767.
Global symbol "$button" requires explicit package name at /tmp/loop_over_bdir-13604-Us3rJa/Test-WWW-Mechanize-1.52-0/blib/lib/Test/WWW/Mechanize.pm line 1767.
Global symbol "$input" requires explicit package name at /tmp/loop_over_bdir-13604-Us3rJa/Test-WWW-Mechanize-1.52-0/blib/lib/Test/WWW/Mechanize.pm line 1767.
Global symbol "$button" requires explicit package name at /tmp/loop_over_bdir-13604-Us3rJa/Test-WWW-Mechanize-1.52-0/blib/lib/Test/WWW/Mechanize.pm line 1787.
syntax error at /tmp/loop_over_bdir-13604-Us3rJa/Test-WWW-Mechanize-1.52-0/blib/lib/Test/WWW/Mechanize.pm line 1788, near "}"
Global symbol "$input" requires explicit package name at /tmp/loop_over_bdir-13604-Us3rJa/Test-WWW-Mechanize-1.52-0/blib/lib/Test/WWW/Mechanize.pm line 1790.
Global symbol "$mech" requires explicit package name at /tmp/loop_over_bdir-13604-Us3rJa/Test-WWW-Mechanize-1.52-0/blib/lib/Test/WWW/Mechanize.pm line 1794.
Global symbol "@button" requires explicit package name at /tmp/loop_over_bdir-13604-Us3rJa/Test-WWW-Mechanize-1.52-0/blib/lib/Test/WWW/Mechanize.pm line 1794.
syntax error at /tmp/loop_over_bdir-13604-Us3rJa/Test-WWW-Mechanize-1.52-0/blib/lib/Test/WWW/Mechanize.pm line 1794, near "[,"
/tmp/loop_over_bdir-13604-Us3rJa/Test-WWW-Mechanize-1.52-0/blib/lib/Test/WWW/Mechanize.pm has too many errors.
Compilation failed in require at t/follow_link_ok.t line 10.
BEGIN failed--compilation aborted at t/follow_link_ok.t line 10.
# Looks like your test exited with 9 before it could output anything.
t/follow_link_ok.t ......... 
Dubious, test returned 9 (wstat 2304, 0x900)
Failed 6/6 subtests 
Multidimensional syntax $button [, $msg] not supported at /tmp/loop_over_bdir-13604-Us3rJa/Test-WWW-Mechanize-1.52-0/blib/lib/Test/WWW/Mechanize.pm line 1794.
Global symbol "$mech" requires explicit package name at /tmp/loop_over_bdir-13604-Us3rJa/Test-WWW-Mechanize-1.52-0/blib/lib/Test/WWW/Mechanize.pm line 1767.
Global symbol "$button" requires explicit package name at /tmp/loop_over_bdir-13604-Us3rJa/Test-WWW-Mechanize-1.52-0/blib/lib/Test/WWW/Mechanize.pm line 1767.
Global symbol "$button" requires explicit package name at /tmp/loop_over_bdir-13604-Us3rJa/Test-WWW-Mechanize-1.52-0/blib/lib/Test/WWW/Mechanize.pm line 1767.
Global symbol "$button" requires explicit package name at /tmp/loop_over_bdir-13604-Us3rJa/Test-WWW-Mechanize-1.52-0/blib/lib/Test/WWW/Mechanize.pm line 1767.
Global symbol "$input" requires explicit package name at /tmp/loop_over_bdir-13604-Us3rJa/Test-WWW-Mechanize-1.52-0/blib/lib/Test/WWW/Mechanize.pm line 1767.
Global symbol "$button" requires explicit package name at /tmp/loop_over_bdir-13604-Us3rJa/Test-WWW-Mechanize-1.52-0/blib/lib/Test/WWW/Mechanize.pm line 1787.
syntax error at /tmp/loop_over_bdir-13604-Us3rJa/Test-WWW-Mechanize-1.52-0/blib/lib/Test/WWW/Mechanize.pm line 1788, near "}"
Global symbol "$input" requires explicit package name at /tmp/loop_over_bdir-13604-Us3rJa/Test-WWW-Mechanize-1.52-0/blib/lib/Test/WWW/Mechanize.pm line 1790.
Global symbol "$mech" requires explicit package name at /tmp/loop_over_bdir-13604-Us3rJa/Test-WWW-Mechanize-1.52-0/blib/lib/Test/WWW/Mechanize.pm line 1794.
Global symbol "@button" requires explicit package name at /tmp/loop_over_bdir-13604-Us3rJa/Test-WWW-Mechanize-1.52-0/blib/lib/Test/WWW/Mechanize.pm line 1794.
syntax error at /tmp/loop_over_bdir-13604-Us3rJa/Test-WWW-Mechanize-1.52-0/blib/lib/Test/WWW/Mechanize.pm line 1794, near "[,"
/tmp/loop_over_bdir-13604-Us3rJa/Test-WWW-Mechanize-1.52-0/blib/lib/Test/WWW/Mechanize.pm has too many errors.
Compilation failed in require at t/followable_links.t line 8.
BEGIN failed--compilation aborted at t/followable_links.t line 8.
# Looks like your test exited with 9 before it could output anything.
t/followable_links.t ....... 
Dubious, test returned 9 (wstat 2304, 0x900)
Failed 3/3 subtests 
Multidimensional syntax $button [, $msg] not supported at /tmp/loop_over_bdir-13604-Us3rJa/Test-WWW-Mechanize-1.52-0/blib/lib/Test/WWW/Mechanize.pm line 1794.
Global symbol "$mech" requires explicit package name at /tmp/loop_over_bdir-13604-Us3rJa/Test-WWW-Mechanize-1.52-0/blib/lib/Test/WWW/Mechanize.pm line 1767.
Global symbol "$button" requires explicit package name at /tmp/loop_over_bdir-13604-Us3rJa/Test-WWW-Mechanize-1.52-0/blib/lib/Test/WWW/Mechanize.pm line 1767.
Global symbol "$button" requires explicit package name at /tmp/loop_over_bdir-13604-Us3rJa/Test-WWW-Mechanize-1.52-0/blib/lib/Test/WWW/Mechanize.pm line 1767.
Global symbol "$button" requires explicit package name at /tmp/loop_over_bdir-13604-Us3rJa/Test-WWW-Mechanize-1.52-0/blib/lib/Test/WWW/Mechanize.pm line 1767.
Global symbol "$input" requires explicit package name at /tmp/loop_over_bdir-13604-Us3rJa/Test-WWW-Mechanize-1.52-0/blib/lib/Test/WWW/Mechanize.pm line 1767.
Global symbol "$button" requires explicit package name at /tmp/loop_over_bdir-13604-Us3rJa/Test-WWW-Mechanize-1.52-0/blib/lib/Test/WWW/Mechanize.pm line 1787.
syntax error at /tmp/loop_over_bdir-13604-Us3rJa/Test-WWW-Mechanize-1.52-0/blib/lib/Test/WWW/Mechanize.pm line 1788, near "}"
Global symbol "$input" requires explicit package name at /tmp/loop_over_bdir-13604-Us3rJa/Test-WWW-Mechanize-1.52-0/blib/lib/Test/WWW/Mechanize.pm line 1790.
Global symbol "$mech" requires explicit package name at /tmp/loop_over_bdir-13604-Us3rJa/Test-WWW-Mechanize-1.52-0/blib/lib/Test/WWW/Mechanize.pm line 1794.
Global symbol "@button" requires explicit package name at /tmp/loop_over_bdir-13604-Us3rJa/Test-WWW-Mechanize-1.52-0/blib/lib/Test/WWW/Mechanize.pm line 1794.
syntax error at /tmp/loop_over_bdir-13604-Us3rJa/Test-WWW-Mechanize-1.52-0/blib/lib/Test/WWW/Mechanize.pm line 1794, near "[,"
/tmp/loop_over_bdir-13604-Us3rJa/Test-WWW-Mechanize-1.52-0/blib/lib/Test/WWW/Mechanize.pm has too many errors.
Compilation failed in require at t/get_ok-parms.t line 9.
BEGIN failed--compilation aborted at t/get_ok-parms.t line 9.
# Looks like your test exited with 9 before it could output anything.
t/get_ok-parms.t ........... 
Dubious, test returned 9 (wstat 2304, 0x900)
Failed 15/15 subtests 
Multidimensional syntax $button [, $msg] not supported at /tmp/loop_over_bdir-13604-Us3rJa/Test-WWW-Mechanize-1.52-0/blib/lib/Test/WWW/Mechanize.pm line 1794.
Global symbol "$mech" requires explicit package name at /tmp/loop_over_bdir-13604-Us3rJa/Test-WWW-Mechanize-1.52-0/blib/lib/Test/WWW/Mechanize.pm line 1767.
Global symbol "$button" requires explicit package name at /tmp/loop_over_bdir-13604-Us3rJa/Test-WWW-Mechanize-1.52-0/blib/lib/Test/WWW/Mechanize.pm line 1767.
Global symbol "$button" requires explicit package name at /tmp/loop_over_bdir-13604-Us3rJa/Test-WWW-Mechanize-1.52-0/blib/lib/Test/WWW/Mechanize.pm line 1767.
Global symbol "$button" requires explicit package name at /tmp/loop_over_bdir-13604-Us3rJa/Test-WWW-Mechanize-1.52-0/blib/lib/Test/WWW/Mechanize.pm line 1767.
Global symbol "$input" requires explicit package name at /tmp/loop_over_bdir-13604-Us3rJa/Test-WWW-Mechanize-1.52-0/blib/lib/Test/WWW/Mechanize.pm line 1767.
Global symbol "$button" requires explicit package name at /tmp/loop_over_bdir-13604-Us3rJa/Test-WWW-Mechanize-1.52-0/blib/lib/Test/WWW/Mechanize.pm line 1787.
syntax error at /tmp/loop_over_bdir-13604-Us3rJa/Test-WWW-Mechanize-1.52-0/blib/lib/Test/WWW/Mechanize.pm line 1788, near "}"
Global symbol "$input" requires explicit package name at /tmp/loop_over_bdir-13604-Us3rJa/Test-WWW-Mechanize-1.52-0/blib/lib/Test/WWW/Mechanize.pm line 1790.
Global symbol "$mech" requires explicit package name at /tmp/loop_over_bdir-13604-Us3rJa/Test-WWW-Mechanize-1.52-0/blib/lib/Test/WWW/Mechanize.pm line 1794.
Global symbol "@button" requires explicit package name at /tmp/loop_over_bdir-13604-Us3rJa/Test-WWW-Mechanize-1.52-0/blib/lib/Test/WWW/Mechanize.pm line 1794.
syntax error at /tmp/loop_over_bdir-13604-Us3rJa/Test-WWW-Mechanize-1.52-0/blib/lib/Test/WWW/Mechanize.pm line 1794, near "[,"
/tmp/loop_over_bdir-13604-Us3rJa/Test-WWW-Mechanize-1.52-0/blib/lib/Test/WWW/Mechanize.pm has too many errors.
Compilation failed in require at t/get_ok.t line 9.
BEGIN failed--compilation aborted at t/get_ok.t line 9.
# Looks like your test exited with 9 before it could output anything.
t/get_ok.t ................. 
Dubious, test returned 9 (wstat 2304, 0x900)
Failed 10/10 subtests 
Multidimensional syntax $button [, $msg] not supported at /tmp/loop_over_bdir-13604-Us3rJa/Test-WWW-Mechanize-1.52-0/blib/lib/Test/WWW/Mechanize.pm line 1794.
Global symbol "$mech" requires explicit package name at /tmp/loop_over_bdir-13604-Us3rJa/Test-WWW-Mechanize-1.52-0/blib/lib/Test/WWW/Mechanize.pm line 1767.
Global symbol "$button" requires explicit package name at /tmp/loop_over_bdir-13604-Us3rJa/Test-WWW-Mechanize-1.52-0/blib/lib/Test/WWW/Mechanize.pm line 1767.
Global symbol "$button" requires explicit package name at /tmp/loop_over_bdir-13604-Us3rJa/Test-WWW-Mechanize-1.52-0/blib/lib/Test/WWW/Mechanize.pm line 1767.
Global symbol "$button" requires explicit package name at /tmp/loop_over_bdir-13604-Us3rJa/Test-WWW-Mechanize-1.52-0/blib/lib/Test/WWW/Mechanize.pm line 1767.
Global symbol "$input" requires explicit package name at /tmp/loop_over_bdir-13604-Us3rJa/Test-WWW-Mechanize-1.52-0/blib/lib/Test/WWW/Mechanize.pm line 1767.
Global symbol "$button" requires explicit package name at /tmp/loop_over_bdir-13604-Us3rJa/Test-WWW-Mechanize-1.52-0/blib/lib/Test/WWW/Mechanize.pm line 1787.
syntax error at /tmp/loop_over_bdir-13604-Us3rJa/Test-WWW-Mechanize-1.52-0/blib/lib/Test/WWW/Mechanize.pm line 1788, near "}"
Global symbol "$input" requires explicit package name at /tmp/loop_over_bdir-13604-Us3rJa/Test-WWW-Mechanize-1.52-0/blib/lib/Test/WWW/Mechanize.pm line 1790.
Global symbol "$mech" requires explicit package name at /tmp/loop_over_bdir-13604-Us3rJa/Test-WWW-Mechanize-1.52-0/blib/lib/Test/WWW/Mechanize.pm line 1794.
Global symbol "@button" requires explicit package name at /tmp/loop_over_bdir-13604-Us3rJa/Test-WWW-Mechanize-1.52-0/blib/lib/Test/WWW/Mechanize.pm line 1794.
syntax error at /tmp/loop_over_bdir-13604-Us3rJa/Test-WWW-Mechanize-1.52-0/blib/lib/Test/WWW/Mechanize.pm line 1794, near "[,"
/tmp/loop_over_bdir-13604-Us3rJa/Test-WWW-Mechanize-1.52-0/blib/lib/Test/WWW/Mechanize.pm has too many errors.
Compilation failed in require at t/has_tag.t line 9.
BEGIN failed--compilation aborted at t/has_tag.t line 9.
# Looks like your test exited with 9 before it could output anything.
t/has_tag.t ................ 
Dubious, test returned 9 (wstat 2304, 0x900)
Failed 15/15 subtests 
Multidimensional syntax $button [, $msg] not supported at /tmp/loop_over_bdir-13604-Us3rJa/Test-WWW-Mechanize-1.52-0/blib/lib/Test/WWW/Mechanize.pm line 1794.
Global symbol "$mech" requires explicit package name at /tmp/loop_over_bdir-13604-Us3rJa/Test-WWW-Mechanize-1.52-0/blib/lib/Test/WWW/Mechanize.pm line 1767.
Global symbol "$button" requires explicit package name at /tmp/loop_over_bdir-13604-Us3rJa/Test-WWW-Mechanize-1.52-0/blib/lib/Test/WWW/Mechanize.pm line 1767.
Global symbol "$button" requires explicit package name at /tmp/loop_over_bdir-13604-Us3rJa/Test-WWW-Mechanize-1.52-0/blib/lib/Test/WWW/Mechanize.pm line 1767.
Global symbol "$button" requires explicit package name at /tmp/loop_over_bdir-13604-Us3rJa/Test-WWW-Mechanize-1.52-0/blib/lib/Test/WWW/Mechanize.pm line 1767.
Global symbol "$input" requires explicit package name at /tmp/loop_over_bdir-13604-Us3rJa/Test-WWW-Mechanize-1.52-0/blib/lib/Test/WWW/Mechanize.pm line 1767.
Global symbol "$button" requires explicit package name at /tmp/loop_over_bdir-13604-Us3rJa/Test-WWW-Mechanize-1.52-0/blib/lib/Test/WWW/Mechanize.pm line 1787.
syntax error at /tmp/loop_over_bdir-13604-Us3rJa/Test-WWW-Mechanize-1.52-0/blib/lib/Test/WWW/Mechanize.pm line 1788, near "}"
Global symbol "$input" requires explicit package name at /tmp/loop_over_bdir-13604-Us3rJa/Test-WWW-Mechanize-1.52-0/blib/lib/Test/WWW/Mechanize.pm line 1790.
Global symbol "$mech" requires explicit package name at /tmp/loop_over_bdir-13604-Us3rJa/Test-WWW-Mechanize-1.52-0/blib/lib/Test/WWW/Mechanize.pm line 1794.
Global symbol "@button" requires explicit package name at /tmp/loop_over_bdir-13604-Us3rJa/Test-WWW-Mechanize-1.52-0/blib/lib/Test/WWW/Mechanize.pm line 1794.
syntax error at /tmp/loop_over_bdir-13604-Us3rJa/Test-WWW-Mechanize-1.52-0/blib/lib/Test/WWW/Mechanize.pm line 1794, near "[,"
/tmp/loop_over_bdir-13604-Us3rJa/Test-WWW-Mechanize-1.52-0/blib/lib/Test/WWW/Mechanize.pm has too many errors.
Compilation failed in require at t/head_ok-parms.t line 9.
BEGIN failed--compilation aborted at t/head_ok-parms.t line 9.
# Looks like your test exited with 9 before it could output anything.
t/head_ok-parms.t .......... 
Dubious, test returned 9 (wstat 2304, 0x900)
Failed 15/15 subtests 
Multidimensional syntax $button [, $msg] not supported at /tmp/loop_over_bdir-13604-Us3rJa/Test-WWW-Mechanize-1.52-0/blib/lib/Test/WWW/Mechanize.pm line 1794.
Global symbol "$mech" requires explicit package name at /tmp/loop_over_bdir-13604-Us3rJa/Test-WWW-Mechanize-1.52-0/blib/lib/Test/WWW/Mechanize.pm line 1767.
Global symbol "$button" requires explicit package name at /tmp/loop_over_bdir-13604-Us3rJa/Test-WWW-Mechanize-1.52-0/blib/lib/Test/WWW/Mechanize.pm line 1767.
Global symbol "$button" requires explicit package name at /tmp/loop_over_bdir-13604-Us3rJa/Test-WWW-Mechanize-1.52-0/blib/lib/Test/WWW/Mechanize.pm line 1767.
Global symbol "$button" requires explicit package name at /tmp/loop_over_bdir-13604-Us3rJa/Test-WWW-Mechanize-1.52-0/blib/lib/Test/WWW/Mechanize.pm line 1767.
Global symbol "$input" requires explicit package name at /tmp/loop_over_bdir-13604-Us3rJa/Test-WWW-Mechanize-1.52-0/blib/lib/Test/WWW/Mechanize.pm line 1767.
Global symbol "$button" requires explicit package name at /tmp/loop_over_bdir-13604-Us3rJa/Test-WWW-Mechanize-1.52-0/blib/lib/Test/WWW/Mechanize.pm line 1787.
syntax error at /tmp/loop_over_bdir-13604-Us3rJa/Test-WWW-Mechanize-1.52-0/blib/lib/Test/WWW/Mechanize.pm line 1788, near "}"
Global symbol "$input" requires explicit package name at /tmp/loop_over_bdir-13604-Us3rJa/Test-WWW-Mechanize-1.52-0/blib/lib/Test/WWW/Mechanize.pm line 1790.
Global symbol "$mech" requires explicit package name at /tmp/loop_over_bdir-13604-Us3rJa/Test-WWW-Mechanize-1.52-0/blib/lib/Test/WWW/Mechanize.pm line 1794.
Global symbol "@button" requires explicit package name at /tmp/loop_over_bdir-13604-Us3rJa/Test-WWW-Mechanize-1.52-0/blib/lib/Test/WWW/Mechanize.pm line 1794.
syntax error at /tmp/loop_over_bdir-13604-Us3rJa/Test-WWW-Mechanize-1.52-0/blib/lib/Test/WWW/Mechanize.pm line 1794, near "[,"
/tmp/loop_over_bdir-13604-Us3rJa/Test-WWW-Mechanize-1.52-0/blib/lib/Test/WWW/Mechanize.pm has too many errors.
Compilation failed in require at t/head_ok.t line 8.
BEGIN failed--compilation aborted at t/head_ok.t line 8.
# Looks like your test exited with 9 before it could output anything.
t/head_ok.t ................ 
Dubious, test returned 9 (wstat 2304, 0x900)
Failed 10/10 subtests 
Multidimensional syntax $button [, $msg] not supported at /tmp/loop_over_bdir-13604-Us3rJa/Test-WWW-Mechanize-1.52-0/blib/lib/Test/WWW/Mechanize.pm line 1794, <DATA> line 16.
Global symbol "$mech" requires explicit package name at /tmp/loop_over_bdir-13604-Us3rJa/Test-WWW-Mechanize-1.52-0/blib/lib/Test/WWW/Mechanize.pm line 1767, <DATA> line 16.
Global symbol "$button" requires explicit package name at /tmp/loop_over_bdir-13604-Us3rJa/Test-WWW-Mechanize-1.52-0/blib/lib/Test/WWW/Mechanize.pm line 1767, <DATA> line 16.
Global symbol "$button" requires explicit package name at /tmp/loop_over_bdir-13604-Us3rJa/Test-WWW-Mechanize-1.52-0/blib/lib/Test/WWW/Mechanize.pm line 1767, <DATA> line 16.
Global symbol "$button" requires explicit package name at /tmp/loop_over_bdir-13604-Us3rJa/Test-WWW-Mechanize-1.52-0/blib/lib/Test/WWW/Mechanize.pm line 1767, <DATA> line 16.
Global symbol "$input" requires explicit package name at /tmp/loop_over_bdir-13604-Us3rJa/Test-WWW-Mechanize-1.52-0/blib/lib/Test/WWW/Mechanize.pm line 1767, <DATA> line 16.
Global symbol "$button" requires explicit package name at /tmp/loop_over_bdir-13604-Us3rJa/Test-WWW-Mechanize-1.52-0/blib/lib/Test/WWW/Mechanize.pm line 1787, <DATA> line 16.
syntax error at /tmp/loop_over_bdir-13604-Us3rJa/Test-WWW-Mechanize-1.52-0/blib/lib/Test/WWW/Mechanize.pm line 1788, near "}"
Global symbol "$input" requires explicit package name at /tmp/loop_over_bdir-13604-Us3rJa/Test-WWW-Mechanize-1.52-0/blib/lib/Test/WWW/Mechanize.pm line 1790, <DATA> line 16.
Global symbol "$mech" requires explicit package name at /tmp/loop_over_bdir-13604-Us3rJa/Test-WWW-Mechanize-1.52-0/blib/lib/Test/WWW/Mechanize.pm line 1794, <DATA> line 16.
Global symbol "@button" requires explicit package name at /tmp/loop_over_bdir-13604-Us3rJa/Test-WWW-Mechanize-1.52-0/blib/lib/Test/WWW/Mechanize.pm line 1794, <DATA> line 16.
syntax error at /tmp/loop_over_bdir-13604-Us3rJa/Test-WWW-Mechanize-1.52-0/blib/lib/Test/WWW/Mechanize.pm line 1794, near "[,"
/tmp/loop_over_bdir-13604-Us3rJa/Test-WWW-Mechanize-1.52-0/blib/lib/Test/WWW/Mechanize.pm has too many errors.
Compilation failed in require at t/headers.t line 15, <DATA> line 16.
BEGIN failed--compilation aborted at t/headers.t line 15, <DATA> line 16.
# Looks like your test exited with 9 before it could output anything.
t/headers.t ................ 
Dubious, test returned 9 (wstat 2304, 0x900)
Failed 26/26 subtests 
Multidimensional syntax $button [, $msg] not supported at /tmp/loop_over_bdir-13604-Us3rJa/Test-WWW-Mechanize-1.52-0/blib/lib/Test/WWW/Mechanize.pm line 1794.
Global symbol "$mech" requires explicit package name at /tmp/loop_over_bdir-13604-Us3rJa/Test-WWW-Mechanize-1.52-0/blib/lib/Test/WWW/Mechanize.pm line 1767.
Global symbol "$button" requires explicit package name at /tmp/loop_over_bdir-13604-Us3rJa/Test-WWW-Mechanize-1.52-0/blib/lib/Test/WWW/Mechanize.pm line 1767.
Global symbol "$button" requires explicit package name at /tmp/loop_over_bdir-13604-Us3rJa/Test-WWW-Mechanize-1.52-0/blib/lib/Test/WWW/Mechanize.pm line 1767.
Global symbol "$button" requires explicit package name at /tmp/loop_over_bdir-13604-Us3rJa/Test-WWW-Mechanize-1.52-0/blib/lib/Test/WWW/Mechanize.pm line 1767.
Global symbol "$input" requires explicit package name at /tmp/loop_over_bdir-13604-Us3rJa/Test-WWW-Mechanize-1.52-0/blib/lib/Test/WWW/Mechanize.pm line 1767.
Global symbol "$button" requires explicit package name at /tmp/loop_over_bdir-13604-Us3rJa/Test-WWW-Mechanize-1.52-0/blib/lib/Test/WWW/Mechanize.pm line 1787.
syntax error at /tmp/loop_over_bdir-13604-Us3rJa/Test-WWW-Mechanize-1.52-0/blib/lib/Test/WWW/Mechanize.pm line 1788, near "}"
Global symbol "$input" requires explicit package name at /tmp/loop_over_bdir-13604-Us3rJa/Test-WWW-Mechanize-1.52-0/blib/lib/Test/WWW/Mechanize.pm line 1790.
Global symbol "$mech" requires explicit package name at /tmp/loop_over_bdir-13604-Us3rJa/Test-WWW-Mechanize-1.52-0/blib/lib/Test/WWW/Mechanize.pm line 1794.
Global symbol "@button" requires explicit package name at /tmp/loop_over_bdir-13604-Us3rJa/Test-WWW-Mechanize-1.52-0/blib/lib/Test/WWW/Mechanize.pm line 1794.
syntax error at /tmp/loop_over_bdir-13604-Us3rJa/Test-WWW-Mechanize-1.52-0/blib/lib/Test/WWW/Mechanize.pm line 1794, near "[,"
/tmp/loop_over_bdir-13604-Us3rJa/Test-WWW-Mechanize-1.52-0/blib/lib/Test/WWW/Mechanize.pm has too many errors.
Compilation failed in require at t/html_lint_ok.t line 8.
BEGIN failed--compilation aborted at t/html_lint_ok.t line 8.
t/html_lint_ok.t ........... 
Dubious, test returned 9 (wstat 2304, 0x900)
No subtests run 
Multidimensional syntax $button [, $msg] not supported at /tmp/loop_over_bdir-13604-Us3rJa/Test-WWW-Mechanize-1.52-0/blib/lib/Test/WWW/Mechanize.pm line 1794.
Global symbol "$mech" requires explicit package name at /tmp/loop_over_bdir-13604-Us3rJa/Test-WWW-Mechanize-1.52-0/blib/lib/Test/WWW/Mechanize.pm line 1767.
Global symbol "$button" requires explicit package name at /tmp/loop_over_bdir-13604-Us3rJa/Test-WWW-Mechanize-1.52-0/blib/lib/Test/WWW/Mechanize.pm line 1767.
Global symbol "$button" requires explicit package name at /tmp/loop_over_bdir-13604-Us3rJa/Test-WWW-Mechanize-1.52-0/blib/lib/Test/WWW/Mechanize.pm line 1767.
Global symbol "$button" requires explicit package name at /tmp/loop_over_bdir-13604-Us3rJa/Test-WWW-Mechanize-1.52-0/blib/lib/Test/WWW/Mechanize.pm line 1767.
Global symbol "$input" requires explicit package name at /tmp/loop_over_bdir-13604-Us3rJa/Test-WWW-Mechanize-1.52-0/blib/lib/Test/WWW/Mechanize.pm line 1767.
Global symbol "$button" requires explicit package name at /tmp/loop_over_bdir-13604-Us3rJa/Test-WWW-Mechanize-1.52-0/blib/lib/Test/WWW/Mechanize.pm line 1787.
syntax error at /tmp/loop_over_bdir-13604-Us3rJa/Test-WWW-Mechanize-1.52-0/blib/lib/Test/WWW/Mechanize.pm line 1788, near "}"
Global symbol "$input" requires explicit package name at /tmp/loop_over_bdir-13604-Us3rJa/Test-WWW-Mechanize-1.52-0/blib/lib/Test/WWW/Mechanize.pm line 1790.
Global symbol "$mech" requires explicit package name at /tmp/loop_over_bdir-13604-Us3rJa/Test-WWW-Mechanize-1.52-0/blib/lib/Test/WWW/Mechanize.pm line 1794.
Global symbol "@button" requires explicit package name at /tmp/loop_over_bdir-13604-Us3rJa/Test-WWW-Mechanize-1.52-0/blib/lib/Test/WWW/Mechanize.pm line 1794.
syntax error at /tmp/loop_over_bdir-13604-Us3rJa/Test-WWW-Mechanize-1.52-0/blib/lib/Test/WWW/Mechanize.pm line 1794, near "[,"
/tmp/loop_over_bdir-13604-Us3rJa/Test-WWW-Mechanize-1.52-0/blib/lib/Test/WWW/Mechanize.pm has too many errors.
Compilation failed in require at t/html_tidy_ok.t line 8.
BEGIN failed--compilation aborted at t/html_tidy_ok.t line 8.
t/html_tidy_ok.t ........... 
Dubious, test returned 9 (wstat 2304, 0x900)
No subtests run 
Multidimensional syntax $button [, $msg] not supported at /tmp/loop_over_bdir-13604-Us3rJa/Test-WWW-Mechanize-1.52-0/blib/lib/Test/WWW/Mechanize.pm line 1794.
Global symbol "$mech" requires explicit package name at /tmp/loop_over_bdir-13604-Us3rJa/Test-WWW-Mechanize-1.52-0/blib/lib/Test/WWW/Mechanize.pm line 1767.
Global symbol "$button" requires explicit package name at /tmp/loop_over_bdir-13604-Us3rJa/Test-WWW-Mechanize-1.52-0/blib/lib/Test/WWW/Mechanize.pm line 1767.
Global symbol "$button" requires explicit package name at /tmp/loop_over_bdir-13604-Us3rJa/Test-WWW-Mechanize-1.52-0/blib/lib/Test/WWW/Mechanize.pm line 1767.
Global symbol "$button" requires explicit package name at /tmp/loop_over_bdir-13604-Us3rJa/Test-WWW-Mechanize-1.52-0/blib/lib/Test/WWW/Mechanize.pm line 1767.
Global symbol "$input" requires explicit package name at /tmp/loop_over_bdir-13604-Us3rJa/Test-WWW-Mechanize-1.52-0/blib/lib/Test/WWW/Mechanize.pm line 1767.
Global symbol "$button" requires explicit package name at /tmp/loop_over_bdir-13604-Us3rJa/Test-WWW-Mechanize-1.52-0/blib/lib/Test/WWW/Mechanize.pm line 1787.
syntax error at /tmp/loop_over_bdir-13604-Us3rJa/Test-WWW-Mechanize-1.52-0/blib/lib/Test/WWW/Mechanize.pm line 1788, near "}"
Global symbol "$input" requires explicit package name at /tmp/loop_over_bdir-13604-Us3rJa/Test-WWW-Mechanize-1.52-0/blib/lib/Test/WWW/Mechanize.pm line 1790.
Global symbol "$mech" requires explicit package name at /tmp/loop_over_bdir-13604-Us3rJa/Test-WWW-Mechanize-1.52-0/blib/lib/Test/WWW/Mechanize.pm line 1794.
Global symbol "@button" requires explicit package name at /tmp/loop_over_bdir-13604-Us3rJa/Test-WWW-Mechanize-1.52-0/blib/lib/Test/WWW/Mechanize.pm line 1794.
syntax error at /tmp/loop_over_bdir-13604-Us3rJa/Test-WWW-Mechanize-1.52-0/blib/lib/Test/WWW/Mechanize.pm line 1794, near "[,"
/tmp/loop_over_bdir-13604-Us3rJa/Test-WWW-Mechanize-1.52-0/blib/lib/Test/WWW/Mechanize.pm has too many errors.
Compilation failed in require at t/id_exists.t line 9.
BEGIN failed--compilation aborted at t/id_exists.t line 9.
# Looks like your test exited with 9 before it could output anything.
t/id_exists.t .............. 
Dubious, test returned 9 (wstat 2304, 0x900)
Failed 23/23 subtests 
Multidimensional syntax $button [, $msg] not supported at /tmp/loop_over_bdir-13604-Us3rJa/Test-WWW-Mechanize-1.52-0/blib/lib/Test/WWW/Mechanize.pm line 1794.
Global symbol "$mech" requires explicit package name at /tmp/loop_over_bdir-13604-Us3rJa/Test-WWW-Mechanize-1.52-0/blib/lib/Test/WWW/Mechanize.pm line 1767.
Global symbol "$button" requires explicit package name at /tmp/loop_over_bdir-13604-Us3rJa/Test-WWW-Mechanize-1.52-0/blib/lib/Test/WWW/Mechanize.pm line 1767.
Global symbol "$button" requires explicit package name at /tmp/loop_over_bdir-13604-Us3rJa/Test-WWW-Mechanize-1.52-0/blib/lib/Test/WWW/Mechanize.pm line 1767.
Global symbol "$button" requires explicit package name at /tmp/loop_over_bdir-13604-Us3rJa/Test-WWW-Mechanize-1.52-0/blib/lib/Test/WWW/Mechanize.pm line 1767.
Global symbol "$input" requires explicit package name at /tmp/loop_over_bdir-13604-Us3rJa/Test-WWW-Mechanize-1.52-0/blib/lib/Test/WWW/Mechanize.pm line 1767.
Global symbol "$button" requires explicit package name at /tmp/loop_over_bdir-13604-Us3rJa/Test-WWW-Mechanize-1.52-0/blib/lib/Test/WWW/Mechanize.pm line 1787.
syntax error at /tmp/loop_over_bdir-13604-Us3rJa/Test-WWW-Mechanize-1.52-0/blib/lib/Test/WWW/Mechanize.pm line 1788, near "}"
Global symbol "$input" requires explicit package name at /tmp/loop_over_bdir-13604-Us3rJa/Test-WWW-Mechanize-1.52-0/blib/lib/Test/WWW/Mechanize.pm line 1790.
Global symbol "$mech" requires explicit package name at /tmp/loop_over_bdir-13604-Us3rJa/Test-WWW-Mechanize-1.52-0/blib/lib/Test/WWW/Mechanize.pm line 1794.
Global symbol "@button" requires explicit package name at /tmp/loop_over_bdir-13604-Us3rJa/Test-WWW-Mechanize-1.52-0/blib/lib/Test/WWW/Mechanize.pm line 1794.
syntax error at /tmp/loop_over_bdir-13604-Us3rJa/Test-WWW-Mechanize-1.52-0/blib/lib/Test/WWW/Mechanize.pm line 1794, near "[,"
/tmp/loop_over_bdir-13604-Us3rJa/Test-WWW-Mechanize-1.52-0/blib/lib/Test/WWW/Mechanize.pm has too many errors.
Compilation failed in require at t/lacks_uncapped_inputs.t line 10.
BEGIN failed--compilation aborted at t/lacks_uncapped_inputs.t line 10.
# Looks like your test exited with 9 before it could output anything.
t/lacks_uncapped_inputs.t .. 
Dubious, test returned 9 (wstat 2304, 0x900)
Failed 5/5 subtests 
Multidimensional syntax $button [, $msg] not supported at /tmp/loop_over_bdir-13604-Us3rJa/Test-WWW-Mechanize-1.52-0/blib/lib/Test/WWW/Mechanize.pm line 1794.
Global symbol "$mech" requires explicit package name at /tmp/loop_over_bdir-13604-Us3rJa/Test-WWW-Mechanize-1.52-0/blib/lib/Test/WWW/Mechanize.pm line 1767.
Global symbol "$button" requires explicit package name at /tmp/loop_over_bdir-13604-Us3rJa/Test-WWW-Mechanize-1.52-0/blib/lib/Test/WWW/Mechanize.pm line 1767.
Global symbol "$button" requires explicit package name at /tmp/loop_over_bdir-13604-Us3rJa/Test-WWW-Mechanize-1.52-0/blib/lib/Test/WWW/Mechanize.pm line 1767.
Global symbol "$button" requires explicit package name at /tmp/loop_over_bdir-13604-Us3rJa/Test-WWW-Mechanize-1.52-0/blib/lib/Test/WWW/Mechanize.pm line 1767.
Global symbol "$input" requires explicit package name at /tmp/loop_over_bdir-13604-Us3rJa/Test-WWW-Mechanize-1.52-0/blib/lib/Test/WWW/Mechanize.pm line 1767.
Global symbol "$button" requires explicit package name at /tmp/loop_over_bdir-13604-Us3rJa/Test-WWW-Mechanize-1.52-0/blib/lib/Test/WWW/Mechanize.pm line 1787.
syntax error at /tmp/loop_over_bdir-13604-Us3rJa/Test-WWW-Mechanize-1.52-0/blib/lib/Test/WWW/Mechanize.pm line 1788, near "}"
Global symbol "$input" requires explicit package name at /tmp/loop_over_bdir-13604-Us3rJa/Test-WWW-Mechanize-1.52-0/blib/lib/Test/WWW/Mechanize.pm line 1790.
Global symbol "$mech" requires explicit package name at /tmp/loop_over_bdir-13604-Us3rJa/Test-WWW-Mechanize-1.52-0/blib/lib/Test/WWW/Mechanize.pm line 1794.
Global symbol "@button" requires explicit package name at /tmp/loop_over_bdir-13604-Us3rJa/Test-WWW-Mechanize-1.52-0/blib/lib/Test/WWW/Mechanize.pm line 1794.
syntax error at /tmp/loop_over_bdir-13604-Us3rJa/Test-WWW-Mechanize-1.52-0/blib/lib/Test/WWW/Mechanize.pm line 1794, near "[,"
/tmp/loop_over_bdir-13604-Us3rJa/Test-WWW-Mechanize-1.52-0/blib/lib/Test/WWW/Mechanize.pm has too many errors.
Compilation failed in require at t/link_content.t line 9.
BEGIN failed--compilation aborted at t/link_content.t line 9.
# Looks like your test exited with 9 before it could output anything.
t/link_content.t ........... 
Dubious, test returned 9 (wstat 2304, 0x900)
Failed 11/11 subtests 
Multidimensional syntax $button [, $msg] not supported at /tmp/loop_over_bdir-13604-Us3rJa/Test-WWW-Mechanize-1.52-0/blib/lib/Test/WWW/Mechanize.pm line 1794.
Global symbol "$mech" requires explicit package name at /tmp/loop_over_bdir-13604-Us3rJa/Test-WWW-Mechanize-1.52-0/blib/lib/Test/WWW/Mechanize.pm line 1767.
Global symbol "$button" requires explicit package name at /tmp/loop_over_bdir-13604-Us3rJa/Test-WWW-Mechanize-1.52-0/blib/lib/Test/WWW/Mechanize.pm line 1767.
Global symbol "$button" requires explicit package name at /tmp/loop_over_bdir-13604-Us3rJa/Test-WWW-Mechanize-1.52-0/blib/lib/Test/WWW/Mechanize.pm line 1767.
Global symbol "$button" requires explicit package name at /tmp/loop_over_bdir-13604-Us3rJa/Test-WWW-Mechanize-1.52-0/blib/lib/Test/WWW/Mechanize.pm line 1767.
Global symbol "$input" requires explicit package name at /tmp/loop_over_bdir-13604-Us3rJa/Test-WWW-Mechanize-1.52-0/blib/lib/Test/WWW/Mechanize.pm line 1767.
Global symbol "$button" requires explicit package name at /tmp/loop_over_bdir-13604-Us3rJa/Test-WWW-Mechanize-1.52-0/blib/lib/Test/WWW/Mechanize.pm line 1787.
syntax error at /tmp/loop_over_bdir-13604-Us3rJa/Test-WWW-Mechanize-1.52-0/blib/lib/Test/WWW/Mechanize.pm line 1788, near "}"
Global symbol "$input" requires explicit package name at /tmp/loop_over_bdir-13604-Us3rJa/Test-WWW-Mechanize-1.52-0/blib/lib/Test/WWW/Mechanize.pm line 1790.
Global symbol "$mech" requires explicit package name at /tmp/loop_over_bdir-13604-Us3rJa/Test-WWW-Mechanize-1.52-0/blib/lib/Test/WWW/Mechanize.pm line 1794.
Global symbol "@button" requires explicit package name at /tmp/loop_over_bdir-13604-Us3rJa/Test-WWW-Mechanize-1.52-0/blib/lib/Test/WWW/Mechanize.pm line 1794.
syntax error at /tmp/loop_over_bdir-13604-Us3rJa/Test-WWW-Mechanize-1.52-0/blib/lib/Test/WWW/Mechanize.pm line 1794, near "[,"
/tmp/loop_over_bdir-13604-Us3rJa/Test-WWW-Mechanize-1.52-0/blib/lib/Test/WWW/Mechanize.pm has too many errors.
Compilation failed in require at t/link_status.t line 10.
BEGIN failed--compilation aborted at t/link_status.t line 10.
# Looks like your test exited with 9 before it could output anything.
t/link_status.t ............ 
Dubious, test returned 9 (wstat 2304, 0x900)
Failed 9/9 subtests 
Multidimensional syntax $button [, $msg] not supported at /tmp/loop_over_bdir-13604-Us3rJa/Test-WWW-Mechanize-1.52-0/blib/lib/Test/WWW/Mechanize.pm line 1794.
Global symbol "$mech" requires explicit package name at /tmp/loop_over_bdir-13604-Us3rJa/Test-WWW-Mechanize-1.52-0/blib/lib/Test/WWW/Mechanize.pm line 1767.
Global symbol "$button" requires explicit package name at /tmp/loop_over_bdir-13604-Us3rJa/Test-WWW-Mechanize-1.52-0/blib/lib/Test/WWW/Mechanize.pm line 1767.
Global symbol "$button" requires explicit package name at /tmp/loop_over_bdir-13604-Us3rJa/Test-WWW-Mechanize-1.52-0/blib/lib/Test/WWW/Mechanize.pm line 1767.
Global symbol "$button" requires explicit package name at /tmp/loop_over_bdir-13604-Us3rJa/Test-WWW-Mechanize-1.52-0/blib/lib/Test/WWW/Mechanize.pm line 1767.
Global symbol "$input" requires explicit package name at /tmp/loop_over_bdir-13604-Us3rJa/Test-WWW-Mechanize-1.52-0/blib/lib/Test/WWW/Mechanize.pm line 1767.
Global symbol "$button" requires explicit package name at /tmp/loop_over_bdir-13604-Us3rJa/Test-WWW-Mechanize-1.52-0/blib/lib/Test/WWW/Mechanize.pm line 1787.
syntax error at /tmp/loop_over_bdir-13604-Us3rJa/Test-WWW-Mechanize-1.52-0/blib/lib/Test/WWW/Mechanize.pm line 1788, near "}"
Global symbol "$input" requires explicit package name at /tmp/loop_over_bdir-13604-Us3rJa/Test-WWW-Mechanize-1.52-0/blib/lib/Test/WWW/Mechanize.pm line 1790.
Global symbol "$mech" requires explicit package name at /tmp/loop_over_bdir-13604-Us3rJa/Test-WWW-Mechanize-1.52-0/blib/lib/Test/WWW/Mechanize.pm line 1794.
Global symbol "@button" requires explicit package name at /tmp/loop_over_bdir-13604-Us3rJa/Test-WWW-Mechanize-1.52-0/blib/lib/Test/WWW/Mechanize.pm line 1794.
syntax error at /tmp/loop_over_bdir-13604-Us3rJa/Test-WWW-Mechanize-1.52-0/blib/lib/Test/WWW/Mechanize.pm line 1794, near "[,"
/tmp/loop_over_bdir-13604-Us3rJa/Test-WWW-Mechanize-1.52-0/blib/lib/Test/WWW/Mechanize.pm has too many errors.
Compilation failed in require at t/links_ok.t line 9.
BEGIN failed--compilation aborted at t/links_ok.t line 9.
# Looks like your test exited with 9 before it could output anything.
t/links_ok.t ............... 
Dubious, test returned 9 (wstat 2304, 0x900)
Failed 9/9 subtests 
Multidimensional syntax $button [, $msg] not supported at /tmp/loop_over_bdir-13604-Us3rJa/Test-WWW-Mechanize-1.52-0/blib/lib/Test/WWW/Mechanize.pm line 1794.
Global symbol "$mech" requires explicit package name at /tmp/loop_over_bdir-13604-Us3rJa/Test-WWW-Mechanize-1.52-0/blib/lib/Test/WWW/Mechanize.pm line 1767.
Global symbol "$button" requires explicit package name at /tmp/loop_over_bdir-13604-Us3rJa/Test-WWW-Mechanize-1.52-0/blib/lib/Test/WWW/Mechanize.pm line 1767.
Global symbol "$button" requires explicit package name at /tmp/loop_over_bdir-13604-Us3rJa/Test-WWW-Mechanize-1.52-0/blib/lib/Test/WWW/Mechanize.pm line 1767.
Global symbol "$button" requires explicit package name at /tmp/loop_over_bdir-13604-Us3rJa/Test-WWW-Mechanize-1.52-0/blib/lib/Test/WWW/Mechanize.pm line 1767.
Global symbol "$input" requires explicit package name at /tmp/loop_over_bdir-13604-Us3rJa/Test-WWW-Mechanize-1.52-0/blib/lib/Test/WWW/Mechanize.pm line 1767.
Global symbol "$button" requires explicit package name at /tmp/loop_over_bdir-13604-Us3rJa/Test-WWW-Mechanize-1.52-0/blib/lib/Test/WWW/Mechanize.pm line 1787.
syntax error at /tmp/loop_over_bdir-13604-Us3rJa/Test-WWW-Mechanize-1.52-0/blib/lib/Test/WWW/Mechanize.pm line 1788, near "}"
Global symbol "$input" requires explicit package name at /tmp/loop_over_bdir-13604-Us3rJa/Test-WWW-Mechanize-1.52-0/blib/lib/Test/WWW/Mechanize.pm line 1790.
Global symbol "$mech" requires explicit package name at /tmp/loop_over_bdir-13604-Us3rJa/Test-WWW-Mechanize-1.52-0/blib/lib/Test/WWW/Mechanize.pm line 1794.
Global symbol "@button" requires explicit package name at /tmp/loop_over_bdir-13604-Us3rJa/Test-WWW-Mechanize-1.52-0/blib/lib/Test/WWW/Mechanize.pm line 1794.
syntax error at /tmp/loop_over_bdir-13604-Us3rJa/Test-WWW-Mechanize-1.52-0/blib/lib/Test/WWW/Mechanize.pm line 1794, near "[,"
/tmp/loop_over_bdir-13604-Us3rJa/Test-WWW-Mechanize-1.52-0/blib/lib/Test/WWW/Mechanize.pm has too many errors.
Compilation failed in require at t/new.t line 8.
BEGIN failed--compilation aborted at t/new.t line 8.
# Looks like your test exited with 9 before it could output anything.
t/new.t .................... 
Dubious, test returned 9 (wstat 2304, 0x900)
Failed 2/2 subtests 
Multidimensional syntax $button [, $msg] not supported at /tmp/loop_over_bdir-13604-Us3rJa/Test-WWW-Mechanize-1.52-0/blib/lib/Test/WWW/Mechanize.pm line 1794.
Global symbol "$mech" requires explicit package name at /tmp/loop_over_bdir-13604-Us3rJa/Test-WWW-Mechanize-1.52-0/blib/lib/Test/WWW/Mechanize.pm line 1767.
Global symbol "$button" requires explicit package name at /tmp/loop_over_bdir-13604-Us3rJa/Test-WWW-Mechanize-1.52-0/blib/lib/Test/WWW/Mechanize.pm line 1767.
Global symbol "$button" requires explicit package name at /tmp/loop_over_bdir-13604-Us3rJa/Test-WWW-Mechanize-1.52-0/blib/lib/Test/WWW/Mechanize.pm line 1767.
Global symbol "$button" requires explicit package name at /tmp/loop_over_bdir-13604-Us3rJa/Test-WWW-Mechanize-1.52-0/blib/lib/Test/WWW/Mechanize.pm line 1767.
Global symbol "$input" requires explicit package name at /tmp/loop_over_bdir-13604-Us3rJa/Test-WWW-Mechanize-1.52-0/blib/lib/Test/WWW/Mechanize.pm line 1767.
Global symbol "$button" requires explicit package name at /tmp/loop_over_bdir-13604-Us3rJa/Test-WWW-Mechanize-1.52-0/blib/lib/Test/WWW/Mechanize.pm line 1787.
syntax error at /tmp/loop_over_bdir-13604-Us3rJa/Test-WWW-Mechanize-1.52-0/blib/lib/Test/WWW/Mechanize.pm line 1788, near "}"
Global symbol "$input" requires explicit package name at /tmp/loop_over_bdir-13604-Us3rJa/Test-WWW-Mechanize-1.52-0/blib/lib/Test/WWW/Mechanize.pm line 1790.
Global symbol "$mech" requires explicit package name at /tmp/loop_over_bdir-13604-Us3rJa/Test-WWW-Mechanize-1.52-0/blib/lib/Test/WWW/Mechanize.pm line 1794.
Global symbol "@button" requires explicit package name at /tmp/loop_over_bdir-13604-Us3rJa/Test-WWW-Mechanize-1.52-0/blib/lib/Test/WWW/Mechanize.pm line 1794.
syntax error at /tmp/loop_over_bdir-13604-Us3rJa/Test-WWW-Mechanize-1.52-0/blib/lib/Test/WWW/Mechanize.pm line 1794, near "[,"
/tmp/loop_over_bdir-13604-Us3rJa/Test-WWW-Mechanize-1.52-0/blib/lib/Test/WWW/Mechanize.pm has too many errors.
Compilation failed in require at t/page_links_content.t line 9.
BEGIN failed--compilation aborted at t/page_links_content.t line 9.
# Looks like your test exited with 9 before it could output anything.
t/page_links_content.t ..... 
Dubious, test returned 9 (wstat 2304, 0x900)
Failed 9/9 subtests 
Multidimensional syntax $button [, $msg] not supported at /tmp/loop_over_bdir-13604-Us3rJa/Test-WWW-Mechanize-1.52-0/blib/lib/Test/WWW/Mechanize.pm line 1794.
Global symbol "$mech" requires explicit package name at /tmp/loop_over_bdir-13604-Us3rJa/Test-WWW-Mechanize-1.52-0/blib/lib/Test/WWW/Mechanize.pm line 1767.
Global symbol "$button" requires explicit package name at /tmp/loop_over_bdir-13604-Us3rJa/Test-WWW-Mechanize-1.52-0/blib/lib/Test/WWW/Mechanize.pm line 1767.
Global symbol "$button" requires explicit package name at /tmp/loop_over_bdir-13604-Us3rJa/Test-WWW-Mechanize-1.52-0/blib/lib/Test/WWW/Mechanize.pm line 1767.
Global symbol "$button" requires explicit package name at /tmp/loop_over_bdir-13604-Us3rJa/Test-WWW-Mechanize-1.52-0/blib/lib/Test/WWW/Mechanize.pm line 1767.
Global symbol "$input" requires explicit package name at /tmp/loop_over_bdir-13604-Us3rJa/Test-WWW-Mechanize-1.52-0/blib/lib/Test/WWW/Mechanize.pm line 1767.
Global symbol "$button" requires explicit package name at /tmp/loop_over_bdir-13604-Us3rJa/Test-WWW-Mechanize-1.52-0/blib/lib/Test/WWW/Mechanize.pm line 1787.
syntax error at /tmp/loop_over_bdir-13604-Us3rJa/Test-WWW-Mechanize-1.52-0/blib/lib/Test/WWW/Mechanize.pm line 1788, near "}"
Global symbol "$input" requires explicit package name at /tmp/loop_over_bdir-13604-Us3rJa/Test-WWW-Mechanize-1.52-0/blib/lib/Test/WWW/Mechanize.pm line 1790.
Global symbol "$mech" requires explicit package name at /tmp/loop_over_bdir-13604-Us3rJa/Test-WWW-Mechanize-1.52-0/blib/lib/Test/WWW/Mechanize.pm line 1794.
Global symbol "@button" requires explicit package name at /tmp/loop_over_bdir-13604-Us3rJa/Test-WWW-Mechanize-1.52-0/blib/lib/Test/WWW/Mechanize.pm line 1794.
syntax error at /tmp/loop_over_bdir-13604-Us3rJa/Test-WWW-Mechanize-1.52-0/blib/lib/Test/WWW/Mechanize.pm line 1794, near "[,"
/tmp/loop_over_bdir-13604-Us3rJa/Test-WWW-Mechanize-1.52-0/blib/lib/Test/WWW/Mechanize.pm has too many errors.
Compilation failed in require at t/page_links_ok.t line 10.
BEGIN failed--compilation aborted at t/page_links_ok.t line 10.
# Looks like your test exited with 9 before it could output anything.
t/page_links_ok.t .......... 
Dubious, test returned 9 (wstat 2304, 0x900)
Failed 6/6 subtests 
t/pod-coverage.t ........... skipped: Test::Pod::Coverage 0.08 required for testing POD coverage
t/pod.t .................... skipped: Test::Pod 1.00 required for testing POD
Multidimensional syntax $button [, $msg] not supported at /tmp/loop_over_bdir-13604-Us3rJa/Test-WWW-Mechanize-1.52-0/blib/lib/Test/WWW/Mechanize.pm line 1794.
Global symbol "$mech" requires explicit package name at /tmp/loop_over_bdir-13604-Us3rJa/Test-WWW-Mechanize-1.52-0/blib/lib/Test/WWW/Mechanize.pm line 1767.
Global symbol "$button" requires explicit package name at /tmp/loop_over_bdir-13604-Us3rJa/Test-WWW-Mechanize-1.52-0/blib/lib/Test/WWW/Mechanize.pm line 1767.
Global symbol "$button" requires explicit package name at /tmp/loop_over_bdir-13604-Us3rJa/Test-WWW-Mechanize-1.52-0/blib/lib/Test/WWW/Mechanize.pm line 1767.
Global symbol "$button" requires explicit package name at /tmp/loop_over_bdir-13604-Us3rJa/Test-WWW-Mechanize-1.52-0/blib/lib/Test/WWW/Mechanize.pm line 1767.
Global symbol "$input" requires explicit package name at /tmp/loop_over_bdir-13604-Us3rJa/Test-WWW-Mechanize-1.52-0/blib/lib/Test/WWW/Mechanize.pm line 1767.
Global symbol "$button" requires explicit package name at /tmp/loop_over_bdir-13604-Us3rJa/Test-WWW-Mechanize-1.52-0/blib/lib/Test/WWW/Mechanize.pm line 1787.
syntax error at /tmp/loop_over_bdir-13604-Us3rJa/Test-WWW-Mechanize-1.52-0/blib/lib/Test/WWW/Mechanize.pm line 1788, near "}"
Global symbol "$input" requires explicit package name at /tmp/loop_over_bdir-13604-Us3rJa/Test-WWW-Mechanize-1.52-0/blib/lib/Test/WWW/Mechanize.pm line 1790.
Global symbol "$mech" requires explicit package name at /tmp/loop_over_bdir-13604-Us3rJa/Test-WWW-Mechanize-1.52-0/blib/lib/Test/WWW/Mechanize.pm line 1794.
Global symbol "@button" requires explicit package name at /tmp/loop_over_bdir-13604-Us3rJa/Test-WWW-Mechanize-1.52-0/blib/lib/Test/WWW/Mechanize.pm line 1794.
syntax error at /tmp/loop_over_bdir-13604-Us3rJa/Test-WWW-Mechanize-1.52-0/blib/lib/Test/WWW/Mechanize.pm line 1794, near "[,"
/tmp/loop_over_bdir-13604-Us3rJa/Test-WWW-Mechanize-1.52-0/blib/lib/Test/WWW/Mechanize.pm has too many errors.
Compilation failed in require at t/put_ok.t line 9.
BEGIN failed--compilation aborted at t/put_ok.t line 9.
# Looks like your test exited with 9 before it could output anything.
t/put_ok.t ................. 
Dubious, test returned 9 (wstat 2304, 0x900)
Failed 7/7 subtests 
Multidimensional syntax $button [, $msg] not supported at /tmp/loop_over_bdir-13604-Us3rJa/Test-WWW-Mechanize-1.52-0/blib/lib/Test/WWW/Mechanize.pm line 1794.
Global symbol "$mech" requires explicit package name at /tmp/loop_over_bdir-13604-Us3rJa/Test-WWW-Mechanize-1.52-0/blib/lib/Test/WWW/Mechanize.pm line 1767.
Global symbol "$button" requires explicit package name at /tmp/loop_over_bdir-13604-Us3rJa/Test-WWW-Mechanize-1.52-0/blib/lib/Test/WWW/Mechanize.pm line 1767.
Global symbol "$button" requires explicit package name at /tmp/loop_over_bdir-13604-Us3rJa/Test-WWW-Mechanize-1.52-0/blib/lib/Test/WWW/Mechanize.pm line 1767.
Global symbol "$button" requires explicit package name at /tmp/loop_over_bdir-13604-Us3rJa/Test-WWW-Mechanize-1.52-0/blib/lib/Test/WWW/Mechanize.pm line 1767.
Global symbol "$input" requires explicit package name at /tmp/loop_over_bdir-13604-Us3rJa/Test-WWW-Mechanize-1.52-0/blib/lib/Test/WWW/Mechanize.pm line 1767.
Global symbol "$button" requires explicit package name at /tmp/loop_over_bdir-13604-Us3rJa/Test-WWW-Mechanize-1.52-0/blib/lib/Test/WWW/Mechanize.pm line 1787.
syntax error at /tmp/loop_over_bdir-13604-Us3rJa/Test-WWW-Mechanize-1.52-0/blib/lib/Test/WWW/Mechanize.pm line 1788, near "}"
Global symbol "$input" requires explicit package name at /tmp/loop_over_bdir-13604-Us3rJa/Test-WWW-Mechanize-1.52-0/blib/lib/Test/WWW/Mechanize.pm line 1790.
Global symbol "$mech" requires explicit package name at /tmp/loop_over_bdir-13604-Us3rJa/Test-WWW-Mechanize-1.52-0/blib/lib/Test/WWW/Mechanize.pm line 1794.
Global symbol "@button" requires explicit package name at /tmp/loop_over_bdir-13604-Us3rJa/Test-WWW-Mechanize-1.52-0/blib/lib/Test/WWW/Mechanize.pm line 1794.
syntax error at /tmp/loop_over_bdir-13604-Us3rJa/Test-WWW-Mechanize-1.52-0/blib/lib/Test/WWW/Mechanize.pm line 1794, near "[,"
/tmp/loop_over_bdir-13604-Us3rJa/Test-WWW-Mechanize-1.52-0/blib/lib/Test/WWW/Mechanize.pm has too many errors.
Compilation failed in require at t/scrape_text_by_id.t line 12.
BEGIN failed--compilation aborted at t/scrape_text_by_id.t line 12.
# Looks like your test exited with 9 before it could output anything.
t/scrape_text_by_id.t ...... 
Dubious, test returned 9 (wstat 2304, 0x900)
Failed 3/3 subtests 
Multidimensional syntax $button [, $msg] not supported at /tmp/loop_over_bdir-13604-Us3rJa/Test-WWW-Mechanize-1.52-0/blib/lib/Test/WWW/Mechanize.pm line 1794.
Global symbol "$mech" requires explicit package name at /tmp/loop_over_bdir-13604-Us3rJa/Test-WWW-Mechanize-1.52-0/blib/lib/Test/WWW/Mechanize.pm line 1767.
Global symbol "$button" requires explicit package name at /tmp/loop_over_bdir-13604-Us3rJa/Test-WWW-Mechanize-1.52-0/blib/lib/Test/WWW/Mechanize.pm line 1767.
Global symbol "$button" requires explicit package name at /tmp/loop_over_bdir-13604-Us3rJa/Test-WWW-Mechanize-1.52-0/blib/lib/Test/WWW/Mechanize.pm line 1767.
Global symbol "$button" requires explicit package name at /tmp/loop_over_bdir-13604-Us3rJa/Test-WWW-Mechanize-1.52-0/blib/lib/Test/WWW/Mechanize.pm line 1767.
Global symbol "$input" requires explicit package name at /tmp/loop_over_bdir-13604-Us3rJa/Test-WWW-Mechanize-1.52-0/blib/lib/Test/WWW/Mechanize.pm line 1767.
Global symbol "$button" requires explicit package name at /tmp/loop_over_bdir-13604-Us3rJa/Test-WWW-Mechanize-1.52-0/blib/lib/Test/WWW/Mechanize.pm line 1787.
syntax error at /tmp/loop_over_bdir-13604-Us3rJa/Test-WWW-Mechanize-1.52-0/blib/lib/Test/WWW/Mechanize.pm line 1788, near "}"
Global symbol "$input" requires explicit package name at /tmp/loop_over_bdir-13604-Us3rJa/Test-WWW-Mechanize-1.52-0/blib/lib/Test/WWW/Mechanize.pm line 1790.
Global symbol "$mech" requires explicit package name at /tmp/loop_over_bdir-13604-Us3rJa/Test-WWW-Mechanize-1.52-0/blib/lib/Test/WWW/Mechanize.pm line 1794.
Global symbol "@button" requires explicit package name at /tmp/loop_over_bdir-13604-Us3rJa/Test-WWW-Mechanize-1.52-0/blib/lib/Test/WWW/Mechanize.pm line 1794.
syntax error at /tmp/loop_over_bdir-13604-Us3rJa/Test-WWW-Mechanize-1.52-0/blib/lib/Test/WWW/Mechanize.pm line 1794, near "[,"
/tmp/loop_over_bdir-13604-Us3rJa/Test-WWW-Mechanize-1.52-0/blib/lib/Test/WWW/Mechanize.pm has too many errors.
Compilation failed in require at t/stuff_inputs.t line 9.
BEGIN failed--compilation aborted at t/stuff_inputs.t line 9.
# Looks like your test exited with 9 before it could output anything.
t/stuff_inputs.t ........... 
Dubious, test returned 9 (wstat 2304, 0x900)
Failed 43/43 subtests 
Multidimensional syntax $button [, $msg] not supported at /tmp/loop_over_bdir-13604-Us3rJa/Test-WWW-Mechanize-1.52-0/blib/lib/Test/WWW/Mechanize.pm line 1794.
Global symbol "$mech" requires explicit package name at /tmp/loop_over_bdir-13604-Us3rJa/Test-WWW-Mechanize-1.52-0/blib/lib/Test/WWW/Mechanize.pm line 1767.
Global symbol "$button" requires explicit package name at /tmp/loop_over_bdir-13604-Us3rJa/Test-WWW-Mechanize-1.52-0/blib/lib/Test/WWW/Mechanize.pm line 1767.
Global symbol "$button" requires explicit package name at /tmp/loop_over_bdir-13604-Us3rJa/Test-WWW-Mechanize-1.52-0/blib/lib/Test/WWW/Mechanize.pm line 1767.
Global symbol "$button" requires explicit package name at /tmp/loop_over_bdir-13604-Us3rJa/Test-WWW-Mechanize-1.52-0/blib/lib/Test/WWW/Mechanize.pm line 1767.
Global symbol "$input" requires explicit package name at /tmp/loop_over_bdir-13604-Us3rJa/Test-WWW-Mechanize-1.52-0/blib/lib/Test/WWW/Mechanize.pm line 1767.
Global symbol "$button" requires explicit package name at /tmp/loop_over_bdir-13604-Us3rJa/Test-WWW-Mechanize-1.52-0/blib/lib/Test/WWW/Mechanize.pm line 1787.
syntax error at /tmp/loop_over_bdir-13604-Us3rJa/Test-WWW-Mechanize-1.52-0/blib/lib/Test/WWW/Mechanize.pm line 1788, near "}"
Global symbol "$input" requires explicit package name at /tmp/loop_over_bdir-13604-Us3rJa/Test-WWW-Mechanize-1.52-0/blib/lib/Test/WWW/Mechanize.pm line 1790.
Global symbol "$mech" requires explicit package name at /tmp/loop_over_bdir-13604-Us3rJa/Test-WWW-Mechanize-1.52-0/blib/lib/Test/WWW/Mechanize.pm line 1794.
Global symbol "@button" requires explicit package name at /tmp/loop_over_bdir-13604-Us3rJa/Test-WWW-Mechanize-1.52-0/blib/lib/Test/WWW/Mechanize.pm line 1794.
syntax error at /tmp/loop_over_bdir-13604-Us3rJa/Test-WWW-Mechanize-1.52-0/blib/lib/Test/WWW/Mechanize.pm line 1794, near "[,"
/tmp/loop_over_bdir-13604-Us3rJa/Test-WWW-Mechanize-1.52-0/blib/lib/Test/WWW/Mechanize.pm has too many errors.
Compilation failed in require at t/submit_form_ok.t line 8.
BEGIN failed--compilation aborted at t/submit_form_ok.t line 8.
# Looks like your test exited with 9 before it could output anything.
t/submit_form_ok.t ......... 
Dubious, test returned 9 (wstat 2304, 0x900)
Failed 3/3 subtests 
Multidimensional syntax $button [, $msg] not supported at /tmp/loop_over_bdir-13604-Us3rJa/Test-WWW-Mechanize-1.52-0/blib/lib/Test/WWW/Mechanize.pm line 1794.
Global symbol "$mech" requires explicit package name at /tmp/loop_over_bdir-13604-Us3rJa/Test-WWW-Mechanize-1.52-0/blib/lib/Test/WWW/Mechanize.pm line 1767.
Global symbol "$button" requires explicit package name at /tmp/loop_over_bdir-13604-Us3rJa/Test-WWW-Mechanize-1.52-0/blib/lib/Test/WWW/Mechanize.pm line 1767.
Global symbol "$button" requires explicit package name at /tmp/loop_over_bdir-13604-Us3rJa/Test-WWW-Mechanize-1.52-0/blib/lib/Test/WWW/Mechanize.pm line 1767.
Global symbol "$button" requires explicit package name at /tmp/loop_over_bdir-13604-Us3rJa/Test-WWW-Mechanize-1.52-0/blib/lib/Test/WWW/Mechanize.pm line 1767.
Global symbol "$input" requires explicit package name at /tmp/loop_over_bdir-13604-Us3rJa/Test-WWW-Mechanize-1.52-0/blib/lib/Test/WWW/Mechanize.pm line 1767.
Global symbol "$button" requires explicit package name at /tmp/loop_over_bdir-13604-Us3rJa/Test-WWW-Mechanize-1.52-0/blib/lib/Test/WWW/Mechanize.pm line 1787.
syntax error at /tmp/loop_over_bdir-13604-Us3rJa/Test-WWW-Mechanize-1.52-0/blib/lib/Test/WWW/Mechanize.pm line 1788, near "}"
Global symbol "$input" requires explicit package name at /tmp/loop_over_bdir-13604-Us3rJa/Test-WWW-Mechanize-1.52-0/blib/lib/Test/WWW/Mechanize.pm line 1790.
Global symbol "$mech" requires explicit package name at /tmp/loop_over_bdir-13604-Us3rJa/Test-WWW-Mechanize-1.52-0/blib/lib/Test/WWW/Mechanize.pm line 1794.
Global symbol "@button" requires explicit package name at /tmp/loop_over_bdir-13604-Us3rJa/Test-WWW-Mechanize-1.52-0/blib/lib/Test/WWW/Mechanize.pm line 1794.
syntax error at /tmp/loop_over_bdir-13604-Us3rJa/Test-WWW-Mechanize-1.52-0/blib/lib/Test/WWW/Mechanize.pm line 1794, near "[,"
/tmp/loop_over_bdir-13604-Us3rJa/Test-WWW-Mechanize-1.52-0/blib/lib/Test/WWW/Mechanize.pm has too many errors.
Compilation failed in require at t/text_contains.t line 10.
BEGIN failed--compilation aborted at t/text_contains.t line 10.
# Looks like your test exited with 9 before it could output anything.
t/text_contains.t .......... 
Dubious, test returned 9 (wstat 2304, 0x900)
Failed 5/5 subtests 
Multidimensional syntax $button [, $msg] not supported at /tmp/loop_over_bdir-13604-Us3rJa/Test-WWW-Mechanize-1.52-0/blib/lib/Test/WWW/Mechanize.pm line 1794.
Global symbol "$mech" requires explicit package name at /tmp/loop_over_bdir-13604-Us3rJa/Test-WWW-Mechanize-1.52-0/blib/lib/Test/WWW/Mechanize.pm line 1767.
Global symbol "$button" requires explicit package name at /tmp/loop_over_bdir-13604-Us3rJa/Test-WWW-Mechanize-1.52-0/blib/lib/Test/WWW/Mechanize.pm line 1767.
Global symbol "$button" requires explicit package name at /tmp/loop_over_bdir-13604-Us3rJa/Test-WWW-Mechanize-1.52-0/blib/lib/Test/WWW/Mechanize.pm line 1767.
Global symbol "$button" requires explicit package name at /tmp/loop_over_bdir-13604-Us3rJa/Test-WWW-Mechanize-1.52-0/blib/lib/Test/WWW/Mechanize.pm line 1767.
Global symbol "$input" requires explicit package name at /tmp/loop_over_bdir-13604-Us3rJa/Test-WWW-Mechanize-1.52-0/blib/lib/Test/WWW/Mechanize.pm line 1767.
Global symbol "$button" requires explicit package name at /tmp/loop_over_bdir-13604-Us3rJa/Test-WWW-Mechanize-1.52-0/blib/lib/Test/WWW/Mechanize.pm line 1787.
syntax error at /tmp/loop_over_bdir-13604-Us3rJa/Test-WWW-Mechanize-1.52-0/blib/lib/Test/WWW/Mechanize.pm line 1788, near "}"
Global symbol "$input" requires explicit package name at /tmp/loop_over_bdir-13604-Us3rJa/Test-WWW-Mechanize-1.52-0/blib/lib/Test/WWW/Mechanize.pm line 1790.
Global symbol "$mech" requires explicit package name at /tmp/loop_over_bdir-13604-Us3rJa/Test-WWW-Mechanize-1.52-0/blib/lib/Test/WWW/Mechanize.pm line 1794.
Global symbol "@button" requires explicit package name at /tmp/loop_over_bdir-13604-Us3rJa/Test-WWW-Mechanize-1.52-0/blib/lib/Test/WWW/Mechanize.pm line 1794.
syntax error at /tmp/loop_over_bdir-13604-Us3rJa/Test-WWW-Mechanize-1.52-0/blib/lib/Test/WWW/Mechanize.pm line 1794, near "[,"
/tmp/loop_over_bdir-13604-Us3rJa/Test-WWW-Mechanize-1.52-0/blib/lib/Test/WWW/Mechanize.pm has too many errors.
Compilation failed in require at t/title_is.t line 9.
BEGIN failed--compilation aborted at t/title_is.t line 9.
# Looks like your test exited with 9 before it could output anything.
t/title_is.t ............... 
Dubious, test returned 9 (wstat 2304, 0x900)
Failed 4/4 subtests 

Test Summary Report
-------------------
t/00-load.t              (Wstat: 2304 Tests: 0 Failed: 0)
  Non-zero exit status: 9
  Parse errors: Bad plan.  You planned 1 tests but ran 0.
t/autolint.t             (Wstat: 2304 Tests: 0 Failed: 0)
  Non-zero exit status: 9
  Parse errors: No plan found in TAP output
t/autotidy.t             (Wstat: 2304 Tests: 0 Failed: 0)
  Non-zero exit status: 9
  Parse errors: No plan found in TAP output
t/button_exists.t        (Wstat: 2304 Tests: 0 Failed: 0)
  Non-zero exit status: 9
  Parse errors: Bad plan.  You planned 6 tests but ran 0.
t/click_ok.t             (Wstat: 2304 Tests: 0 Failed: 0)
  Non-zero exit status: 9
  Parse errors: Bad plan.  You planned 6 tests but ran 0.
t/content_contains.t     (Wstat: 2304 Tests: 0 Failed: 0)
  Non-zero exit status: 9
  Parse errors: Bad plan.  You planned 21 tests but ran 0.
t/content_lacks.t        (Wstat: 2304 Tests: 0 Failed: 0)
  Non-zero exit status: 9
  Parse errors: Bad plan.  You planned 5 tests but ran 0.
t/delete_ok.t            (Wstat: 2304 Tests: 0 Failed: 0)
  Non-zero exit status: 9
  Parse errors: Bad plan.  You planned 9 tests but ran 0.
t/follow_link_ok.t       (Wstat: 2304 Tests: 0 Failed: 0)
  Non-zero exit status: 9
  Parse errors: Bad plan.  You planned 6 tests but ran 0.
t/followable_links.t     (Wstat: 2304 Tests: 0 Failed: 0)
  Non-zero exit status: 9
  Parse errors: Bad plan.  You planned 3 tests but ran 0.
t/get_ok-parms.t         (Wstat: 2304 Tests: 0 Failed: 0)
  Non-zero exit status: 9
  Parse errors: Bad plan.  You planned 15 tests but ran 0.
t/get_ok.t               (Wstat: 2304 Tests: 0 Failed: 0)
  Non-zero exit status: 9
  Parse errors: Bad plan.  You planned 10 tests but ran 0.
t/has_tag.t              (Wstat: 2304 Tests: 0 Failed: 0)
  Non-zero exit status: 9
  Parse errors: Bad plan.  You planned 15 tests but ran 0.
t/head_ok-parms.t        (Wstat: 2304 Tests: 0 Failed: 0)
  Non-zero exit status: 9
  Parse errors: Bad plan.  You planned 15 tests but ran 0.
t/head_ok.t              (Wstat: 2304 Tests: 0 Failed: 0)
  Non-zero exit status: 9
  Parse errors: Bad plan.  You planned 10 tests but ran 0.
t/headers.t              (Wstat: 2304 Tests: 0 Failed: 0)
  Non-zero exit status: 9
  Parse errors: Bad plan.  You planned 26 tests but ran 0.
t/html_lint_ok.t         (Wstat: 2304 Tests: 0 Failed: 0)
  Non-zero exit status: 9
  Parse errors: No plan found in TAP output
t/html_tidy_ok.t         (Wstat: 2304 Tests: 0 Failed: 0)
  Non-zero exit status: 9
  Parse errors: No plan found in TAP output
t/id_exists.t            (Wstat: 2304 Tests: 0 Failed: 0)
  Non-zero exit status: 9
  Parse errors: Bad plan.  You planned 23 tests but ran 0.
t/lacks_uncapped_inputs.t (Wstat: 2304 Tests: 0 Failed: 0)
  Non-zero exit status: 9
  Parse errors: Bad plan.  You planned 5 tests but ran 0.
t/link_content.t         (Wstat: 2304 Tests: 0 Failed: 0)
  Non-zero exit status: 9
  Parse errors: Bad plan.  You planned 11 tests but ran 0.
t/link_status.t          (Wstat: 2304 Tests: 0 Failed: 0)
  Non-zero exit status: 9
  Parse errors: Bad plan.  You planned 9 tests but ran 0.
t/links_ok.t             (Wstat: 2304 Tests: 0 Failed: 0)
  Non-zero exit status: 9
  Parse errors: Bad plan.  You planned 9 tests but ran 0.
t/new.t                  (Wstat: 2304 Tests: 0 Failed: 0)
  Non-zero exit status: 9
  Parse errors: Bad plan.  You planned 2 tests but ran 0.
t/page_links_content.t   (Wstat: 2304 Tests: 0 Failed: 0)
  Non-zero exit status: 9
  Parse errors: Bad plan.  You planned 9 tests but ran 0.
t/page_links_ok.t        (Wstat: 2304 Tests: 0 Failed: 0)
  Non-zero exit status: 9
  Parse errors: Bad plan.  You planned 6 tests but ran 0.
t/put_ok.t               (Wstat: 2304 Tests: 0 Failed: 0)
  Non-zero exit status: 9
  Parse errors: Bad plan.  You planned 7 tests but ran 0.
t/scrape_text_by_id.t    (Wstat: 2304 Tests: 0 Failed: 0)
  Non-zero exit status: 9
  Parse errors: Bad plan.  You planned 3 tests but ran 0.
t/stuff_inputs.t         (Wstat: 2304 Tests: 0 Failed: 0)
  Non-zero exit status: 9
  Parse errors: Bad plan.  You planned 43 tests but ran 0.
t/submit_form_ok.t       (Wstat: 2304 Tests: 0 Failed: 0)
  Non-zero exit status: 9
  Parse errors: Bad plan.  You planned 3 tests but ran 0.
t/text_contains.t        (Wstat: 2304 Tests: 0 Failed: 0)
  Non-zero exit status: 9
  Parse errors: Bad plan.  You planned 5 tests but ran 0.
t/title_is.t             (Wstat: 2304 Tests: 0 Failed: 0)
  Non-zero exit status: 9
  Parse errors: Bad plan.  You planned 4 tests but ran 0.
Files=34, Tests=0, 19 wallclock secs ( 0.14 usr  0.22 sys +  5.82 cusr  3.61 csys =  9.79 CPU)
Result: FAIL
Failed 32/34 test programs. 0/0 subtests failed.
Makefile:889: recipe for target 'test_dynamic' failed
make: *** [test_dynamic] Error 9

------------------------------
PREREQUISITES
------------------------------

Prerequisite modules loaded:

requires:

    Module                    Need  Have    
    ------------------------- ----- --------
    Carp                      0     1.50    
    Carp::Assert::More        0     1.16    
    HTML::Form                0     6.03    
    HTML::TokeParser          0     3.69    
    HTTP::Server::Simple      0.42  0.52    
    HTTP::Server::Simple::CGI 0     0       
    LWP                       6.02  6.36    
    parent                    0     0.237   
    perl                      5.008 5.008008
    Test::Builder::Tester     1.09  1.302140
    Test::LongString          0.15  0.17    
    Test::More                0.96  1.302140
    URI::file                 0     4.21    
    WWW::Mechanize            1.68  1.90    

build_requires:

    Module                    Need  Have    
    ------------------------- ----- --------
    ExtUtils::MakeMaker       0     7.34    

configure_requires:

    Module                    Need  Have    
    ------------------------- ----- --------
    ExtUtils::MakeMaker       0     7.34    


------------------------------
ENVIRONMENT AND OTHER CONTEXT
------------------------------

Environment variables:

    AUTOMATED_TESTING = 1
    LANG = C
    PATH = /home/sand/bin:/usr/local/bin:/usr/bin:/bin:/usr/games:/usr/local/perl/bin:/usr/X11/bin:/sbin:/usr/sbin
    PERL5LIB = /tmp/loop_over_bdir-13604-Us3rJa/WWW-Mechanize-1.90-0/blib/arch:/tmp/loop_over_bdir-13604-Us3rJa/WWW-Mechanize-1.90-0/blib/lib:/tmp/loop_over_bdir-13604-Us3rJa/Test-Output-1.031-0/blib/arch:/tmp/loop_over_bdir-13604-Us3rJa/Test-Output-1.031-0/blib/lib:/tmp/loop_over_bdir-13604-Us3rJa/Perl-Critic-1.132-0/blib/arch:/tmp/loop_over_bdir-13604-Us3rJa/Perl-Critic-1.132-0/blib/lib:/tmp/loop_over_bdir-13604-Us3rJa/Term-ANSIColor-4.06-0/blib/arch:/tmp/loop_over_bdir-13604-Us3rJa/Term-ANSIColor-4.06-0/blib/lib:/tmp/loop_over_bdir-13604-Us3rJa/String-Format-1.18-0/blib/arch:/tmp/loop_over_bdir-13604-Us3rJa/String-Format-1.18-0/blib/lib:/tmp/loop_over_bdir-13604-Us3rJa/Pod-Spell-1.20-0/blib/arch:/tmp/loop_over_bdir-13604-Us3rJa/Pod-Spell-1.20-0/blib/lib:/tmp/loop_over_bdir-13604-Us3rJa/Lingua-EN-Inflect-1.903-0/blib/arch:/tmp/loop_over_bdir-13604-Us3rJa/Lingua-EN-Inflect-1.903-0/blib/lib:/tmp/loop_over_bdir-13604-Us3rJa/File-ShareDir-1.116-0/blib/arch:/tmp/loop_over_bdir-13604-Us3rJa/File-ShareDir-1.116-0/blib/lib:/tmp/loop_over_bdir-13604-Us3rJa/Class-Tiny-1.006-0/blib/arch:/tmp/loop_over_bdir-13604-Us3rJa/Class-Tiny-1.006-0/blib/lib:/tmp/loop_over_bdir-13604-Us3rJa/MRO-Compat-0.13-0/blib/arch:/tmp/loop_over_bdir-13604-Us3rJa/MRO-Compat-0.13-0/blib/lib:/tmp/loop_over_bdir-13604-Us3rJa/Class-C3-0.34-0/blib/arch:/tmp/loop_over_bdir-13604-Us3rJa/Class-C3-0.34-0/blib/lib:/tmp/loop_over_bdir-13604-Us3rJa/Devel-Hide-0.0010-0/blib/arch:/tmp/loop_over_bdir-13604-Us3rJa/Devel-Hide-0.0010-0/blib/lib:/tmp/loop_over_bdir-13604-Us3rJa/Class-C3-XS-0.14-0/blib/arch:/tmp/loop_over_bdir-13604-Us3rJa/Class-C3-XS-0.14-0/blib/lib:/tmp/loop_over_bdir-13604-Us3rJa/Algorithm-C3-0.10-0/blib/arch:/tmp/loop_over_bdir-13604-Us3rJa/Algorithm-C3-0.10-0/blib/lib:/tmp/loop_over_bdir-13604-Us3rJa/Devel-GlobalDestruction-0.14-0/blib/arch:/tmp/loop_over_bdir-13604-Us3rJa/Devel-GlobalDestruction-0.14-0/blib/lib:/tmp/loop_over_bdir-13604-Us3rJa/Sub-Exporter-Progressive-0.001013-0/blib/arch:/tmp/loop_over_bdir-13604-Us3rJa/Sub-Exporter-Progressive-0.001013-0/blib/lib:/tmp/loop_over_bdir-13604-Us3rJa/Devel-GlobalDestruction-XS-0.03-0/blib/arch:/tmp/loop_over_bdir-13604-Us3rJa/Devel-GlobalDestruction-XS-0.03-0/blib/lib:/tmp/loop_over_bdir-13604-Us3rJa/File-ShareDir-Install-0.13-0/blib/arch:/tmp/loop_over_bdir-13604-Us3rJa/File-ShareDir-Install-0.13-0/blib/lib:/tmp/loop_over_bdir-13604-Us3rJa/Perl-Tidy-20181120-0/blib/arch:/tmp/loop_over_bdir-13604-Us3rJa/Perl-Tidy-20181120-0/blib/lib:/tmp/loop_over_bdir-13604-Us3rJa/PPIx-Utilities-1.001000-0/blib/arch:/tmp/loop_over_bdir-13604-Us3rJa/PPIx-Utilities-1.001000-0/blib/lib:/tmp/loop_over_bdir-13604-Us3rJa/Readonly-2.05-0/blib/arch:/tmp/loop_over_bdir-13604-Us3rJa/Readonly-2.05-0/blib/lib:/tmp/loop_over_bdir-13604-Us3rJa/Module-Build-Tiny-0.039-0/blib/arch:/tmp/loop_over_bdir-13604-Us3rJa/Module-Build-Tiny-0.039-0/blib/lib:/tmp/loop_over_bdir-13604-Us3rJa/Getopt-Long-2.50-0/blib/arch:/tmp/loop_over_bdir-13604-Us3rJa/Getopt-Long-2.50-0/blib/lib:/tmp/loop_over_bdir-13604-Us3rJa/ExtUtils-InstallPaths-0.012-0/blib/arch:/tmp/loop_over_bdir-13604-Us3rJa/ExtUtils-InstallPaths-0.012-0/blib/lib:/tmp/loop_over_bdir-13604-Us3rJa/ExtUtils-Helpers-0.026-0/blib/arch:/tmp/loop_over_bdir-13604-Us3rJa/ExtUtils-Helpers-0.026-0/blib/lib:/tmp/loop_over_bdir-13604-Us3rJa/ExtUtils-Config-0.008-0/blib/arch:/tmp/loop_over_bdir-13604-Us3rJa/ExtUtils-Config-0.008-0/blib/lib:/tmp/loop_over_bdir-13604-Us3rJa/PPIx-Regexp-0.063-0/blib/arch:/tmp/loop_over_bdir-13604-Us3rJa/PPIx-Regexp-0.063-0/blib/lib:/tmp/loop_over_bdir-13604-Us3rJa/PPIx-QuoteLike-0.006-0/blib/arch:/tmp/loop_over_bdir-13604-Us3rJa/PPIx-QuoteLike-0.006-0/blib/lib:/tmp/loop_over_bdir-13604-Us3rJa/PPI-1.236-0/blib/arch:/tmp/loop_over_bdir-13604-Us3rJa/PPI-1.236-0/blib/lib:/tmp/loop_over_bdir-13604-Us3rJa/Test-SubCalls-1.10-0/blib/arch:/tmp/loop_over_bdir-13604-Us3rJa/Test-SubCalls-1.10-0/blib/lib:/tmp/loop_over_bdir-13604-Us3rJa/Hook-LexWrap-0.26-0/blib/arch:/tmp/loop_over_bdir-13604-Us3rJa/Hook-LexWrap-0.26-0/blib/lib:/tmp/loop_over_bdir-13604-Us3rJa/Test-Object-0.08-0/blib/arch:/tmp/loop_over_bdir-13604-Us3rJa/Test-Object-0.08-0/blib/lib:/tmp/loop_over_bdir-13604-Us3rJa/Storable-3.11-0/blib/arch:/tmp/loop_over_bdir-13604-Us3rJa/Storable-3.11-0/blib/lib:/tmp/loop_over_bdir-13604-Us3rJa/Params-Util-1.07-0/blib/arch:/tmp/loop_over_bdir-13604-Us3rJa/Params-Util-1.07-0/blib/lib:/tmp/loop_over_bdir-13604-Us3rJa/File-Remove-1.58-0/blib/arch:/tmp/loop_over_bdir-13604-Us3rJa/File-Remove-1.58-0/blib/lib:/tmp/loop_over_bdir-13604-Us3rJa/Clone-0.41-0/blib/arch:/tmp/loop_over_bdir-13604-Us3rJa/Clone-0.41-0/blib/lib:/tmp/loop_over_bdir-13604-Us3rJa/Class-Inspector-1.32-0/blib/arch:/tmp/loop_over_bdir-13604-Us3rJa/Class-Inspector-1.32-0/blib/lib:/tmp/loop_over_bdir-13604-Us3rJa/List-MoreUtils-0.428-0/blib/arch:/tmp/loop_over_bdir-13604-Us3rJa/List-MoreUtils-0.428-0/blib/lib:/tmp/loop_over_bdir-13604-Us3rJa/Test-LeakTrace-0.16-0/blib/arch:/tmp/loop_over_bdir-13604-Us3rJa/Test-LeakTrace-0.16-0/blib/lib:/tmp/loop_over_bdir-13604-Us3rJa/List-MoreUtils-XS-0.428-0/blib/arch:/tmp/loop_over_bdir-13604-Us3rJa/List-MoreUtils-XS-0.428-0/blib/lib:/tmp/loop_over_bdir-13604-Us3rJa/XSLoader-0.24-0/blib/arch:/tmp/loop_over_bdir-13604-Us3rJa/XSLoader-0.24-0/blib/lib:/tmp/loop_over_bdir-13604-Us3rJa/Exporter-Tiny-1.002001-0/blib/arch:/tmp/loop_over_bdir-13604-Us3rJa/Exporter-Tiny-1.002001-0/blib/lib:/tmp/loop_over_bdir-13604-Us3rJa/IO-String-1.08-0/blib/arch:/tmp/loop_over_bdir-13604-Us3rJa/IO-String-1.08-0/blib/lib:/tmp/loop_over_bdir-13604-Us3rJa/Exporter-5.73-0/blib/arch:/tmp/loop_over_bdir-13604-Us3rJa/Exporter-5.73-0/blib/lib:/tmp/loop_over_bdir-13604-Us3rJa/Exception-Class-1.44-0/blib/arch:/tmp/loop_over_bdir-13604-Us3rJa/Exception-Class-1.44-0/blib/lib:/tmp/loop_over_bdir-13604-Us3rJa/Devel-StackTrace-2.03-0/blib/arch:/tmp/loop_over_bdir-13604-Us3rJa/Devel-StackTrace-2.03-0/blib/lib:/tmp/loop_over_bdir-13604-Us3rJa/Class-Data-Inheritable-0.08-0/blib/arch:/tmp/loop_over_bdir-13604-Us3rJa/Class-Data-Inheritable-0.08-0/blib/lib:/tmp/loop_over_bdir-13604-Us3rJa/B-Keywords-1.19-0/blib/arch:/tmp/loop_over_bdir-13604-Us3rJa/B-Keywords-1.19-0/blib/lib:/tmp/loop_over_bdir-13604-Us3rJa/HTML-Tree-5.07-0/blib/arch:/tmp/loop_over_bdir-13604-Us3rJa/HTML-Tree-5.07-0/blib/lib:/tmp/loop_over_bdir-13604-Us3rJa/CGI-4.40-0/blib/arch:/tmp/loop_over_bdir-13604-Us3rJa/CGI-4.40-0/blib/lib:/tmp/loop_over_bdir-13604-Us3rJa/Test-NoWarnings-1.04-0/blib/arch:/tmp/loop_over_bdir-13604-Us3rJa/Test-NoWarnings-1.04-0/blib/lib:/tmp/loop_over_bdir-13604-Us3rJa/Test-LongString-0.17-0/blib/arch:/tmp/loop_over_bdir-13604-Us3rJa/Test-LongString-0.17-0/blib/lib:/tmp/loop_over_bdir-13604-Us3rJa/libwww-perl-6.36-0/blib/arch:/tmp/loop_over_bdir-13604-Us3rJa/libwww-perl-6.36-0/blib/lib:/tmp/loop_over_bdir-13604-Us3rJa/WWW-RobotRules-6.02-0/blib/arch:/tmp/loop_over_bdir-13604-Us3rJa/WWW-RobotRules-6.02-0/blib/lib:/tmp/loop_over_bdir-13604-Us3rJa/Test-RequiresInternet-0.05-0/blib/arch:/tmp/loop_over_bdir-13604-Us3rJa/Test-RequiresInternet-0.05-0/blib/lib:/tmp/loop_over_bdir-13604-Us3rJa/Net-HTTP-6.18-0/blib/arch:/tmp/loop_over_bdir-13604-Us3rJa/Net-HTTP-6.18-0/blib/lib:/tmp/loop_over_bdir-13604-Us3rJa/HTTP-Negotiate-6.01-0/blib/arch:/tmp/loop_over_bdir-13604-Us3rJa/HTTP-Negotiate-6.01-0/blib/lib:/tmp/loop_over_bdir-13604-Us3rJa/HTTP-Daemon-6.01-0/blib/arch:/tmp/loop_over_bdir-13604-Us3rJa/HTTP-Daemon-6.01-0/blib/lib:/tmp/loop_over_bdir-13604-Us3rJa/HTTP-Cookies-6.04-0/blib/arch:/tmp/loop_over_bdir-13604-Us3rJa/HTTP-Cookies-6.04-0/blib/lib:/tmp/loop_over_bdir-13604-Us3rJa/File-Listing-6.04-0/blib/arch:/tmp/loop_over_bdir-13604-Us3rJa/File-Listing-6.04-0/blib/lib:/tmp/loop_over_bdir-13604-Us3rJa/HTTP-Server-Simple-0.52-0/blib/arch:/tmp/loop_over_bdir-13604-Us3rJa/HTTP-Server-Simple-0.52-0/blib/lib:/tmp/loop_over_bdir-13604-Us3rJa/HTML-Form-6.03-0/blib/arch:/tmp/loop_over_bdir-13604-Us3rJa/HTML-Form-6.03-0/blib/lib:/tmp/loop_over_bdir-13604-Us3rJa/HTTP-Message-6.18-0/blib/arch:/tmp/loop_over_bdir-13604-Us3rJa/HTTP-Message-6.18-0/blib/lib:/tmp/loop_over_bdir-13604-Us3rJa/URI-1.74-0/blib/arch:/tmp/loop_over_bdir-13604-Us3rJa/URI-1.74-0/blib/lib:/tmp/loop_over_bdir-13604-Us3rJa/Test-Needs-0.002005-0/blib/arch:/tmp/loop_over_bdir-13604-Us3rJa/Test-Needs-0.002005-0/blib/lib:/tmp/loop_over_bdir-13604-Us3rJa/LWP-MediaTypes-6.02-0/blib/arch:/tmp/loop_over_bdir-13604-Us3rJa/LWP-MediaTypes-6.02-0/blib/lib:/tmp/loop_over_bdir-13604-Us3rJa/IO-HTML-1.001-0/blib/arch:/tmp/loop_over_bdir-13604-Us3rJa/IO-HTML-1.001-0/blib/lib:/tmp/loop_over_bdir-13604-Us3rJa/HTTP-Date-6.02-0/blib/arch:/tmp/loop_over_bdir-13604-Us3rJa/HTTP-Date-6.02-0/blib/lib:/tmp/loop_over_bdir-13604-Us3rJa/Encode-Locale-1.05-0/blib/arch:/tmp/loop_over_bdir-13604-Us3rJa/Encode-Locale-1.05-0/blib/lib:/tmp/loop_over_bdir-13604-Us3rJa/Encode-2.98-0/blib/arch:/tmp/loop_over_bdir-13604-Us3rJa/Encode-2.98-0/blib/lib:/tmp/loop_over_bdir-13604-Us3rJa/HTML-Parser-3.72-0/blib/arch:/tmp/loop_over_bdir-13604-Us3rJa/HTML-Parser-3.72-0/blib/lib:/tmp/loop_over_bdir-13604-Us3rJa/HTML-Tagset-3.20-0/blib/arch:/tmp/loop_over_bdir-13604-Us3rJa/HTML-Tagset-3.20-0/blib/lib:/tmp/loop_over_bdir-13604-Us3rJa/Carp-Assert-More-1.16-0/blib/arch:/tmp/loop_over_bdir-13604-Us3rJa/Carp-Assert-More-1.16-0/blib/lib:/tmp/loop_over_bdir-13604-Us3rJa/Test-Exception-0.43-0/blib/arch:/tmp/loop_over_bdir-13604-Us3rJa/Test-Exception-0.43-0/blib/lib:/tmp/loop_over_bdir-13604-Us3rJa/Carp-Assert-0.21-0/blib/arch:/tmp/loop_over_bdir-13604-Us3rJa/Carp-Assert-0.21-0/blib/lib
    PERL5OPT = 
    PERL5_CPANPLUS_IS_RUNNING = 13605
    PERL5_CPAN_IS_RUNNING = 13605
    PERL_CANARY_STABILITY_NOPROMPT = 1
    PERL_MM_USE_DEFAULT = 1
    PERL_USE_UNSAFE_INC = 1
    SHELL = /usr/bin/zsh
    TERM = screen

Perl special variables (and OS-specific diagnostics, for MSWin32):

    $^X = /home/sand/src/perl/repoperls/installed-perls/host/k93stretch/perl-5.8.8/21a6/bin/perl
    $UID/$EUID = 1005 / 1005
    $GID = 1005 1005
    $EGID = 1005 1005

Perl module toolchain versions installed:

    Module              Have    
    ------------------- --------
    CPAN                2.21    
    CPAN::Meta          2.150010
    Cwd                 3.75    
    ExtUtils::CBuilder  0.280230
    ExtUtils::Command   7.34    
    ExtUtils::Install   2.06    
    ExtUtils::MakeMaker 7.34    
    ExtUtils::Manifest  1.70    
    ExtUtils::ParseXS   3.35    
    File::Spec          3.75    
    JSON                n/a     
    JSON::PP            2.97001 
    Module::Build       0.4224  
    Module::Signature   0.83    
    Parse::CPAN::Meta   2.150010
    Test::Harness       3.42    
    Test::More          1.302140
    YAML                1.27    
    YAML::Syck          1.31    
    version             0.9924  


--

Summary of my perl5 (revision 5 version 8 subversion 8) configuration:
  Platform:
    osname=linux, osvers=4.9.0-8-amd64, archname=x86_64-linux
    uname='linux k93stretch 4.9.0-8-amd64 #1 smp debian 4.9.130-2 (2018-10-27) x86_64 gnulinux '
    config_args='-Dprefix=/home/sand/src/perl/repoperls/installed-perls/host/k93stretch/perl-5.8.8/21a6 -Dmyhostname=k93stretch -Dinstallusrbinperl=n -Uversiononly -Dusedevel -des -Ui_db -Dlibswanted=cl pthread socket inet nsl gdbm dbm malloc dl ld sun m crypt sec util c cposix posix ucb BSD gdbm_compat -Uuseithreads -Uuselongdouble -Doptimize=-g'
    hint=recommended, useposix=true, d_sigaction=define
    usethreads=undef use5005threads=undef useithreads=undef usemultiplicity=undef
    useperlio=define d_sfio=undef uselargefiles=define usesocks=undef
    use64bitint=define use64bitall=define uselongdouble=undef
    usemymalloc=n, bincompat5005=undef
  Compiler:
    cc='cc', ccflags ='-DDEBUGGING -fno-strict-aliasing -pipe -Wdeclaration-after-statement -I/usr/local/include -D_LARGEFILE_SOURCE -D_FILE_OFFSET_BITS=64',
    optimize='-g',
    cppflags='-DDEBUGGING -fno-strict-aliasing -pipe -Wdeclaration-after-statement -I/usr/local/include'
    ccversion='', gccversion='6.3.0 20170516', gccosandvers=''
    intsize=4, longsize=8, ptrsize=8, doublesize=8, byteorder=12345678
    d_longlong=define, longlongsize=8, d_longdbl=define, longdblsize=16
    ivtype='long', ivsize=8, nvtype='double', nvsize=8, Off_t='off_t', lseeksize=8
    alignbytes=8, prototype=define
  Linker and Libraries:
    ld='cc', ldflags =' -L/usr/local/lib'
    libpth=/usr/local/lib /lib/x86_64-linux-gnu /lib/../lib /usr/lib/x86_64-linux-gnu /usr/lib/../lib /lib /usr/lib
    libs=-lpthread -lnsl -ldl -lm -lcrypt -lutil -lc
    perllibs=-lpthread -lnsl -ldl -lm -lcrypt -lutil -lc
    libc=libc-2.24.so, so=so, useshrplib=false, libperl=libperl.a
    gnulibc_version='2.24'
  Dynamic Linking:
    dlsrc=dl_dlopen.xs, dlext=so, d_dlsymun=undef, ccdlflags='-Wl,-E'
    cccdlflags='-fpic', lddlflags='-shared -L/usr/local/lib'


Characteristics of this binary (from libperl): 
  Compile-time options: DEBUGGING PERL_MALLOC_WRAP USE_64_BIT_ALL
                        USE_64_BIT_INT USE_LARGE_FILES USE_PERLIO
  Built under linux
  Compiled at Nov 14 2018 03:14:46
  %ENV:
    PERL5LIB="/tmp/loop_over_bdir-13604-Us3rJa/WWW-Mechanize-1.90-0/blib/arch:/tmp/loop_over_bdir-13604-Us3rJa/WWW-Mechanize-1.90-0/blib/lib:/tmp/loop_over_bdir-13604-Us3rJa/Test-Output-1.031-0/blib/arch:/tmp/loop_over_bdir-13604-Us3rJa/Test-Output-1.031-0/blib/lib:/tmp/loop_over_bdir-13604-Us3rJa/Perl-Critic-1.132-0/blib/arch:/tmp/loop_over_bdir-13604-Us3rJa/Perl-Critic-1.132-0/blib/lib:/tmp/loop_over_bdir-13604-Us3rJa/Term-ANSIColor-4.06-0/blib/arch:/tmp/loop_over_bdir-13604-Us3rJa/Term-ANSIColor-4.06-0/blib/lib:/tmp/loop_over_bdir-13604-Us3rJa/String-Format-1.18-0/blib/arch:/tmp/loop_over_bdir-13604-Us3rJa/String-Format-1.18-0/blib/lib:/tmp/loop_over_bdir-13604-Us3rJa/Pod-Spell-1.20-0/blib/arch:/tmp/loop_over_bdir-13604-Us3rJa/Pod-Spell-1.20-0/blib/lib:/tmp/loop_over_bdir-13604-Us3rJa/Lingua-EN-Inflect-1.903-0/blib/arch:/tmp/loop_over_bdir-13604-Us3rJa/Lingua-EN-Inflect-1.903-0/blib/lib:/tmp/loop_over_bdir-13604-Us3rJa/File-ShareDir-1.116-0/blib/arch:/tmp/loop_over_bdir-13604-Us3rJa/File-ShareDir-1.116-0/blib/lib:/tmp/loop_over_bdir-13604-Us3rJa/Class-Tiny-1.006-0/blib/arch:/tmp/loop_over_bdir-13604-Us3rJa/Class-Tiny-1.006-0/blib/lib:/tmp/loop_over_bdir-13604-Us3rJa/MRO-Compat-0.13-0/blib/arch:/tmp/loop_over_bdir-13604-Us3rJa/MRO-Compat-0.13-0/blib/lib:/tmp/loop_over_bdir-13604-Us3rJa/Class-C3-0.34-0/blib/arch:/tmp/loop_over_bdir-13604-Us3rJa/Class-C3-0.34-0/blib/lib:/tmp/loop_over_bdir-13604-Us3rJa/Devel-Hide-0.0010-0/blib/arch:/tmp/loop_over_bdir-13604-Us3rJa/Devel-Hide-0.0010-0/blib/lib:/tmp/loop_over_bdir-13604-Us3rJa/Class-C3-XS-0.14-0/blib/arch:/tmp/loop_over_bdir-13604-Us3rJa/Class-C3-XS-0.14-0/blib/lib:/tmp/loop_over_bdir-13604-Us3rJa/Algorithm-C3-0.10-0/blib/arch:/tmp/loop_over_bdir-13604-Us3rJa/Algorithm-C3-0.10-0/blib/lib:/tmp/loop_over_bdir-13604-Us3rJa/Devel-GlobalDestruction-0.14-0/blib/arch:/tmp/loop_over_bdir-13604-Us3rJa/Devel-GlobalDestruction-0.14-0/blib/lib:/tmp/loop_over_bdir-13604-Us3rJa/Sub-Exporter-Progressive-0.001013-0/blib/arch:/tmp/loop_over_bdir-13604-Us3rJa/Sub-Exporter-Progressive-0.001013-0/blib/lib:/tmp/loop_over_bdir-13604-Us3rJa/Devel-GlobalDestruction-XS-0.03-0/blib/arch:/tmp/loop_over_bdir-13604-Us3rJa/Devel-GlobalDestruction-XS-0.03-0/blib/lib:/tmp/loop_over_bdir-13604-Us3rJa/File-ShareDir-Install-0.13-0/blib/arch:/tmp/loop_over_bdir-13604-Us3rJa/File-ShareDir-Install-0.13-0/blib/lib:/tmp/loop_over_bdir-13604-Us3rJa/Perl-Tidy-20181120-0/blib/arch:/tmp/loop_over_bdir-13604-Us3rJa/Perl-Tidy-20181120-0/blib/lib:/tmp/loop_over_bdir-13604-Us3rJa/PPIx-Utilities-1.001000-0/blib/arch:/tmp/loop_over_bdir-13604-Us3rJa/PPIx-Utilities-1.001000-0/blib/lib:/tmp/loop_over_bdir-13604-Us3rJa/Readonly-2.05-0/blib/arch:/tmp/loop_over_bdir-13604-Us3rJa/Readonly-2.05-0/blib/lib:/tmp/loop_over_bdir-13604-Us3rJa/Module-Build-Tiny-0.039-0/blib/arch:/tmp/loop_over_bdir-13604-Us3rJa/Module-Build-Tiny-0.039-0/blib/lib:/tmp/loop_over_bdir-13604-Us3rJa/Getopt-Long-2.50-0/blib/arch:/tmp/loop_over_bdir-13604-Us3rJa/Getopt-Long-2.50-0/blib/lib:/tmp/loop_over_bdir-13604-Us3rJa/ExtUtils-InstallPaths-0.012-0/blib/arch:/tmp/loop_over_bdir-13604-Us3rJa/ExtUtils-InstallPaths-0.012-0/blib/lib:/tmp/loop_over_bdir-13604-Us3rJa/ExtUtils-Helpers-0.026-0/blib/arch:/tmp/loop_over_bdir-13604-Us3rJa/ExtUtils-Helpers-0.026-0/blib/lib:/tmp/loop_over_bdir-13604-Us3rJa/ExtUtils-Config-0.008-0/blib/arch:/tmp/loop_over_bdir-13604-Us3rJa/ExtUtils-Config-0.008-0/blib/lib:/tmp/loop_over_bdir-13604-Us3rJa/PPIx-Regexp-0.063-0/blib/arch:/tmp/loop_over_bdir-13604-Us3rJa/PPIx-Regexp-0.063-0/blib/lib:/tmp/loop_over_bdir-13604-Us3rJa/PPIx-QuoteLike-0.006-0/blib/arch:/tmp/loop_over_bdir-13604-Us3rJa/PPIx-QuoteLike-0.006-0/blib/lib:/tmp/loop_over_bdir-13604-Us3rJa/PPI-1.236-0/blib/arch:/tmp/loop_over_bdir-13604-Us3rJa/PPI-1.236-0/blib/lib:/tmp/loop_over_bdir-13604-Us3rJa/Test-SubCalls-1.10-0/blib/arch:/tmp/loop_over_bdir-13604-Us3rJa/Test-SubCalls-1.10-0/blib/lib:/tmp/loop_over_bdir-13604-Us3rJa/Hook-LexWrap-0.26-0/blib/arch:/tmp/loop_over_bdir-13604-Us3rJa/Hook-LexWrap-0.26-0/blib/lib:/tmp/loop_over_bdir-13604-Us3rJa/Test-Object-0.08-0/blib/arch:/tmp/loop_over_bdir-13604-Us3rJa/Test-Object-0.08-0/blib/lib:/tmp/loop_over_bdir-13604-Us3rJa/Storable-3.11-0/blib/arch:/tmp/loop_over_bdir-13604-Us3rJa/Storable-3.11-0/blib/lib:/tmp/loop_over_bdir-13604-Us3rJa/Params-Util-1.07-0/blib/arch:/tmp/loop_over_bdir-13604-Us3rJa/Params-Util-1.07-0/blib/lib:/tmp/loop_over_bdir-13604-Us3rJa/File-Remove-1.58-0/blib/arch:/tmp/loop_over_bdir-13604-Us3rJa/File-Remove-1.58-0/blib/lib:/tmp/loop_over_bdir-13604-Us3rJa/Clone-0.41-0/blib/arch:/tmp/loop_over_bdir-13604-Us3rJa/Clone-0.41-0/blib/lib:/tmp/loop_over_bdir-13604-Us3rJa/Class-Inspector-1.32-0/blib/arch:/tmp/loop_over_bdir-13604-Us3rJa/Class-Inspector-1.32-0/blib/lib:/tmp/loop_over_bdir-13604-Us3rJa/List-MoreUtils-0.428-0/blib/arch:/tmp/loop_over_bdir-13604-Us3rJa/List-MoreUtils-0.428-0/blib/lib:/tmp/loop_over_bdir-13604-Us3rJa/Test-LeakTrace-0.16-0/blib/arch:/tmp/loop_over_bdir-13604-Us3rJa/Test-LeakTrace-0.16-0/blib/lib:/tmp/loop_over_bdir-13604-Us3rJa/List-MoreUtils-XS-0.428-0/blib/arch:/tmp/loop_over_bdir-13604-Us3rJa/List-MoreUtils-XS-0.428-0/blib/lib:/tmp/loop_over_bdir-13604-Us3rJa/XSLoader-0.24-0/blib/arch:/tmp/loop_over_bdir-13604-Us3rJa/XSLoader-0.24-0/blib/lib:/tmp/loop_over_bdir-13604-Us3rJa/Exporter-Tiny-1.002001-0/blib/arch:/tmp/loop_over_bdir-13604-Us3rJa/Exporter-Tiny-1.002001-0/blib/lib:/tmp/loop_over_bdir-13604-Us3rJa/IO-String-1.08-0/blib/arch:/tmp/loop_over_bdir-13604-Us3rJa/IO-String-1.08-0/blib/lib:/tmp/loop_over_bdir-13604-Us3rJa/Exporter-5.73-0/blib/arch:/tmp/loop_over_bdir-13604-Us3rJa/Exporter-5.73-0/blib/lib:/tmp/loop_over_bdir-13604-Us3rJa/Exception-Class-1.44-0/blib/arch:/tmp/loop_over_bdir-13604-Us3rJa/Exception-Class-1.44-0/blib/lib:/tmp/loop_over_bdir-13604-Us3rJa/Devel-StackTrace-2.03-0/blib/arch:/tmp/loop_over_bdir-13604-Us3rJa/Devel-StackTrace-2.03-0/blib/lib:/tmp/loop_over_bdir-13604-Us3rJa/Class-Data-Inheritable-0.08-0/blib/arch:/tmp/loop_over_bdir-13604-Us3rJa/Class-Data-Inheritable-0.08-0/blib/lib:/tmp/loop_over_bdir-13604-Us3rJa/B-Keywords-1.19-0/blib/arch:/tmp/loop_over_bdir-13604-Us3rJa/B-Keywords-1.19-0/blib/lib:/tmp/loop_over_bdir-13604-Us3rJa/HTML-Tree-5.07-0/blib/arch:/tmp/loop_over_bdir-13604-Us3rJa/HTML-Tree-5.07-0/blib/lib:/tmp/loop_over_bdir-13604-Us3rJa/CGI-4.40-0/blib/arch:/tmp/loop_over_bdir-13604-Us3rJa/CGI-4.40-0/blib/lib:/tmp/loop_over_bdir-13604-Us3rJa/Test-NoWarnings-1.04-0/blib/arch:/tmp/loop_over_bdir-13604-Us3rJa/Test-NoWarnings-1.04-0/blib/lib:/tmp/loop_over_bdir-13604-Us3rJa/Test-LongString-0.17-0/blib/arch:/tmp/loop_over_bdir-13604-Us3rJa/Test-LongString-0.17-0/blib/lib:/tmp/loop_over_bdir-13604-Us3rJa/libwww-perl-6.36-0/blib/arch:/tmp/loop_over_bdir-13604-Us3rJa/libwww-perl-6.36-0/blib/lib:/tmp/loop_over_bdir-13604-Us3rJa/WWW-RobotRules-6.02-0/blib/arch:/tmp/loop_over_bdir-13604-Us3rJa/WWW-RobotRules-6.02-0/blib/lib:/tmp/loop_over_bdir-13604-Us3rJa/Test-RequiresInternet-0.05-0/blib/arch:/tmp/loop_over_bdir-13604-Us3rJa/Test-RequiresInternet-0.05-0/blib/lib:/tmp/loop_over_bdir-13604-Us3rJa/Net-HTTP-6.18-0/blib/arch:/tmp/loop_over_bdir-13604-Us3rJa/Net-HTTP-6.18-0/blib/lib:/tmp/loop_over_bdir-13604-Us3rJa/HTTP-Negotiate-6.01-0/blib/arch:/tmp/loop_over_bdir-13604-Us3rJa/HTTP-Negotiate-6.01-0/blib/lib:/tmp/loop_over_bdir-13604-Us3rJa/HTTP-Daemon-6.01-0/blib/arch:/tmp/loop_over_bdir-13604-Us3rJa/HTTP-Daemon-6.01-0/blib/lib:/tmp/loop_over_bdir-13604-Us3rJa/HTTP-Cookies-6.04-0/blib/arch:/tmp/loop_over_bdir-13604-Us3rJa/HTTP-Cookies-6.04-0/blib/lib:/tmp/loop_over_bdir-13604-Us3rJa/File-Listing-6.04-0/blib/arch:/tmp/loop_over_bdir-13604-Us3rJa/File-Listing-6.04-0/blib/lib:/tmp/loop_over_bdir-13604-Us3rJa/HTTP-Server-Simple-0.52-0/blib/arch:/tmp/loop_over_bdir-13604-Us3rJa/HTTP-Server-Simple-0.52-0/blib/lib:/tmp/loop_over_bdir-13604-Us3rJa/HTML-Form-6.03-0/blib/arch:/tmp/loop_over_bdir-13604-Us3rJa/HTML-Form-6.03-0/blib/lib:/tmp/loop_over_bdir-13604-Us3rJa/HTTP-Message-6.18-0/blib/arch:/tmp/loop_over_bdir-13604-Us3rJa/HTTP-Message-6.18-0/blib/lib:/tmp/loop_over_bdir-13604-Us3rJa/URI-1.74-0/blib/arch:/tmp/loop_over_bdir-13604-Us3rJa/URI-1.74-0/blib/lib:/tmp/loop_over_bdir-13604-Us3rJa/Test-Needs-0.002005-0/blib/arch:/tmp/loop_over_bdir-13604-Us3rJa/Test-Needs-0.002005-0/blib/lib:/tmp/loop_over_bdir-13604-Us3rJa/LWP-MediaTypes-6.02-0/blib/arch:/tmp/loop_over_bdir-13604-Us3rJa/LWP-MediaTypes-6.02-0/blib/lib:/tmp/loop_over_bdir-13604-Us3rJa/IO-HTML-1.001-0/blib/arch:/tmp/loop_over_bdir-13604-Us3rJa/IO-HTML-1.001-0/blib/lib:/tmp/loop_over_bdir-13604-Us3rJa/HTTP-Date-6.02-0/blib/arch:/tmp/loop_over_bdir-13604-Us3rJa/HTTP-Date-6.02-0/blib/lib:/tmp/loop_over_bdir-13604-Us3rJa/Encode-Locale-1.05-0/blib/arch:/tmp/loop_over_bdir-13604-Us3rJa/Encode-Locale-1.05-0/blib/lib:/tmp/loop_over_bdir-13604-Us3rJa/Encode-2.98-0/blib/arch:/tmp/loop_over_bdir-13604-Us3rJa/Encode-2.98-0/blib/lib:/tmp/loop_over_bdir-13604-Us3rJa/HTML-Parser-3.72-0/blib/arch:/tmp/loop_over_bdir-13604-Us3rJa/HTML-Parser-3.72-0/blib/lib:/tmp/loop_over_bdir-13604-Us3rJa/HTML-Tagset-3.20-0/blib/arch:/tmp/loop_over_bdir-13604-Us3rJa/HTML-Tagset-3.20-0/blib/lib:/tmp/loop_over_bdir-13604-Us3rJa/Carp-Assert-More-1.16-0/blib/arch:/tmp/loop_over_bdir-13604-Us3rJa/Carp-Assert-More-1.16-0/blib/lib:/tmp/loop_over_bdir-13604-Us3rJa/Test-Exception-0.43-0/blib/arch:/tmp/loop_over_bdir-13604-Us3rJa/Test-Exception-0.43-0/blib/lib:/tmp/loop_over_bdir-13604-Us3rJa/Carp-Assert-0.21-0/blib/arch:/tmp/loop_over_bdir-13604-Us3rJa/Carp-Assert-0.21-0/blib/lib"
    PERL5OPT=""
    PERL5_CPANPLUS_IS_RUNNING="13605"
    PERL5_CPAN_IS_RUNNING="13605"
    PERL_CANARY_STABILITY_NOPROMPT="1"
    PERL_MM_USE_DEFAULT="1"
    PERL_USE_UNSAFE_INC="1"
  @INC:
    /tmp/loop_over_bdir-13604-Us3rJa/WWW-Mechanize-1.90-0/blib/arch
    /tmp/loop_over_bdir-13604-Us3rJa/WWW-Mechanize-1.90-0/blib/lib
    /tmp/loop_over_bdir-13604-Us3rJa/Test-Output-1.031-0/blib/arch
    /tmp/loop_over_bdir-13604-Us3rJa/Test-Output-1.031-0/blib/lib
    /tmp/loop_over_bdir-13604-Us3rJa/Perl-Critic-1.132-0/blib/arch
    /tmp/loop_over_bdir-13604-Us3rJa/Perl-Critic-1.132-0/blib/lib
    /tmp/loop_over_bdir-13604-Us3rJa/Term-ANSIColor-4.06-0/blib/arch
    /tmp/loop_over_bdir-13604-Us3rJa/Term-ANSIColor-4.06-0/blib/lib
    /tmp/loop_over_bdir-13604-Us3rJa/String-Format-1.18-0/blib/arch
    /tmp/loop_over_bdir-13604-Us3rJa/String-Format-1.18-0/blib/lib
    /tmp/loop_over_bdir-13604-Us3rJa/Pod-Spell-1.20-0/blib/arch
    /tmp/loop_over_bdir-13604-Us3rJa/Pod-Spell-1.20-0/blib/lib
    /tmp/loop_over_bdir-13604-Us3rJa/Lingua-EN-Inflect-1.903-0/blib/arch
    /tmp/loop_over_bdir-13604-Us3rJa/Lingua-EN-Inflect-1.903-0/blib/lib
    /tmp/loop_over_bdir-13604-Us3rJa/File-ShareDir-1.116-0/blib/arch
    /tmp/loop_over_bdir-13604-Us3rJa/File-ShareDir-1.116-0/blib/lib
    /tmp/loop_over_bdir-13604-Us3rJa/Class-Tiny-1.006-0/blib/arch
    /tmp/loop_over_bdir-13604-Us3rJa/Class-Tiny-1.006-0/blib/lib
    /tmp/loop_over_bdir-13604-Us3rJa/MRO-Compat-0.13-0/blib/arch
    /tmp/loop_over_bdir-13604-Us3rJa/MRO-Compat-0.13-0/blib/lib
    /tmp/loop_over_bdir-13604-Us3rJa/Class-C3-0.34-0/blib/arch
    /tmp/loop_over_bdir-13604-Us3rJa/Class-C3-0.34-0/blib/lib
    /tmp/loop_over_bdir-13604-Us3rJa/Devel-Hide-0.0010-0/blib/arch
    /tmp/loop_over_bdir-13604-Us3rJa/Devel-Hide-0.0010-0/blib/lib
    /tmp/loop_over_bdir-13604-Us3rJa/Class-C3-XS-0.14-0/blib/arch
    /tmp/loop_over_bdir-13604-Us3rJa/Class-C3-XS-0.14-0/blib/lib
    /tmp/loop_over_bdir-13604-Us3rJa/Algorithm-C3-0.10-0/blib/arch
    /tmp/loop_over_bdir-13604-Us3rJa/Algorithm-C3-0.10-0/blib/lib
    /tmp/loop_over_bdir-13604-Us3rJa/Devel-GlobalDestruction-0.14-0/blib/arch
    /tmp/loop_over_bdir-13604-Us3rJa/Devel-GlobalDestruction-0.14-0/blib/lib
    /tmp/loop_over_bdir-13604-Us3rJa/Sub-Exporter-Progressive-0.001013-0/blib/arch
    /tmp/loop_over_bdir-13604-Us3rJa/Sub-Exporter-Progressive-0.001013-0/blib/lib
    /tmp/loop_over_bdir-13604-Us3rJa/Devel-GlobalDestruction-XS-0.03-0/blib/arch
    /tmp/loop_over_bdir-13604-Us3rJa/Devel-GlobalDestruction-XS-0.03-0/blib/lib
    /tmp/loop_over_bdir-13604-Us3rJa/File-ShareDir-Install-0.13-0/blib/arch
    /tmp/loop_over_bdir-13604-Us3rJa/File-ShareDir-Install-0.13-0/blib/lib
    /tmp/loop_over_bdir-13604-Us3rJa/Perl-Tidy-20181120-0/blib/arch
    /tmp/loop_over_bdir-13604-Us3rJa/Perl-Tidy-20181120-0/blib/lib
    /tmp/loop_over_bdir-13604-Us3rJa/PPIx-Utilities-1.001000-0/blib/arch
    /tmp/loop_over_bdir-13604-Us3rJa/PPIx-Utilities-1.001000-0/blib/lib
    /tmp/loop_over_bdir-13604-Us3rJa/Readonly-2.05-0/blib/arch
    /tmp/loop_over_bdir-13604-Us3rJa/Readonly-2.05-0/blib/lib
    /tmp/loop_over_bdir-13604-Us3rJa/Module-Build-Tiny-0.039-0/blib/arch
    /tmp/loop_over_bdir-13604-Us3rJa/Module-Build-Tiny-0.039-0/blib/lib
    /tmp/loop_over_bdir-13604-Us3rJa/Getopt-Long-2.50-0/blib/arch
    /tmp/loop_over_bdir-13604-Us3rJa/Getopt-Long-2.50-0/blib/lib
    /tmp/loop_over_bdir-13604-Us3rJa/ExtUtils-InstallPaths-0.012-0/blib/arch
    /tmp/loop_over_bdir-13604-Us3rJa/ExtUtils-InstallPaths-0.012-0/blib/lib
    /tmp/loop_over_bdir-13604-Us3rJa/ExtUtils-Helpers-0.026-0/blib/arch
    /tmp/loop_over_bdir-13604-Us3rJa/ExtUtils-Helpers-0.026-0/blib/lib
    /tmp/loop_over_bdir-13604-Us3rJa/ExtUtils-Config-0.008-0/blib/arch
    /tmp/loop_over_bdir-13604-Us3rJa/ExtUtils-Config-0.008-0/blib/lib
    /tmp/loop_over_bdir-13604-Us3rJa/PPIx-Regexp-0.063-0/blib/arch
    /tmp/loop_over_bdir-13604-Us3rJa/PPIx-Regexp-0.063-0/blib/lib
    /tmp/loop_over_bdir-13604-Us3rJa/PPIx-QuoteLike-0.006-0/blib/arch
    /tmp/loop_over_bdir-13604-Us3rJa/PPIx-QuoteLike-0.006-0/blib/lib
    /tmp/loop_over_bdir-13604-Us3rJa/PPI-1.236-0/blib/arch
    /tmp/loop_over_bdir-13604-Us3rJa/PPI-1.236-0/blib/lib
    /tmp/loop_over_bdir-13604-Us3rJa/Test-SubCalls-1.10-0/blib/arch
    /tmp/loop_over_bdir-13604-Us3rJa/Test-SubCalls-1.10-0/blib/lib
    /tmp/loop_over_bdir-13604-Us3rJa/Hook-LexWrap-0.26-0/blib/arch
    /tmp/loop_over_bdir-13604-Us3rJa/Hook-LexWrap-0.26-0/blib/lib
    /tmp/loop_over_bdir-13604-Us3rJa/Test-Object-0.08-0/blib/arch
    /tmp/loop_over_bdir-13604-Us3rJa/Test-Object-0.08-0/blib/lib
    /tmp/loop_over_bdir-13604-Us3rJa/Storable-3.11-0/blib/arch
    /tmp/loop_over_bdir-13604-Us3rJa/Storable-3.11-0/blib/lib
    /tmp/loop_over_bdir-13604-Us3rJa/Params-Util-1.07-0/blib/arch
    /tmp/loop_over_bdir-13604-Us3rJa/Params-Util-1.07-0/blib/lib
    /tmp/loop_over_bdir-13604-Us3rJa/File-Remove-1.58-0/blib/arch
    /tmp/loop_over_bdir-13604-Us3rJa/File-Remove-1.58-0/blib/lib
    /tmp/loop_over_bdir-13604-Us3rJa/Clone-0.41-0/blib/arch
    /tmp/loop_over_bdir-13604-Us3rJa/Clone-0.41-0/blib/lib
    /tmp/loop_over_bdir-13604-Us3rJa/Class-Inspector-1.32-0/blib/arch
    /tmp/loop_over_bdir-13604-Us3rJa/Class-Inspector-1.32-0/blib/lib
    /tmp/loop_over_bdir-13604-Us3rJa/List-MoreUtils-0.428-0/blib/arch
    /tmp/loop_over_bdir-13604-Us3rJa/List-MoreUtils-0.428-0/blib/lib
    /tmp/loop_over_bdir-13604-Us3rJa/Test-LeakTrace-0.16-0/blib/arch
    /tmp/loop_over_bdir-13604-Us3rJa/Test-LeakTrace-0.16-0/blib/lib
    /tmp/loop_over_bdir-13604-Us3rJa/List-MoreUtils-XS-0.428-0/blib/arch
    /tmp/loop_over_bdir-13604-Us3rJa/List-MoreUtils-XS-0.428-0/blib/lib
    /tmp/loop_over_bdir-13604-Us3rJa/XSLoader-0.24-0/blib/arch
    /tmp/loop_over_bdir-13604-Us3rJa/XSLoader-0.24-0/blib/lib
    /tmp/loop_over_bdir-13604-Us3rJa/Exporter-Tiny-1.002001-0/blib/arch
    /tmp/loop_over_bdir-13604-Us3rJa/Exporter-Tiny-1.002001-0/blib/lib
    /tmp/loop_over_bdir-13604-Us3rJa/IO-String-1.08-0/blib/arch
    /tmp/loop_over_bdir-13604-Us3rJa/IO-String-1.08-0/blib/lib
    /tmp/loop_over_bdir-13604-Us3rJa/Exporter-5.73-0/blib/arch
    /tmp/loop_over_bdir-13604-Us3rJa/Exporter-5.73-0/blib/lib
    /tmp/loop_over_bdir-13604-Us3rJa/Exception-Class-1.44-0/blib/arch
    /tmp/loop_over_bdir-13604-Us3rJa/Exception-Class-1.44-0/blib/lib
    /tmp/loop_over_bdir-13604-Us3rJa/Devel-StackTrace-2.03-0/blib/arch
    /tmp/loop_over_bdir-13604-Us3rJa/Devel-StackTrace-2.03-0/blib/lib
    /tmp/loop_over_bdir-13604-Us3rJa/Class-Data-Inheritable-0.08-0/blib/arch
    /tmp/loop_over_bdir-13604-Us3rJa/Class-Data-Inheritable-0.08-0/blib/lib
    /tmp/loop_over_bdir-13604-Us3rJa/B-Keywords-1.19-0/blib/arch
    /tmp/loop_over_bdir-13604-Us3rJa/B-Keywords-1.19-0/blib/lib
    /tmp/loop_over_bdir-13604-Us3rJa/HTML-Tree-5.07-0/blib/arch
    /tmp/loop_over_bdir-13604-Us3rJa/HTML-Tree-5.07-0/blib/lib
    /tmp/loop_over_bdir-13604-Us3rJa/CGI-4.40-0/blib/arch
    /tmp/loop_over_bdir-13604-Us3rJa/CGI-4.40-0/blib/lib
    /tmp/loop_over_bdir-13604-Us3rJa/Test-NoWarnings-1.04-0/blib/arch
    /tmp/loop_over_bdir-13604-Us3rJa/Test-NoWarnings-1.04-0/blib/lib
    /tmp/loop_over_bdir-13604-Us3rJa/Test-LongString-0.17-0/blib/arch
    /tmp/loop_over_bdir-13604-Us3rJa/Test-LongString-0.17-0/blib/lib
    /tmp/loop_over_bdir-13604-Us3rJa/libwww-perl-6.36-0/blib/arch
    /tmp/loop_over_bdir-13604-Us3rJa/libwww-perl-6.36-0/blib/lib
    /tmp/loop_over_bdir-13604-Us3rJa/WWW-RobotRules-6.02-0/blib/arch
    /tmp/loop_over_bdir-13604-Us3rJa/WWW-RobotRules-6.02-0/blib/lib
    /tmp/loop_over_bdir-13604-Us3rJa/Test-RequiresInternet-0.05-0/blib/arch
    /tmp/loop_over_bdir-13604-Us3rJa/Test-RequiresInternet-0.05-0/blib/lib
    /tmp/loop_over_bdir-13604-Us3rJa/Net-HTTP-6.18-0/blib/arch
    /tmp/loop_over_bdir-13604-Us3rJa/Net-HTTP-6.18-0/blib/lib
    /tmp/loop_over_bdir-13604-Us3rJa/HTTP-Negotiate-6.01-0/blib/arch
    /tmp/loop_over_bdir-13604-Us3rJa/HTTP-Negotiate-6.01-0/blib/lib
    /tmp/loop_over_bdir-13604-Us3rJa/HTTP-Daemon-6.01-0/blib/arch
    /tmp/loop_over_bdir-13604-Us3rJa/HTTP-Daemon-6.01-0/blib/lib
    /tmp/loop_over_bdir-13604-Us3rJa/HTTP-Cookies-6.04-0/blib/arch
    /tmp/loop_over_bdir-13604-Us3rJa/HTTP-Cookies-6.04-0/blib/lib
    /tmp/loop_over_bdir-13604-Us3rJa/File-Listing-6.04-0/blib/arch
    /tmp/loop_over_bdir-13604-Us3rJa/File-Listing-6.04-0/blib/lib
    /tmp/loop_over_bdir-13604-Us3rJa/HTTP-Server-Simple-0.52-0/blib/arch
    /tmp/loop_over_bdir-13604-Us3rJa/HTTP-Server-Simple-0.52-0/blib/lib
    /tmp/loop_over_bdir-13604-Us3rJa/HTML-Form-6.03-0/blib/arch
    /tmp/loop_over_bdir-13604-Us3rJa/HTML-Form-6.03-0/blib/lib
    /tmp/loop_over_bdir-13604-Us3rJa/HTTP-Message-6.18-0/blib/arch
    /tmp/loop_over_bdir-13604-Us3rJa/HTTP-Message-6.18-0/blib/lib
    /tmp/loop_over_bdir-13604-Us3rJa/URI-1.74-0/blib/arch
    /tmp/loop_over_bdir-13604-Us3rJa/URI-1.74-0/blib/lib
    /tmp/loop_over_bdir-13604-Us3rJa/Test-Needs-0.002005-0/blib/arch
    /tmp/loop_over_bdir-13604-Us3rJa/Test-Needs-0.002005-0/blib/lib
    /tmp/loop_over_bdir-13604-Us3rJa/LWP-MediaTypes-6.02-0/blib/arch
    /tmp/loop_over_bdir-13604-Us3rJa/LWP-MediaTypes-6.02-0/blib/lib
    /tmp/loop_over_bdir-13604-Us3rJa/IO-HTML-1.001-0/blib/arch
    /tmp/loop_over_bdir-13604-Us3rJa/IO-HTML-1.001-0/blib/lib
    /tmp/loop_over_bdir-13604-Us3rJa/HTTP-Date-6.02-0/blib/arch
    /tmp/loop_over_bdir-13604-Us3rJa/HTTP-Date-6.02-0/blib/lib
    /tmp/loop_over_bdir-13604-Us3rJa/Encode-Locale-1.05-0/blib/arch
    /tmp/loop_over_bdir-13604-Us3rJa/Encode-Locale-1.05-0/blib/lib
    /tmp/loop_over_bdir-13604-Us3rJa/Encode-2.98-0/blib/arch
    /tmp/loop_over_bdir-13604-Us3rJa/Encode-2.98-0/blib/lib
    /tmp/loop_over_bdir-13604-Us3rJa/HTML-Parser-3.72-0/blib/arch
    /tmp/loop_over_bdir-13604-Us3rJa/HTML-Parser-3.72-0/blib/lib
    /tmp/loop_over_bdir-13604-Us3rJa/HTML-Tagset-3.20-0/blib/arch
    /tmp/loop_over_bdir-13604-Us3rJa/HTML-Tagset-3.20-0/blib/lib
    /tmp/loop_over_bdir-13604-Us3rJa/Carp-Assert-More-1.16-0/blib/arch
    /tmp/loop_over_bdir-13604-Us3rJa/Carp-Assert-More-1.16-0/blib/lib
    /tmp/loop_over_bdir-13604-Us3rJa/Test-Exception-0.43-0/blib/arch
    /tmp/loop_over_bdir-13604-Us3rJa/Test-Exception-0.43-0/blib/lib
    /tmp/loop_over_bdir-13604-Us3rJa/Carp-Assert-0.21-0/blib/arch
    /tmp/loop_over_bdir-13604-Us3rJa/Carp-Assert-0.21-0/blib/lib
    /home/sand/src/perl/repoperls/installed-perls/host/k93stretch/perl-5.8.8/21a6/lib/5.8.8/x86_64-linux
    /home/sand/src/perl/repoperls/installed-perls/host/k93stretch/perl-5.8.8/21a6/lib/5.8.8
    /home/sand/src/perl/repoperls/installed-perls/host/k93stretch/perl-5.8.8/21a6/lib/site_perl/5.8.8/x86_64-linux
    /home/sand/src/perl/repoperls/installed-perls/host/k93stretch/perl-5.8.8/21a6/lib/site_perl/5.8.8
    /home/sand/src/perl/repoperls/installed-perls/host/k93stretch/perl-5.8.8/21a6/lib/site_perl
    .