Back
From: metabase:user:320bfe00-2aae-11df-837a-5e0a49663a4f
Subject: FAIL Catalyst-Model-SOAP-1.5 v5.25.5 GNU/Linux
Date: 2016-08-31T11:21:50Z
This distribution has been tested as part of the CPAN Testers
project, supporting the Perl programming language. See
http://wiki.cpantesters.org/ for more information or email
questions to cpan-testers-discuss@perl.org
--
Dear Daniel Ruoso,
This is a computer-generated report for Catalyst-Model-SOAP-1.5
on perl 5.25.5, created by CPAN-Reporter-1.2018.
Thank you for uploading your work to CPAN. However, there was a problem
testing your distribution.
If you think this report is invalid, please consult the CPAN Testers Wiki
for suggestions on how to avoid getting FAIL reports for missing library
or binary dependencies, unsupported operating systems, and so on:
http://wiki.cpantesters.org/wiki/CPANAuthorNotes
Sections of this report:
* Tester comments
* Program output
* Prerequisites
* Environment and other context
------------------------------
TESTER COMMENTS
------------------------------
Additional comments from tester:
this report is from an automated smoke testing program
and was not reviewed by a human for accuracy
------------------------------
PROGRAM OUTPUT
------------------------------
Output from '/usr/bin/make test':
PERL_DL_NONLAZY=1 "/tmp/basesmoker-reloperl-WC6j/bin/perl" "-MExtUtils::Command::MM" "-MTest::Harness" "-e" "undef *Test::Harness::Switches; test_harness(0, 'blib/lib', 'blib/arch')" t/*.t
# Failed test 'use Catalyst::Model::SOAP;'
# at t/01_basics.t line 6.
# Tried to use 'Catalyst::Model::SOAP'.
# Error: Can't locate XML/Compile/WSDL11.pm in @INC (you may need to install the XML::Compile::WSDL11 module) (@INC contains: /tmp/loop_over_bdir-12070-OZ5nui/Catalyst-Model-SOAP-1.5-0/blib/lib /tmp/loop_over_bdir-12070-OZ5nui/Catalyst-Model-SOAP-1.5-0/blib/arch /home/sand/src/perl/repoperls/installed-perls/host/k93x64sid/v5.25.4-27-gf16e7fa/a3f9/lib/site_perl/5.25.5/x86_64-linux-thread-multi-ld /home/sand/src/perl/repoperls/installed-perls/host/k93x64sid/v5.25.4-27-gf16e7fa/a3f9/lib/site_perl/5.25.5 /home/sand/src/perl/repoperls/installed-perls/host/k93x64sid/v5.25.4-27-gf16e7fa/a3f9/lib/5.25.5/x86_64-linux-thread-multi-ld /home/sand/src/perl/repoperls/installed-perls/host/k93x64sid/v5.25.4-27-gf16e7fa/a3f9/lib/5.25.5 .) at /tmp/loop_over_bdir-12070-OZ5nui/Catalyst-Model-SOAP-1.5-0/blib/lib/Catalyst/Model/SOAP.pm line 4.
# BEGIN failed--compilation aborted at /tmp/loop_over_bdir-12070-OZ5nui/Catalyst-Model-SOAP-1.5-0/blib/lib/Catalyst/Model/SOAP.pm line 4.
# Compilation failed in require at t/01_basics.t line 6.
# BEGIN failed--compilation aborted at t/01_basics.t line 6.
Attempt to reload Catalyst/Model/SOAP.pm aborted.
Compilation failed in require at /home/sand/src/perl/repoperls/installed-perls/host/k93x64sid/v5.25.4-27-gf16e7fa/a3f9/lib/5.25.5/base.pm line 103.
...propagated at /home/sand/src/perl/repoperls/installed-perls/host/k93x64sid/v5.25.4-27-gf16e7fa/a3f9/lib/5.25.5/base.pm line 113.
BEGIN failed--compilation aborted at t/01_basics.t line 12.
# Looks like your test exited with 2 just after 1.
t/01_basics.t ................
Dubious, test returned 2 (wstat 512, 0x200)
Failed 5/5 subtests
# Failed test 'use Catalyst::Model::SOAP;'
# at t/02_docliteral.t line 5.
# Tried to use 'Catalyst::Model::SOAP'.
# Error: Can't locate XML/Compile/WSDL11.pm in @INC (you may need to install the XML::Compile::WSDL11 module) (@INC contains: /tmp/loop_over_bdir-12070-OZ5nui/Catalyst-Model-SOAP-1.5-0/blib/lib /tmp/loop_over_bdir-12070-OZ5nui/Catalyst-Model-SOAP-1.5-0/blib/arch /home/sand/src/perl/repoperls/installed-perls/host/k93x64sid/v5.25.4-27-gf16e7fa/a3f9/lib/site_perl/5.25.5/x86_64-linux-thread-multi-ld /home/sand/src/perl/repoperls/installed-perls/host/k93x64sid/v5.25.4-27-gf16e7fa/a3f9/lib/site_perl/5.25.5 /home/sand/src/perl/repoperls/installed-perls/host/k93x64sid/v5.25.4-27-gf16e7fa/a3f9/lib/5.25.5/x86_64-linux-thread-multi-ld /home/sand/src/perl/repoperls/installed-perls/host/k93x64sid/v5.25.4-27-gf16e7fa/a3f9/lib/5.25.5 .) at /tmp/loop_over_bdir-12070-OZ5nui/Catalyst-Model-SOAP-1.5-0/blib/lib/Catalyst/Model/SOAP.pm line 4.
# BEGIN failed--compilation aborted at /tmp/loop_over_bdir-12070-OZ5nui/Catalyst-Model-SOAP-1.5-0/blib/lib/Catalyst/Model/SOAP.pm line 4.
# Compilation failed in require at t/02_docliteral.t line 5.
# BEGIN failed--compilation aborted at t/02_docliteral.t line 5.
Attempt to reload Catalyst/Model/SOAP.pm aborted.
Compilation failed in require at /home/sand/src/perl/repoperls/installed-perls/host/k93x64sid/v5.25.4-27-gf16e7fa/a3f9/lib/5.25.5/base.pm line 103.
...propagated at /home/sand/src/perl/repoperls/installed-perls/host/k93x64sid/v5.25.4-27-gf16e7fa/a3f9/lib/5.25.5/base.pm line 113.
BEGIN failed--compilation aborted at t/02_docliteral.t line 15.
# Looks like your test exited with 255 just after 1.
t/02_docliteral.t ............
Dubious, test returned 255 (wstat 65280, 0xff00)
Failed 3/3 subtests
# Failed test 'use Catalyst::Model::SOAP;'
# at t/03_docliteral_multipart.t line 5.
# Tried to use 'Catalyst::Model::SOAP'.
# Error: Can't locate XML/Compile/WSDL11.pm in @INC (you may need to install the XML::Compile::WSDL11 module) (@INC contains: /tmp/loop_over_bdir-12070-OZ5nui/Catalyst-Model-SOAP-1.5-0/blib/lib /tmp/loop_over_bdir-12070-OZ5nui/Catalyst-Model-SOAP-1.5-0/blib/arch /home/sand/src/perl/repoperls/installed-perls/host/k93x64sid/v5.25.4-27-gf16e7fa/a3f9/lib/site_perl/5.25.5/x86_64-linux-thread-multi-ld /home/sand/src/perl/repoperls/installed-perls/host/k93x64sid/v5.25.4-27-gf16e7fa/a3f9/lib/site_perl/5.25.5 /home/sand/src/perl/repoperls/installed-perls/host/k93x64sid/v5.25.4-27-gf16e7fa/a3f9/lib/5.25.5/x86_64-linux-thread-multi-ld /home/sand/src/perl/repoperls/installed-perls/host/k93x64sid/v5.25.4-27-gf16e7fa/a3f9/lib/5.25.5 .) at /tmp/loop_over_bdir-12070-OZ5nui/Catalyst-Model-SOAP-1.5-0/blib/lib/Catalyst/Model/SOAP.pm line 4.
# BEGIN failed--compilation aborted at /tmp/loop_over_bdir-12070-OZ5nui/Catalyst-Model-SOAP-1.5-0/blib/lib/Catalyst/Model/SOAP.pm line 4.
# Compilation failed in require at t/03_docliteral_multipart.t line 5.
# BEGIN failed--compilation aborted at t/03_docliteral_multipart.t line 5.
Attempt to reload Catalyst/Model/SOAP.pm aborted.
Compilation failed in require at /home/sand/src/perl/repoperls/installed-perls/host/k93x64sid/v5.25.4-27-gf16e7fa/a3f9/lib/5.25.5/base.pm line 103.
...propagated at /home/sand/src/perl/repoperls/installed-perls/host/k93x64sid/v5.25.4-27-gf16e7fa/a3f9/lib/5.25.5/base.pm line 113.
BEGIN failed--compilation aborted at t/03_docliteral_multipart.t line 15.
# Looks like your test exited with 255 just after 1.
t/03_docliteral_multipart.t ..
Dubious, test returned 255 (wstat 65280, 0xff00)
Failed 3/3 subtests
# Failed test 'use Catalyst::Model::SOAP;'
# at t/04_rpcliteral.t line 5.
# Tried to use 'Catalyst::Model::SOAP'.
# Error: Can't locate XML/Compile/WSDL11.pm in @INC (you may need to install the XML::Compile::WSDL11 module) (@INC contains: /tmp/loop_over_bdir-12070-OZ5nui/Catalyst-Model-SOAP-1.5-0/blib/lib /tmp/loop_over_bdir-12070-OZ5nui/Catalyst-Model-SOAP-1.5-0/blib/arch /home/sand/src/perl/repoperls/installed-perls/host/k93x64sid/v5.25.4-27-gf16e7fa/a3f9/lib/site_perl/5.25.5/x86_64-linux-thread-multi-ld /home/sand/src/perl/repoperls/installed-perls/host/k93x64sid/v5.25.4-27-gf16e7fa/a3f9/lib/site_perl/5.25.5 /home/sand/src/perl/repoperls/installed-perls/host/k93x64sid/v5.25.4-27-gf16e7fa/a3f9/lib/5.25.5/x86_64-linux-thread-multi-ld /home/sand/src/perl/repoperls/installed-perls/host/k93x64sid/v5.25.4-27-gf16e7fa/a3f9/lib/5.25.5 .) at /tmp/loop_over_bdir-12070-OZ5nui/Catalyst-Model-SOAP-1.5-0/blib/lib/Catalyst/Model/SOAP.pm line 4.
# BEGIN failed--compilation aborted at /tmp/loop_over_bdir-12070-OZ5nui/Catalyst-Model-SOAP-1.5-0/blib/lib/Catalyst/Model/SOAP.pm line 4.
# Compilation failed in require at t/04_rpcliteral.t line 5.
# BEGIN failed--compilation aborted at t/04_rpcliteral.t line 5.
Attempt to reload Catalyst/Model/SOAP.pm aborted.
Compilation failed in require at /home/sand/src/perl/repoperls/installed-perls/host/k93x64sid/v5.25.4-27-gf16e7fa/a3f9/lib/5.25.5/base.pm line 103.
...propagated at /home/sand/src/perl/repoperls/installed-perls/host/k93x64sid/v5.25.4-27-gf16e7fa/a3f9/lib/5.25.5/base.pm line 113.
BEGIN failed--compilation aborted at t/04_rpcliteral.t line 18.
# Looks like your test exited with 255 just after 1.
t/04_rpcliteral.t ............
Dubious, test returned 255 (wstat 65280, 0xff00)
Failed 3/3 subtests
# Failed test 'use Catalyst::Model::SOAP;'
# at t/05_rpcliteral_oneway.t line 5.
# Tried to use 'Catalyst::Model::SOAP'.
# Error: Can't locate XML/Compile/WSDL11.pm in @INC (you may need to install the XML::Compile::WSDL11 module) (@INC contains: /tmp/loop_over_bdir-12070-OZ5nui/Catalyst-Model-SOAP-1.5-0/blib/lib /tmp/loop_over_bdir-12070-OZ5nui/Catalyst-Model-SOAP-1.5-0/blib/arch /home/sand/src/perl/repoperls/installed-perls/host/k93x64sid/v5.25.4-27-gf16e7fa/a3f9/lib/site_perl/5.25.5/x86_64-linux-thread-multi-ld /home/sand/src/perl/repoperls/installed-perls/host/k93x64sid/v5.25.4-27-gf16e7fa/a3f9/lib/site_perl/5.25.5 /home/sand/src/perl/repoperls/installed-perls/host/k93x64sid/v5.25.4-27-gf16e7fa/a3f9/lib/5.25.5/x86_64-linux-thread-multi-ld /home/sand/src/perl/repoperls/installed-perls/host/k93x64sid/v5.25.4-27-gf16e7fa/a3f9/lib/5.25.5 .) at /tmp/loop_over_bdir-12070-OZ5nui/Catalyst-Model-SOAP-1.5-0/blib/lib/Catalyst/Model/SOAP.pm line 4.
# BEGIN failed--compilation aborted at /tmp/loop_over_bdir-12070-OZ5nui/Catalyst-Model-SOAP-1.5-0/blib/lib/Catalyst/Model/SOAP.pm line 4.
# Compilation failed in require at t/05_rpcliteral_oneway.t line 5.
# BEGIN failed--compilation aborted at t/05_rpcliteral_oneway.t line 5.
Attempt to reload Catalyst/Model/SOAP.pm aborted.
Compilation failed in require at /home/sand/src/perl/repoperls/installed-perls/host/k93x64sid/v5.25.4-27-gf16e7fa/a3f9/lib/5.25.5/base.pm line 103.
...propagated at /home/sand/src/perl/repoperls/installed-perls/host/k93x64sid/v5.25.4-27-gf16e7fa/a3f9/lib/5.25.5/base.pm line 113.
BEGIN failed--compilation aborted at t/05_rpcliteral_oneway.t line 15.
# Looks like your test exited with 255 just after 1.
t/05_rpcliteral_oneway.t .....
Dubious, test returned 255 (wstat 65280, 0xff00)
Failed 3/3 subtests
# Failed test 'use Catalyst::Model::SOAP;'
# at t/06_docliteral_oneway.t line 5.
# Tried to use 'Catalyst::Model::SOAP'.
# Error: Can't locate XML/Compile/WSDL11.pm in @INC (you may need to install the XML::Compile::WSDL11 module) (@INC contains: /tmp/loop_over_bdir-12070-OZ5nui/Catalyst-Model-SOAP-1.5-0/blib/lib /tmp/loop_over_bdir-12070-OZ5nui/Catalyst-Model-SOAP-1.5-0/blib/arch /home/sand/src/perl/repoperls/installed-perls/host/k93x64sid/v5.25.4-27-gf16e7fa/a3f9/lib/site_perl/5.25.5/x86_64-linux-thread-multi-ld /home/sand/src/perl/repoperls/installed-perls/host/k93x64sid/v5.25.4-27-gf16e7fa/a3f9/lib/site_perl/5.25.5 /home/sand/src/perl/repoperls/installed-perls/host/k93x64sid/v5.25.4-27-gf16e7fa/a3f9/lib/5.25.5/x86_64-linux-thread-multi-ld /home/sand/src/perl/repoperls/installed-perls/host/k93x64sid/v5.25.4-27-gf16e7fa/a3f9/lib/5.25.5 .) at /tmp/loop_over_bdir-12070-OZ5nui/Catalyst-Model-SOAP-1.5-0/blib/lib/Catalyst/Model/SOAP.pm line 4.
# BEGIN failed--compilation aborted at /tmp/loop_over_bdir-12070-OZ5nui/Catalyst-Model-SOAP-1.5-0/blib/lib/Catalyst/Model/SOAP.pm line 4.
# Compilation failed in require at t/06_docliteral_oneway.t line 5.
# BEGIN failed--compilation aborted at t/06_docliteral_oneway.t line 5.
Attempt to reload Catalyst/Model/SOAP.pm aborted.
Compilation failed in require at /home/sand/src/perl/repoperls/installed-perls/host/k93x64sid/v5.25.4-27-gf16e7fa/a3f9/lib/5.25.5/base.pm line 103.
...propagated at /home/sand/src/perl/repoperls/installed-perls/host/k93x64sid/v5.25.4-27-gf16e7fa/a3f9/lib/5.25.5/base.pm line 113.
BEGIN failed--compilation aborted at t/06_docliteral_oneway.t line 15.
# Looks like your test exited with 255 just after 1.
t/06_docliteral_oneway.t .....
Dubious, test returned 255 (wstat 65280, 0xff00)
Failed 3/3 subtests
Test Summary Report
-------------------
t/01_basics.t (Wstat: 512 Tests: 1 Failed: 1)
Failed test: 1
Non-zero exit status: 2
Parse errors: Bad plan. You planned 5 tests but ran 1.
t/02_docliteral.t (Wstat: 65280 Tests: 1 Failed: 1)
Failed test: 1
Non-zero exit status: 255
Parse errors: Bad plan. You planned 3 tests but ran 1.
t/03_docliteral_multipart.t (Wstat: 65280 Tests: 1 Failed: 1)
Failed test: 1
Non-zero exit status: 255
Parse errors: Bad plan. You planned 3 tests but ran 1.
t/04_rpcliteral.t (Wstat: 65280 Tests: 1 Failed: 1)
Failed test: 1
Non-zero exit status: 255
Parse errors: Bad plan. You planned 3 tests but ran 1.
t/05_rpcliteral_oneway.t (Wstat: 65280 Tests: 1 Failed: 1)
Failed test: 1
Non-zero exit status: 255
Parse errors: Bad plan. You planned 3 tests but ran 1.
t/06_docliteral_oneway.t (Wstat: 65280 Tests: 1 Failed: 1)
Failed test: 1
Non-zero exit status: 255
Parse errors: Bad plan. You planned 3 tests but ran 1.
Files=6, Tests=6, 1 wallclock secs ( 0.01 usr 0.03 sys + 0.66 cusr 0.12 csys = 0.82 CPU)
Result: FAIL
Failed 6/6 test programs. 6/6 subtests failed.
Makefile:848: recipe for target 'test_dynamic' failed
make: *** [test_dynamic] Error 255
------------------------------
PREREQUISITES
------------------------------
Prerequisite modules loaded:
requires:
Module Need Have
------------------- ------ -------
Catalyst::Runtime 5.7011 5.90112
Moose 0.9 2.1805
XML::Compile 1.06 1.53
XML::Compile::SOAP 2.14 3.18
XML::LibXML 1.7 2.0128
build_requires:
Module Need Have
------------------- ------ -------
ExtUtils::MakeMaker 0 7.24
configure_requires:
Module Need Have
------------------- ------ -------
ExtUtils::MakeMaker 0 7.24
------------------------------
ENVIRONMENT AND OTHER CONTEXT
------------------------------
Environment variables:
AUTOMATED_TESTING = 1
LANG = C
PATH = /home/sand/bin:/usr/local/bin:/usr/bin:/bin:/usr/games:/usr/local/perl/bin:/usr/X11/bin:/sbin:/usr/sbin
PERL = /tmp/basesmoker-reloperl-WC6j/bin/perl
PERL5LIB =
PERL5OPT =
PERL5_CPANPLUS_IS_RUNNING = 1576
PERL5_CPAN_IS_RUNNING = 1576
PERL_CANARY_STABILITY_NOPROMPT = 1
PERL_MM_USE_DEFAULT = 1
SHELL = /usr/bin/zsh
TERM = screen
Perl special variables (and OS-specific diagnostics, for MSWin32):
$^X = /tmp/basesmoker-reloperl-WC6j/bin/perl
$UID/$EUID = 1005 / 1005
$GID = 1005 1005
$EGID = 1005 1005
Perl module toolchain versions installed:
Module Have
------------------- ----------
CPAN 2.15
CPAN::Meta 2.150010
Cwd 3.65
ExtUtils::CBuilder 0.280225
ExtUtils::Command 7.24
ExtUtils::Install 2.04
ExtUtils::MakeMaker 7.24
ExtUtils::Manifest 1.70
ExtUtils::ParseXS 3.33
File::Spec 3.65
JSON 2.90
JSON::PP 2.27400_01
Module::Build 0.4220
Module::Signature 0.80
Parse::CPAN::Meta 2.150010
Test::Harness 3.36_01
Test::More 1.302052
YAML 1.18
YAML::Syck 1.29
version 0.9917
--
Summary of my perl5 (revision 5 version 25 subversion 5) configuration:
Commit id: f16e7fa35c1302aa056db5d8d022b7861c1dd2e8
Platform:
osname=linux
osvers=4.6.0-1-amd64
archname=x86_64-linux-thread-multi-ld
uname='linux k93x64sid 4.6.0-1-amd64 #1 smp debian 4.6.2-2 (2016-06-25) x86_64 gnulinux '
config_args='-Dprefix=/home/sand/src/perl/repoperls/installed-perls/host/k93x64sid/v5.25.4-27-gf16e7fa/a3f9 -Dmyhostname=k93x64sid -Dinstallusrbinperl=n -Uversiononly -Dusedevel -des -Ui_db -Dlibswanted=cl pthread socket inet nsl gdbm dbm malloc dl ld sun m crypt sec util c cposix posix ucb BSD gdbm_compat -Duseithreads -Duselongdouble -DDEBUGGING=-g'
hint=recommended
useposix=true
d_sigaction=define
useithreads=define
usemultiplicity=define
use64bitint=define
use64bitall=define
uselongdouble=define
usemymalloc=n
bincompat5005=undef
Compiler:
cc='cc'
ccflags ='-D_REENTRANT -D_GNU_SOURCE -fwrapv -fno-strict-aliasing -pipe -fstack-protector-strong -I/usr/local/include -D_LARGEFILE_SOURCE -D_FILE_OFFSET_BITS=64'
optimize='-O2 -g'
cppflags='-D_REENTRANT -D_GNU_SOURCE -fwrapv -fno-strict-aliasing -pipe -fstack-protector-strong -I/usr/local/include'
ccversion=''
gccversion='6.2.0 20160822'
gccosandvers=''
intsize=4
longsize=8
ptrsize=8
doublesize=8
byteorder=12345678
doublekind=3
d_longlong=define
longlongsize=8
d_longdbl=define
longdblsize=16
longdblkind=3
ivtype='long'
ivsize=8
nvtype='long double'
nvsize=16
Off_t='off_t'
lseeksize=8
alignbytes=16
prototype=define
Linker and Libraries:
ld='cc'
ldflags =' -fstack-protector-strong -L/usr/local/lib'
libpth=/usr/local/lib /usr/lib/gcc/x86_64-linux-gnu/6/include-fixed /usr/include/x86_64-linux-gnu /usr/lib /lib/x86_64-linux-gnu /lib/../lib /usr/lib/x86_64-linux-gnu /usr/lib/../lib /lib
libs=-lpthread -lnsl -ldl -lm -lcrypt -lutil -lc
perllibs=-lpthread -lnsl -ldl -lm -lcrypt -lutil -lc
libc=libc-2.23.so
so=so
useshrplib=false
libperl=libperl.a
gnulibc_version='2.23'
Dynamic Linking:
dlsrc=dl_dlopen.xs
dlext=so
d_dlsymun=undef
ccdlflags='-Wl,-E'
cccdlflags='-fPIC'
lddlflags='-shared -O2 -g -L/usr/local/lib -fstack-protector-strong'
Characteristics of this binary (from libperl):
Compile-time options:
HAS_TIMES
MULTIPLICITY
PERLIO_LAYERS
PERL_COPY_ON_WRITE
PERL_DONT_CREATE_GVSV
PERL_HASH_FUNC_ONE_AT_A_TIME_HARD
PERL_IMPLICIT_CONTEXT
PERL_MALLOC_WRAP
PERL_OP_PARENT
PERL_PRESERVE_IVUV
PERL_USE_DEVEL
USE_64_BIT_ALL
USE_64_BIT_INT
USE_ITHREADS
USE_LARGE_FILES
USE_LOCALE
USE_LOCALE_COLLATE
USE_LOCALE_CTYPE
USE_LOCALE_NUMERIC
USE_LOCALE_TIME
USE_LONG_DOUBLE
USE_PERLIO
USE_PERL_ATOF
USE_REENTRANT_API
Built under linux
Compiled at Aug 31 2016 05:21:46
%ENV:
PERL="/tmp/basesmoker-reloperl-WC6j/bin/perl"
PERL5LIB=""
PERL5OPT=""
PERL5_CPANPLUS_IS_RUNNING="1576"
PERL5_CPAN_IS_RUNNING="1576"
PERL_CANARY_STABILITY_NOPROMPT="1"
PERL_MM_USE_DEFAULT="1"
@INC:
/home/sand/src/perl/repoperls/installed-perls/host/k93x64sid/v5.25.4-27-gf16e7fa/a3f9/lib/site_perl/5.25.5/x86_64-linux-thread-multi-ld
/home/sand/src/perl/repoperls/installed-perls/host/k93x64sid/v5.25.4-27-gf16e7fa/a3f9/lib/site_perl/5.25.5
/home/sand/src/perl/repoperls/installed-perls/host/k93x64sid/v5.25.4-27-gf16e7fa/a3f9/lib/5.25.5/x86_64-linux-thread-multi-ld
/home/sand/src/perl/repoperls/installed-perls/host/k93x64sid/v5.25.4-27-gf16e7fa/a3f9/lib/5.25.5
.