App-Docker-Client v0.010300 Perl 5 v5.24.3 RC1 x86_64-linux

Status
Fail
From
Slaven Rezić (SREZIC)
Dist
App-Docker-Client v0.010300
Platform
Perl 5 v5.24.3 RC1 x86_64-linux
Date
2017-09-12 21:48:29
ID
1ce6b94a-9804-11e7-bde7-8322e52e4961
This distribution has been tested as part of the CPAN Testers
project, supporting the Perl programming language.  See
http://wiki.cpantesters.org/ for more information or email
questions to cpan-testers-discuss@perl.org


--
Dear Mario Zieschang,

This is a computer-generated report for App-Docker-Client-0.010300
on perl 5.24.3, created by CPAN-Reporter-1.2018.

Thank you for uploading your work to CPAN.  However, there was a problem
testing your distribution.

If you think this report is invalid, please consult the CPAN Testers Wiki
for suggestions on how to avoid getting FAIL reports for missing library
or binary dependencies, unsupported operating systems, and so on:

http://wiki.cpantesters.org/wiki/CPANAuthorNotes

Sections of this report:

    * Tester comments
    * Program output
    * Prerequisites
    * Environment and other context

------------------------------
TESTER COMMENTS
------------------------------

Additional comments from tester:

none provided

------------------------------
PROGRAM OUTPUT
------------------------------

Output from '/usr/bin/make test':

PERL_DL_NONLAZY=1 "/opt/perl-5.24.3-RC1/bin/perl" "-MExtUtils::Command::MM" "-MTest::Harness" "-e" "undef *Test::Harness::Switches; test_harness(0, 'blib/lib', 'blib/arch')" t/*.t
# Testing App::Docker::Client 0.010300, Perl 5.024003, /opt/perl-5.24.3-RC1/bin/perl
t/00-load.t ....... ok
t/01-client.t ..... ok
t/02-container.t .. ok
 at /home/cpansand/.cpan/build/2017091218/App-Docker-Client-0.010300-0/blib/lib/App/Docker/Client.pm line 362.
	App::Docker::Client::_error_code(App::Docker::Client=HASH(0x55f9c7f7a370), 500, "Can't open socket /var/run/docker.sock: Permission denied", "Can't open socket /var/run/docker.sock: Permission denied at "...) called at /home/cpansand/.cpan/build/2017091218/App-Docker-Client-0.010300-0/blib/lib/App/Docker/Client.pm line 347
	App::Docker::Client::_hande_response(App::Docker::Client=HASH(0x55f9c7f7a370), HTTP::Response=HASH(0x55f9c8a550b0)) called at /home/cpansand/.cpan/build/2017091218/App-Docker-Client-0.010300-0/blib/lib/App/Docker/Client.pm line 221
	App::Docker::Client::get(App::Docker::Client=HASH(0x55f9c7f7a370), "/containers/json") called at t/03-socket.t line 19
FAILURE: 500 - Can't open socket /var/run/docker.sock: Permission denied
Can't open socket /var/run/docker.sock: Permission denied at /opt/perl-5.24.3-RC1/lib/site_perl/5.24.3/LWP/Protocol/http/SocketUnixAlt.pm line 27.
 at t/03-socket.t line 19.
# Looks like your test exited with 13 just after 1.
t/03-socket.t ..... 
Dubious, test returned 13 (wstat 3328, 0xd00)
Failed 1/2 subtests 
t/manifest.t ...... skipped: Author tests not required for installation
t/pod-coverage.t .. skipped: Author tests not required for installation
t/pod.t ........... skipped: Author tests not required for installation

Test Summary Report
-------------------
t/03-socket.t   (Wstat: 3328 Tests: 1 Failed: 0)
  Non-zero exit status: 13
  Parse errors: Bad plan.  You planned 2 tests but ran 1.
Files=7, Tests=17,  0 wallclock secs ( 0.02 usr  0.03 sys +  0.40 cusr  0.10 csys =  0.55 CPU)
Result: FAIL
Failed 1/7 test programs. 0/17 subtests failed.
Makefile:890: die Regel für Ziel „test_dynamic“ scheiterte
make: *** [test_dynamic] Fehler 255

------------------------------
PREREQUISITES
------------------------------

Prerequisite modules loaded:

requires:

    Module                             Need     Have    
    ---------------------------------- -------- --------
    AnyEvent                           0        7.14    
    AnyEvent::HTTP                     0        2.23    
    AnyEvent::Socket                   0        7.14    
    Carp                               0        1.40    
    HTTP::Request                      6.01     6.13    
    JSON                               2.9      2.94    
    LWP::Protocol::http::SocketUnixAlt 0        0.0204  
    LWP::Protocol::https               6.01     6.07    
    LWP::UserAgent                     6.12     6.26    
    perl                               5.016000 5.024003
    URI                                1.71     1.72    

build_requires:

    Module                             Need     Have    
    ---------------------------------- -------- --------
    ExtUtils::MakeMaker                0        7.30    
    File::Spec                         0        3.63_01 
    FindBin                            0        1.51    
    Test::More                         0        1.302096

configure_requires:

    Module                             Need     Have    
    ---------------------------------- -------- --------
    ExtUtils::MakeMaker                0        7.30    


------------------------------
ENVIRONMENT AND OTHER CONTEXT
------------------------------

Environment variables:

    LANG = C
    LC_ALL = de_DE.UTF-8
    PATH = /usr/local/bin:/usr/bin:/bin:/usr/local/sbin:/usr/sbin:/sbin:/home/cpansand/bin/linux-gnu:/home/cpansand/bin/sh:/home/cpansand/bin:/usr/games:/home/cpansand/devel:/home/eserte/src/srezic-misc/scripts
    PERL5LIB = 
    PERL5OPT = 
    PERL5_CPANPLUS_IS_RUNNING = 4014
    PERL5_CPAN_IS_RUNNING = 4014
    PERL5_CPAN_IS_RUNNING_IN_RECURSION = 19097,4014
    PERLDOC = -MPod::Perldoc::ToTextOverstrike
    PERL_BATCH = yes
    PERL_CANARY_STABILITY_NOPROMPT = 1
    PERL_CPAN_REPORTER_CONFIG = /var/tmp/cpansmoker-1023/2017091209/cpanreporter_000_config.ini
    PERL_EXTUTILS_AUTOINSTALL = --defaultdeps
    PERL_PARALLEL_SMOKER = yes
    PERL_USE_UNSAFE_INC = 1
    SHELL = /usr/bin/zsh
    TERM = screen
    TMPDIR = /var/tmp/cpansmoker-1023/2017091209

Perl special variables (and OS-specific diagnostics, for MSWin32):

    $^X = /opt/perl-5.24.3-RC1/bin/perl
    $UID/$EUID = 1023 / 1023
    $GID = 1023 1023
    $EGID = 1023 1023

Perl module toolchain versions installed:

    Module              Have      
    ------------------- ----------
    CPAN                2.16      
    CPAN::Meta          2.150005  
    Cwd                 3.63_01   
    ExtUtils::CBuilder  0.280226  
    ExtUtils::Command   7.30      
    ExtUtils::Install   2.14      
    ExtUtils::MakeMaker 7.30      
    ExtUtils::Manifest  1.70      
    ExtUtils::ParseXS   3.35      
    File::Spec          3.63_01   
    JSON                2.94      
    JSON::PP            2.94      
    Module::Build       0.4224    
    Module::Signature   0.81      
    Parse::CPAN::Meta   1.4417_001
    Test::Harness       3.36_01   
    Test::More          1.302096  
    YAML                1.23      
    YAML::Syck          1.30      
    version             0.9916    


--

Summary of my perl5 (revision 5 version 24 subversion 3) configuration:
   
  Platform:
    osname=linux, osvers=4.9.0-3-amd64, archname=x86_64-linux
    uname='linux debian9 4.9.0-3-amd64 #1 smp debian 4.9.30-2+deb9u3 (2017-08-06) x86_64 gnulinux '
    config_args='-ds -e -Dprefix=/opt/perl-5.24.3-RC1 -Dcf_email=srezic@cpan.org'
    hint=recommended, useposix=true, d_sigaction=define
    useithreads=undef, usemultiplicity=undef
    use64bitint=define, use64bitall=define, uselongdouble=undef
    usemymalloc=n, bincompat5005=undef
  Compiler:
    cc='cc', ccflags ='-fwrapv -fno-strict-aliasing -pipe -fstack-protector-strong -I/usr/local/include -D_LARGEFILE_SOURCE -D_FILE_OFFSET_BITS=64',
    optimize='-O2',
    cppflags='-fwrapv -fno-strict-aliasing -pipe -fstack-protector-strong -I/usr/local/include'
    ccversion='', gccversion='6.3.0 20170516', gccosandvers=''
    intsize=4, longsize=8, ptrsize=8, doublesize=8, byteorder=12345678, doublekind=3
    d_longlong=define, longlongsize=8, d_longdbl=define, longdblsize=16, longdblkind=3
    ivtype='long', ivsize=8, nvtype='double', nvsize=8, Off_t='off_t', lseeksize=8
    alignbytes=8, prototype=define
  Linker and Libraries:
    ld='cc', ldflags =' -fstack-protector-strong -L/usr/local/lib'
    libpth=/usr/local/lib /usr/lib/gcc/x86_64-linux-gnu/6/include-fixed /usr/include/x86_64-linux-gnu /usr/lib /lib/x86_64-linux-gnu /lib/../lib /usr/lib/x86_64-linux-gnu /usr/lib/../lib /lib
    libs=-lpthread -lnsl -lgdbm -ldb -ldl -lm -lcrypt -lutil -lc -lgdbm_compat
    perllibs=-lpthread -lnsl -ldl -lm -lcrypt -lutil -lc
    libc=libc-2.24.so, so=so, useshrplib=false, libperl=libperl.a
    gnulibc_version='2.24'
  Dynamic Linking:
    dlsrc=dl_dlopen.xs, dlext=so, d_dlsymun=undef, ccdlflags='-Wl,-E'
    cccdlflags='-fPIC', lddlflags='-shared -O2 -L/usr/local/lib -fstack-protector-strong'


Characteristics of this binary (from libperl): 
  Compile-time options: HAS_TIMES PERLIO_LAYERS PERL_COPY_ON_WRITE
                        PERL_DONT_CREATE_GVSV
                        PERL_HASH_FUNC_ONE_AT_A_TIME_HARD PERL_MALLOC_WRAP
                        PERL_PRESERVE_IVUV USE_64_BIT_ALL USE_64_BIT_INT
                        USE_LARGE_FILES USE_LOCALE USE_LOCALE_COLLATE
                        USE_LOCALE_CTYPE USE_LOCALE_NUMERIC USE_LOCALE_TIME
                        USE_PERLIO USE_PERL_ATOF
  Locally applied patches:
	RC1
  Built under linux
  Compiled at Sep 10 2017 16:04:31
  %ENV:
    PERL5LIB=""
    PERL5OPT=""
    PERL5_CPANPLUS_IS_RUNNING="4014"
    PERL5_CPAN_IS_RUNNING="4014"
    PERL5_CPAN_IS_RUNNING_IN_RECURSION="19097,4014"
    PERLDOC="-MPod::Perldoc::ToTextOverstrike"
    PERL_BATCH="yes"
    PERL_CANARY_STABILITY_NOPROMPT="1"
    PERL_CPAN_REPORTER_CONFIG="/var/tmp/cpansmoker-1023/2017091209/cpanreporter_000_config.ini"
    PERL_EXTUTILS_AUTOINSTALL="--defaultdeps"
    PERL_PARALLEL_SMOKER="yes"
    PERL_USE_UNSAFE_INC="1"
  @INC:
    /opt/perl-5.24.3-RC1/lib/site_perl/5.24.3/x86_64-linux
    /opt/perl-5.24.3-RC1/lib/site_perl/5.24.3
    /opt/perl-5.24.3-RC1/lib/5.24.3/x86_64-linux
    /opt/perl-5.24.3-RC1/lib/5.24.3
    .