SPVM-Digest-MD5 v0.11 Perl 5 v5.22.1 i86pc-solaris-thread-multi-64

Status
Fail
From
Chris Williams (BINGOS)
Dist
SPVM-Digest-MD5 v0.11
Platform
Perl 5 v5.22.1 i86pc-solaris-thread-multi-64
Date
2023-02-14 08:53:55
ID
1cec7a6e-ac45-11ed-aba6-9a79f339625c
This distribution has been tested as part of the CPAN Testers
project, supporting the Perl programming language.  See
http://wiki.cpantesters.org/ for more information or email
questions to cpan-testers-discuss@perl.org


--

Dear KIMOTO,

This is a computer-generated error report created automatically by
CPANPLUS, version 0.9914. Testers personal comments may appear
at the end of this report.


Thank you for uploading your work to CPAN.  However, it appears that
there were some problems testing your distribution.

TEST RESULTS:

Below is the error stack from stage 'make test':

perl -e "use Config;chdir qq(perl_impl) or die; system(qq(perl Makefile.PL)) == 0 or die;system(qq(make)) == 0 or die;";
Generating a Unix-style Makefile
Writing Makefile for Digest::MD5
Writing MYMETA.yml and MYMETA.json
Skip blib/lib/Digest/MD5.pm (unchanged)
Running Mkbootstrap for MD5 ()
chmod 644 "MD5.bs"
"/usr/perl5/5.32/bin/perl" -MExtUtils::Command::MM -e 'cp_nonempty' -- MD5.bs blib/arch/auto/Digest/MD5/MD5.bs 644
gcc -c    -D_REENTRANT -m64 -fwrapv -fno-strict-aliasing -pipe -fstack-protector-strong -D_LARGEFILE_SOURCE -D_FILE_OFFSET_BITS=64 -D_FORTIFY_SOURCE=2 -DPERL_USE_SAFE_PUTENV -O3 -gdwarf-2    -DVERSION=\"2.58\"  -DXS_VERSION=\"2.58\" -fPIC "-I/usr/perl5/5.32/lib/i86pc-solaris-thread-multi-64/CORE"   MD5.c
rm -f blib/arch/auto/Digest/MD5/MD5.so
/usr/ccs/bin/ld  -shared -m64 -fstack-protector-strong  MD5.o  -o blib/arch/auto/Digest/MD5/MD5.so  \
      \
  
		LINK EDITOR MEMORY MAP


output		input		virtual
section		section		address		size

.dynamic			     120	     230
		.dynamic	     120	     230 (null)
.eh_fram			     350	      74
		.eh_fram	     350	      74 (null)
.eh_fram			     3c8	     268
		.eh_fram	     3c8	     268 MD5.o
.hash   			     630	     134
		.hash   	     630	     134 (null)
.SUNW_ld			     768	     168
		.SUNW_ld	     768	     168 (null)
.dynsym 			     8d0	     390
		.dynsym 	     8d0	     390 (null)
.dynstr 			     c60	     57a
		.dynstr 	     c60	     37a (null)
.SUNW_dy			    11e0	      44
		.SUNW_dy	    11e0	      44 (null)
.SUNW_re			    1228	      30
		.SUNW_re	    1228	      30 (null)
.rela.pl			    1258	     2b8
		.rela.pl	    1258	     2b8 (null)
.plt    			    1510	     1e0
		.plt    	    1510	     1e0 (null)
.text   			    16f0	    2a56
		.text   	    16f0	    2a56 MD5.o
.rodata 			    4160	     32f
		.rodata.	      00	     1dd MD5.o
		.rodata.	    4160	      87 MD5.o
		.rodata 	    4200	      c0 MD5.o
		.rodata.	    42c0	      10 MD5.o
		.rodata.	    42d0	     1bf (null)
.got    			   14490	     108
		.got    	   14490	     108 (null)
.data   			   14598	      00
		.data   	   14598	      00 MD5.o
.data.re			   145a0	      40
		.data.re	   145a0	      40 MD5.o
.bss    			   145e0	      00
		.bss    	   145e0	      00 MD5.o
chmod 755 blib/arch/auto/Digest/MD5/MD5.so
Manifying 1 pod document
PERL_DL_NONLAZY=1 "/home/cpan/pit/thr/perl-5.22.1/bin/perl" "-MExtUtils::Command::MM" "-MTest::Harness" "-e" "undef *Test::Harness::Switches; test_harness(0, 'blib/lib', 'blib/arch')" t/*.t
Can't load 'perl_impl/blib/arch/auto/Digest/MD5/MD5.so' for module Digest::MD5: ld.so.1: perl: fatal: relocation error: file perl_impl/blib/arch/auto/Digest/MD5/MD5.so: symbol Perl_sv_2pvbyte_flags: referenced symbol not found at /home/cpan/pit/thr/perl-5.22.1/lib/5.22.1/i86pc-solaris-thread-multi-64/DynaLoader.pm line 193.
 at t/align.t line 4.
Compilation failed in require at t/align.t line 4.
BEGIN failed--compilation aborted at t/align.t line 4.
t/align.t .... 
Dubious, test returned 2 (wstat 512, 0x200)
No subtests run 
Can't load 'perl_impl/blib/arch/auto/Digest/MD5/MD5.so' for module Digest::MD5: ld.so.1: perl: fatal: relocation error: file perl_impl/blib/arch/auto/Digest/MD5/MD5.so: symbol Perl_sv_2pvbyte_flags: referenced symbol not found at /home/cpan/pit/thr/perl-5.22.1/lib/5.22.1/i86pc-solaris-thread-multi-64/DynaLoader.pm line 193.
 at t/basic.t line 4.
Compilation failed in require at t/basic.t line 4.
BEGIN failed--compilation aborted at t/basic.t line 4.
t/basic.t .... 
Dubious, test returned 2 (wstat 512, 0x200)
No subtests run 
Can't load 'perl_impl/blib/arch/auto/Digest/MD5/MD5.so' for module Digest::MD5: ld.so.1: perl: fatal: relocation error: file perl_impl/blib/arch/auto/Digest/MD5/MD5.so: symbol Perl_sv_2pvbyte_flags: referenced symbol not found at /home/cpan/pit/thr/perl-5.22.1/lib/5.22.1/i86pc-solaris-thread-multi-64/DynaLoader.pm line 193.
 at t/md5-aaa.t line 4.
Compilation failed in require at t/md5-aaa.t line 4.
BEGIN failed--compilation aborted at t/md5-aaa.t line 4.
t/md5-aaa.t .. 
Dubious, test returned 2 (wstat 512, 0x200)
No subtests run 
Can't load 'perl_impl/blib/arch/auto/Digest/MD5/MD5.so' for module Digest::MD5: ld.so.1: perl: fatal: relocation error: file perl_impl/blib/arch/auto/Digest/MD5/MD5.so: symbol Perl_sv_2pvbyte_flags: referenced symbol not found at /home/cpan/pit/thr/perl-5.22.1/lib/5.22.1/i86pc-solaris-thread-multi-64/DynaLoader.pm line 193.
 at t/utf8.t line 5.
Compilation failed in require at t/utf8.t line 5.
BEGIN failed--compilation aborted at t/utf8.t line 5.
t/utf8.t ..... 
Dubious, test returned 2 (wstat 512, 0x200)
No subtests run 
Can't load 'perl_impl/blib/arch/auto/Digest/MD5/MD5.so' for module Digest::MD5: ld.so.1: perl: fatal: relocation error: file perl_impl/blib/arch/auto/Digest/MD5/MD5.so: symbol Perl_sv_2pvbyte_flags: referenced symbol not found at /home/cpan/pit/thr/perl-5.22.1/lib/5.22.1/i86pc-solaris-thread-multi-64/DynaLoader.pm line 193.
 at t/warns.t line 4.
Compilation failed in require at t/warns.t line 4.
BEGIN failed--compilation aborted at t/warns.t line 4.
t/warns.t .... 
Dubious, test returned 2 (wstat 512, 0x200)
No subtests run 

Test Summary Report
-------------------
t/align.t  (Wstat: 512 (exited 2) Tests: 0 Failed: 0)
  Non-zero exit status: 2
  Parse errors: No plan found in TAP output
t/basic.t  (Wstat: 512 (exited 2) Tests: 0 Failed: 0)
  Non-zero exit status: 2
  Parse errors: No plan found in TAP output
t/md5-aaa.t (Wstat: 512 (exited 2) Tests: 0 Failed: 0)
  Non-zero exit status: 2
  Parse errors: No plan found in TAP output
t/utf8.t   (Wstat: 512 (exited 2) Tests: 0 Failed: 0)
  Non-zero exit status: 2
  Parse errors: No plan found in TAP output
t/warns.t  (Wstat: 512 (exited 2) Tests: 0 Failed: 0)
  Non-zero exit status: 2
  Parse errors: No plan found in TAP output
Files=5, Tests=0,  2 wallclock secs ( 0.06 usr  0.03 sys +  1.40 cusr  0.27 csys =  1.75 CPU)
Result: FAIL
Failed 5/5 test programs. 0/0 subtests failed.
*** Error code 2
make: Fatal error: Command failed for target `test_dynamic'


PREREQUISITES:

Here is a list of prerequisites you specified and versions we
managed to load:

	  Module Name                        Have     Want
	  ExtUtils::MakeMaker                7.64        0
	  SPVM                             0.9691   0.9691

Perl module toolchain versions installed:
	Module Name                        Have
	CPANPLUS                         0.9914
	CPANPLUS::Dist::Build              0.90
	Cwd                                3.75
	ExtUtils::CBuilder             0.280236
	ExtUtils::Command                  7.64
	ExtUtils::Install                  2.20
	ExtUtils::MakeMaker                7.64
	ExtUtils::Manifest                 1.73
	ExtUtils::ParseXS                  3.44
	File::Spec                         3.75
	Module::Build                    0.4231
	Pod::Parser                        1.63
	Pod::Simple                        3.29
	Test2                          1.302191
	Test::Harness                      3.44
	Test::More                     1.302191
	version                          0.9929

******************************** NOTE ********************************
The comments above are created mechanically, possibly without manual
checking by the sender.  As there are many people performing automatic
tests on each upload to CPAN, it is likely that you will receive
identical messages about the same problem.

If you believe that the message is mistaken, please reply to the first
one with correction and/or additional informations, and do not take
it personally.  We appreciate your patience. :)
**********************************************************************

Additional comments:


This report was machine-generated by CPANPLUS::Dist::YACSmoke 1.08.
Powered by minismokebox version 0.68

CPANPLUS is prefering Build.PL

------------------------------
ENVIRONMENT AND OTHER CONTEXT
------------------------------

Environment variables:

    AUTOMATED_TESTING = 1
    LANG = en_GB.UTF-8
    NONINTERACTIVE_TESTING = 1
    PATH = /usr/bin:/usr/sbin:/sbin:/opt/ooce/bin:/usr/gnu/bin
    PERL5LIB = /home/cpan/pit/jail/LTzCFvYaMj/lib/perl5:/home/cpan/pit/thr/conf/perl-5.22.1/.cpanplus/5.22.1/build/YJpVnV8qT0/SPVM-Digest-MD5-0.11/blib/lib:/home/cpan/pit/thr/conf/perl-5.22.1/.cpanplus/5.22.1/build/YJpVnV8qT0/SPVM-Digest-MD5-0.11/blib/arch
    PERL5_CPANPLUS_IS_RUNNING = 29001
    PERL5_CPANPLUS_IS_VERSION = 0.9914
    PERL5_MINISMOKEBOX = 0.68
    PERL5_YACSMOKE_BASE = /home/cpan/pit/thr/conf/perl-5.22.1
    PERL_EXTUTILS_AUTOINSTALL = --defaultdeps
    PERL_LOCAL_LIB_ROOT = /home/cpan/pit/jail/LTzCFvYaMj
    PERL_MB_OPT = --install_base "/home/cpan/pit/jail/LTzCFvYaMj"
    PERL_MM_OPT = INSTALL_BASE=/home/cpan/pit/jail/LTzCFvYaMj
    PERL_MM_USE_DEFAULT = 1
    SHELL = /bin/bash
    TERM = screen.xterm-256color

Perl special variables (and OS-specific diagnostics, for MSWin32):

    Perl: $^X = /home/cpan/pit/thr/perl-5.22.1/bin/perl
    UID:  $<  = 101
    EUID: $>  = 101
    GID:  $(  = 101 101
    EGID: $)  = 101 101


-------------------------------


--

Summary of my perl5 (revision 5 version 22 subversion 1) configuration:
   
  Platform:
    osname=solaris, osvers=2.11, archname=i86pc-solaris-thread-multi-64
    uname='sunos ouzel 5.11 omnios-r151034-0d278a0cc5 i86pc i386 i86pc '
    config_args='-des -Dprefix=/home/cpan/pit/thr/perl-5.22.1 -Dusethreads -Duse64bitall -Dcc=gcc'
    hint=recommended, useposix=true, d_sigaction=define
    useithreads=define, usemultiplicity=define
    use64bitint=define, use64bitall=define, uselongdouble=undef
    usemymalloc=n, bincompat5005=undef
  Compiler:
    cc='gcc', ccflags ='-D_REENTRANT -m64 -fwrapv -fno-strict-aliasing -pipe -fstack-protector-strong -D_LARGEFILE_SOURCE -D_FILE_OFFSET_BITS=64 -D_FORTIFY_SOURCE=2 -DPERL_USE_SAFE_PUTENV',
    optimize='-O',
    cppflags='-D_REENTRANT -m64 -fwrapv -fno-strict-aliasing -pipe -fstack-protector-strong'
    ccversion='', gccversion='9.3.0', gccosandvers=''
    intsize=4, longsize=8, ptrsize=8, doublesize=8, byteorder=12345678, doublekind=3
    d_longlong=define, longlongsize=8, d_longdbl=define, longdblsize=16, longdblkind=3
    ivtype='long', ivsize=8, nvtype='double', nvsize=8, Off_t='off_t', lseeksize=8
    alignbytes=8, prototype=define
  Linker and Libraries:
    ld='gcc', ldflags =' -m64 -fstack-protector-strong -L/usr/gnu/lib '
    libpth=/opt/gcc-9/lib /opt/gcc-9/lib/gcc/x86_64-pc-solaris2.11/9.3.0/include-fixed /usr/lib /usr/gnu/lib /usr/ccs/lib
    libs=-lpthread -lsocket -lnsl -ldl -lm -lc
    perllibs=-lpthread -lsocket -lnsl -ldl -lm -lc
    libc=/lib/libc.so, so=so, useshrplib=true, libperl=libperl.so
    gnulibc_version=''
  Dynamic Linking:
    dlsrc=dl_dlopen.xs, dlext=so, d_dlsymun=undef, ccdlflags='  -R /home/cpan/pit/thr/perl-5.22.1/lib/5.22.1/i86pc-solaris-thread-multi-64/CORE'
    cccdlflags='-fPIC', lddlflags=' -shared -m64 -L/usr/gnu/lib -fstack-protector-strong'


Characteristics of this binary (from libperl): 
  Compile-time options: HAS_TIMES MULTIPLICITY PERLIO_LAYERS
                        PERL_DONT_CREATE_GVSV
                        PERL_HASH_FUNC_ONE_AT_A_TIME_HARD
                        PERL_IMPLICIT_CONTEXT PERL_MALLOC_WRAP
                        PERL_NEW_COPY_ON_WRITE PERL_PRESERVE_IVUV
                        PERL_USE_SAFE_PUTENV USE_64_BIT_ALL USE_64_BIT_INT
                        USE_ITHREADS USE_LARGE_FILES USE_LOCALE
                        USE_LOCALE_COLLATE USE_LOCALE_CTYPE
                        USE_LOCALE_NUMERIC USE_LOCALE_TIME USE_PERLIO
                        USE_PERL_ATOF USE_REENTRANT_API
  Locally applied patches:
	Devel::PatchPerl 2.00
  Built under solaris
  Compiled at Aug 20 2020 07:10:53
  %ENV:
    PERL5LIB="/home/cpan/pit/jail/LTzCFvYaMj/lib/perl5:/home/cpan/pit/thr/conf/perl-5.22.1/.cpanplus/5.22.1/build/YJpVnV8qT0/SPVM-Digest-MD5-0.11/blib/lib:/home/cpan/pit/thr/conf/perl-5.22.1/.cpanplus/5.22.1/build/YJpVnV8qT0/SPVM-Digest-MD5-0.11/blib/arch"
    PERL5_CPANPLUS_IS_RUNNING="29001"
    PERL5_CPANPLUS_IS_VERSION="0.9914"
    PERL5_MINISMOKEBOX="0.68"
    PERL5_YACSMOKE_BASE="/home/cpan/pit/thr/conf/perl-5.22.1"
    PERL_EXTUTILS_AUTOINSTALL="--defaultdeps"
    PERL_LOCAL_LIB_ROOT="/home/cpan/pit/jail/LTzCFvYaMj"
    PERL_MB_OPT="--install_base "/home/cpan/pit/jail/LTzCFvYaMj""
    PERL_MM_OPT="INSTALL_BASE=/home/cpan/pit/jail/LTzCFvYaMj"
    PERL_MM_USE_DEFAULT="1"
  @INC:
    /home/cpan/pit/jail/LTzCFvYaMj/lib/perl5/5.22.1/i86pc-solaris-thread-multi-64
    /home/cpan/pit/jail/LTzCFvYaMj/lib/perl5/5.22.1
    /home/cpan/pit/jail/LTzCFvYaMj/lib/perl5/i86pc-solaris-thread-multi-64
    /home/cpan/pit/jail/LTzCFvYaMj/lib/perl5
    /home/cpan/pit/thr/conf/perl-5.22.1/.cpanplus/5.22.1/build/YJpVnV8qT0/SPVM-Digest-MD5-0.11/blib/lib
    /home/cpan/pit/thr/conf/perl-5.22.1/.cpanplus/5.22.1/build/YJpVnV8qT0/SPVM-Digest-MD5-0.11/blib/arch
    /home/cpan/pit/thr/perl-5.22.1/lib/site_perl/5.22.1/i86pc-solaris-thread-multi-64
    /home/cpan/pit/thr/perl-5.22.1/lib/site_perl/5.22.1
    /home/cpan/pit/thr/perl-5.22.1/lib/5.22.1/i86pc-solaris-thread-multi-64
    /home/cpan/pit/thr/perl-5.22.1/lib/5.22.1
    .