Report for Cache-CacheFactory-1.10

Back
From: metabase:user:0b91ce32-3676-11e1-a1bc-bfed0df65b4f
Subject: FAIL Cache-CacheFactory-1.10 v5.9.5 GNU/Linux
Date: 2012-05-11T13:42:13Z

This distribution has been tested as part of the CPAN Testers
project, supporting the Perl programming language.  See
http://wiki.cpantesters.org/ for more information or email
questions to cpan-testers-discuss@perl.org


--
Dear Sam Graham,

This is a computer-generated report for Cache-CacheFactory-1.10
on perl 5.9.5, created by CPAN-Reporter-1.2006.

Thank you for uploading your work to CPAN.  However, there was a problem
testing your distribution.

If you think this report is invalid, please consult the CPAN Testers Wiki
for suggestions on how to avoid getting FAIL reports for missing library
or binary dependencies, unsupported operating systems, and so on:

http://wiki.cpantesters.org/wiki/CPANAuthorNotes

Sections of this report:

    * Tester comments
    * Program output
    * Prerequisites
    * Environment and other context

------------------------------
TESTER COMMENTS
------------------------------

Additional comments from tester:

none provided

------------------------------
PROGRAM OUTPUT
------------------------------

Output from '/usr/bin/make test':

/opt/perl-5.9.5/bin/perl5.9.5 Build --makefile_env_macros 1 test

#   Failed test 'use Cache::CacheFactory;'
#   at t/00-load.t line 9.
#     Tried to use 'Cache::CacheFactory'.
#     Error:  Can't load '/opt/perl-5.9.5/lib/5.9.5/i686-linux-thread-multi-64int-ld/auto/Storable/Storable.so' for module Storable: /opt/perl-5.9.5/lib/5.9.5/i686-linux-thread-multi-64int-ld/auto/Storable/Storable.so: undefined symbol: newSVpvs_flags at /opt/perl-5.9.5/lib/5.9.5/i686-linux-thread-multi-64int-ld/XSLoader.pm line 71.
#  at /opt/perl-5.9.5/lib/5.9.5/i686-linux-thread-multi-64int-ld/Storable.pm line 72.
# Compilation failed in require at /root/.cpan/build/Cache-CacheFactory-1.10-47qAB2/blib/lib/Cache/CacheFactory/Object.pm line 15.
# BEGIN failed--compilation aborted at /root/.cpan/build/Cache-CacheFactory-1.10-47qAB2/blib/lib/Cache/CacheFactory/Object.pm line 15.
# Compilation failed in require at /root/.cpan/build/Cache-CacheFactory-1.10-47qAB2/blib/lib/Cache/CacheFactory.pm line 19.
# BEGIN failed--compilation aborted at /root/.cpan/build/Cache-CacheFactory-1.10-47qAB2/blib/lib/Cache/CacheFactory.pm line 19.
# Compilation failed in require at (eval 4) line 2.
# BEGIN failed--compilation aborted at (eval 4) line 2.
Use of uninitialized value $Cache::CacheFactory::VERSION in concatenation (.) or string at t/00-load.t line 12.
# Testing Cache::CacheFactory , Perl 5.009005, /opt/perl-5.9.5/bin/perl5.9.5
# Looks like you failed 1 test of 1.
t/00-load.t ................................ 
Dubious, test returned 1 (wstat 256, 0x100)
Failed 1/1 subtests 
Can't load '/opt/perl-5.9.5/lib/5.9.5/i686-linux-thread-multi-64int-ld/auto/Storable/Storable.so' for module Storable: /opt/perl-5.9.5/lib/5.9.5/i686-linux-thread-multi-64int-ld/auto/Storable/Storable.so: undefined symbol: newSVpvs_flags at /opt/perl-5.9.5/lib/5.9.5/i686-linux-thread-multi-64int-ld/XSLoader.pm line 71.
 at /opt/perl-5.9.5/lib/5.9.5/i686-linux-thread-multi-64int-ld/Storable.pm line 72.
Compilation failed in require at /root/.cpan/build/Cache-CacheFactory-1.10-47qAB2/blib/lib/Cache/CacheFactory/Object.pm line 15.
BEGIN failed--compilation aborted at /root/.cpan/build/Cache-CacheFactory-1.10-47qAB2/blib/lib/Cache/CacheFactory/Object.pm line 15.
Compilation failed in require at /root/.cpan/build/Cache-CacheFactory-1.10-47qAB2/blib/lib/Cache/CacheFactory.pm line 19.
BEGIN failed--compilation aborted at /root/.cpan/build/Cache-CacheFactory-1.10-47qAB2/blib/lib/Cache/CacheFactory.pm line 19.
Compilation failed in require at t/10-namespace.t line 7.
BEGIN failed--compilation aborted at t/10-namespace.t line 7.
t/10-namespace.t ........................... 
Dubious, test returned 9 (wstat 2304, 0x900)
No subtests run 
Can't load '/opt/perl-5.9.5/lib/5.9.5/i686-linux-thread-multi-64int-ld/auto/Storable/Storable.so' for module Storable: /opt/perl-5.9.5/lib/5.9.5/i686-linux-thread-multi-64int-ld/auto/Storable/Storable.so: undefined symbol: newSVpvs_flags at /opt/perl-5.9.5/lib/5.9.5/i686-linux-thread-multi-64int-ld/XSLoader.pm line 71.
 at /opt/perl-5.9.5/lib/5.9.5/i686-linux-thread-multi-64int-ld/Storable.pm line 72.
Compilation failed in require at /root/.cpan/build/Cache-CacheFactory-1.10-47qAB2/blib/lib/Cache/CacheFactory/Object.pm line 15.
BEGIN failed--compilation aborted at /root/.cpan/build/Cache-CacheFactory-1.10-47qAB2/blib/lib/Cache/CacheFactory/Object.pm line 15.
Compilation failed in require at /root/.cpan/build/Cache-CacheFactory-1.10-47qAB2/blib/lib/Cache/CacheFactory.pm line 19.
BEGIN failed--compilation aborted at /root/.cpan/build/Cache-CacheFactory-1.10-47qAB2/blib/lib/Cache/CacheFactory.pm line 19.
Compilation failed in require at t/20-storage.t line 7.
BEGIN failed--compilation aborted at t/20-storage.t line 7.
t/20-storage.t ............................. 
Dubious, test returned 9 (wstat 2304, 0x900)
No subtests run 
Can't load '/opt/perl-5.9.5/lib/5.9.5/i686-linux-thread-multi-64int-ld/auto/Storable/Storable.so' for module Storable: /opt/perl-5.9.5/lib/5.9.5/i686-linux-thread-multi-64int-ld/auto/Storable/Storable.so: undefined symbol: newSVpvs_flags at /opt/perl-5.9.5/lib/5.9.5/i686-linux-thread-multi-64int-ld/XSLoader.pm line 71.
 at /opt/perl-5.9.5/lib/5.9.5/i686-linux-thread-multi-64int-ld/Storable.pm line 72.
Compilation failed in require at /root/.cpan/build/Cache-CacheFactory-1.10-47qAB2/blib/lib/Cache/CacheFactory/Object.pm line 15.
BEGIN failed--compilation aborted at /root/.cpan/build/Cache-CacheFactory-1.10-47qAB2/blib/lib/Cache/CacheFactory/Object.pm line 15.
Compilation failed in require at /root/.cpan/build/Cache-CacheFactory-1.10-47qAB2/blib/lib/Cache/CacheFactory.pm line 19.
BEGIN failed--compilation aborted at /root/.cpan/build/Cache-CacheFactory-1.10-47qAB2/blib/lib/Cache/CacheFactory.pm line 19.
Compilation failed in require at t/30-size-hack-with-devel-size.t line 7.
BEGIN failed--compilation aborted at t/30-size-hack-with-devel-size.t line 7.
t/30-size-hack-with-devel-size.t ........... 
Dubious, test returned 9 (wstat 2304, 0x900)
No subtests run 
You tried to plan twice at t/31-size-hack-force-missing-devel-size.t line 19.
# Looks like your test exited with 9 before it could output anything.
t/31-size-hack-force-missing-devel-size.t .. 
Dubious, test returned 9 (wstat 2304, 0x900)
Failed 6/6 subtests 
Can't load '/opt/perl-5.9.5/lib/5.9.5/i686-linux-thread-multi-64int-ld/auto/Storable/Storable.so' for module Storable: /opt/perl-5.9.5/lib/5.9.5/i686-linux-thread-multi-64int-ld/auto/Storable/Storable.so: undefined symbol: newSVpvs_flags at /opt/perl-5.9.5/lib/5.9.5/i686-linux-thread-multi-64int-ld/XSLoader.pm line 71.
 at /opt/perl-5.9.5/lib/5.9.5/i686-linux-thread-multi-64int-ld/Storable.pm line 72.
Compilation failed in require at /root/.cpan/build/Cache-CacheFactory-1.10-47qAB2/blib/lib/Cache/CacheFactory/Object.pm line 15.
BEGIN failed--compilation aborted at /root/.cpan/build/Cache-CacheFactory-1.10-47qAB2/blib/lib/Cache/CacheFactory/Object.pm line 15.
Compilation failed in require at /root/.cpan/build/Cache-CacheFactory-1.10-47qAB2/blib/lib/Cache/CacheFactory.pm line 19.
BEGIN failed--compilation aborted at /root/.cpan/build/Cache-CacheFactory-1.10-47qAB2/blib/lib/Cache/CacheFactory.pm line 19.
Compilation failed in require at t/40-expiry-lastmodified.t line 7.
BEGIN failed--compilation aborted at t/40-expiry-lastmodified.t line 7.
t/40-expiry-lastmodified.t ................. 
Dubious, test returned 9 (wstat 2304, 0x900)
No subtests run 
Can't load '/opt/perl-5.9.5/lib/5.9.5/i686-linux-thread-multi-64int-ld/auto/Storable/Storable.so' for module Storable: /opt/perl-5.9.5/lib/5.9.5/i686-linux-thread-multi-64int-ld/auto/Storable/Storable.so: undefined symbol: newSVpvs_flags at /opt/perl-5.9.5/lib/5.9.5/i686-linux-thread-multi-64int-ld/XSLoader.pm line 71.
 at /opt/perl-5.9.5/lib/5.9.5/i686-linux-thread-multi-64int-ld/Storable.pm line 72.
Compilation failed in require at /root/.cpan/build/Cache-CacheFactory-1.10-47qAB2/blib/lib/Cache/CacheFactory/Object.pm line 15.
BEGIN failed--compilation aborted at /root/.cpan/build/Cache-CacheFactory-1.10-47qAB2/blib/lib/Cache/CacheFactory/Object.pm line 15.
Compilation failed in require at /root/.cpan/build/Cache-CacheFactory-1.10-47qAB2/blib/lib/Cache/CacheFactory.pm line 19.
BEGIN failed--compilation aborted at /root/.cpan/build/Cache-CacheFactory-1.10-47qAB2/blib/lib/Cache/CacheFactory.pm line 19.
Compilation failed in require at t/40-expiry-size.t line 7.
BEGIN failed--compilation aborted at t/40-expiry-size.t line 7.
t/40-expiry-size.t ......................... 
Dubious, test returned 9 (wstat 2304, 0x900)
No subtests run 
Can't load '/opt/perl-5.9.5/lib/5.9.5/i686-linux-thread-multi-64int-ld/auto/Storable/Storable.so' for module Storable: /opt/perl-5.9.5/lib/5.9.5/i686-linux-thread-multi-64int-ld/auto/Storable/Storable.so: undefined symbol: newSVpvs_flags at /opt/perl-5.9.5/lib/5.9.5/i686-linux-thread-multi-64int-ld/XSLoader.pm line 71.
 at /opt/perl-5.9.5/lib/5.9.5/i686-linux-thread-multi-64int-ld/Storable.pm line 72.
Compilation failed in require at /root/.cpan/build/Cache-CacheFactory-1.10-47qAB2/blib/lib/Cache/CacheFactory/Object.pm line 15.
BEGIN failed--compilation aborted at /root/.cpan/build/Cache-CacheFactory-1.10-47qAB2/blib/lib/Cache/CacheFactory/Object.pm line 15.
Compilation failed in require at /root/.cpan/build/Cache-CacheFactory-1.10-47qAB2/blib/lib/Cache/CacheFactory.pm line 19.
BEGIN failed--compilation aborted at /root/.cpan/build/Cache-CacheFactory-1.10-47qAB2/blib/lib/Cache/CacheFactory.pm line 19.
Compilation failed in require at t/40-expiry-time.t line 7.
BEGIN failed--compilation aborted at t/40-expiry-time.t line 7.
t/40-expiry-time.t ......................... 
Dubious, test returned 9 (wstat 2304, 0x900)
No subtests run 
Can't load '/opt/perl-5.9.5/lib/5.9.5/i686-linux-thread-multi-64int-ld/auto/Storable/Storable.so' for module Storable: /opt/perl-5.9.5/lib/5.9.5/i686-linux-thread-multi-64int-ld/auto/Storable/Storable.so: undefined symbol: newSVpvs_flags at /opt/perl-5.9.5/lib/5.9.5/i686-linux-thread-multi-64int-ld/XSLoader.pm line 71.
 at /opt/perl-5.9.5/lib/5.9.5/i686-linux-thread-multi-64int-ld/Storable.pm line 72.
Compilation failed in require at /root/.cpan/build/Cache-CacheFactory-1.10-47qAB2/blib/lib/Cache/CacheFactory/Object.pm line 15.
BEGIN failed--compilation aborted at /root/.cpan/build/Cache-CacheFactory-1.10-47qAB2/blib/lib/Cache/CacheFactory/Object.pm line 15.
Compilation failed in require at /root/.cpan/build/Cache-CacheFactory-1.10-47qAB2/blib/lib/Cache/CacheFactory.pm line 19.
BEGIN failed--compilation aborted at /root/.cpan/build/Cache-CacheFactory-1.10-47qAB2/blib/lib/Cache/CacheFactory.pm line 19.
Compilation failed in require at t/50-deep-clone.t line 8.
BEGIN failed--compilation aborted at t/50-deep-clone.t line 8.
t/50-deep-clone.t .......................... 
Dubious, test returned 9 (wstat 2304, 0x900)
No subtests run 
Can't load '/opt/perl-5.9.5/lib/5.9.5/i686-linux-thread-multi-64int-ld/auto/Storable/Storable.so' for module Storable: /opt/perl-5.9.5/lib/5.9.5/i686-linux-thread-multi-64int-ld/auto/Storable/Storable.so: undefined symbol: newSVpvs_flags at /opt/perl-5.9.5/lib/5.9.5/i686-linux-thread-multi-64int-ld/XSLoader.pm line 71.
 at /opt/perl-5.9.5/lib/5.9.5/i686-linux-thread-multi-64int-ld/Storable.pm line 72.
Compilation failed in require at /root/.cpan/build/Cache-CacheFactory-1.10-47qAB2/blib/lib/Cache/CacheFactory/Object.pm line 15.
BEGIN failed--compilation aborted at /root/.cpan/build/Cache-CacheFactory-1.10-47qAB2/blib/lib/Cache/CacheFactory/Object.pm line 15.
Compilation failed in require at /root/.cpan/build/Cache-CacheFactory-1.10-47qAB2/blib/lib/Cache/CacheFactory.pm line 19.
BEGIN failed--compilation aborted at /root/.cpan/build/Cache-CacheFactory-1.10-47qAB2/blib/lib/Cache/CacheFactory.pm line 19.
Compilation failed in require at t/80-export.t line 7.
BEGIN failed--compilation aborted at t/80-export.t line 7.
t/80-export.t .............................. 
Dubious, test returned 9 (wstat 2304, 0x900)
No subtests run 
t/90-pod.t ................................. ok

#   Failed test 'Pod coverage on Cache::CacheFactory'
#   at /opt/perl-5.9.5/lib/site_perl/5.9.5/Test/Pod/Coverage.pm line 126.
# Cache::CacheFactory: Couldn't compile 'Cache::CacheFactory' to inspect: Can't load '/opt/perl-5.9.5/lib/5.9.5/i686-linux-thread-multi-64int-ld/auto/Storable/Storable.so' for module Storable: /opt/perl-5.9.5/lib/5.9.5/i686-linux-thread-multi-64int-ld/auto/Storable/Storable.so: undefined symbol: newSVpvs_flags at /opt/perl-5.9.5/lib/5.9.5/i686-linux-thread-multi-64int-ld/XSLoader.pm line 71.
#  at /opt/perl-5.9.5/lib/5.9.5/i686-linux-thread-multi-64int-ld/Storable.pm line 72.
# Compilation failed in require at /root/.cpan/build/Cache-CacheFactory-1.10-47qAB2/blib/lib/Cache/CacheFactory/Object.pm line 15.
# BEGIN failed--compilation aborted at /root/.cpan/build/Cache-CacheFactory-1.10-47qAB2/blib/lib/Cache/CacheFactory/Object.pm line 15.
# Compilation failed in require at /root/.cpan/build/Cache-CacheFactory-1.10-47qAB2/blib/lib/Cache/CacheFactory.pm line 19.
# BEGIN failed--compilation aborted at /root/.cpan/build/Cache-CacheFactory-1.10-47qAB2/blib/lib/Cache/CacheFactory.pm line 19.
# Compilation failed in require at (eval 16) line 3.

#   Failed test 'Pod coverage on Cache::CacheFactory::Object'
#   at /opt/perl-5.9.5/lib/site_perl/5.9.5/Test/Pod/Coverage.pm line 126.
# Cache::CacheFactory::Object: Couldn't compile 'Cache::CacheFactory::Object' to inspect: Compilation failed in require at (eval 24) line 3.

#   Failed test 'Pod coverage on Cache::CacheFactory::Expiry::Size'
#   at /opt/perl-5.9.5/lib/site_perl/5.9.5/Test/Pod/Coverage.pm line 126.
# Cache::CacheFactory::Expiry::Size: Couldn't compile 'Cache::CacheFactory::Expiry::Size' to inspect: Compilation failed in require at /opt/perl-5.9.5/lib/site_perl/5.9.5/Cache/CacheUtils.pm line 19.
# BEGIN failed--compilation aborted at /opt/perl-5.9.5/lib/site_perl/5.9.5/Cache/CacheUtils.pm line 19.
# Compilation failed in require at /opt/perl-5.9.5/lib/site_perl/5.9.5/Cache/BaseCache.pm line 18.
# BEGIN failed--compilation aborted at /opt/perl-5.9.5/lib/site_perl/5.9.5/Cache/BaseCache.pm line 18.
# Compilation failed in require at /root/.cpan/build/Cache-CacheFactory-1.10-47qAB2/blib/lib/Cache/CacheFactory/Expiry/Size.pm line 16.
# BEGIN failed--compilation aborted at /root/.cpan/build/Cache-CacheFactory-1.10-47qAB2/blib/lib/Cache/CacheFactory/Expiry/Size.pm line 16.
# Compilation failed in require at (eval 32) line 3.

#   Failed test 'Pod coverage on Cache::CacheFactory::Expiry::Time'
#   at /opt/perl-5.9.5/lib/site_perl/5.9.5/Test/Pod/Coverage.pm line 126.
# Cache::CacheFactory::Expiry::Time: Couldn't compile 'Cache::CacheFactory::Expiry::Time' to inspect: Compilation failed in require at /root/.cpan/build/Cache-CacheFactory-1.10-47qAB2/blib/lib/Cache/CacheFactory/Expiry/Time.pm line 14.
# BEGIN failed--compilation aborted at /root/.cpan/build/Cache-CacheFactory-1.10-47qAB2/blib/lib/Cache/CacheFactory/Expiry/Time.pm line 14.
# Compilation failed in require at (eval 34) line 3.
# Looks like you failed 4 tests of 8.
t/99-pod-coverage.t ........................ 
Dubious, test returned 4 (wstat 1024, 0x400)
Failed 4/8 subtests 

Test Summary Report
-------------------
t/00-load.t                              (Wstat: 256 Tests: 1 Failed: 1)
  Failed test:  1
  Non-zero exit status: 1
t/10-namespace.t                         (Wstat: 2304 Tests: 0 Failed: 0)
  Non-zero exit status: 9
  Parse errors: No plan found in TAP output
t/20-storage.t                           (Wstat: 2304 Tests: 0 Failed: 0)
  Non-zero exit status: 9
  Parse errors: No plan found in TAP output
t/30-size-hack-with-devel-size.t         (Wstat: 2304 Tests: 0 Failed: 0)
  Non-zero exit status: 9
  Parse errors: No plan found in TAP output
t/31-size-hack-force-missing-devel-size.t (Wstat: 2304 Tests: 0 Failed: 0)
  Non-zero exit status: 9
  Parse errors: Bad plan.  You planned 6 tests but ran 0.
t/40-expiry-lastmodified.t               (Wstat: 2304 Tests: 0 Failed: 0)
  Non-zero exit status: 9
  Parse errors: No plan found in TAP output
t/40-expiry-size.t                       (Wstat: 2304 Tests: 0 Failed: 0)
  Non-zero exit status: 9
  Parse errors: No plan found in TAP output
t/40-expiry-time.t                       (Wstat: 2304 Tests: 0 Failed: 0)
  Non-zero exit status: 9
  Parse errors: No plan found in TAP output
t/50-deep-clone.t                        (Wstat: 2304 Tests: 0 Failed: 0)
  Non-zero exit status: 9
  Parse errors: No plan found in TAP output
t/80-export.t                            (Wstat: 2304 Tests: 0 Failed: 0)
  Non-zero exit status: 9
  Parse errors: No plan found in TAP output
t/99-pod-coverage.t                      (Wstat: 1024 Tests: 8 Failed: 4)
  Failed tests:  1, 3, 6-7
  Non-zero exit status: 4
Files=12, Tests=17,  8 wallclock secs ( 0.11 usr  0.03 sys +  1.86 cusr  0.21 csys =  2.21 CPU)
Result: FAIL
Failed 11/12 test programs. 5/17 subtests failed.
make: *** [test] Error 4

------------------------------
PREREQUISITES
------------------------------

Prerequisite modules loaded:

requires:

    Module           Need  Have
    ---------------- ----- ----
    Cache::BaseCache 0     0   
    Cache::Cache     1     1.06
    Cache::Object    0     0   
    Carp             0     1.25
    Class::Factory   0     1.06
    Scalar::Util     0     1.25
    Storable         1.014 2.30

build_requires:

    Module           Need  Have
    ---------------- ----- ----
    Module::Build    0.07  0.40
    Test::More       0     0.98

configure_requires:

    Module           Need  Have
    ---------------- ----- ----
    Module::Build    0.36  0.40


------------------------------
ENVIRONMENT AND OTHER CONTEXT
------------------------------

Environment variables:

    LANG = en_US.UTF-8
    PATH = /usr/kerberos/sbin:/usr/kerberos/bin:/usr/local/sbin:/usr/local/bin:/sbin:/bin:/usr/sbin:/usr/bin:/opt/real/RealPlayer:/root/bin:/opt/real/RealPlayer
    PERL5LIB = 
    PERL5OPT = 
    PERL5_CPANPLUS_IS_RUNNING = 24119
    PERL5_CPAN_IS_RUNNING = 24119
    PERL_ANYEVENT_MEMCACHED_SERVERS = 1
    PERL_LIBMEMCACHED_TEST_SERVERS = 1
    SHELL = /bin/bash
    TERM = xterm
    TEST_PERL_CRITIC = 1

Perl special variables (and OS-specific diagnostics, for MSWin32):

    $^X = /opt/perl-5.9.5/bin/perl5.9.5
    $UID/$EUID = 0 / 0
    $GID = 0 0 1 2 3 4 6 10
    $EGID = 0 0 1 2 3 4 6 10

Perl module toolchain versions installed:

    Module              Have    
    ------------------- --------
    CPAN                1.9800  
    CPAN::Meta          2.120921
    Cwd                 3.33    
    ExtUtils::CBuilder  0.280205
    ExtUtils::Command   1.17    
    ExtUtils::Install   1.54    
    ExtUtils::MakeMaker 6.62    
    ExtUtils::Manifest  1.60    
    ExtUtils::ParseXS   3.15    
    File::Spec          3.33    
    JSON                2.53    
    JSON::PP            2.27200 
    Module::Build       0.40    
    Module::Signature   0.68    
    Parse::CPAN::Meta   1.4404  
    Test::Harness       3.23    
    Test::More          0.98    
    YAML                0.81    
    YAML::Syck          1.20    
    version             0.88    


--

Summary of my perl5 (revision 5 version 9 subversion 5) configuration:
  Platform:
    osname=linux, osvers=2.6.18-1.2798.fc6, archname=i686-linux-thread-multi-64int-ld
    uname='linux localhost.localdomain 2.6.18-1.2798.fc6 #1 smp mon oct 16 14:37:32 edt 2006 i686 i686 i386 gnulinux '
    config_args='-Dcc=gcc -Dprefix=/opt/perl-5.9.5 -DDEBUGGING'
    hint=recommended, useposix=true, d_sigaction=define
    useithreads=define, usemultiplicity=define
    useperlio=define, d_sfio=undef, uselargefiles=define, usesocks=undef
    use64bitint=define, use64bitall=undef, uselongdouble=define
    usemymalloc=n, bincompat5005=undef
  Compiler:
    cc='gcc', ccflags ='-D_REENTRANT -D_GNU_SOURCE -DDEBUGGING -fno-strict-aliasing -pipe -I/usr/local/include -D_LARGEFILE_SOURCE -D_FILE_OFFSET_BITS=64 -I/usr/include/gdbm',
    optimize='-O2 -g',
    cppflags='-D_REENTRANT -D_GNU_SOURCE -DDEBUGGING -fno-strict-aliasing -pipe -I/usr/local/include -I/usr/include/gdbm'
    ccversion='', gccversion='4.1.1 20061011 (Red Hat 4.1.1-30)', gccosandvers=''
    intsize=4, longsize=4, ptrsize=4, doublesize=8, byteorder=12345678
    d_longlong=define, longlongsize=8, d_longdbl=define, longdblsize=12
    ivtype='long long', ivsize=8, nvtype='long double', nvsize=12, Off_t='off_t', lseeksize=8
    alignbytes=4, prototype=define
  Linker and Libraries:
    ld='gcc', ldflags =' -L/usr/local/lib'
    libpth=/usr/local/lib /lib /usr/lib
    libs=-lnsl -lgdbm -ldb -ldl -lm -lcrypt -lutil -lpthread -lc
    perllibs=-lnsl -ldl -lm -lcrypt -lutil -lpthread -lc
    libc=/lib/libc-2.5.so, so=so, useshrplib=true, libperl=libperl.so
    gnulibc_version='2.5'
  Dynamic Linking:
    dlsrc=dl_dlopen.xs, dlext=so, d_dlsymun=undef, ccdlflags='-Wl,-E -Wl,-rpath,/opt/perl-5.9.5/lib/5.9.5/i686-linux-thread-multi-64int-ld/CORE'
    cccdlflags='-fPIC', lddlflags='-shared -O2 -g -L/usr/local/lib'


Characteristics of this binary (from libperl): 
  Compile-time options: DEBUGGING MULTIPLICITY PERL_DONT_CREATE_GVSV
                        PERL_IMPLICIT_CONTEXT PERL_MALLOC_WRAP
                        PERL_TRACK_MEMPOOL USE_64_BIT_INT USE_ITHREADS
                        USE_LARGE_FILES USE_LONG_DOUBLE USE_PERLIO
                        USE_REENTRANT_API
  Built under linux
  Compiled at Mar 15 2012 20:27:39
  %ENV:
    PERL5LIB=""
    PERL5OPT=""
    PERL5_CPANPLUS_IS_RUNNING="24119"
    PERL5_CPAN_IS_RUNNING="24119"
    PERL_ANYEVENT_MEMCACHED_SERVERS="1"
    PERL_LIBMEMCACHED_TEST_SERVERS="1"
  @INC:
    /opt/perl-5.9.5/lib/5.9.5/i686-linux-thread-multi-64int-ld
    /opt/perl-5.9.5/lib/5.9.5
    /opt/perl-5.9.5/lib/site_perl/5.9.5/i686-linux-thread-multi-64int-ld
    /opt/perl-5.9.5/lib/site_perl/5.9.5
    .