Report for Data-Dumper-OneLine-0.01

Back
From: metabase:user:322078bc-2aae-11df-837a-5e0a49663a4f
Subject: FAIL Data-Dumper-OneLine-0.01 v5.16.0 Debian GNU/kFreeBSD
Date: 2014-06-16T11:55:30Z

This distribution has been tested as part of the CPAN Testers
project, supporting the Perl programming language.  See
http://wiki.cpantesters.org/ for more information or email
questions to cpan-testers-discuss@perl.org


--

Dear CSIDE,

This is a computer-generated error report created automatically by
CPANPLUS, version 0.9148. Testers personal comments may appear
at the end of this report.


Thank you for uploading your work to CPAN.  However, it appears that
there were some problems testing your distribution.

TEST RESULTS:

Below is the error stack from stage 'make test':


#   Failed test 'use Data::Dumper::OneLine;'
#   at t/00_compile.t line 4.
#     Tried to use 'Data::Dumper::OneLine'.
#     Error:  Can't locate Data/Recursive/Encode.pm in @INC (@INC contains: /home/cpan/pit/thr/conf/perl-5.16.0/.cpanplus/5.16.0/build/Data-Dumper-OneLine-0.01/blib/lib /home/cpan/pit/thr/conf/perl-5.16.0/.cpanplus/5.16.0/build/Data-Dumper-OneLine-0.01/blib/arch /home/cpan/pit/thr/conf/perl-5.16.0/.cpanplus/5.16.0/build/Data-Dumper-OneLine-0.01/_build/lib /home/cpan/pit/thr/conf/perl-5.16.0/.cpanplus/5.16.0/build/Data-Dumper-OneLine-0.01/blib/lib /home/cpan/pit/thr/conf/perl-5.16.0/.cpanplus/5.16.0/build/Data-Dumper-OneLine-0.01/blib/arch /home/cpan/pit/thr/perl-5.16.0/lib/site_perl/5.16.0/i686-gnukfreebsd-thread-multi /home/cpan/pit/thr/perl-5.16.0/lib/site_perl/5.16.0 /home/cpan/pit/thr/perl-5.16.0/lib/5.16.0/i686-gnukfreebsd-thread-multi /home/cpan/pit/thr/perl-5.16.0/lib/5.16.0 .) at /home/cpan/pit/thr/conf/perl-5.16.0/.cpanplus/5.16.0/build/Data-Dumper-OneLine-0.01/blib/lib/Data/Dumper/OneLine.pm line 6.
# BEGIN failed--compilation aborted at /home/cpan/pit/thr/conf/perl-5.16.0/.cpanplus/5.16.0/build/Data-Dumper-OneLine-0.01/blib/lib/Data/Dumper/OneLine.pm line 6.
# Compilation failed in require at t/00_compile.t line 4.
# BEGIN failed--compilation aborted at t/00_compile.t line 4.
# Looks like you failed 1 test of 1.
t/00_compile.t .. 
Dubious, test returned 1 (wstat 256, 0x100)
Failed 1/1 subtests 
Can't locate Data/Recursive/Encode.pm in @INC (@INC contains: t/lib /home/cpan/pit/thr/conf/perl-5.16.0/.cpanplus/5.16.0/build/Data-Dumper-OneLine-0.01/blib/lib /home/cpan/pit/thr/conf/perl-5.16.0/.cpanplus/5.16.0/build/Data-Dumper-OneLine-0.01/blib/arch /home/cpan/pit/thr/conf/perl-5.16.0/.cpanplus/5.16.0/build/Data-Dumper-OneLine-0.01/_build/lib /home/cpan/pit/thr/perl-5.16.0/lib/site_perl/5.16.0/i686-gnukfreebsd-thread-multi /home/cpan/pit/thr/perl-5.16.0/lib/site_perl/5.16.0 /home/cpan/pit/thr/perl-5.16.0/lib/5.16.0/i686-gnukfreebsd-thread-multi /home/cpan/pit/thr/perl-5.16.0/lib/5.16.0 .) at /home/cpan/pit/thr/conf/perl-5.16.0/.cpanplus/5.16.0/build/Data-Dumper-OneLine-0.01/blib/lib/Data/Dumper/OneLine.pm line 6.
BEGIN failed--compilation aborted at /home/cpan/pit/thr/conf/perl-5.16.0/.cpanplus/5.16.0/build/Data-Dumper-OneLine-0.01/blib/lib/Data/Dumper/OneLine.pm line 6.
Compilation failed in require at t/basic.t line 7.
BEGIN failed--compilation aborted at t/basic.t line 7.
t/basic.t ....... 
Dubious, test returned 2 (wstat 512, 0x200)
No subtests run 
Can't locate Data/Recursive/Encode.pm in @INC (@INC contains: t/lib /home/cpan/pit/thr/conf/perl-5.16.0/.cpanplus/5.16.0/build/Data-Dumper-OneLine-0.01/blib/lib /home/cpan/pit/thr/conf/perl-5.16.0/.cpanplus/5.16.0/build/Data-Dumper-OneLine-0.01/blib/arch /home/cpan/pit/thr/conf/perl-5.16.0/.cpanplus/5.16.0/build/Data-Dumper-OneLine-0.01/_build/lib /home/cpan/pit/thr/perl-5.16.0/lib/site_perl/5.16.0/i686-gnukfreebsd-thread-multi /home/cpan/pit/thr/perl-5.16.0/lib/site_perl/5.16.0 /home/cpan/pit/thr/perl-5.16.0/lib/5.16.0/i686-gnukfreebsd-thread-multi /home/cpan/pit/thr/perl-5.16.0/lib/5.16.0 .) at /home/cpan/pit/thr/conf/perl-5.16.0/.cpanplus/5.16.0/build/Data-Dumper-OneLine-0.01/blib/lib/Data/Dumper/OneLine.pm line 6.
BEGIN failed--compilation aborted at /home/cpan/pit/thr/conf/perl-5.16.0/.cpanplus/5.16.0/build/Data-Dumper-OneLine-0.01/blib/lib/Data/Dumper/OneLine.pm line 6.
Compilation failed in require at t/encoding.t line 6.
BEGIN failed--compilation aborted at t/encoding.t line 6.
t/encoding.t .... 
Dubious, test returned 2 (wstat 512, 0x200)
No subtests run 

Test Summary Report
-------------------
t/00_compile.t (Wstat: 256 Tests: 1 Failed: 1)
  Failed test:  1
  Non-zero exit status: 1
t/basic.t     (Wstat: 512 Tests: 0 Failed: 0)
  Non-zero exit status: 2
  Parse errors: No plan found in TAP output
t/encoding.t  (Wstat: 512 Tests: 0 Failed: 0)
  Non-zero exit status: 2
  Parse errors: No plan found in TAP output
Files=3, Tests=1,  0 wallclock secs ( 0.03 usr  0.02 sys +  0.18 cusr  0.05 csys =  0.28 CPU)
Result: FAIL
Failed 3/3 test programs. 1/1 subtests failed.
BEGIN failed--compilation aborted at -e line 1.



MISSING PREREQUISITES:

It was observed that the test suite seem to fail without these modules:

Data::Recursive::Encode

As such, adding the prerequisite module(s) to 'PREREQ_PM' in your
Makefile.PL should solve this problem.  For example:

WriteMakefile(
    AUTHOR      => 'CSIDE (cpanplus-info@lists.sf.net)',
    ... # other information
    PREREQ_PM   => {
	'Data::Recursive::Encode'	=> '0', # or a minimum working version
    }
);

Thanks! :-)

PREREQUISITES:

Here is a list of prerequisites you specified and versions we
managed to load:

	  Module Name                        Have     Want
	  ExtUtils::CBuilder             0.280216        0
	  Test::More                     1.001003     0.98

Perl module toolchain versions installed:
	Module Name                        Have
	CPANPLUS                         0.9148
	CPANPLUS::Dist::Build              0.76
	Cwd                                3.47
	ExtUtils::CBuilder             0.280216
	ExtUtils::Command                  1.17
	ExtUtils::Install                  1.67
	ExtUtils::MakeMaker                6.98
	ExtUtils::Manifest                 1.63
	ExtUtils::ParseXS                  3.24
	File::Spec                         3.47
	Module::Build                    0.4205
	Pod::Parser                        1.51
	Pod::Simple                        3.20
	Test::Harness                      3.30
	Test::More                     1.001003
	version                          0.9908

******************************** NOTE ********************************
The comments above are created mechanically, possibly without manual
checking by the sender.  As there are many people performing automatic
tests on each upload to CPAN, it is likely that you will receive
identical messages about the same problem.

If you believe that the message is mistaken, please reply to the first
one with correction and/or additional informations, and do not take
it personally.  We appreciate your patience. :)
**********************************************************************

Additional comments:


This report was machine-generated by CPANPLUS::Dist::YACSmoke 0.90.
Powered by minismokebox version 0.58

------------------------------
ENVIRONMENT AND OTHER CONTEXT
------------------------------

Environment variables:

    AUTOMATED_TESTING = 1
    LANG = en_GB.UTF-8
    LANGUAGE = en_GB:en
    NONINTERACTIVE_TESTING = 1
    PATH = /usr/local/bin:/usr/bin:/bin:/usr/local/games:/usr/games
    PERL5LIB = :/home/cpan/pit/thr/conf/perl-5.16.0/.cpanplus/5.16.0/build/Data-Dumper-OneLine-0.01/blib/lib:/home/cpan/pit/thr/conf/perl-5.16.0/.cpanplus/5.16.0/build/Data-Dumper-OneLine-0.01/blib/arch
    PERL5_CPANPLUS_IS_RUNNING = 18600
    PERL5_CPANPLUS_IS_VERSION = 0.9148
    PERL5_MINISMOKEBOX = 0.58
    PERL5_YACSMOKE_BASE = /home/cpan/pit/thr/conf/perl-5.16.0
    PERL_EXTUTILS_AUTOINSTALL = --defaultdeps
    PERL_MM_USE_DEFAULT = 1
    SHELL = /bin/bash
    TERM = screen

Perl special variables (and OS-specific diagnostics, for MSWin32):

    Perl: $^X = /home/cpan/pit/thr/perl-5.16.0/bin/perl
    UID:  $<  = 1001
    EUID: $>  = 1001
    GID:  $(  = 1001 1001
    EGID: $)  = 1001 1001


-------------------------------


--

Summary of my perl5 (revision 5 version 16 subversion 0) configuration:
   
  Platform:
    osname=gnukfreebsd, osvers=8.1-1-686, archname=i686-gnukfreebsd-thread-multi
    uname='gnukfreebsd kaiser 8.1-1-686 #0 fri oct 21 22:17:01 utc 2011 i686 i386 amd athlon(tm) neo x2 dual core processor 6850e gnukfreebsd '
    config_args='-des -Dprefix=/home/cpan/pit/thr/perl-5.16.0 -Dusethreads'
    hint=recommended, useposix=true, d_sigaction=define
    useithreads=define, usemultiplicity=define
    useperlio=define, d_sfio=undef, uselargefiles=define, usesocks=undef
    use64bitint=undef, use64bitall=undef, uselongdouble=undef
    usemymalloc=n, bincompat5005=undef
  Compiler:
    cc='cc', ccflags ='-D_REENTRANT -D_GNU_SOURCE -fno-strict-aliasing -pipe -fstack-protector -I/usr/local/include -D_LARGEFILE_SOURCE -D_FILE_OFFSET_BITS=64',
    optimize='-O2',
    cppflags='-D_REENTRANT -D_GNU_SOURCE -fno-strict-aliasing -pipe -fstack-protector -I/usr/local/include'
    ccversion='', gccversion='4.4.5', gccosandvers=''
    intsize=4, longsize=4, ptrsize=4, doublesize=8, byteorder=1234
    d_longlong=define, longlongsize=8, d_longdbl=define, longdblsize=12
    ivtype='long', ivsize=4, nvtype='double', nvsize=8, Off_t='off_t', lseeksize=8
    alignbytes=4, prototype=define
  Linker and Libraries:
    ld='cc', ldflags =' -fstack-protector -L/usr/local/lib'
    libpth=/usr/local/lib /lib /usr/lib
    libs=-lnsl -lgdbm -ldb -ldl -lm -lcrypt -lutil -lpthread -lc -lgdbm_compat
    perllibs=-lnsl -ldl -lm -lcrypt -lutil -lpthread -lc
    libc=, so=so, useshrplib=false, libperl=libperl.a
    gnulibc_version='2.11.3'
  Dynamic Linking:
    dlsrc=dl_dlopen.xs, dlext=so, d_dlsymun=undef, ccdlflags='-Wl,-E'
    cccdlflags='-fpic', lddlflags='-shared -L/usr/local/lib -fstack-protector'


Characteristics of this binary (from libperl): 
  Compile-time options: HAS_TIMES MULTIPLICITY PERLIO_LAYERS
                        PERL_DONT_CREATE_GVSV PERL_IMPLICIT_CONTEXT
                        PERL_MALLOC_WRAP PERL_PRESERVE_IVUV USE_ITHREADS
                        USE_LARGE_FILES USE_LOCALE USE_LOCALE_COLLATE
                        USE_LOCALE_CTYPE USE_LOCALE_NUMERIC USE_PERLIO
                        USE_PERL_ATOF USE_REENTRANT_API
  Built under gnukfreebsd
  Compiled at Jun 27 2012 01:58:32
  %ENV:
    PERL5LIB=":/home/cpan/pit/thr/conf/perl-5.16.0/.cpanplus/5.16.0/build/Data-Dumper-OneLine-0.01/blib/lib:/home/cpan/pit/thr/conf/perl-5.16.0/.cpanplus/5.16.0/build/Data-Dumper-OneLine-0.01/blib/arch"
    PERL5_CPANPLUS_IS_RUNNING="18600"
    PERL5_CPANPLUS_IS_VERSION="0.9148"
    PERL5_MINISMOKEBOX="0.58"
    PERL5_YACSMOKE_BASE="/home/cpan/pit/thr/conf/perl-5.16.0"
    PERL_EXTUTILS_AUTOINSTALL="--defaultdeps"
    PERL_MM_USE_DEFAULT="1"
  @INC:
    /home/cpan/pit/thr/conf/perl-5.16.0/.cpanplus/5.16.0/build/Data-Dumper-OneLine-0.01/blib/lib
    /home/cpan/pit/thr/conf/perl-5.16.0/.cpanplus/5.16.0/build/Data-Dumper-OneLine-0.01/blib/arch
    /home/cpan/pit/thr/perl-5.16.0/lib/site_perl/5.16.0/i686-gnukfreebsd-thread-multi
    /home/cpan/pit/thr/perl-5.16.0/lib/site_perl/5.16.0
    /home/cpan/pit/thr/perl-5.16.0/lib/5.16.0/i686-gnukfreebsd-thread-multi
    /home/cpan/pit/thr/perl-5.16.0/lib/5.16.0
    .