Dancer2-Plugin-RoutePodCoverage v0.08 Perl 5 v5.20.1 amd64-freebsd

Status
Fail
From
Slaven Rezić (SREZIC)
Dist
Dancer2-Plugin-RoutePodCoverage v0.08
Platform
Perl 5 v5.20.1 amd64-freebsd
Date
2020-05-11 15:28:50
ID
1d390f60-939c-11ea-922e-321e1f24ea8f
This distribution has been tested as part of the CPAN Testers
project, supporting the Perl programming language.  See
http://wiki.cpantesters.org/ for more information or email
questions to cpan-testers-discuss@perl.org


--
Dear Dinis Rebolo,

This is a computer-generated report for Dancer2-Plugin-RoutePodCoverage-0.08
on perl 5.20.1, created by CPAN-Reporter-1.2018.

Thank you for uploading your work to CPAN.  However, there was a problem
testing your distribution.

If you think this report is invalid, please consult the CPAN Testers Wiki
for suggestions on how to avoid getting FAIL reports for missing library
or binary dependencies, unsupported operating systems, and so on:

http://wiki.cpantesters.org/wiki/CPANAuthorNotes

Sections of this report:

    * Tester comments
    * Program output
    * Prerequisites
    * Environment and other context

------------------------------
TESTER COMMENTS
------------------------------

Additional comments from tester:

none provided

------------------------------
PROGRAM OUTPUT
------------------------------

Output from '/usr/bin/make test':

PERL_DL_NONLAZY=1 "/usr/perl5.20.1p/bin/perl" "-MExtUtils::Command::MM" "-MTest::Harness" "-e" "undef *Test::Harness::Switches; test_harness(0, 'blib/lib', 'blib/arch')" t/*.t
# Testing Dancer2::Plugin::RoutePodCoverage 0.071, Perl 5.020001, /usr/perl5.20.1p/bin/perl
t/00-load.t ................. ok

#   Failed test 'no warnings'
#   at /usr/perl5.20.1p/lib/site_perl/5.20.1/Test/Builder.pm line 147.
# There were 1 warning(s)
# 	Previous test 0 ''
# 	WWW::Form::UrlEncoded::XS 0.26 is require. fallback to PP version at /usr/perl5.20.1p/lib/site_perl/5.20.1/amd64-freebsd/WWW/Form/UrlEncoded.pm line 17.
#  at /usr/perl5.20.1p/lib/site_perl/5.20.1/amd64-freebsd/WWW/Form/UrlEncoded.pm line 17.
# 	eval {...} called at /usr/perl5.20.1p/lib/site_perl/5.20.1/amd64-freebsd/WWW/Form/UrlEncoded.pm line 14
# 	WWW::Form::UrlEncoded::BEGIN() called at /usr/perl5.20.1p/lib/site_perl/5.20.1/amd64-freebsd/WWW/Form/UrlEncoded.pm line 34
# 	eval {...} called at /usr/perl5.20.1p/lib/site_perl/5.20.1/amd64-freebsd/WWW/Form/UrlEncoded.pm line 34
# 	require WWW/Form/UrlEncoded.pm called at /usr/perl5.20.1p/lib/site_perl/5.20.1/HTTP/Entity/Parser/UrlEncoded.pm line 5
# 	HTTP::Entity::Parser::UrlEncoded::BEGIN() called at /usr/perl5.20.1p/lib/site_perl/5.20.1/amd64-freebsd/WWW/Form/UrlEncoded.pm line 34
# 	eval {...} called at /usr/perl5.20.1p/lib/site_perl/5.20.1/amd64-freebsd/WWW/Form/UrlEncoded.pm line 34
# 	require HTTP/Entity/Parser/UrlEncoded.pm called at /usr/perl5.20.1p/lib/site_perl/5.20.1/Module/Load.pm line 77
# 	eval {...} called at /usr/perl5.20.1p/lib/site_perl/5.20.1/Module/Load.pm line 77
# 	Module::Load::_load("HTTP::Entity::Parser::UrlEncoded") called at /usr/perl5.20.1p/lib/site_perl/5.20.1/HTTP/Entity/Parser.pm line 21
# 	require HTTP/Entity/Parser.pm called at /usr/perl5.20.1p/lib/site_perl/5.20.1/Plack/Request.pm line 17
# 	Plack::Request::BEGIN() called at /usr/perl5.20.1p/lib/site_perl/5.20.1/amd64-freebsd/WWW/Form/UrlEncoded.pm line 34
# 	eval {...} called at /usr/perl5.20.1p/lib/site_perl/5.20.1/amd64-freebsd/WWW/Form/UrlEncoded.pm line 34
# 	require Plack/Request.pm called at /usr/perl5.20.1p/lib/site_perl/5.20.1/parent.pm line 16
# 	parent::import("parent", "Plack::Request") called at /usr/perl5.20.1p/lib/site_perl/5.20.1/Dancer2/Core/Request.pm line 6
# 	Dancer2::Core::Request::BEGIN() called at /usr/perl5.20.1p/lib/site_perl/5.20.1/amd64-freebsd/WWW/Form/UrlEncoded.pm line 34
# 	eval {...} called at /usr/perl5.20.1p/lib/site_perl/5.20.1/amd64-freebsd/WWW/Form/UrlEncoded.pm line 34
# 	require Dancer2/Core/Request.pm called at /usr/perl5.20.1p/lib/site_perl/5.20.1/Dancer2/Core/App.pm line 28
# 	Dancer2::Core::App::BEGIN() called at /usr/perl5.20.1p/lib/site_perl/5.20.1/amd64-freebsd/WWW/Form/UrlEncoded.pm line 34
# 	eval {...} called at /usr/perl5.20.1p/lib/site_perl/5.20.1/amd64-freebsd/WWW/Form/UrlEncoded.pm line 34
# 	require Dancer2/Core/App.pm called at /usr/perl5.20.1p/lib/site_perl/5.20.1/Dancer2.pm line 11
# 	Dancer2::BEGIN() called at /usr/perl5.20.1p/lib/site_perl/5.20.1/amd64-freebsd/WWW/Form/UrlEncoded.pm line 34
# 	eval {...} called at /usr/perl5.20.1p/lib/site_perl/5.20.1/amd64-freebsd/WWW/Form/UrlEncoded.pm line 34
# 	require Dancer2.pm called at t/01-routes_pod_coverage.t line 6
# 	main::BEGIN() called at /usr/perl5.20.1p/lib/site_perl/5.20.1/amd64-freebsd/WWW/Form/UrlEncoded.pm line 34
# 	eval {...} called at /usr/perl5.20.1p/lib/site_perl/5.20.1/amd64-freebsd/WWW/Form/UrlEncoded.pm line 34
# 
# Looks like you failed 1 test of 4.
t/01-routes_pod_coverage.t .. 
Dubious, test returned 1 (wstat 256, 0x100)
Failed 1/4 subtests 
t/02-pod.t .................. ok
t/03-pod-coverage.t ......... ok

Test Summary Report
-------------------
t/01-routes_pod_coverage.t (Wstat: 256 Tests: 4 Failed: 1)
  Failed test:  4
  Non-zero exit status: 1
Files=4, Tests=8,  4 wallclock secs ( 0.01 usr  0.03 sys +  0.20 cusr  0.70 csys =  0.94 CPU)
Result: FAIL
Failed 1/4 test programs. 1/8 subtests failed.
*** Error code 255

Stop.
make: stopped in /home/cpansand/.cpan/build/2020051111/Dancer2-Plugin-RoutePodCoverage-0.08-10

------------------------------
PREREQUISITES
------------------------------

Prerequisite modules loaded:

requires:

    Module                  Need Have    
    ----------------------- ---- --------
    Dancer2                 0.14 0.300003
    Pod::Simple::Search     3.28 3.39    
    Pod::Simple::SimpleTree 3.28 3.39    

build_requires:

    Module                  Need Have    
    ----------------------- ---- --------
    ExtUtils::MakeMaker     0    7.42    
    Test::NoWarnings        0    1.04    
    Test::Pod               0    1.52    
    Test::Pod::Coverage     0    1.10    

configure_requires:

    Module                  Need Have    
    ----------------------- ---- --------
    ExtUtils::MakeMaker     0    7.42    


------------------------------
ENVIRONMENT AND OTHER CONTEXT
------------------------------

Environment variables:

    LC_ALL = de_DE.ISO8859-1
    PATH = /usr/local/bin:/usr/bin:/bin:/usr/local/sbin:/usr/sbin:/sbin:/home/cpansand/bin/freebsd10.3:/home/cpansand/bin/sh:/home/cpansand/bin:/usr/games:/home/cpansand/devel:/home/eserte/src/srezic-misc/scripts
    PERL5LIB = 
    PERL5OPT = 
    PERL5_CPANPLUS_IS_RUNNING = 64187
    PERL5_CPAN_IS_RUNNING = 64187
    PERL5_CPAN_IS_RUNNING_IN_RECURSION = 62432,64187
    PERLDOC = -MPod::Perldoc::ToTextOverstrike
    PERL_BATCH = yes
    PERL_CANARY_STABILITY_NOPROMPT = 1
    PERL_CPAN_REPORTER_CONFIG = /var/tmp/cpansmoker-1023/2020051111/cpanreporter_000_config.ini
    PERL_EXTUTILS_AUTOINSTALL = --defaultdeps
    PERL_USE_UNSAFE_INC = 1
    SHELL = /usr/local/bin/zsh
    TERM = screen
    TMPDIR = /var/tmp/cpansmoker-1023/2020051111

Perl special variables (and OS-specific diagnostics, for MSWin32):

    $^X = /usr/perl5.20.1p/bin/perl
    $UID/$EUID = 1023 / 1023
    $GID = 1023 1023
    $EGID = 1023 1023

Perl module toolchain versions installed:

    Module              Have    
    ------------------- --------
    CPAN                2.27    
    CPAN::Meta          2.150010
    Cwd                 3.75    
    ExtUtils::CBuilder  0.280231
    ExtUtils::Command   7.42    
    ExtUtils::Install   2.14    
    ExtUtils::MakeMaker 7.42    
    ExtUtils::Manifest  1.70    
    ExtUtils::ParseXS   3.35    
    File::Spec          3.75    
    JSON                4.02    
    JSON::PP            4.03    
    Module::Build       0.4229  
    Module::Signature   0.83    
    Parse::CPAN::Meta   2.150010
    Test::Harness       3.42    
    Test::More          1.302175
    YAML                1.29    
    YAML::Syck          1.31    
    version             0.9924  


--

Summary of my perl5 (revision 5 version 20 subversion 1) configuration:
   
  Platform:
    osname=freebsd, osvers=10.1-release, archname=amd64-freebsd
    uname='freebsd cvrsnica-freebsd-101.herceg.de 10.1-release freebsd 10.1-release #0 r274401: tue nov 11 21:02:49 utc 2014 root@releng1.nyi.freebsd.org:usrobjusrsrcsysgeneric amd64 '
    config_args='-ds -e -Dprefix=/usr/perl5.20.1p'
    hint=recommended, useposix=true, d_sigaction=define
    useithreads=undef, usemultiplicity=undef
    use64bitint=define, use64bitall=define, uselongdouble=undef
    usemymalloc=n, bincompat5005=undef
  Compiler:
    cc='cc', ccflags ='-DHAS_FPSETMASK -DHAS_FLOATINGPOINT_H -fno-strict-aliasing -pipe -fstack-protector -I/usr/local/include',
    optimize='-O',
    cppflags='-DHAS_FPSETMASK -DHAS_FLOATINGPOINT_H -fno-strict-aliasing -pipe -fstack-protector -I/usr/local/include'
    ccversion='', gccversion='4.2.1 Compatible FreeBSD Clang 3.4.1 (tags/RELEASE_34/dot1-final 208032)', gccosandvers=''
    intsize=4, longsize=8, ptrsize=8, doublesize=8, byteorder=12345678
    d_longlong=define, longlongsize=8, d_longdbl=define, longdblsize=16
    ivtype='long', ivsize=8, nvtype='double', nvsize=8, Off_t='off_t', lseeksize=8
    alignbytes=8, prototype=define
  Linker and Libraries:
    ld='cc', ldflags ='-pthread -Wl,-E  -fstack-protector -L/usr/local/lib'
    libpth=/usr/lib /usr/local/lib /usr/include/clang/3.4.1 /usr/lib
    libs=-lm -lcrypt -lutil -lc
    perllibs=-lm -lcrypt -lutil -lc
    libc=, so=so, useshrplib=false, libperl=libperl.a
    gnulibc_version=''
  Dynamic Linking:
    dlsrc=dl_dlopen.xs, dlext=so, d_dlsymun=undef, ccdlflags=' '
    cccdlflags='-DPIC -fPIC', lddlflags='-shared  -L/usr/local/lib -fstack-protector'


Characteristics of this binary (from libperl): 
  Compile-time options: HAS_TIMES PERLIO_LAYERS PERL_DONT_CREATE_GVSV
                        PERL_HASH_FUNC_ONE_AT_A_TIME_HARD PERL_MALLOC_WRAP
                        PERL_NEW_COPY_ON_WRITE PERL_PRESERVE_IVUV
                        USE_64_BIT_ALL USE_64_BIT_INT USE_LARGE_FILES
                        USE_LOCALE USE_LOCALE_COLLATE USE_LOCALE_CTYPE
                        USE_LOCALE_NUMERIC USE_PERLIO USE_PERL_ATOF
  Built under freebsd
  Compiled at Jan 29 2015 08:45:50
  %ENV:
    PERL5LIB=""
    PERL5OPT=""
    PERL5_CPANPLUS_IS_RUNNING="64187"
    PERL5_CPAN_IS_RUNNING="64187"
    PERL5_CPAN_IS_RUNNING_IN_RECURSION="62432,64187"
    PERLDOC="-MPod::Perldoc::ToTextOverstrike"
    PERL_BATCH="yes"
    PERL_CANARY_STABILITY_NOPROMPT="1"
    PERL_CPAN_REPORTER_CONFIG="/var/tmp/cpansmoker-1023/2020051111/cpanreporter_000_config.ini"
    PERL_EXTUTILS_AUTOINSTALL="--defaultdeps"
    PERL_USE_UNSAFE_INC="1"
  @INC:
    /usr/perl5.20.1p/lib/site_perl/5.20.1/amd64-freebsd
    /usr/perl5.20.1p/lib/site_perl/5.20.1
    /usr/perl5.20.1p/lib/5.20.1/amd64-freebsd
    /usr/perl5.20.1p/lib/5.20.1
    .