Report for CGI-Application-Plugin-Authentication-Driver-DBIC-0.02

Back
From: metabase:user:314402c4-2aae-11df-837a-5e0a49663a4f
Subject: FAIL CGI-Application-Plugin-Authentication-Driver-DBIC-0.02 v5.24.0 FreeBSD
Date: 2017-03-17T21:17:24Z

This distribution has been tested as part of the CPAN Testers
project, supporting the Perl programming language.  See
http://wiki.cpantesters.org/ for more information or email
questions to cpan-testers-discuss@perl.org


--
Dear Jaldhar H. Vyas,

This is a computer-generated report for CGI-Application-Plugin-Authentication-Driver-DBIC-0.02
on perl 5.24.0, created by CPAN-Reporter-1.2017.

Thank you for uploading your work to CPAN.  However, there was a problem
testing your distribution.

If you think this report is invalid, please consult the CPAN Testers Wiki
for suggestions on how to avoid getting FAIL reports for missing library
or binary dependencies, unsupported operating systems, and so on:

http://wiki.cpantesters.org/wiki/CPANAuthorNotes

Sections of this report:

    * Tester comments
    * Program output
    * Prerequisites
    * Environment and other context

------------------------------
TESTER COMMENTS
------------------------------

Additional comments from tester:

none provided

------------------------------
PROGRAM OUTPUT
------------------------------

Output from './Build test':

t/00-signature.t ........ skipped: Set the environment variable TEST_SIGNATURE to enable this test.
# Testing CGI::Application::Plugin::Authentication::Driver::DBIC 0.02, Perl 5.024000, /usr/perl5.24.0p/bin/perl5.24.0
t/01-load.t ............. ok
Can't locate CGI/Application/Plugin/Session.pm in @INC (you may need to install the CGI::Application::Plugin::Session module) (@INC contains: ./t/lib /home/cpansand/.cpan/build/2017031721/CGI-Application-Plugin-Authentication-Driver-DBIC-0.02-2/blib/lib /home/cpansand/.cpan/build/2017031721/CGI-Application-Plugin-Authentication-Driver-DBIC-0.02-2/blib/arch /usr/perl5.24.0p/lib/site_perl/5.24.0/amd64-freebsd /usr/perl5.24.0p/lib/site_perl/5.24.0 /usr/perl5.24.0p/lib/5.24.0/amd64-freebsd /usr/perl5.24.0p/lib/5.24.0 .) at t/lib/TestAppAuthenticate.pm line 4.
BEGIN failed--compilation aborted at t/lib/TestAppAuthenticate.pm line 4.
Compilation failed in require at t/authenticate.t line 19.
BEGIN failed--compilation aborted at t/authenticate.t line 19.
t/authenticate.t ........ 
Dubious, test returned 2 (wstat 512, 0x200)
No subtests run 
Can't locate CGI/Application/Plugin/Session.pm in @INC (you may need to install the CGI::Application::Plugin::Session module) (@INC contains: ./t/lib /home/cpansand/.cpan/build/2017031721/CGI-Application-Plugin-Authentication-Driver-DBIC-0.02-2/blib/lib /home/cpansand/.cpan/build/2017031721/CGI-Application-Plugin-Authentication-Driver-DBIC-0.02-2/blib/arch /usr/perl5.24.0p/lib/site_perl/5.24.0/amd64-freebsd /usr/perl5.24.0p/lib/site_perl/5.24.0 /usr/perl5.24.0p/lib/5.24.0/amd64-freebsd /usr/perl5.24.0p/lib/5.24.0 .) at t/lib/TestAppAuthcrypt.pm line 4.
BEGIN failed--compilation aborted at t/lib/TestAppAuthcrypt.pm line 4.
Compilation failed in require at t/authenticate_crypt.t line 19.
BEGIN failed--compilation aborted at t/authenticate_crypt.t line 19.
t/authenticate_crypt.t .. 
Dubious, test returned 2 (wstat 512, 0x200)
No subtests run 
Can't locate CGI/Application/Plugin/Session.pm in @INC (you may need to install the CGI::Application::Plugin::Session module) (@INC contains: ./t/lib /home/cpansand/.cpan/build/2017031721/CGI-Application-Plugin-Authentication-Driver-DBIC-0.02-2/blib/lib /home/cpansand/.cpan/build/2017031721/CGI-Application-Plugin-Authentication-Driver-DBIC-0.02-2/blib/arch /usr/perl5.24.0p/lib/site_perl/5.24.0/amd64-freebsd /usr/perl5.24.0p/lib/site_perl/5.24.0 /usr/perl5.24.0p/lib/5.24.0/amd64-freebsd /usr/perl5.24.0p/lib/5.24.0 .) at t/lib/TestAppAuthMD5.pm line 4.
BEGIN failed--compilation aborted at t/lib/TestAppAuthMD5.pm line 4.
Compilation failed in require at t/authenticate_md5.t line 23.
BEGIN failed--compilation aborted at t/authenticate_md5.t line 23.
t/authenticate_md5.t .... 
Dubious, test returned 2 (wstat 512, 0x200)
No subtests run 
t/pod-coverage.t ........ ok
t/pod.t ................. ok

Test Summary Report
-------------------
t/authenticate.t      (Wstat: 512 Tests: 0 Failed: 0)
  Non-zero exit status: 2
  Parse errors: No plan found in TAP output
t/authenticate_crypt.t (Wstat: 512 Tests: 0 Failed: 0)
  Non-zero exit status: 2
  Parse errors: No plan found in TAP output
t/authenticate_md5.t  (Wstat: 512 Tests: 0 Failed: 0)
  Non-zero exit status: 2
  Parse errors: No plan found in TAP output
Files=7, Tests=3,  1 wallclock secs ( 0.01 usr  0.02 sys +  0.04 cusr  0.28 csys =  0.35 CPU)
Result: FAIL
Failed 3/7 test programs. 0/3 subtests failed.

------------------------------
PREREQUISITES
------------------------------

Prerequisite modules loaded:

requires:

    Module                                   Need Have    
    ---------------------------------------- ---- --------
    CGI::Application::Plugin::Authentication 0.06 0.21    
    DBIx::Class                              0    0.082840

build_requires:

    Module                                   Need Have    
    ---------------------------------------- ---- --------
    CGI                                      0    4.35    
    CGI::Application::Plugin::Authentication 0.06 0.21    
    DBIx::Class                              0    0.082840
    File::Path                               0    2.12_01 
    Test::More                               0    1.302075


------------------------------
ENVIRONMENT AND OTHER CONTEXT
------------------------------

Environment variables:

    LC_ALL = de_DE.ISO8859-1
    PATH = /usr/local/bin:/usr/bin:/bin:/usr/local/sbin:/usr/sbin:/sbin:/home/cpansand/bin/freebsd10.3:/home/cpansand/bin/sh:/home/cpansand/bin:/usr/games:/home/cpansand/devel:/home/eserte/src/srezic-misc/scripts
    PERL5LIB = 
    PERL5OPT = 
    PERL5_CPANPLUS_IS_RUNNING = 57027
    PERL5_CPAN_IS_RUNNING = 57027
    PERL5_CPAN_IS_RUNNING_IN_RECURSION = 56897,57027
    PERLDOC = -MPod::Perldoc::ToTextOverstrike
    PERL_BATCH = yes
    PERL_CANARY_STABILITY_NOPROMPT = 1
    PERL_CPAN_REPORTER_CONFIG = /var/tmp/cpansmoker-1023/2017031721/cpanreporter_000_config.ini
    PERL_EXTUTILS_AUTOINSTALL = --defaultdeps
    SHELL = /usr/local/bin/zsh
    TERM = screen
    TMPDIR = /var/tmp/cpansmoker-1023/2017031721

Perl special variables (and OS-specific diagnostics, for MSWin32):

    $^X = /usr/perl5.24.0p/bin/perl5.24.0
    $UID/$EUID = 1023 / 1023
    $GID = 1023 1023
    $EGID = 1023 1023

Perl module toolchain versions installed:

    Module              Have    
    ------------------- --------
    CPAN                2.16    
    CPAN::Meta          2.150010
    Cwd                 3.63    
    ExtUtils::CBuilder  0.280225
    ExtUtils::Command   7.24    
    ExtUtils::Install   2.04    
    ExtUtils::MakeMaker 7.24    
    ExtUtils::Manifest  1.70    
    ExtUtils::ParseXS   3.31    
    File::Spec          3.63    
    JSON                2.90    
    JSON::PP            2.27400 
    Module::Build       0.4220  
    Module::Signature   0.81    
    Parse::CPAN::Meta   2.150010
    Test::Harness       3.38    
    Test::More          1.302075
    YAML                1.22    
    YAML::Syck          1.29    
    version             0.9917  


--

Summary of my perl5 (revision 5 version 24 subversion 0) configuration:
   
  Platform:
    osname=freebsd, osvers=10.1-release, archname=amd64-freebsd
    uname='freebsd cvrsnica-freebsd-101.herceg.de 10.1-release freebsd 10.1-release #0 r274401: tue nov 11 21:02:49 utc 2014 root@releng1.nyi.freebsd.org:usrobjusrsrcsysgeneric amd64 '
    config_args='-ds -e -Dprefix=/usr/perl5.24.0p -Dcf_email=srezic@cpan.org -Doptimize=-O2 -pipe'
    hint=recommended, useposix=true, d_sigaction=define
    useithreads=undef, usemultiplicity=undef
    use64bitint=define, use64bitall=define, uselongdouble=undef
    usemymalloc=n, bincompat5005=undef
  Compiler:
    cc='cc', ccflags ='-DHAS_FPSETMASK -DHAS_FLOATINGPOINT_H -fno-strict-aliasing -pipe -fstack-protector -I/usr/local/include -D_FORTIFY_SOURCE=2',
    optimize='-O2 -pipe',
    cppflags='-DHAS_FPSETMASK -DHAS_FLOATINGPOINT_H -fno-strict-aliasing -pipe -fstack-protector -I/usr/local/include'
    ccversion='', gccversion='4.2.1 Compatible FreeBSD Clang 3.4.1 (tags/RELEASE_34/dot1-final 208032)', gccosandvers=''
    intsize=4, longsize=8, ptrsize=8, doublesize=8, byteorder=12345678, doublekind=3
    d_longlong=define, longlongsize=8, d_longdbl=define, longdblsize=16, longdblkind=3
    ivtype='long', ivsize=8, nvtype='double', nvsize=8, Off_t='off_t', lseeksize=8
    alignbytes=8, prototype=define
  Linker and Libraries:
    ld='cc', ldflags ='-pthread -Wl,-E  -fstack-protector -L/usr/local/lib'
    libpth=/usr/lib /usr/local/lib /usr/include/clang/3.4.1 /usr/lib
    libs=-lpthread -lgdbm -lm -lcrypt -lutil -lc
    perllibs=-lpthread -lm -lcrypt -lutil -lc
    libc=, so=so, useshrplib=false, libperl=libperl.a
    gnulibc_version=''
  Dynamic Linking:
    dlsrc=dl_dlopen.xs, dlext=so, d_dlsymun=undef, ccdlflags=' '
    cccdlflags='-DPIC -fPIC', lddlflags='-shared  -L/usr/local/lib -fstack-protector'


Characteristics of this binary (from libperl): 
  Compile-time options: HAS_TIMES PERLIO_LAYERS PERL_COPY_ON_WRITE
                        PERL_DONT_CREATE_GVSV
                        PERL_HASH_FUNC_ONE_AT_A_TIME_HARD PERL_MALLOC_WRAP
                        PERL_PRESERVE_IVUV USE_64_BIT_ALL USE_64_BIT_INT
                        USE_LARGE_FILES USE_LOCALE USE_LOCALE_COLLATE
                        USE_LOCALE_CTYPE USE_LOCALE_NUMERIC USE_LOCALE_TIME
                        USE_PERLIO USE_PERL_ATOF
  Built under freebsd
  Compiled at May 10 2016 08:49:38
  %ENV:
    PERL5LIB=""
    PERL5OPT=""
    PERL5_CPANPLUS_IS_RUNNING="57027"
    PERL5_CPAN_IS_RUNNING="57027"
    PERL5_CPAN_IS_RUNNING_IN_RECURSION="56897,57027"
    PERLDOC="-MPod::Perldoc::ToTextOverstrike"
    PERL_BATCH="yes"
    PERL_CANARY_STABILITY_NOPROMPT="1"
    PERL_CPAN_REPORTER_CONFIG="/var/tmp/cpansmoker-1023/2017031721/cpanreporter_000_config.ini"
    PERL_EXTUTILS_AUTOINSTALL="--defaultdeps"
  @INC:
    /usr/perl5.24.0p/lib/site_perl/5.24.0/amd64-freebsd
    /usr/perl5.24.0p/lib/site_perl/5.24.0
    /usr/perl5.24.0p/lib/5.24.0/amd64-freebsd
    /usr/perl5.24.0p/lib/5.24.0
    .