Report for Catalyst-Engine-Server-0.03

Back
From: metabase:user:7298ebcc-b357-11e4-8d18-8eca7e4756b9
Subject: FAIL Catalyst-Engine-Server-0.03 v5.14.3 GNU/Linux
Date: 2016-02-05T12:43:54Z

This distribution has been tested as part of the CPAN Testers
project, supporting the Perl programming language.  See
http://wiki.cpantesters.org/ for more information or email
questions to cpan-testers-discuss@perl.org


--
Dear MRAMBERG,

This is a computer-generated report for Catalyst-Engine-Server-0.03
on perl 5.14.3, created by App::cpanminus::reporter 0.12 (1.7027).

Thank you for uploading your work to CPAN.  However, there was a problem
testing your distribution.

If you think this report is invalid, please consult the CPAN Testers Wiki
for suggestions on how to avoid getting FAIL reports for missing library
or binary dependencies, unsupported operating systems, and so on:

http://wiki.cpantesters.org/wiki/CPANAuthorNotes

Sections of this report:

    * Tester comments
    * Program output
    * Prerequisites
    * Environment and other context

------------------------------
TESTER COMMENTS
------------------------------

Additional comments from tester:

none provided

------------------------------
PROGRAM OUTPUT
------------------------------

Output from '':

Building and testing Catalyst-Engine-Server-0.03
Building Catalyst-Engine-Server

#   Failed test 'use Catalyst::Engine::Server;'
#   at t/01use.t line 3.
#     Tried to use 'Catalyst::Engine::Server'.
#     Error:  Base class package "Catalyst::Engine::HTTP::Base" is empty.
#     (Perhaps you need to 'use' the module which defines that package first,
#     or make that module available in @INC (@INC contains: /home/mojolicious/.cpanm/work/1454675224.20633/Catalyst-Engine-Server-0.03/blib/lib /home/mojolicious/.cpanm/work/1454675224.20633/Catalyst-Engine-Server-0.03/blib/arch /tmp/hew8bfLyfx/lib/perl5/x86_64-linux /tmp/hew8bfLyfx/lib/perl5 /home/mojolicious/catalystlib/5.14.3/5.90102/lib/perl5/x86_64-linux /home/mojolicious/catalystlib/5.14.3/5.90102/lib/perl5/x86_64-linux /home/mojolicious/catalystlib/5.14.3/5.90102/lib/perl5 /tmp/hew8bfLyfx/lib/perl5/x86_64-linux /tmp/hew8bfLyfx/lib/perl5/x86_64-linux /tmp/hew8bfLyfx/lib/perl5 /home/mojolicious/catalystlib/5.14.3/5.90102/lib/perl5/x86_64-linux /home/mojolicious/catalystlib/5.14.3/5.90102/lib/perl5 /home/mojolicious/perl5/perlbrew/perls/perl-5.14.3/lib/site_perl/5.14.3/x86_64-linux /home/mojolicious/perl5/perlbrew/perls/perl-5.14.3/lib/site_perl/5.14.3 /home/mojolicious/perl5/perlbrew/perls/perl-5.14.3/lib/5.14.3/x86_64-linux /home/mojolicious/perl5/perlbrew/perls/perl-5.14.3/lib/5.14.3 .).
#  at /home/mojolicious/.cpanm/work/1454675224.20633/Catalyst-Engine-Server-0.03/blib/lib/Catalyst/Engine/Server/Base.pm line 4.
# BEGIN failed--compilation aborted at /home/mojolicious/.cpanm/work/1454675224.20633/Catalyst-Engine-Server-0.03/blib/lib/Catalyst/Engine/Server/Base.pm line 4.
# Compilation failed in require at (eval 7) line 2.
# 	...propagated at /home/mojolicious/perl5/perlbrew/perls/perl-5.14.3/lib/5.14.3/base.pm line 94.
# BEGIN failed--compilation aborted at /home/mojolicious/.cpanm/work/1454675224.20633/Catalyst-Engine-Server-0.03/blib/lib/Catalyst/Engine/Server/PreFork.pm line 4.
# Compilation failed in require at (eval 6) line 2.
# 	...propagated at /home/mojolicious/perl5/perlbrew/perls/perl-5.14.3/lib/5.14.3/base.pm line 94.
# BEGIN failed--compilation aborted at /home/mojolicious/.cpanm/work/1454675224.20633/Catalyst-Engine-Server-0.03/blib/lib/Catalyst/Engine/Server.pm line 4.
# Compilation failed in require at t/01use.t line 3.
# BEGIN failed--compilation aborted at t/01use.t line 3.
# Looks like you failed 1 test of 1.
t/01use.t .......... 
Dubious, test returned 1 (wstat 256, 0x100)
Failed 1/1 subtests 
t/02pod.t .......... skipped: Test::Pod 1.14 required
t/03podcoverage.t .. skipped: Test::Pod::Coverage 1.04 required

Test Summary Report
-------------------
t/01use.t        (Wstat: 256 Tests: 1 Failed: 1)
  Failed test:  1
  Non-zero exit status: 1
Files=3, Tests=1,  0 wallclock secs ( 0.02 usr  0.00 sys +  0.05 cusr  0.01 csys =  0.08 CPU)
Result: FAIL

------------------------------
PREREQUISITES
------------------------------

Prerequisite modules loaded:

runtime:

    Module         Need Have
    -------------- ---- ----
  ! Catalyst       5.2  n/a 
  ! HTTP::Parser   0    n/a 
    HTTP::Request  0    6.00
    HTTP::Response 0    6.04
  ! Net::Server    0    n/a 


------------------------------
ENVIRONMENT AND OTHER CONTEXT
------------------------------

Environment variables:

    PATH = /home/mojolicious/perl5/perlbrew/bin:/home/mojolicious/perl5/perlbrew/perls/perl-5.20.1/bin:/usr/local/bin:/usr/bin:/bin:/usr/local/games:/usr/games:/home/mojolicious/catalystlib/5.14.3/5.90102/bin
    PERLBREW_BASHRC_VERSION = 0.73
    PERLBREW_HOME = /home/mojolicious/.perlbrew
    PERLBREW_MANPATH = /home/mojolicious/perl5/perlbrew/perls/perl-5.20.1/man
    PERLBREW_PATH = /home/mojolicious/perl5/perlbrew/bin:/home/mojolicious/perl5/perlbrew/perls/perl-5.20.1/bin
    PERLBREW_PERL = perl-5.20.1
    PERLBREW_ROOT = /home/mojolicious/perl5/perlbrew
    PERLBREW_VERSION = 0.73
    SHELL = /bin/bash
    TERM = xterm

Perl special variables (and OS-specific diagnostics, for MSWin32):

    EGID = 1003 1003
    EUID = 1003
    EXECUTABLE_NAME = /home/mojolicious/perl5/perlbrew/perls/perl-5.14.3/bin/perl
    GID = 1003 1003
    UID = 1003

Perl module toolchain versions installed:

    Module              Have     
    ------------------- ---------
    CPAN                1.9600_01
    CPAN::Meta          2.120351 
    Cwd                 3.36     
    ExtUtils::CBuilder  0.280203 
    ExtUtils::Command   1.17     
    ExtUtils::Install   1.56     
    ExtUtils::MakeMaker 7.04     
    ExtUtils::Manifest  1.65     
    ExtUtils::ParseXS   2.2210   
    File::Spec          3.33     
    JSON                2.90     
    JSON::PP            2.27203  
    Module::Build       0.3800   
    Module::Signature   n/a      
    Parse::CPAN::Meta   1.4405   
    Test::Harness       3.23     
    Test::More          1.001014 
    YAML                n/a      
    YAML::Syck          n/a      
    version             0.88     


--

Summary of my perl5 (revision 5 version 14 subversion 3) configuration:
   
  Platform:
    osname=linux, osvers=3.13.0-042stab094.8, archname=x86_64-linux
    uname='linux lvps92-51-161-142.dedicated.hosteurope.de 3.13.0-042stab094.8 #1 smp tue dec 16 20:36:56 msk 2014 x86_64 x86_64 x86_64 gnulinux '
    config_args='-de -Dprefix=/home/mojolicious/perl5/perlbrew/perls/perl-5.14.3 -Aeval:scriptdir=/home/mojolicious/perl5/perlbrew/perls/perl-5.14.3/bin'
    hint=recommended, useposix=true, d_sigaction=define
    useithreads=undef, usemultiplicity=undef
    useperlio=define, d_sfio=undef, uselargefiles=define, usesocks=undef
    use64bitint=define, use64bitall=define, uselongdouble=undef
    usemymalloc=n, bincompat5005=undef
  Compiler:
    cc='cc', ccflags ='-fno-strict-aliasing -pipe -fstack-protector -I/usr/local/include -D_LARGEFILE_SOURCE -D_FILE_OFFSET_BITS=64',
    optimize='-O2',
    cppflags='-fno-strict-aliasing -pipe -fstack-protector -I/usr/local/include'
    ccversion='', gccversion='4.8.2', gccosandvers=''
    intsize=4, longsize=8, ptrsize=8, doublesize=8, byteorder=12345678
    d_longlong=define, longlongsize=8, d_longdbl=define, longdblsize=16
    ivtype='long', ivsize=8, nvtype='double', nvsize=8, Off_t='off_t', lseeksize=8
    alignbytes=8, prototype=define
  Linker and Libraries:
    ld='cc', ldflags =' -fstack-protector -L/usr/local/lib'
    libpth=/usr/local/lib /lib/x86_64-linux-gnu /lib/../lib /usr/lib/x86_64-linux-gnu /usr/lib/../lib /lib /usr/lib
    libs=-lnsl -ldl -lm -lcrypt -lutil -lc
    perllibs=-lnsl -ldl -lm -lcrypt -lutil -lc
    libc=libc-2.19.so, so=so, useshrplib=false, libperl=libperl.a
    gnulibc_version='2.19'
  Dynamic Linking:
    dlsrc=dl_dlopen.xs, dlext=so, d_dlsymun=undef, ccdlflags='-Wl,-E'
    cccdlflags='-fPIC', lddlflags='-shared -O2 -L/usr/local/lib -fstack-protector'


Characteristics of this binary (from libperl): 
  Compile-time options: PERL_DONT_CREATE_GVSV PERL_MALLOC_WRAP
                        PERL_PRESERVE_IVUV USE_64_BIT_ALL USE_64_BIT_INT
                        USE_LARGE_FILES USE_PERLIO USE_PERL_ATOF
  Locally applied patches:
	Devel::PatchPerl 1.30
  Built under linux
  Compiled at Mar  5 2015 10:56:46
  %ENV:
    PERLBREW_BASHRC_VERSION="0.73"
    PERLBREW_HOME="/home/mojolicious/.perlbrew"
    PERLBREW_MANPATH="/home/mojolicious/perl5/perlbrew/perls/perl-5.20.1/man"
    PERLBREW_PATH="/home/mojolicious/perl5/perlbrew/bin:/home/mojolicious/perl5/perlbrew/perls/perl-5.20.1/bin"
    PERLBREW_PERL="perl-5.20.1"
    PERLBREW_ROOT="/home/mojolicious/perl5/perlbrew"
    PERLBREW_VERSION="0.73"
  @INC:
    /home/mojolicious/perl5/perlbrew/perls/perl-5.14.3/lib/site_perl/5.14.3/x86_64-linux
    /home/mojolicious/perl5/perlbrew/perls/perl-5.14.3/lib/site_perl/5.14.3
    /home/mojolicious/perl5/perlbrew/perls/perl-5.14.3/lib/5.14.3/x86_64-linux
    /home/mojolicious/perl5/perlbrew/perls/perl-5.14.3/lib/5.14.3
    .