Report for WebService-NotifyMyAndroid-v0.0.2

Back
From: metabase:user:e45047bb-6c03-1014-98e0-c05e9855645b
Subject: FAIL WebService-NotifyMyAndroid-v0.0.2 v5.14.2 
Date: 2012-12-21T22:42:25Z

This distribution has been tested as part of the CPAN Testers
project, supporting the Perl programming language.  See
http://wiki.cpantesters.org/ for more information or email
questions to cpan-testers-discuss@perl.org


--
Dear Steve Huff,

This is a computer-generated report for WebService-NotifyMyAndroid-v0.0.2
on perl 5.14.2, created by CPAN-Reporter-1.2007.

Thank you for uploading your work to CPAN.  However, there was a problem
testing your distribution.

If you think this report is invalid, please consult the CPAN Testers Wiki
for suggestions on how to avoid getting FAIL reports for missing library
or binary dependencies, unsupported operating systems, and so on:

http://wiki.cpantesters.org/wiki/CPANAuthorNotes

Sections of this report:

    * Tester comments
    * Program output
    * Prerequisites
    * Environment and other context

------------------------------
TESTER COMMENTS
------------------------------

Additional comments from tester:

this report is from an automated smoke testing program
and was not reviewed by a human for accuracy

------------------------------
PROGRAM OUTPUT
------------------------------

Output from 'nmake.exe test':


Microsoft (R) Program Maintenance Utility   Version 6.00.8168.0
Copyright (C) Microsoft Corp 1988-1998. All rights reserved.

	C:\CPANTesters\Perl5.14.2\bin\perl.exe "-MExtUtils::Command::MM" "-e" "test_harness(0, 'blib\lib', 'blib\arch')" t/*.t
# Testing WebService::NotifyMyAndroid v0.0.2
t/00.load.t ....... ok
t/01.verify.t ..... ok
t/02.notify.t ..... ok

#   Failed test 'Test::Perl::Critic for "blib\lib\WebService\NotifyMyAndroid.pm"'
#   at C:/CPANTesters/Perl5.14.2/site/lib/Test/Perl/Critic.pm line 110.
# 
# Perl::Critic found these violations in "blib\lib\WebService\NotifyMyAndroid.pm":
# I/O layer ":utf8" used at line 6, column 1.  Use ":encoding(UTF-8)" to get strict validation.  (Severity: 5)
# Use of bitwise operator at line 65, column 24.  Use of bitwise operator "|".  (Severity: 5)
# Looks like you failed 1 test of 1.
t/perlcritic.t .... 
Dubious, test returned 1 (wstat 256, 0x100)
Failed 1/1 subtests 
t/pod-coverage.t .. ok
t/pod.t ........... ok

Test Summary Report
-------------------
t/perlcritic.t  (Wstat: 256 Tests: 1 Failed: 1)
  Failed test:  1
  Non-zero exit status: 1
Files=6, Tests=8, 11 wallclock secs ( 0.05 usr +  0.13 sys =  0.17 CPU)
Result: FAIL
Failed 1/6 test programs. 1/8 subtests failed.
NMAKE : fatal error U1077: 'C:\CPANTesters\Perl5.14.2\bin\perl.exe' : return code '0xff'
Stop.

------------------------------
PREREQUISITES
------------------------------

Prerequisite modules loaded:

requires:

    Module              Need Have      
    ------------------- ---- ----------
    Carp                0    1.26      
    Params::Validate    0    1.07      
    Readonly            0    1.03      
    Regexp::Common      0    2011121001
    version             0    0.94      
    WebService::Simple  0    0.18      
    XML::Simple         0    2.18      

build_requires:

    Module              Need Have      
    ------------------- ---- ----------
    ExtUtils::MakeMaker 0    6.64      

configure_requires:

    Module              Need Have      
    ------------------- ---- ----------
    Module::Build       0.36 0.4003    
    Test::More          0    0.98      
    Test::Perl::Critic  0    1.02      
    Test::Pod           1.14 1.45      
    Test::Pod::Coverage 1.04 1.08      


------------------------------
ENVIRONMENT AND OTHER CONTEXT
------------------------------

Environment variables:

    AUTOMATED_TESTING = 1
    COMSPEC = C:\WINDOWS\system32\cmd.exe
    INCLUDE = C:\PROGRA~1\MIAF9D~1\VC98\ATL\INCLUDE;C:\PROGRA~1\MIAF9D~1\VC98\INCLUDE;C:\PROGRA~1\MIAF9D~1\VC98\MFC\INCLUDE;C:\Program Files\Microsoft Platform SDK for Windows Server 2003 R2\Include;C:\Program Files\Microsoft SDKs\Windows\v6.0A\include;C:\Program Files\Microsoft SDKs\Windows\v6.0A\include\gl;C:\CPANTesters\bin\gnuwin32\include;C:\CPANTesters\bin\gnome-deps-win32\include;C:\CPANTesters\bin\instantclient_11_2\sdk\include;C:\work\include
    LIB = C:\PROGRA~1\MIAF9D~1\VC98\LIB;C:\PROGRA~1\MIAF9D~1\VC98\MFC\LIB;C:\Program Files\Microsoft Platform SDK for Windows Server 2003 R2\Lib;C:\Program Files\Microsoft SDKs\Windows\v6.0A\Lib;C:\CPANTesters\bin\gnuwin32\lib;C:\CPANTesters\bin\gnome-deps-win32\lib;C:\CPANTesters\bin\instantclient_11_2\sdk\lib;C:\work\lib
    NUMBER_OF_PROCESSORS = 2
    PATH = C:\PROGRA~1\MIAF9D~1\Common\msdev98\BIN;C:\PROGRA~1\MIAF9D~1\VC98\BIN;C:\PROGRA~1\MIAF9D~1\Common\TOOLS\WINNT;C:\PROGRA~1\MIAF9D~1\Common\TOOLS;C:\Program Files\Microsoft Platform SDK for Windows Server 2003 R2\Bin;C:\Program Files\Microsoft SDKs\Windows\v6.0A\bin;C:\CPANTesters\Perl5.14.2\site\bin;C:\CPANTesters\Perl5.14.2\bin;C:\CPANTesters\bin\gnuwin32\bin;C:\CPANTesters\bin\gnome-deps-win32\bin;C:\CPANTesters\bin\ImageMagick-6.8.0-1;C:\WINDOWS\system32;C:\WINDOWS;C:\WINDOWS\System32\Wbem;C:\CPANTesters\bin\GnuPG1;C:\CPANTesters\bin\GnuPG2;C:\CPANTesters\bin;C:\Program Files\Microsoft SQL Server\100\Tools\Binn;c:\Program Files\Microsoft SQL Server\100\DTS\Binn;C:\work\bin
    PERL5LIB = 
    PERL5OPT = 
    PERL5_CPANPLUS_IS_RUNNING = 1864
    PERL5_CPAN_IS_RUNNING = 1864
    PERL5_CPAN_IS_RUNNING_IN_RECURSION = 4400,1864
    PERL5_INCLUDE = C:\CPANTesters\Perl5.14.2\lib\CORE
    PERL5_LIB = C:\CPANTesters\Perl5.14.2\lib\CORE\perl514.lib
    PERL_CPAN_BAT = Perl5.014.002_MSVC6_SDK7.1_cpan.bat
    PERL_CPAN_REPORTER_DIR = C:\CPANTesters
    PERL_MM_USE_DEFAULT = 1
    PROCESSOR_IDENTIFIER = x86 Family 15 Model 4 Stepping 3, GenuineIntel
    TEMP = C:\CPANTesters\temp

Perl special variables (and OS-specific diagnostics, for MSWin32):

    $^X = C:\CPANTesters\Perl5.14.2\bin\perl.exe
    $UID/$EUID = 0 / 0
    $GID = 0
    $EGID = 0
    Win32::GetOSName = Win2003
    Win32::GetOSVersion = Service Pack 2, 5, 2, 3790, 2, 2, 0, 272, 3
    Win32::FsType = NTFS
    Win32::IsAdminUser = 1

Perl module toolchain versions installed:

    Module              Have     
    ------------------- ---------
    CPAN                1.9600_01
    CPAN::Meta          2.120921 
    Cwd                 3.36     
    ExtUtils::CBuilder  0.280205 
    ExtUtils::Command   1.17     
    ExtUtils::Install   1.56     
    ExtUtils::MakeMaker 6.64     
    ExtUtils::Manifest  1.60     
    ExtUtils::ParseXS   3.04     
    File::Spec          3.33     
    JSON                2.53     
    JSON::PP            2.27200  
    Module::Build       0.4003   
    Module::Signature   0.70     
    Parse::CPAN::Meta   1.4404   
    Test::Harness       3.25     
    Test::More          0.98     
    YAML                0.84     
    YAML::Syck          1.22     
    version             0.94     


--

Summary of my perl5 (revision 5 version 14 subversion 2) configuration:
   
  Platform:
    osname=MSWin32, osvers=5.2, archname=MSWin32-x86-multi-thread
    uname=''
    config_args='undef'
    hint=recommended, useposix=true, d_sigaction=undef
    useithreads=define, usemultiplicity=define
    useperlio=define, d_sfio=undef, uselargefiles=define, usesocks=undef
    use64bitint=undef, use64bitall=undef, uselongdouble=undef
    usemymalloc=n, bincompat5005=undef
  Compiler:
    cc='cl', ccflags ='-nologo -GF -W3 -MD -Zi -DNDEBUG -O1 -DWIN32 -D_CONSOLE -DNO_STRICT -DPERL_TEXTMODE_SCRIPTS -DUSE_SITECUSTOMIZE -DPERL_IMPLICIT_CONTEXT -DPERL_IMPLICIT_SYS -DUSE_PERLIO -D_USE_32BIT_TIME_T',
    optimize='-MD -Zi -DNDEBUG -O1',
    cppflags='-DWIN32'
    ccversion='12.0.8168', gccversion='', gccosandvers=''
    intsize=4, longsize=4, ptrsize=4, doublesize=8, byteorder=1234
    d_longlong=undef, longlongsize=8, d_longdbl=define, longdblsize=8
    ivtype='long', ivsize=4, nvtype='double', nvsize=8, Off_t='__int64', lseeksize=8
    alignbytes=8, prototype=define
  Linker and Libraries:
    ld='link', ldflags ='-nologo -nodefaultlib -debug -opt:ref,icf  -libpath:"C:\CPANTesters\Perl5.14.2\lib\CORE"  -machine:x86'
    libpth=\lib
    libs=oldnames.lib kernel32.lib user32.lib gdi32.lib winspool.lib  comdlg32.lib advapi32.lib shell32.lib ole32.lib oleaut32.lib  netapi32.lib uuid.lib ws2_32.lib mpr.lib winmm.lib  version.lib odbc32.lib odbccp32.lib comctl32.lib msvcrt.lib
    perllibs=oldnames.lib kernel32.lib user32.lib gdi32.lib winspool.lib  comdlg32.lib advapi32.lib shell32.lib ole32.lib oleaut32.lib  netapi32.lib uuid.lib ws2_32.lib mpr.lib winmm.lib  version.lib odbc32.lib odbccp32.lib comctl32.lib msvcrt.lib
    libc=msvcrt.lib, so=dll, useshrplib=true, libperl=perl514.lib
    gnulibc_version=''
  Dynamic Linking:
    dlsrc=dl_win32.xs, dlext=dll, d_dlsymun=undef, ccdlflags=' '
    cccdlflags=' ', lddlflags='-dll -nologo -nodefaultlib -debug -opt:ref,icf  -libpath:"C:\CPANTesters\Perl5.14.2\lib\CORE"  -machine:x86'


Characteristics of this binary (from libperl): 
  Compile-time options: MULTIPLICITY PERL_DONT_CREATE_GVSV
                        PERL_IMPLICIT_CONTEXT PERL_IMPLICIT_SYS
                        PERL_MALLOC_WRAP PERL_PRESERVE_IVUV PL_OP_SLAB_ALLOC
                        USE_ITHREADS USE_LARGE_FILES USE_PERLIO USE_PERL_ATOF
                        USE_SITECUSTOMIZE
  Locally applied patches:
	ActivePerl Build 1402 [295342]
  Built under MSWin32
  Compiled at Oct  7 2011 15:49:44
  %ENV:
    PERL5_CPANPLUS_IS_RUNNING="1864"
    PERL5_CPAN_IS_RUNNING="1864"
    PERL5_CPAN_IS_RUNNING_IN_RECURSION="4400,1864"
    PERL5_INCLUDE="C:\CPANTesters\Perl5.14.2\lib\CORE"
    PERL5_LIB="C:\CPANTesters\Perl5.14.2\lib\CORE\perl514.lib"
    PERL_CPAN_BAT="Perl5.014.002_MSVC6_SDK7.1_cpan.bat"
    PERL_CPAN_REPORTER_DIR="C:\CPANTesters"
    PERL_MM_USE_DEFAULT="1"
  @INC:
    C:/CPANTesters/Perl5.14.2/site/lib
    C:/CPANTesters/Perl5.14.2/lib
    .