Report for Net-Statsd-Server-0.20

Back
From: metabase:user:320bfe00-2aae-11df-837a-5e0a49663a4f
Subject: FAIL Net-Statsd-Server-0.20 v5.23.9 GNU/Linux
Date: 2016-06-01T15:04:19Z

This distribution has been tested as part of the CPAN Testers
project, supporting the Perl programming language.  See
http://wiki.cpantesters.org/ for more information or email
questions to cpan-testers-discuss@perl.org


--
Dear Cosimo Streppone,

This is a computer-generated report for Net-Statsd-Server-0.20
on perl 5.23.9, created by CPAN-Reporter-1.2017.

Thank you for uploading your work to CPAN.  However, there was a problem
testing your distribution.

If you think this report is invalid, please consult the CPAN Testers Wiki
for suggestions on how to avoid getting FAIL reports for missing library
or binary dependencies, unsupported operating systems, and so on:

http://wiki.cpantesters.org/wiki/CPANAuthorNotes

Sections of this report:

    * Tester comments
    * Program output
    * Prerequisites
    * Environment and other context

------------------------------
TESTER COMMENTS
------------------------------

Additional comments from tester:

this report is from an automated smoke testing program
and was not reviewed by a human for accuracy

------------------------------
PROGRAM OUTPUT
------------------------------

Output from '/usr/bin/make test':

PERL_DL_NONLAZY=1 "/home/sand/src/perl/repoperls/installed-perls/perl/v5.23.9/13e0/bin/perl" "-MExtUtils::Command::MM" "-MTest::Harness" "-e" "undef *Test::Harness::Switches; test_harness(0, 'blib/lib', 'blib/arch')" t/*.t t/integration-tests/*.t
t/000-sanity.t ............................. ok
t/config.t ................................. ok
t/graphite.t ............................... ok
2016-06-01 17:04:04.000000 +0200 note  Net::Statsd::Server: Initializing Net::Statsd::Server::Backend::Console backend
2016-06-01 17:04:04.000000 +0200 note  Net::Statsd::Server: Initializing Net::Statsd::Server::Backend::Graphite backend
2016-06-01 17:04:04.000000 +0200 info  AnyEvent: Autoloaded model 'AnyEvent::Impl::EV', using it.
bind: Address already in use at /tmp/loop_over_bdir-8215-nKoA5u/Net-Statsd-Server-0.20-0/bin/../lib/Net/Statsd/Server.pm line 734.
bind: Address already in use at /tmp/loop_over_bdir-8215-nKoA5u/Net-Statsd-Server-0.20-0/blib/lib/Test/Statsd.pm line 69.
t/integration-tests/bad-message.t .......... 
Dubious, test returned 98 (wstat 25088, 0x6200)
No subtests run 
2016-06-01 17:04:04.000000 +0200 note  Net::Statsd::Server: Initializing Net::Statsd::Server::Backend::Console backend
2016-06-01 17:04:04.000000 +0200 note  Net::Statsd::Server: Initializing Net::Statsd::Server::Backend::Graphite backend
2016-06-01 17:04:04.000000 +0200 info  AnyEvent: Autoloaded model 'AnyEvent::Impl::EV', using it.
bind: Address already in use at /tmp/loop_over_bdir-8215-nKoA5u/Net-Statsd-Server-0.20-0/bin/../lib/Net/Statsd/Server.pm line 734.
bind: Address already in use at /tmp/loop_over_bdir-8215-nKoA5u/Net-Statsd-Server-0.20-0/blib/lib/Test/Statsd.pm line 69.
# Looks like your test exited with 98 before it could output anything.
t/integration-tests/counts-are-valid.t ..... 
Dubious, test returned 98 (wstat 25088, 0x6200)
Failed 4/4 subtests 
2016-06-01 17:04:05.000000 +0200 note  Net::Statsd::Server: Initializing Net::Statsd::Server::Backend::Graphite backend
2016-06-01 17:04:05.000000 +0200 info  AnyEvent: Autoloaded model 'AnyEvent::Impl::EV', using it.
bind: Address already in use at /tmp/loop_over_bdir-8215-nKoA5u/Net-Statsd-Server-0.20-0/bin/../lib/Net/Statsd/Server.pm line 734.
# First flush. Test gauge should be there.
# Second flush. deleteGauges=false should keep the test gauge.

#   Failed test 'deleteGauges=false overrides deleteIdleStats=true'
#   at t/integration-tests/delete-gauges-false.t line 51.
Failed to stop statsd (pid: 11975). Please do something manually (No such process) at /tmp/loop_over_bdir-8215-nKoA5u/Net-Statsd-Server-0.20-0/blib/lib/Test/Statsd.pm line 119.
# Looks like your test exited with 3 just after 4.
t/integration-tests/delete-gauges-false.t .. 
Dubious, test returned 3 (wstat 768, 0x300)
Failed 1/4 subtests 
2016-06-01 17:04:07.000000 +0200 note  Net::Statsd::Server: Initializing Net::Statsd::Server::Backend::Graphite backend
2016-06-01 17:04:07.000000 +0200 info  AnyEvent: Autoloaded model 'AnyEvent::Impl::EV', using it.
bind: Address already in use at /tmp/loop_over_bdir-8215-nKoA5u/Net-Statsd-Server-0.20-0/bin/../lib/Net/Statsd/Server.pm line 734.
# First flush. Test gauge should be there.
# Second flush. deleteIdleStats should have cleared the test gauge.

#   Failed test 'Test gauge should have been cleared by deleteIdleStats config directive'
#   at t/integration-tests/delete-idle-stats.t line 50.
Failed to stop statsd (pid: 11995). Please do something manually (No such process) at /tmp/loop_over_bdir-8215-nKoA5u/Net-Statsd-Server-0.20-0/blib/lib/Test/Statsd.pm line 119.
# Looks like your test exited with 3 just after 4.
t/integration-tests/delete-idle-stats.t .... 
Dubious, test returned 3 (wstat 768, 0x300)
Failed 1/4 subtests 
2016-06-01 17:04:09.000000 +0200 note  Net::Statsd::Server: Initializing Net::Statsd::Server::Backend::Console backend
2016-06-01 17:04:09.000000 +0200 note  Net::Statsd::Server: Initializing Net::Statsd::Server::Backend::Graphite backend
2016-06-01 17:04:09.000000 +0200 info  AnyEvent: Autoloaded model 'AnyEvent::Impl::EV', using it.
bind: Address already in use at /tmp/loop_over_bdir-8215-nKoA5u/Net-Statsd-Server-0.20-0/bin/../lib/Net/Statsd/Server.pm line 734.
# stats.counters.a_test_value,category=web,severity=high.rate 100.000000 1464793450
# stats.counters.a_test_value,category=web,severity=high.count 100 1464793450
# stats.counters.statsd.bad_lines_seen.rate 0.000000 1464793450
# stats.counters.statsd.bad_lines_seen.count 0 1464793450
# stats.counters.statsd.packets_received.rate 1.000000 1464793450
# stats.counters.statsd.packets_received.count 1 1464793450
# stats.counters.a_test_value.rate 0.000000 1464793450
# stats.counters.a_test_value.count 0 1464793450
# stats.timers.read_latency.count 0.000000 1464793450
# stats.timers.read_latency.count_ps 0.000000 1464793450
# stats.timers.a_test_value.count_ps 0.000000 1464793450
# stats.timers.a_test_value.count 0.000000 1464793450
# stats.gauges.a_test_gauge 100.000000 1464793450
# stats.statsd.numStats 7 1464793450
# stats.statsd.graphiteStats.calculationtime 0.082000 1464793450
# stats.statsd.processing_time 0.026 1464793450
# stats.statsd.graphiteStats.last_exception 19908168 1464793450
# stats.statsd.graphiteStats.last_flush 28553184 1464793450
Failed to stop statsd (pid: 12003). Please do something manually (No such process) at /tmp/loop_over_bdir-8215-nKoA5u/Net-Statsd-Server-0.20-0/blib/lib/Test/Statsd.pm line 119.
# Looks like your test exited with 3 just after 1.
t/integration-tests/keys-with-tags.t ....... 
Dubious, test returned 3 (wstat 768, 0x300)
Failed 1/2 subtests 
2016-06-01 17:04:10.000000 +0200 note  Net::Statsd::Server: Initializing Net::Statsd::Server::Backend::Graphite backend
2016-06-01 17:04:10.000000 +0200 info  AnyEvent: Autoloaded model 'AnyEvent::Impl::EV', using it.
bind: Address already in use at /tmp/loop_over_bdir-8215-nKoA5u/Net-Statsd-Server-0.20-0/bin/../lib/Net/Statsd/Server.pm line 734.
# Expected mean value is 2072.67
# stats.counters.a_test_value,category=web,severity=high.rate 0.000000 1464793451
# stats.counters.a_test_value,category=web,severity=high.count 0 1464793451
# stats.counters.statsd.bad_lines_seen.rate 0.000000 1464793451
# stats.counters.statsd.bad_lines_seen.count 0 1464793451
# stats.counters.statsd.packets_received.rate 100.000000 1464793451
# stats.counters.statsd.packets_received.count 100 1464793451
# stats.counters.a_test_value.rate 0.000000 1464793451
# stats.counters.a_test_value.count 0 1464793451
# stats.timers.a_test_value.count_ps 0.000000 1464793451
# stats.timers.a_test_value.count 0.000000 1464793451
# stats.timers.read_latency.mean 2072.670000 1464793451
# stats.timers.read_latency.sum_90 178592.000000 1464793451
# stats.timers.read_latency.count_ps 100.000000 1464793451
# stats.timers.read_latency.lower 1162.000000 1464793451
# stats.timers.read_latency.count 100.000000 1464793451
# stats.timers.read_latency.count_90 90.000000 1464793451
# stats.timers.read_latency.sum_squares_90 377321270.000000 1464793451
# stats.timers.read_latency.upper_90 2782.000000 1464793451
# stats.timers.read_latency.std 547.730300 1464793451
# stats.timers.read_latency.median 2075.000000 1464793451
# stats.timers.read_latency.upper 2994.000000 1464793451
# stats.timers.read_latency.mean_90 1984.355556 1464793451
# stats.timers.read_latency.sum_squares 459596941.000000 1464793451
# stats.timers.read_latency.sum 207267.000000 1464793451
# stats.gauges.a_test_gauge 100.000000 1464793451
# stats.statsd.numStats 7 1464793451
# stats.statsd.graphiteStats.calculationtime 0.119000 1464793451
# stats.statsd.processing_time 0.225 1464793451
# stats.statsd.graphiteStats.last_exception 19908168 1464793451
# stats.statsd.graphiteStats.last_flush 28552680 1464793451
Failed to stop statsd (pid: 12009). Please do something manually (No such process) at /tmp/loop_over_bdir-8215-nKoA5u/Net-Statsd-Server-0.20-0/blib/lib/Test/Statsd.pm line 119.
# Looks like your test exited with 3 just after 1.
t/integration-tests/percent-threshold.t .... 
Dubious, test returned 3 (wstat 768, 0x300)
Failed 7/8 subtests 
2016-06-01 17:04:11.000000 +0200 note  Net::Statsd::Server: Initializing Net::Statsd::Server::Backend::Console backend
2016-06-01 17:04:11.000000 +0200 note  Net::Statsd::Server: Initializing Net::Statsd::Server::Backend::Graphite backend
2016-06-01 17:04:11.000000 +0200 info  AnyEvent: Autoloaded model 'AnyEvent::Impl::EV', using it.
bind: Address already in use at /tmp/loop_over_bdir-8215-nKoA5u/Net-Statsd-Server-0.20-0/bin/../lib/Net/Statsd/Server.pm line 734.
# stats.counters.a_test_value,category=web,severity=high.rate 0.000000 1464793452
# stats.counters.a_test_value,category=web,severity=high.count 0 1464793452
# stats.counters.statsd.bad_lines_seen.rate 0.000000 1464793452
# stats.counters.statsd.bad_lines_seen.count 0 1464793452
# stats.counters.statsd.packets_received.rate 1.000000 1464793452
# stats.counters.statsd.packets_received.count 1 1464793452
# stats.counters.a_test_value.rate 0.000000 1464793452
# stats.counters.a_test_value.count 0 1464793452
# stats.timers.a_test_value.mean 100.000000 1464793452
# stats.timers.a_test_value.count_ps 1.000000 1464793452
# stats.timers.a_test_value.sum_90 100.000000 1464793452
# stats.timers.a_test_value.lower 100.000000 1464793452
# stats.timers.a_test_value.sum_squares_90 10000.000000 1464793452
# stats.timers.a_test_value.count 1.000000 1464793452
# stats.timers.a_test_value.upper_90 100.000000 1464793452
# stats.timers.a_test_value.count_90 1.000000 1464793452
# stats.timers.a_test_value.median 100.000000 1464793452
# stats.timers.a_test_value.std 0.000000 1464793452
# stats.timers.a_test_value.upper 100.000000 1464793452
# stats.timers.a_test_value.sum_squares 10000.000000 1464793452
# stats.timers.a_test_value.mean_90 100.000000 1464793452
# stats.timers.a_test_value.sum 100.000000 1464793452
# stats.timers.read_latency.count 0.000000 1464793452
# stats.timers.read_latency.count_ps 0.000000 1464793452
# stats.gauges.a_test_gauge 100.000000 1464793452
# stats.statsd.numStats 7 1464793452
# stats.statsd.graphiteStats.calculationtime 0.123000 1464793452
# stats.statsd.processing_time 0.061 1464793452
# stats.statsd.graphiteStats.last_exception 19908168 1464793452
# stats.statsd.graphiteStats.last_flush 28553184 1464793452
Failed to stop statsd (pid: 12011). Please do something manually (No such process) at /tmp/loop_over_bdir-8215-nKoA5u/Net-Statsd-Server-0.20-0/blib/lib/Test/Statsd.pm line 119.
# Looks like your test exited with 3 just after 1.
t/integration-tests/timers-are-valid.t ..... 
Dubious, test returned 3 (wstat 768, 0x300)
Failed 4/5 subtests 
t/process-metrics.t ........................ ok
t/trim.t ................................... ok

Test Summary Report
-------------------
t/integration-tests/bad-message.t        (Wstat: 25088 Tests: 0 Failed: 0)
  Non-zero exit status: 98
  Parse errors: No plan found in TAP output
t/integration-tests/counts-are-valid.t   (Wstat: 25088 Tests: 0 Failed: 0)
  Non-zero exit status: 98
  Parse errors: Bad plan.  You planned 4 tests but ran 0.
t/integration-tests/delete-gauges-false.t (Wstat: 768 Tests: 4 Failed: 1)
  Failed test:  4
  Non-zero exit status: 3
t/integration-tests/delete-idle-stats.t  (Wstat: 768 Tests: 4 Failed: 1)
  Failed test:  4
  Non-zero exit status: 3
t/integration-tests/keys-with-tags.t     (Wstat: 768 Tests: 1 Failed: 0)
  Non-zero exit status: 3
  Parse errors: Bad plan.  You planned 2 tests but ran 1.
t/integration-tests/percent-threshold.t  (Wstat: 768 Tests: 1 Failed: 0)
  Non-zero exit status: 3
  Parse errors: Bad plan.  You planned 8 tests but ran 1.
t/integration-tests/timers-are-valid.t   (Wstat: 768 Tests: 1 Failed: 0)
  Non-zero exit status: 3
  Parse errors: Bad plan.  You planned 5 tests but ran 1.
Files=12, Tests=72,  9 wallclock secs ( 0.06 usr  0.07 sys +  2.16 cusr  0.49 csys =  2.78 CPU)
Result: FAIL
Failed 7/12 test programs. 2/72 subtests failed.
Makefile:915: recipe for target 'test_dynamic' failed
make: *** [test_dynamic] Error 255

------------------------------
PREREQUISITES
------------------------------

Prerequisite modules loaded:

requires:

    Module                Need Have    
    --------------------- ---- --------
    AnyEvent::Handle::UDP 0    0.043   
    IO::Socket::INET      0    1.35    
    JSON::XS              0    3.02    

build_requires:

    Module                Need Have    
    --------------------- ---- --------
    ExtUtils::MakeMaker   0    7.18    
    Test::More            0    1.302022

configure_requires:

    Module                Need Have    
    --------------------- ---- --------
    ExtUtils::MakeMaker   0    7.18    


------------------------------
ENVIRONMENT AND OTHER CONTEXT
------------------------------

Environment variables:

    AUTOMATED_TESTING = 1
    LANG = en_US.UTF-8
    LANGUAGE = en_US:en
    PATH = /usr/lib/ccache:/home/sand/bin:/usr/local/bin:/usr/bin:/bin:/usr/games:/usr/local/perl/bin:/usr/X11/bin:/sbin:/usr/sbin
    PERL5LIB = 
    PERL5OPT = 
    PERL5_CPANPLUS_IS_RUNNING = 8216
    PERL5_CPAN_IS_RUNNING = 8216
    PERL_CANARY_STABILITY_NOPROMPT = 1
    PERL_MM_USE_DEFAULT = 1
    SHELL = /usr/bin/zsh
    TERM = screen

Perl special variables (and OS-specific diagnostics, for MSWin32):

    $^X = /home/sand/src/perl/repoperls/installed-perls/perl/v5.23.9/13e0/bin/perl
    $UID/$EUID = 1005 / 1005
    $GID = 1005 1005
    $EGID = 1005 1005

Perl module toolchain versions installed:

    Module              Have    
    ------------------- --------
    CPAN                2.13    
    CPAN::Meta          2.150005
    Cwd                 3.63    
    ExtUtils::CBuilder  0.280225
    ExtUtils::Command   7.18    
    ExtUtils::Install   2.04    
    ExtUtils::MakeMaker 7.18    
    ExtUtils::Manifest  1.70    
    ExtUtils::ParseXS   3.31    
    File::Spec          3.63    
    JSON                2.90    
    JSON::PP            2.27400 
    Module::Build       0.4218  
    Module::Signature   0.79    
    Parse::CPAN::Meta   1.4419  
    Test::Harness       3.36    
    Test::More          1.302022
    YAML                1.15    
    YAML::Syck          1.29    
    version             0.9917  


--

Summary of my perl5 (revision 5 version 23 subversion 9) configuration:
  Commit id: 8f6d78186d3cbb6ae14697aeb3f10a2273fcbd6f
  Platform:
    osname=linux, osvers=4.3.0-1-amd64, archname=x86_64-linux-thread-multi
    uname='linux k83 4.3.0-1-amd64 #1 smp debian 4.3.3-7 (2016-01-19) x86_64 gnulinux '
    config_args='-Dprefix=/home/sand/src/perl/repoperls/installed-perls/perl/v5.23.9/13e0 -Dmyhostname=k83 -Dinstallusrbinperl=n -Uversiononly -Dusedevel -des -Ui_db -Dlibswanted=cl pthread socket inet nsl gdbm dbm malloc dl ld sun m crypt sec util c cposix posix ucb BSD gdbm_compat -Duseithreads -Uuselongdouble'
    hint=recommended, useposix=true, d_sigaction=define
    useithreads=define, usemultiplicity=define
    use64bitint=define, use64bitall=define, uselongdouble=undef
    usemymalloc=n, bincompat5005=undef
  Compiler:
    cc='cc', ccflags ='-D_REENTRANT -D_GNU_SOURCE -fwrapv -fno-strict-aliasing -pipe -fstack-protector-strong -I/usr/local/include -D_LARGEFILE_SOURCE -D_FILE_OFFSET_BITS=64 -D_FORTIFY_SOURCE=2',
    optimize='-O2',
    cppflags='-D_REENTRANT -D_GNU_SOURCE -fwrapv -fno-strict-aliasing -pipe -fstack-protector-strong -I/usr/local/include'
    ccversion='', gccversion='5.3.1 20160121', gccosandvers=''
    intsize=4, longsize=8, ptrsize=8, doublesize=8, byteorder=12345678, doublekind=3
    d_longlong=define, longlongsize=8, d_longdbl=define, longdblsize=16, longdblkind=3
    ivtype='long', ivsize=8, nvtype='double', nvsize=8, Off_t='off_t', lseeksize=8
    alignbytes=8, prototype=define
  Linker and Libraries:
    ld='cc', ldflags =' -fstack-protector-strong -L/usr/local/lib'
    libpth=/usr/local/lib /usr/lib/gcc/x86_64-linux-gnu/5/include-fixed /usr/include/x86_64-linux-gnu /usr/lib /lib/x86_64-linux-gnu /lib/../lib /usr/lib/x86_64-linux-gnu /usr/lib/../lib /lib
    libs=-lpthread -lnsl -lgdbm -ldl -lm -lcrypt -lutil -lc -lgdbm_compat
    perllibs=-lpthread -lnsl -ldl -lm -lcrypt -lutil -lc
    libc=libc-2.21.so, so=so, useshrplib=false, libperl=libperl.a
    gnulibc_version='2.21'
  Dynamic Linking:
    dlsrc=dl_dlopen.xs, dlext=so, d_dlsymun=undef, ccdlflags='-Wl,-E'
    cccdlflags='-fPIC', lddlflags='-shared -O2 -L/usr/local/lib -fstack-protector-strong'


Characteristics of this binary (from libperl): 
  Compile-time options: HAS_TIMES MULTIPLICITY PERLIO_LAYERS
                        PERL_COPY_ON_WRITE PERL_DONT_CREATE_GVSV
                        PERL_HASH_FUNC_ONE_AT_A_TIME_HARD
                        PERL_IMPLICIT_CONTEXT PERL_MALLOC_WRAP
                        PERL_PRESERVE_IVUV PERL_USE_DEVEL USE_64_BIT_ALL
                        USE_64_BIT_INT USE_ITHREADS USE_LARGE_FILES
                        USE_LOCALE USE_LOCALE_COLLATE USE_LOCALE_CTYPE
                        USE_LOCALE_NUMERIC USE_LOCALE_TIME USE_PERLIO
                        USE_PERL_ATOF USE_REENTRANT_API
  Built under linux
  Compiled at Mar 20 2016 22:07:15
  %ENV:
    PERL5LIB=""
    PERL5OPT=""
    PERL5_CPANPLUS_IS_RUNNING="8216"
    PERL5_CPAN_IS_RUNNING="8216"
    PERL_CANARY_STABILITY_NOPROMPT="1"
    PERL_MM_USE_DEFAULT="1"
  @INC:
    /home/sand/src/perl/repoperls/installed-perls/perl/v5.23.9/13e0/lib/site_perl/5.23.9/x86_64-linux-thread-multi
    /home/sand/src/perl/repoperls/installed-perls/perl/v5.23.9/13e0/lib/site_perl/5.23.9
    /home/sand/src/perl/repoperls/installed-perls/perl/v5.23.9/13e0/lib/5.23.9/x86_64-linux-thread-multi
    /home/sand/src/perl/repoperls/installed-perls/perl/v5.23.9/13e0/lib/5.23.9
    .