Config-Model v2.151 Perl 5 v5.28.2 MSWin32-x86-multi-thread-64int
- Status
- Fail
- From
- Alexandr Ciornii (CHORNY)
- Dist
-
Config-Model v2.151
- Platform
- Perl 5 v5.28.2 MSWin32-x86-multi-thread-64int
- Date
- 2022-07-26 16:27:44
- ID
- 1ddc19c4-6bf4-1014-99b3-406e802e084d
This distribution has been tested as part of the CPAN Testers
project, supporting the Perl programming language. See
http://wiki.cpantesters.org/ for more information or email
questions to cpan-testers-discuss@perl.org
--
Dear Dominique Dumont,
This is a computer-generated report for Config-Model-2.151
on perl 5.28.2, created by CPAN-Reporter-1.2018.
Thank you for uploading your work to CPAN. However, there was a problem
testing your distribution.
If you think this report is invalid, please consult the CPAN Testers Wiki
for suggestions on how to avoid getting FAIL reports for missing library
or binary dependencies, unsupported operating systems, and so on:
http://wiki.cpantesters.org/wiki/CPANAuthorNotes
Sections of this report:
* Tester comments
* Program output
* Prerequisites
* Environment and other context
------------------------------
TESTER COMMENTS
------------------------------
Additional comments from tester:
this report is from an automated smoke testing program
and was not reviewed by a human for accuracy
------------------------------
PROGRAM OUTPUT
------------------------------
Output from 'C:\Strawberry282\perl\bin\perl.exe ./Build test':
t\accept.t ........................ ok
t\annotation.t .................... ok
t\apply_fix.t ..................... ok
t\array_id.t ...................... ok
t\array_with_data_migration.t ..... ok
t\augment_class.t ................. ok
t\author-critic.t ................. skipped: these tests are for testing by the author
t\auto_load_model.t ............... ok
2022/07/26 19:25:28 write backend IniFile Config::Model::Backend::IniFile::write failed: Error rename on 'wr_root/backend_ini/ini1/etc/test.ini9402108308755' -> 'wr_root/backend_ini/ini1/etc/test.ini': Permission denied at C:\STRAWB~1\cpan\build\Config-Model-2.151-0\blib\lib/Config/Model/Backend/IniFile.pm line 200.
Error rename on 'wr_root/backend_ini/ini1/etc/test.ini9402108308755' -> 'wr_root/backend_ini/ini1/etc/test.ini': Permission denied at C:\STRAWB~1\cpan\build\Config-Model-2.151-0\blib\lib/Config/Model/Backend/IniFile.pm line 200.
# Tests were run but no plan was declared and done_testing() was not seen.
# Looks like your test exited with 255 just after 15.
t\backend_ini.t ...................
Dubious, test returned 255 (wstat 65280, 0xff00)
All 15 subtests passed
2022/07/26 19:25:30 write backend ini_file Config::Model::Backend::IniFile::write failed: Error rename on 'wr_root_p/backend-ini-section-map/below/ini1/etc/test.ini1460900540496' -> 'wr_root_p/backend-ini-section-map/below/ini1/etc/test.ini': Permission denied at C:\STRAWB~1\cpan\build\Config-Model-2.151-0\blib\lib/Config/Model/Backend/IniFile.pm line 200.
Error rename on 'wr_root_p/backend-ini-section-map/below/ini1/etc/test.ini1460900540496' -> 'wr_root_p/backend-ini-section-map/below/ini1/etc/test.ini': Permission denied at C:\STRAWB~1\cpan\build\Config-Model-2.151-0\blib\lib/Config/Model/Backend/IniFile.pm line 200.
# Tests were run but no plan was declared and done_testing() was not seen.
# Looks like your test exited with 255 just after 6.
t\backend_ini_with_section_map.t ..
Dubious, test returned 255 (wstat 65280, 0xff00)
All 6 subtests passed
2022/07/26 19:25:32 write backend ini_file Config::Model::Backend::IniFile::write failed: Error rename on 'C:/STRAWB~1/cpan/build/Config-Model-2.151-0/wr_root/backend_mgr/abs_path_test/test-abs.ini668460719021' -> 'C:/STRAWB~1/cpan/build/Config-Model-2.151-0/wr_root/backend_mgr/abs_path_test/test-abs.ini': Permission denied at C:\STRAWB~1\cpan\build\Config-Model-2.151-0\blib\lib/Config/Model/Backend/IniFile.pm line 200.
Error rename on 'C:/STRAWB~1/cpan/build/Config-Model-2.151-0/wr_root/backend_mgr/abs_path_test/test-abs.ini668460719021' -> 'C:/STRAWB~1/cpan/build/Config-Model-2.151-0/wr_root/backend_mgr/abs_path_test/test-abs.ini': Permission denied at C:\STRAWB~1\cpan\build\Config-Model-2.151-0\blib\lib/Config/Model/Backend/IniFile.pm line 200.
# Tests were run but no plan was declared and done_testing() was not seen.
# Looks like your test exited with 2 just after 3.
t\backend_mgr.t ...................
Dubious, test returned 2 (wstat 512, 0x200)
All 3 subtests passed
2022/07/26 19:25:35 write backend perl_file Config::Model::Backend::PerlFile::write failed: Error rename on 'wr_root/backend_multiple/debian/control.pl19641239913131' -> 'wr_root/backend_multiple/debian/control.pl': Permission denied at C:\STRAWB~1\cpan\build\Config-Model-2.151-0\blib\lib/Config/Model/Backend/PerlFile.pm line 68.
Error rename on 'wr_root/backend_multiple/debian/control.pl19641239913131' -> 'wr_root/backend_multiple/debian/control.pl': Permission denied at C:\STRAWB~1\cpan\build\Config-Model-2.151-0\blib\lib/Config/Model/Backend/PerlFile.pm line 68.
# Tests were run but no plan was declared and done_testing() was not seen.
# Looks like your test exited with 255 just after 2.
t\backend_multiple.t ..............
Dubious, test returned 255 (wstat 65280, 0xff00)
All 2 subtests passed
# Failed test 'got correct source value'
# at t\backend_plainfile.t line 52.
# got: '2.0
'
# expected: '2.0'
# Looks like you failed 1 test of 13.
t\backend_plainfile.t .............
Dubious, test returned 1 (wstat 256, 0x100)
Failed 1/13 subtests
t\check_list.t .................... ok
t\check_list_warp.t ............... ok
2022/07/26 19:25:44 write backend ShellVar Config::Model::Backend::ShellVar::write failed: Error rename on 'wr_root/cme-force-load/etc/popularity-contest.conf12121703677459' -> 'wr_root/cme-force-load/etc/popularity-contest.conf': Permission denied at C:\STRAWB~1\cpan\build\Config-Model-2.151-0\blib\lib/Config/Model/Backend/ShellVar.pm line 110.
Error rename on 'wr_root/cme-force-load/etc/popularity-contest.conf12121703677459' -> 'wr_root/cme-force-load/etc/popularity-contest.conf': Permission denied at C:\STRAWB~1\cpan\build\Config-Model-2.151-0\blib\lib/Config/Model/Backend/ShellVar.pm line 110.
# Tests were run but no plan was declared and done_testing() was not seen.
# Looks like your test exited with 255 just after 4.
t\cme-force-load.t ................
Dubious, test returned 255 (wstat 65280, 0xff00)
All 4 subtests passed
Error rename on 'wr_root_p/cme/popcon/etc/popularity-contest.conf12722124649458' -> 'wr_root_p/cme/popcon/etc/popularity-contest.conf': Permission denied at C:\STRAWB~1\cpan\build\Config-Model-2.151-0\blib\lib/Config/Model/Backend/ShellVar.pm line 110.
# Tests were run but no plan was declared and done_testing() was not seen.
# Looks like your test exited with 255 just after 2.
t\cme-function.t ..................
Dubious, test returned 255 (wstat 65280, 0xff00)
All 2 subtests passed
t\describe_node.t ................. ok
t\dump_as_data.t .................. ok
t\dump_tree.t ..................... ok
t\fuse_ui.t ....................... skipped: Not a Linux system
t\gen-class-doc.t ................. ok
t\get_info.t ...................... ok
t\grab.t .......................... ok
t\hash_id_of_node.t ............... ok
t\hash_id_of_values.t ............. ok
t\hash_with_data_migration.t ...... ok
t\include.t ....................... ok
t\instance-reset.t ................ ok
t\instance.t ...................... ok
t\iterator.t ...................... ok
t\load-model.t .................... ok
t\load.t .......................... ok
t\load_model_snippets.t ........... ok
t\loader_logs.t ................... ok
t\log-init.t ...................... ok
t\model.t ......................... ok
2022/07/26 19:26:36 write backend cds_file Config::Model::Backend::CdsFile::write failed: Error rename on 'wr_root/model_tests/backend-cds/test-basic/etc/hosts.cds16241793238224' -> 'wr_root/model_tests/backend-cds/test-basic/etc/hosts.cds': Permission denied at C:\STRAWB~1\cpan\build\Config-Model-2.151-0\blib\lib/Config/Model/Backend/CdsFile.pm line 60.
Error rename on 'wr_root/model_tests/backend-cds/test-basic/etc/hosts.cds16241793238224' -> 'wr_root/model_tests/backend-cds/test-basic/etc/hosts.cds': Permission denied at C:\STRAWB~1\cpan\build\Config-Model-2.151-0\blib\lib/Config/Model/Backend/CdsFile.pm line 60.
# Tests were run but no plan was declared and done_testing() was not seen.
# Looks like your test exited with 255 just after 9.
t\model_tests.t ...................
Dubious, test returned 255 (wstat 65280, 0xff00)
All 9 subtests passed
t\multi_warp_object.t ............. ok
t\multi_warp_value.t .............. ok
t\node-load.t ..................... ok
t\node.t .......................... ok
t\node_get_set.t .................. ok
t\obj_tree_scanner.t .............. ok
t\perl-critic.t ................... skipped: Author test. Set $ENV{TEST_AUTHOR} to a true value to run.
t\pod.t ........................... skipped: these tests are for testing by the author
t\pod_generation.t ................ ok
t\recursive_warp_value.t .......... ok
t\report.t ........................ ok
t\search_element.t ................ ok
t\search_in_tree.t ................ ok
t\simple_ui.t ..................... ok
t\smooth_upgrade.t ................ ok
Unable to get Terminal Size. The Win32 GetConsoleScreenBufferInfo call didn't work. The COLUMNS and LINES environment variables didn't work. at C:/Strawberry282/perl/vendor/lib/Term/ReadLine/readline.pm line 410.
Cannot create second readline interface, falling back to dumb.
You should install Term::ReadLine::Gnu for autocompletion and utf-8 support.
t\term_ui.t ....................... ok
Unhandled type: REGEXP at C:/Strawberry282/perl/vendor/lib/Devel/Cycle.pm line 107.
t\value.t ......................... ok
Unhandled type: REGEXP at C:/Strawberry282/perl/vendor/lib/Devel/Cycle.pm line 107.
t\value_compute.t ................. ok
t\value_refer_to.t ................ ok
t\value_simple_warp.t ............. ok
t\warped_id.t ..................... ok
t\warped_node.t ................... ok
t\warped_node_collateral.t ........ ok
t\warped_value.t .................. ok
Test Summary Report
-------------------
t\backend_ini.t (Wstat: 65280 Tests: 15 Failed: 0)
Non-zero exit status: 255
Parse errors: No plan found in TAP output
t\backend_ini_with_section_map.t (Wstat: 65280 Tests: 6 Failed: 0)
Non-zero exit status: 255
Parse errors: No plan found in TAP output
t\backend_mgr.t (Wstat: 512 Tests: 3 Failed: 0)
Non-zero exit status: 2
Parse errors: No plan found in TAP output
t\backend_multiple.t (Wstat: 65280 Tests: 2 Failed: 0)
Non-zero exit status: 255
Parse errors: No plan found in TAP output
t\backend_plainfile.t (Wstat: 256 Tests: 13 Failed: 1)
Failed test: 5
Non-zero exit status: 1
t\cme-force-load.t (Wstat: 65280 Tests: 4 Failed: 0)
Non-zero exit status: 255
Parse errors: No plan found in TAP output
t\cme-function.t (Wstat: 65280 Tests: 2 Failed: 0)
Non-zero exit status: 255
Parse errors: No plan found in TAP output
t\model_tests.t (Wstat: 65280 Tests: 9 Failed: 0)
Non-zero exit status: 255
Parse errors: No plan found in TAP output
Files=62, Tests=1367, 147 wallclock secs ( 0.42 usr + 0.35 sys = 0.77 CPU)
Result: FAIL
Failed 8/62 test programs. 1/1367 subtests failed.
------------------------------
PREREQUISITES
------------------------------
Prerequisite modules loaded:
requires:
Module Need Have
---------------------------- ------- ----------
base 0 2.27
Carp 0 1.50
Carp::Assert::More 0 1.16
Cwd 0 3.75
Data::Dumper 0 2.173
Encode 0 3.01
English 0 1.10
Fcntl 0 1.13
feature 0 1.52
File::HomeDir 0 1.004
File::Path 0 2.16
Hash::Merge 0.12 0.300
JSON 0 4.02
List::MoreUtils 0 0.428
List::Util 0 1.50
Log::Log4perl 1.11 1.49
Mouse 0 v2.5.6
Mouse::Role 0 v2.5.6
Mouse::Util 0 v2.5.6
Mouse::Util::TypeConstraints 0 0
MouseX::NativeTraits 0 1.09
MouseX::StrictConstructor 0 0.02
open 0 1.11
overload 0 1.30
parent 0 0.237
Parse::RecDescent v1.90.0 1.967015
Path::Tiny 0.070 0.108
perl v5.20.0 5.028002
Pod::POM 0 2.01
Pod::Simple 3.23 3.35
Pod::Text 0 4.11
POSIX 0 1.84
Regexp::Common 0 2017060201
Scalar::Util 0 1.50
Storable 0 3.11
strict 0 1.11
Text::Levenshtein::Damerau 0 0.41
Text::Wrap 0 2013.0523
utf8 0 1.21
vars 0 1.04
warnings 0 1.42
YAML::Tiny 0 1.73
build_requires:
Module Need Have
---------------------------- ------- ----------
boolean 0 0.46
Config::Model::Tester 4.002 4.007
Config::Model::Tester::Setup 0 4.007
File::Copy 0 2.33
File::Spec 0 3.75
IO::File 0 1.39
lib 0 0.64
Module::Build 0.34 0.4229
Test::Differences 0 0.67
Test::Exception 0 0.43
Test::File::Contents 0 0.23
Test::Log::Log4perl 0 0.32
Test::Memory::Cycle 0 1.06
Test::More 0 1.302162
Test::Perl::Critic 0 1.04
Test::Pod 1.00 1.52
Test::Warn 0.11 0.36
configure_requires:
Module Need Have
---------------------------- ------- ----------
Module::Build 0.34 0.4229
------------------------------
ENVIRONMENT AND OTHER CONTEXT
------------------------------
Environment variables:
AUTOMATED_TESTING = 1
COMSPEC = C:\WINDOWS\system32\cmd.exe
NUMBER_OF_PROCESSORS = 1
PATH = C:\WINDOWS\system32;C:\WINDOWS;C:\WINDOWS\System32\Wbem;C:\Git\cmd;C:\Strawberry282\c\bin;C:\Strawberry282\perl\site\bin;C:\Strawberry282\perl\bin
PERL5LIB = C:\STRAWB~1\cpan\build\Config-Model-Tester-4.007-0/blib/arch;C:\STRAWB~1\cpan\build\Config-Model-Tester-4.007-0/blib/lib
PERL5OPT =
PERL5_CPANPLUS_IS_RUNNING = 1660
PERL5_CPAN_IS_RUNNING = 1660
PERL5_CPAN_IS_RUNNING_IN_RECURSION = 1468,1660
PERL_CR_SMOKER_CURRENT = Config-Model-2.151
PERL_CR_SMOKER_RUNONCE = 1
PERL_EXTUTILS_AUTOINSTALL = --defaultdeps
PERL_MM_USE_DEFAULT = 1
PERL_USE_UNSAFE_INC = 1
PROCESSOR_IDENTIFIER = x86 Family 16 Model 5 Stepping 3, AuthenticAMD
TEMP = C:\DOCUME~1\a\LOCALS~1\Temp
Perl special variables (and OS-specific diagnostics, for MSWin32):
$^X = C:\Strawberry282\perl\bin\perl.exe
$UID/$EUID = 0 / 0
$GID = 0
$EGID = 0
Win32::GetOSName = WinXP/.Net
Win32::GetOSVersion = Service Pack 3, 5, 1, 2600, 2, 3, 0, 256, 1
Win32::FsType = NTFS
Win32::IsAdminUser = 1
Perl module toolchain versions installed:
Module Have
------------------- --------
CPAN 2.26
CPAN::Meta 2.150010
Cwd 3.75
ExtUtils::CBuilder 0.280231
ExtUtils::Command 7.34
ExtUtils::Install 2.14
ExtUtils::MakeMaker 7.34
ExtUtils::Manifest 1.72
ExtUtils::ParseXS 3.39
File::Spec 3.75
JSON 4.02
JSON::PP 4.02
Module::Build 0.4229
Module::Signature n/a
Parse::CPAN::Meta 2.150010
Test::Harness 3.42
Test::More 1.302162
YAML 1.27
YAML::Syck 1.31
version 0.9924
--
Summary of my perl5 (revision 5 version 28 subversion 2) configuration:
Platform:
osname=MSWin32
osvers=5.1.2600
archname=MSWin32-x86-multi-thread-64int
uname='Win32 strawberry-perl 5.28.2.1 #1 Mon Apr 22 21:59:01 2019 i386'
config_args='undef'
hint=recommended
useposix=true
d_sigaction=undef
useithreads=define
usemultiplicity=define
use64bitint=define
use64bitall=undef
uselongdouble=undef
usemymalloc=n
default_inc_excludes_dot=define
bincompat5005=undef
Compiler:
cc='gcc'
ccflags =' -s -O2 -DWIN32 -D__USE_MINGW_ANSI_STDIO -DPERL_TEXTMODE_SCRIPTS -DPERL_IMPLICIT_CONTEXT -DPERL_IMPLICIT_SYS -DUSE_PERLIO -fwrapv -fno-strict-aliasing -mms-bitfields'
optimize='-s -O2'
cppflags='-DWIN32'
ccversion=''
gccversion='7.1.0'
gccosandvers=''
intsize=4
longsize=4
ptrsize=4
doublesize=8
byteorder=12345678
doublekind=3
d_longlong=define
longlongsize=8
d_longdbl=define
longdblsize=12
longdblkind=3
ivtype='long long'
ivsize=8
nvtype='double'
nvsize=8
Off_t='long long'
lseeksize=8
alignbytes=8
prototype=define
Linker and Libraries:
ld='g++'
ldflags ='-s -L"C:\STRAWB~1\perl\lib\CORE" -L"C:\STRAWB~1\c\lib"'
libpth=C:\STRAWB~1\c\lib C:\STRAWB~1\c\i686-w64-mingw32\lib C:\STRAWB~1\c\lib\gcc\i686-w64-mingw32\7.1.0
libs= -lmoldname -lkernel32 -luser32 -lgdi32 -lwinspool -lcomdlg32 -ladvapi32 -lshell32 -lole32 -loleaut32 -lnetapi32 -luuid -lws2_32 -lmpr -lwinmm -lversion -lodbc32 -lodbccp32 -lcomctl32
perllibs= -lmoldname -lkernel32 -luser32 -lgdi32 -lwinspool -lcomdlg32 -ladvapi32 -lshell32 -lole32 -loleaut32 -lnetapi32 -luuid -lws2_32 -lmpr -lwinmm -lversion -lodbc32 -lodbccp32 -lcomctl32
libc=
so=dll
useshrplib=true
libperl=libperl528.a
gnulibc_version=''
Dynamic Linking:
dlsrc=dl_win32.xs
dlext=xs.dll
d_dlsymun=undef
ccdlflags=' '
cccdlflags=' '
lddlflags='-mdll -s -L"C:\STRAWB~1\perl\lib\CORE" -L"C:\STRAWB~1\c\lib"'
Characteristics of this binary (from libperl):
Compile-time options:
HAS_TIMES
HAVE_INTERP_INTERN
MULTIPLICITY
PERLIO_LAYERS
PERL_COPY_ON_WRITE
PERL_DONT_CREATE_GVSV
PERL_IMPLICIT_CONTEXT
PERL_IMPLICIT_SYS
PERL_MALLOC_WRAP
PERL_OP_PARENT
PERL_PRESERVE_IVUV
USE_64_BIT_INT
USE_ITHREADS
USE_LARGE_FILES
USE_LOCALE
USE_LOCALE_COLLATE
USE_LOCALE_CTYPE
USE_LOCALE_NUMERIC
USE_LOCALE_TIME
USE_PERLIO
USE_PERL_ATOF
Built under MSWin32
Compiled at Apr 22 2019 22:09:26
%ENV:
PERL5LIB="C:\STRAWB~1\cpan\build\Config-Model-Tester-4.007-0/blib/arch;C:\STRAWB~1\cpan\build\Config-Model-Tester-4.007-0/blib/lib"
PERL5_CPANPLUS_IS_RUNNING="1660"
PERL5_CPAN_IS_RUNNING="1660"
PERL5_CPAN_IS_RUNNING_IN_RECURSION="1468,1660"
PERL_CR_SMOKER_CURRENT="Config-Model-2.151"
PERL_CR_SMOKER_RUNONCE="1"
PERL_EXTUTILS_AUTOINSTALL="--defaultdeps"
PERL_MM_USE_DEFAULT="1"
PERL_USE_UNSAFE_INC="1"
@INC:
C:\STRAWB~1\cpan\build\Config-Model-Tester-4.007-0/blib/arch
C:\STRAWB~1\cpan\build\Config-Model-Tester-4.007-0/blib/lib
C:/Strawberry282/perl/site/lib
C:/Strawberry282/perl/vendor/lib
C:/Strawberry282/perl/lib
.