Report for Web-Query-0.36

Back
From: metabase:user:322078bc-2aae-11df-837a-5e0a49663a4f
Subject: FAIL Web-Query-0.36 v5.18.2 Debian GNU/kFreeBSD
Date: 2016-06-30T22:29:32Z

This distribution has been tested as part of the CPAN Testers
project, supporting the Perl programming language.  See
http://wiki.cpantesters.org/ for more information or email
questions to cpan-testers-discuss@perl.org


--

Dear YANICK,

This is a computer-generated error report created automatically by
CPANPLUS, version 0.9156. Testers personal comments may appear
at the end of this report.


Thank you for uploading your work to CPAN.  However, it appears that
there were some problems testing your distribution.

TEST RESULTS:

Below is the error stack from stage 'make test':

PERL_DL_NONLAZY=1 "/home/cpan/pit/bare/perl-5.18.2/bin/perl" "-MExtUtils::Command::MM" "-MTest::Harness" "-e" "undef *Test::Harness::Switches; test_harness(0, 'blib/lib', 'blib/arch')" t/*.t

#   Failed test 'Web/Query.pm loaded ok'
#   at t/00-compile.t line 38.
#          got: '65280'
#     expected: '0'
"uniq" is not exported by the List::Util module
Can't continue after import errors at /home/cpan/pit/bare/conf/perl-5.18.2/.cpanplus/5.18.2/build/bDXUJUEDvO/Web-Query-0.36/blib/lib/Web/Query.pm line 15.
BEGIN failed--compilation aborted at /home/cpan/pit/bare/conf/perl-5.18.2/.cpanplus/5.18.2/build/bDXUJUEDvO/Web-Query-0.36/blib/lib/Web/Query.pm line 15.
Compilation failed in require at -e line 1.

t/00-compile.t ...................... 
Dubious, test returned 2 (wstat 512, 0x200)
Failed 2/2 subtests 
#   Failed test 'Web/Query/LibXML.pm loaded ok'
#   at t/00-compile.t line 38.
#          got: '65280'
#     expected: '0'
"uniq" is not exported by the List::Util module
Can't continue after import errors at /home/cpan/pit/bare/conf/perl-5.18.2/.cpanplus/5.18.2/build/bDXUJUEDvO/Web-Query-0.36/blib/lib/Web/Query.pm line 15.
BEGIN failed--compilation aborted at /home/cpan/pit/bare/conf/perl-5.18.2/.cpanplus/5.18.2/build/bDXUJUEDvO/Web-Query-0.36/blib/lib/Web/Query.pm line 15.
Compilation failed in require at /home/cpan/pit/bare/perl-5.18.2/lib/5.18.2/parent.pm line 20.
BEGIN failed--compilation aborted at /home/cpan/pit/bare/conf/perl-5.18.2/.cpanplus/5.18.2/build/bDXUJUEDvO/Web-Query-0.36/blib/lib/Web/Query/LibXML.pm line 9.
Compilation failed in require at -e line 1.
# Looks like you failed 2 tests of 2.
# 
# Versions for all modules listed in MYMETA.json (including optional ones):
# 
# === Configure Requires ===
# 
#     Module              Want Have
#     ------------------- ---- ----
#     ExtUtils::MakeMaker  any 7.16
# 
# === Build Requires ===
# 
#     Module              Want Have
#     ------------------- ---- ----
#     ExtUtils::MakeMaker  any 7.16
# 
# === Test Requires ===
# 
#     Module              Want     Have
#     ------------------- ---- --------
#     Cwd                  any     3.62
#     ExtUtils::MakeMaker  any     7.16
#     File::Spec           any     3.62
#     FindBin              any     1.51
#     IO::Handle           any     1.34
#     IPC::Open3           any     1.13
#     Test::Exception      any     0.43
#     Test::More           any 1.001014
#     lib                  any     0.63
#     utf8                 any     1.10
# 
# === Test Recommends ===
# 
#     Module         Want     Have
#     ---------- -------- --------
#     CPAN::Meta 2.120900 2.150005
# 
# === Runtime Requires ===
# 
#     Module                    Want  Have
#     ------------------------- ---- -----
#     Exporter                   any  5.68
#     HTML::Entities             any  3.69
#     HTML::Selector::XPath     0.06  0.20
#     HTML::TreeBuilder::LibXML  any  0.25
#     HTML::TreeBuilder::XPath   any  0.14
#     LWP::UserAgent             any  6.15
#     List::Util                 any  1.27
#     Scalar::Util               any  1.27
#     parent                     any 0.225
#     strict                     any  1.07
#     warnings                   any  1.18
# 
t/00-report-prereqs.t ............... ok

t/00_compile.t ...................... 
Dubious, test returned 1 (wstat 256, 0x100)
Failed 1/1 subtests 
#   Failed test 'use Web::Query;'
#   at t/00_compile.t line 4.
#     Tried to use 'Web::Query'.
#     Error:  "uniq" is not exported by the List::Util module
# Can't continue after import errors at /home/cpan/pit/bare/conf/perl-5.18.2/.cpanplus/5.18.2/build/bDXUJUEDvO/Web-Query-0.36/blib/lib/Web/Query.pm line 15.
# BEGIN failed--compilation aborted at /home/cpan/pit/bare/conf/perl-5.18.2/.cpanplus/5.18.2/build/bDXUJUEDvO/Web-Query-0.36/blib/lib/Web/Query.pm line 15.
# Compilation failed in require at t/00_compile.t line 4.
# BEGIN failed--compilation aborted at t/00_compile.t line 4.
# Looks like you failed 1 test of 1.
"uniq" is not exported by the List::Util module
Can't continue after import errors at /home/cpan/pit/bare/conf/perl-5.18.2/.cpanplus/5.18.2/build/bDXUJUEDvO/Web-Query-0.36/blib/lib/Web/Query.pm line 15.
BEGIN failed--compilation aborted at /home/cpan/pit/bare/conf/perl-5.18.2/.cpanplus/5.18.2/build/bDXUJUEDvO/Web-Query-0.36/blib/lib/Web/Query.pm line 15.
Compilation failed in require at t/01_src.t line 6.
BEGIN failed--compilation aborted at t/01_src.t line 6.
t/01_src.t .......................... 
Dubious, test returned 255 (wstat 65280, 0xff00)
No subtests run 
"uniq" is not exported by the List::Util module
Can't continue after import errors at /home/cpan/pit/bare/conf/perl-5.18.2/.cpanplus/5.18.2/build/bDXUJUEDvO/Web-Query-0.36/blib/lib/Web/Query.pm line 15.
BEGIN failed--compilation aborted at /home/cpan/pit/bare/conf/perl-5.18.2/.cpanplus/5.18.2/build/bDXUJUEDvO/Web-Query-0.36/blib/lib/Web/Query.pm line 15.
Compilation failed in require at t/02_op.t line 5.
BEGIN failed--compilation aborted at t/02_op.t line 5.
t/02_op.t ........................... 
Dubious, test returned 255 (wstat 65280, 0xff00)
No subtests run 
"uniq" is not exported by the List::Util module
Can't continue after import errors at /home/cpan/pit/bare/conf/perl-5.18.2/.cpanplus/5.18.2/build/bDXUJUEDvO/Web-Query-0.36/blib/lib/Web/Query.pm line 15.
BEGIN failed--compilation aborted at /home/cpan/pit/bare/conf/perl-5.18.2/.cpanplus/5.18.2/build/bDXUJUEDvO/Web-Query-0.36/blib/lib/Web/Query.pm line 15.
Compilation failed in require at t/03_traverse.t line 6.
BEGIN failed--compilation aborted at t/03_traverse.t line 6.
t/03_traverse.t ..................... 
Dubious, test returned 255 (wstat 65280, 0xff00)
No subtests run 
"uniq" is not exported by the List::Util module
Can't continue after import errors at /home/cpan/pit/bare/conf/perl-5.18.2/.cpanplus/5.18.2/build/bDXUJUEDvO/Web-Query-0.36/blib/lib/Web/Query.pm line 15.
BEGIN failed--compilation aborted at /home/cpan/pit/bare/conf/perl-5.18.2/.cpanplus/5.18.2/build/bDXUJUEDvO/Web-Query-0.36/blib/lib/Web/Query.pm line 15.
Compilation failed in require at t/04_element.t line 5.
BEGIN failed--compilation aborted at t/04_element.t line 5.
t/04_element.t ...................... 
Dubious, test returned 255 (wstat 65280, 0xff00)
No subtests run 
"uniq" is not exported by the List::Util module
Can't continue after import errors at /home/cpan/pit/bare/conf/perl-5.18.2/.cpanplus/5.18.2/build/bDXUJUEDvO/Web-Query-0.36/blib/lib/Web/Query.pm line 15.
BEGIN failed--compilation aborted at /home/cpan/pit/bare/conf/perl-5.18.2/.cpanplus/5.18.2/build/bDXUJUEDvO/Web-Query-0.36/blib/lib/Web/Query.pm line 15.
Compilation failed in require at t/05_html5.t line 5.
BEGIN failed--compilation aborted at t/05_html5.t line 5.
t/05_html5.t ........................ 
Dubious, test returned 255 (wstat 65280, 0xff00)
No subtests run 
"uniq" is not exported by the List::Util module
Can't continue after import errors at /home/cpan/pit/bare/conf/perl-5.18.2/.cpanplus/5.18.2/build/bDXUJUEDvO/Web-Query-0.36/blib/lib/Web/Query.pm line 15.
BEGIN failed--compilation aborted at /home/cpan/pit/bare/conf/perl-5.18.2/.cpanplus/5.18.2/build/bDXUJUEDvO/Web-Query-0.36/blib/lib/Web/Query.pm line 15.
Compilation failed in require at t/06_new_from_url_error_handling.t line 6.
BEGIN failed--compilation aborted at t/06_new_from_url_error_handling.t line 6.
t/06_new_from_url_error_handling.t .. 
Dubious, test returned 255 (wstat 65280, 0xff00)
No subtests run 
"uniq" is not exported by the List::Util module
Can't continue after import errors at /home/cpan/pit/bare/conf/perl-5.18.2/.cpanplus/5.18.2/build/bDXUJUEDvO/Web-Query-0.36/blib/lib/Web/Query.pm line 15.
BEGIN failed--compilation aborted at /home/cpan/pit/bare/conf/perl-5.18.2/.cpanplus/5.18.2/build/bDXUJUEDvO/Web-Query-0.36/blib/lib/Web/Query.pm line 15.
Compilation failed in require at t/07_remove.t line 6.
BEGIN failed--compilation aborted at t/07_remove.t line 6.
t/07_remove.t ....................... 
Dubious, test returned 255 (wstat 65280, 0xff00)
No subtests run 
"uniq" is not exported by the List::Util module
Can't continue after import errors at /home/cpan/pit/bare/conf/perl-5.18.2/.cpanplus/5.18.2/build/bDXUJUEDvO/Web-Query-0.36/blib/lib/Web/Query.pm line 15.
BEGIN failed--compilation aborted at /home/cpan/pit/bare/conf/perl-5.18.2/.cpanplus/5.18.2/build/bDXUJUEDvO/Web-Query-0.36/blib/lib/Web/Query.pm line 15.
Compilation failed in require at t/08_indent.t line 5.
BEGIN failed--compilation aborted at t/08_indent.t line 5.
# Looks like your test exited with 255 before it could output anything.
t/08_indent.t ....................... 
Dubious, test returned 255 (wstat 65280, 0xff00)
Failed 2/2 subtests 
"uniq" is not exported by the List::Util module
Can't continue after import errors at /home/cpan/pit/bare/conf/perl-5.18.2/.cpanplus/5.18.2/build/bDXUJUEDvO/Web-Query-0.36/blib/lib/Web/Query.pm line 15.
BEGIN failed--compilation aborted at /home/cpan/pit/bare/conf/perl-5.18.2/.cpanplus/5.18.2/build/bDXUJUEDvO/Web-Query-0.36/blib/lib/Web/Query.pm line 15.
Compilation failed in require at t/09_as_html.t line 4.
BEGIN failed--compilation aborted at t/09_as_html.t line 4.
t/09_as_html.t ...................... 
Dubious, test returned 255 (wstat 65280, 0xff00)
No subtests run 

t/10_subclass.t ..................... 
Dubious, test returned 255 (wstat 65280, 0xff00)
Failed 4/4 subtests 
#   Failed test 'use My::Web::Query;'
#   at t/10_subclass.t line 9.
#     Tried to use 'My::Web::Query'.
#     Error:  "uniq" is not exported by the List::Util module
# Can't continue after import errors at lib/Web/Query.pm line 15.
# BEGIN failed--compilation aborted at lib/Web/Query.pm line 15.
# Compilation failed in require at /home/cpan/pit/bare/perl-5.18.2/lib/5.18.2/parent.pm line 20.
# BEGIN failed--compilation aborted at /home/cpan/pit/bare/conf/perl-5.18.2/.cpanplus/5.18.2/build/bDXUJUEDvO/Web-Query-0.36/t/lib/My/Web/Query.pm line 5.
# Compilation failed in require at t/10_subclass.t line 9.
# BEGIN failed--compilation aborted at t/10_subclass.t line 9.
Undefined subroutine &main::wq called at t/10_subclass.t line 12.
# Looks like you planned 4 tests but ran 1.
# Looks like you failed 1 test of 1 run.
# Looks like your test exited with 255 just after 1.
"uniq" is not exported by the List::Util module
Can't continue after import errors at /home/cpan/pit/bare/conf/perl-5.18.2/.cpanplus/5.18.2/build/bDXUJUEDvO/Web-Query-0.36/blib/lib/Web/Query.pm line 15.
BEGIN failed--compilation aborted at /home/cpan/pit/bare/conf/perl-5.18.2/.cpanplus/5.18.2/build/bDXUJUEDvO/Web-Query-0.36/blib/lib/Web/Query.pm line 15.
Compilation failed in require at t/11_get_eq.t line 5.
BEGIN failed--compilation aborted at t/11_get_eq.t line 5.
t/11_get_eq.t ....................... 
Dubious, test returned 255 (wstat 65280, 0xff00)
No subtests run 
"uniq" is not exported by the List::Util module
Can't continue after import errors at /home/cpan/pit/bare/conf/perl-5.18.2/.cpanplus/5.18.2/build/bDXUJUEDvO/Web-Query-0.36/blib/lib/Web/Query.pm line 15.
BEGIN failed--compilation aborted at /home/cpan/pit/bare/conf/perl-5.18.2/.cpanplus/5.18.2/build/bDXUJUEDvO/Web-Query-0.36/blib/lib/Web/Query.pm line 15.
Compilation failed in require at t/add.t line 5.
BEGIN failed--compilation aborted at t/add.t line 5.
t/add.t ............................. 
Dubious, test returned 255 (wstat 65280, 0xff00)
No subtests run 
"uniq" is not exported by the List::Util module
Can't continue after import errors at lib/Web/Query.pm line 15.
BEGIN failed--compilation aborted at lib/Web/Query.pm line 15.
Compilation failed in require at t/after.t line 7.
BEGIN failed--compilation aborted at t/after.t line 7.
t/after.t ........................... 
Dubious, test returned 255 (wstat 65280, 0xff00)
No subtests run 
"uniq" is not exported by the List::Util module
Can't continue after import errors at lib/Web/Query.pm line 15.
BEGIN failed--compilation aborted at lib/Web/Query.pm line 15.
Compilation failed in require at t/append.t line 6.
BEGIN failed--compilation aborted at t/append.t line 6.
t/append.t .......................... 
Dubious, test returned 255 (wstat 65280, 0xff00)
No subtests run 
"uniq" is not exported by the List::Util module
Can't continue after import errors at /home/cpan/pit/bare/conf/perl-5.18.2/.cpanplus/5.18.2/build/bDXUJUEDvO/Web-Query-0.36/blib/lib/Web/Query.pm line 15.
BEGIN failed--compilation aborted at /home/cpan/pit/bare/conf/perl-5.18.2/.cpanplus/5.18.2/build/bDXUJUEDvO/Web-Query-0.36/blib/lib/Web/Query.pm line 15.
Compilation failed in require at t/attr.t line 5.
BEGIN failed--compilation aborted at t/attr.t line 5.
t/attr.t ............................ 
Dubious, test returned 255 (wstat 65280, 0xff00)
No subtests run 
"uniq" is not exported by the List::Util module
Can't continue after import errors at /home/cpan/pit/bare/conf/perl-5.18.2/.cpanplus/5.18.2/build/bDXUJUEDvO/Web-Query-0.36/blib/lib/Web/Query.pm line 15.
BEGIN failed--compilation aborted at /home/cpan/pit/bare/conf/perl-5.18.2/.cpanplus/5.18.2/build/bDXUJUEDvO/Web-Query-0.36/blib/lib/Web/Query.pm line 15.
Compilation failed in require at t/bad-url-with-options.t line 6.
BEGIN failed--compilation aborted at t/bad-url-with-options.t line 6.
t/bad-url-with-options.t ............ 
Dubious, test returned 255 (wstat 65280, 0xff00)
No subtests run 
"uniq" is not exported by the List::Util module
Can't continue after import errors at lib/Web/Query.pm line 15.
BEGIN failed--compilation aborted at lib/Web/Query.pm line 15.
Compilation failed in require at t/before.t line 6.
BEGIN failed--compilation aborted at t/before.t line 6.
t/before.t .......................... 
Dubious, test returned 255 (wstat 65280, 0xff00)
No subtests run 

t/bug-text-contents.t ............... 
Dubious, test returned 29 (wstat 7424, 0x1d00)
Failed 3/3 subtests 
#   Failed test 'use Web::Query;'
#   at t/lib/WQTest.pm line 13.
#     Tried to use 'Web::Query'.
#     Error:  "uniq" is not exported by the List::Util module
# Can't continue after import errors at /home/cpan/pit/bare/conf/perl-5.18.2/.cpanplus/5.18.2/build/bDXUJUEDvO/Web-Query-0.36/blib/lib/Web/Query.pm line 15.
# BEGIN failed--compilation aborted at /home/cpan/pit/bare/conf/perl-5.18.2/.cpanplus/5.18.2/build/bDXUJUEDvO/Web-Query-0.36/blib/lib/Web/Query.pm line 15.
# Compilation failed in require at t/lib/WQTest.pm line 13.
# BEGIN failed--compilation aborted at t/lib/WQTest.pm line 13.
Can't locate object method "new" via package "Web::Query" at t/bug-text-contents.t line 19.
    # Child (Web::Query) exited without calling finalize()

#   Failed test 'Web::Query'
#   at /home/cpan/pit/bare/perl-5.18.2/lib/site_perl/5.18.2/Test/Builder.pm line 279.
# Looks like you planned 3 tests but ran 2.
# Looks like you failed 2 tests of 2 run.
# Looks like your test exited with 29 just after 2.

t/class.t ........................... 
#   Failed test 'use Web::Query;'
#   at t/lib/WQTest.pm line 13.
#     Tried to use 'Web::Query'.
#     Error:  "uniq" is not exported by the List::Util module
# Can't continue after import errors at /home/cpan/pit/bare/conf/perl-5.18.2/.cpanplus/5.18.2/build/bDXUJUEDvO/Web-Query-0.36/blib/lib/Web/Query.pm line 15.
# BEGIN failed--compilation aborted at /home/cpan/pit/bare/conf/perl-5.18.2/.cpanplus/5.18.2/build/bDXUJUEDvO/Web-Query-0.36/blib/lib/Web/Query.pm line 15.
# Compilation failed in require at t/lib/WQTest.pm line 13.
# BEGIN failed--compilation aborted at t/lib/WQTest.pm line 13.
        # Child (toggle_class) exited without calling finalize()
    
    #   Failed test 'toggle_class'
    #   at /home/cpan/pit/bare/perl-5.18.2/lib/site_perl/5.18.2/Test/Builder.pm line 266.
Can't locate object method "new" via package "Web::Query" at t/class.t line 24.
    # Child (Web::Query) exited without calling finalize()

#   Failed test 'Web::Query'
#   at /home/cpan/pit/bare/perl-5.18.2/lib/site_perl/5.18.2/Test/Builder.pm line 279.
# Looks like you planned 3 tests but ran 2.
# Looks like you failed 2 tests of 2 run.
# Looks like your test exited with 29 just after 2.
Dubious, test returned 29 (wstat 7424, 0x1d00)
Failed 3/3 subtests 
"uniq" is not exported by the List::Util module
Can't continue after import errors at /home/cpan/pit/bare/conf/perl-5.18.2/.cpanplus/5.18.2/build/bDXUJUEDvO/Web-Query-0.36/blib/lib/Web/Query.pm line 15.
BEGIN failed--compilation aborted at /home/cpan/pit/bare/conf/perl-5.18.2/.cpanplus/5.18.2/build/bDXUJUEDvO/Web-Query-0.36/blib/lib/Web/Query.pm line 15.
Compilation failed in require at t/clone.t line 4.
BEGIN failed--compilation aborted at t/clone.t line 4.
t/clone.t ........................... 
Dubious, test returned 255 (wstat 65280, 0xff00)
No subtests run 
"uniq" is not exported by the List::Util module
Can't continue after import errors at /home/cpan/pit/bare/conf/perl-5.18.2/.cpanplus/5.18.2/build/bDXUJUEDvO/Web-Query-0.36/blib/lib/Web/Query.pm line 15.
BEGIN failed--compilation aborted at /home/cpan/pit/bare/conf/perl-5.18.2/.cpanplus/5.18.2/build/bDXUJUEDvO/Web-Query-0.36/blib/lib/Web/Query.pm line 15.
Compilation failed in require at t/contents.t line 5.
BEGIN failed--compilation aborted at t/contents.t line 5.
t/contents.t ........................ 
Dubious, test returned 255 (wstat 65280, 0xff00)
No subtests run 
"uniq" is not exported by the List::Util module
Can't continue after import errors at lib/Web/Query.pm line 15.
BEGIN failed--compilation aborted at lib/Web/Query.pm line 15.
Compilation failed in require at t/detach.t line 6.
BEGIN failed--compilation aborted at t/detach.t line 6.
t/detach.t .......................... 
Dubious, test returned 255 (wstat 65280, 0xff00)
No subtests run 

t/filter.t .......................... 
Dubious, test returned 29 (wstat 7424, 0x1d00)
Failed 3/3 subtests 
#   Failed test 'use Web::Query;'
#   at t/lib/WQTest.pm line 13.
#     Tried to use 'Web::Query'.
#     Error:  "uniq" is not exported by the List::Util module
# Can't continue after import errors at /home/cpan/pit/bare/conf/perl-5.18.2/.cpanplus/5.18.2/build/bDXUJUEDvO/Web-Query-0.36/blib/lib/Web/Query.pm line 15.
# BEGIN failed--compilation aborted at /home/cpan/pit/bare/conf/perl-5.18.2/.cpanplus/5.18.2/build/bDXUJUEDvO/Web-Query-0.36/blib/lib/Web/Query.pm line 15.
# Compilation failed in require at t/lib/WQTest.pm line 13.
# BEGIN failed--compilation aborted at t/lib/WQTest.pm line 13.
Can't locate object method "new" via package "Web::Query" at t/filter.t line 24.
    # Child (Web::Query) exited without calling finalize()

#   Failed test 'Web::Query'
#   at /home/cpan/pit/bare/perl-5.18.2/lib/site_perl/5.18.2/Test/Builder.pm line 279.
# Looks like you planned 3 tests but ran 2.
# Looks like you failed 2 tests of 2 run.
# Looks like your test exited with 29 just after 2.
"uniq" is not exported by the List::Util module
Can't continue after import errors at /home/cpan/pit/bare/conf/perl-5.18.2/.cpanplus/5.18.2/build/bDXUJUEDvO/Web-Query-0.36/blib/lib/Web/Query.pm line 15.
BEGIN failed--compilation aborted at /home/cpan/pit/bare/conf/perl-5.18.2/.cpanplus/5.18.2/build/bDXUJUEDvO/Web-Query-0.36/blib/lib/Web/Query.pm line 15.
Compilation failed in require at t/find.t line 4.
BEGIN failed--compilation aborted at t/find.t line 4.
t/find.t ............................ 
Dubious, test returned 255 (wstat 65280, 0xff00)
No subtests run 
"uniq" is not exported by the List::Util module
Can't continue after import errors at lib/Web/Query.pm line 15.
BEGIN failed--compilation aborted at lib/Web/Query.pm line 15.
Compilation failed in require at t/has_class.t line 6.
BEGIN failed--compilation aborted at t/has_class.t line 6.
t/has_class.t ....................... 
Dubious, test returned 255 (wstat 65280, 0xff00)
No subtests run 
"uniq" is not exported by the List::Util module
Can't continue after import errors at lib/Web/Query.pm line 15.
BEGIN failed--compilation aborted at lib/Web/Query.pm line 15.
Compilation failed in require at t/insert_after.t line 6.
BEGIN failed--compilation aborted at t/insert_after.t line 6.
t/insert_after.t .................... 
Dubious, test returned 255 (wstat 65280, 0xff00)
No subtests run 
"uniq" is not exported by the List::Util module
Can't continue after import errors at lib/Web/Query.pm line 15.
BEGIN failed--compilation aborted at lib/Web/Query.pm line 15.
Compilation failed in require at t/insert_before.t line 6.
BEGIN failed--compilation aborted at t/insert_before.t line 6.
t/insert_before.t ................... 
Dubious, test returned 255 (wstat 65280, 0xff00)
No subtests run 

#   Failed test 'use Web::Query;'
#   at t/lib/WQTest.pm line 13.
#     Tried to use 'Web::Query'.
#     Error:  "uniq" is not exported by the List::Util module
# Can't continue after import errors at /home/cpan/pit/bare/conf/perl-5.18.2/.cpanplus/5.18.2/build/bDXUJUEDvO/Web-Query-0.36/blib/lib/Web/Query.pm line 15.
# BEGIN failed--compilation aborted at /home/cpan/pit/bare/conf/perl-5.18.2/.cpanplus/5.18.2/build/bDXUJUEDvO/Web-Query-0.36/blib/lib/Web/Query.pm line 15.
# Compilation failed in require at t/lib/WQTest.pm line 13.
# BEGIN failed--compilation aborted at t/lib/WQTest.pm line 13.
Can't locate object method "new" via package "Web::Query" at t/match_and_not.t line 13.
    # Child (Web::Query) exited without calling finalize()

#   Failed test 'Web::Query'
#   at /home/cpan/pit/bare/perl-5.18.2/lib/site_perl/5.18.2/Test/Builder.pm line 279.
# Looks like you planned 3 tests but ran 2.
# Looks like you failed 2 tests of 2 run.
# Looks like your test exited with 29 just after 2.
t/match_and_not.t ................... 
Dubious, test returned 29 (wstat 7424, 0x1d00)
Failed 3/3 subtests 

#   Failed test 'use Web::Query;'
#   at t/lib/WQTest.pm line 13.
#     Tried to use 'Web::Query'.
#     Error:  "uniq" is not exported by the List::Util module
# Can't continue after import errors at /home/cpan/pit/bare/conf/perl-5.18.2/.cpanplus/5.18.2/build/bDXUJUEDvO/Web-Query-0.36/blib/lib/Web/Query.pm line 15.
# BEGIN failed--compilation aborted at /home/cpan/pit/bare/conf/perl-5.18.2/.cpanplus/5.18.2/build/bDXUJUEDvO/Web-Query-0.36/blib/lib/Web/Query.pm line 15.
# Compilation failed in require at t/lib/WQTest.pm line 13.
# BEGIN failed--compilation aborted at t/lib/WQTest.pm line 13.
        # Child (create an empty $q) exited without calling finalize()
    
    #   Failed test 'create an empty $q'
    #   at /home/cpan/pit/bare/perl-5.18.2/lib/site_perl/5.18.2/Test/Builder.pm line 266.
Can't locate object method "new" via package "Web::Query" at t/new.t line 14.
    # Child (Web::Query) exited without calling finalize()

#   Failed test 'Web::Query'
#   at /home/cpan/pit/bare/perl-5.18.2/lib/site_perl/5.18.2/Test/Builder.pm line 279.
# Looks like you planned 3 tests but ran 2.
# Looks like you failed 2 tests of 2 run.
# Looks like your test exited with 29 just after 2.
t/new.t ............................. 
Dubious, test returned 29 (wstat 7424, 0x1d00)
Failed 3/3 subtests 
"uniq" is not exported by the List::Util module
Can't continue after import errors at /home/cpan/pit/bare/conf/perl-5.18.2/.cpanplus/5.18.2/build/bDXUJUEDvO/Web-Query-0.36/blib/lib/Web/Query.pm line 15.
BEGIN failed--compilation aborted at /home/cpan/pit/bare/conf/perl-5.18.2/.cpanplus/5.18.2/build/bDXUJUEDvO/Web-Query-0.36/blib/lib/Web/Query.pm line 15.
Compilation failed in require at t/next.t line 4.
BEGIN failed--compilation aborted at t/next.t line 4.
t/next.t ............................ 
Dubious, test returned 255 (wstat 65280, 0xff00)
No subtests run 
"uniq" is not exported by the List::Util module
Can't continue after import errors at /home/cpan/pit/bare/conf/perl-5.18.2/.cpanplus/5.18.2/build/bDXUJUEDvO/Web-Query-0.36/blib/lib/Web/Query.pm line 15.
BEGIN failed--compilation aborted at /home/cpan/pit/bare/conf/perl-5.18.2/.cpanplus/5.18.2/build/bDXUJUEDvO/Web-Query-0.36/blib/lib/Web/Query.pm line 15.
Compilation failed in require at t/next_until.t line 7.
BEGIN failed--compilation aborted at t/next_until.t line 7.
t/next_until.t ...................... 
Dubious, test returned 255 (wstat 65280, 0xff00)
No subtests run 
"uniq" is not exported by the List::Util module
Can't continue after import errors at /home/cpan/pit/bare/conf/perl-5.18.2/.cpanplus/5.18.2/build/bDXUJUEDvO/Web-Query-0.36/blib/lib/Web/Query.pm line 15.
BEGIN failed--compilation aborted at /home/cpan/pit/bare/conf/perl-5.18.2/.cpanplus/5.18.2/build/bDXUJUEDvO/Web-Query-0.36/blib/lib/Web/Query.pm line 15.
Compilation failed in require at t/no_space_compacting.t line 6.
BEGIN failed--compilation aborted at t/no_space_compacting.t line 6.
# Looks like your test exited with 255 before it could output anything.
t/no_space_compacting.t ............. 
Dubious, test returned 255 (wstat 65280, 0xff00)
Failed 3/3 subtests 

#   Failed test 'use Web::Query;'
#   at t/lib/WQTest.pm line 13.
#     Tried to use 'Web::Query'.
#     Error:  "uniq" is not exported by the List::Util module
# Can't continue after import errors at /home/cpan/pit/bare/conf/perl-5.18.2/.cpanplus/5.18.2/build/bDXUJUEDvO/Web-Query-0.36/blib/lib/Web/Query.pm line 15.
# BEGIN failed--compilation aborted at /home/cpan/pit/bare/conf/perl-5.18.2/.cpanplus/5.18.2/build/bDXUJUEDvO/Web-Query-0.36/blib/lib/Web/Query.pm line 15.
# Compilation failed in require at t/lib/WQTest.pm line 13.
# BEGIN failed--compilation aborted at t/lib/WQTest.pm line 13.
Can't locate object method "new_from_html" via package "Web::Query" at t/node-types.t line 13.
    # Child (Web::Query) exited without calling finalize()

#   Failed test 'Web::Query'
#   at /home/cpan/pit/bare/perl-5.18.2/lib/site_perl/5.18.2/Test/Builder.pm line 279.
# Looks like you planned 3 tests but ran 2.
# Looks like you failed 2 tests of 2 run.
# Looks like your test exited with 29 just after 2.
t/node-types.t ...................... 
Dubious, test returned 29 (wstat 7424, 0x1d00)
Failed 3/3 subtests 
"uniq" is not exported by the List::Util module
Can't continue after import errors at lib/Web/Query.pm line 15.
BEGIN failed--compilation aborted at lib/Web/Query.pm line 15.
Compilation failed in require at t/prepend.t line 6.
BEGIN failed--compilation aborted at t/prepend.t line 6.
t/prepend.t ......................... 
Dubious, test returned 255 (wstat 65280, 0xff00)
No subtests run 
"uniq" is not exported by the List::Util module
Can't continue after import errors at /home/cpan/pit/bare/conf/perl-5.18.2/.cpanplus/5.18.2/build/bDXUJUEDvO/Web-Query-0.36/blib/lib/Web/Query.pm line 15.
BEGIN failed--compilation aborted at /home/cpan/pit/bare/conf/perl-5.18.2/.cpanplus/5.18.2/build/bDXUJUEDvO/Web-Query-0.36/blib/lib/Web/Query.pm line 15.
Compilation failed in require at t/prev.t line 4.
BEGIN failed--compilation aborted at t/prev.t line 4.
t/prev.t ............................ 
Dubious, test returned 255 (wstat 65280, 0xff00)
No subtests run 

#   Failed test 'use Web::Query;'
#   at t/lib/WQTest.pm line 13.
#     Tried to use 'Web::Query'.
#     Error:  "uniq" is not exported by the List::Util module
# Can't continue after import errors at /home/cpan/pit/bare/conf/perl-5.18.2/.cpanplus/5.18.2/build/bDXUJUEDvO/Web-Query-0.36/blib/lib/Web/Query.pm line 15.
# BEGIN failed--compilation aborted at /home/cpan/pit/bare/conf/perl-5.18.2/.cpanplus/5.18.2/build/bDXUJUEDvO/Web-Query-0.36/blib/lib/Web/Query.pm line 15.
# Compilation failed in require at t/lib/WQTest.pm line 13.
# BEGIN failed--compilation aborted at t/lib/WQTest.pm line 13.
# Looks like you failed 1 test of 3.
t/processing-instructions.t ......... 
Dubious, test returned 1 (wstat 256, 0x100)
Failed 1/3 subtests 
	(less 2 skipped subtests: 0 okay)

#   Failed test 'use Web::Query;'
#   at t/lib/WQTest.pm line 13.
#     Tried to use 'Web::Query'.
#     Error:  "uniq" is not exported by the List::Util module
# Can't continue after import errors at /home/cpan/pit/bare/conf/perl-5.18.2/.cpanplus/5.18.2/build/bDXUJUEDvO/Web-Query-0.36/blib/lib/Web/Query.pm line 15.
# BEGIN failed--compilation aborted at /home/cpan/pit/bare/conf/perl-5.18.2/.cpanplus/5.18.2/build/bDXUJUEDvO/Web-Query-0.36/blib/lib/Web/Query.pm line 15.
# Compilation failed in require at t/lib/WQTest.pm line 13.
# BEGIN failed--compilation aborted at t/lib/WQTest.pm line 13.
Can't locate object method "new_from_html" via package "Web::Query" at t/remove.t line 13.
    # Child (Web::Query) exited without calling finalize()

#   Failed test 'Web::Query'
#   at /home/cpan/pit/bare/perl-5.18.2/lib/site_perl/5.18.2/Test/Builder.pm line 279.
# Looks like you planned 3 tests but ran 2.
# Looks like you failed 2 tests of 2 run.
# Looks like your test exited with 29 just after 2.
t/remove.t .......................... 
Dubious, test returned 29 (wstat 7424, 0x1d00)
Failed 3/3 subtests 
"uniq" is not exported by the List::Util module
Can't continue after import errors at lib/Web/Query.pm line 15.
BEGIN failed--compilation aborted at lib/Web/Query.pm line 15.
Compilation failed in require at t/remove_class.t line 6.
BEGIN failed--compilation aborted at t/remove_class.t line 6.
t/remove_class.t .................... 
Dubious, test returned 255 (wstat 65280, 0xff00)
No subtests run 
t/replace_with.t .................... ok

#   Failed test 'use Web::Query;'
#   at t/lib/WQTest.pm line 13.
#     Tried to use 'Web::Query'.
#     Error:  "uniq" is not exported by the List::Util module
# Can't continue after import errors at /home/cpan/pit/bare/conf/perl-5.18.2/.cpanplus/5.18.2/build/bDXUJUEDvO/Web-Query-0.36/blib/lib/Web/Query.pm line 15.
# BEGIN failed--compilation aborted at /home/cpan/pit/bare/conf/perl-5.18.2/.cpanplus/5.18.2/build/bDXUJUEDvO/Web-Query-0.36/blib/lib/Web/Query.pm line 15.
# Compilation failed in require at t/lib/WQTest.pm line 13.
# BEGIN failed--compilation aborted at t/lib/WQTest.pm line 13.
        # Child (data()) exited without calling finalize()
    
    #   Failed test 'data()'
    #   at /home/cpan/pit/bare/perl-5.18.2/lib/site_perl/5.18.2/Test/Builder.pm line 266.
Can't locate object method "new_from_html" via package "Web::Query" at t/special-attributes.t line 24.
    # Child (Web::Query) exited without calling finalize()

#   Failed test 'Web::Query'
#   at /home/cpan/pit/bare/perl-5.18.2/lib/site_perl/5.18.2/Test/Builder.pm line 279.
# Looks like you planned 3 tests but ran 2.
# Looks like you failed 2 tests of 2 run.
# Looks like your test exited with 29 just after 2.
t/special-attributes.t .............. 
Dubious, test returned 29 (wstat 7424, 0x1d00)
Failed 3/3 subtests 
"uniq" is not exported by the List::Util module
Can't continue after import errors at /home/cpan/pit/bare/conf/perl-5.18.2/.cpanplus/5.18.2/build/bDXUJUEDvO/Web-Query-0.36/blib/lib/Web/Query.pm line 15.
BEGIN failed--compilation aborted at /home/cpan/pit/bare/conf/perl-5.18.2/.cpanplus/5.18.2/build/bDXUJUEDvO/Web-Query-0.36/blib/lib/Web/Query.pm line 15.
Compilation failed in require at t/split.t line 7.
BEGIN failed--compilation aborted at t/split.t line 7.
t/split.t ........................... 
Dubious, test returned 255 (wstat 65280, 0xff00)
No subtests run 
"uniq" is not exported by the List::Util module
Can't continue after import errors at /home/cpan/pit/bare/conf/perl-5.18.2/.cpanplus/5.18.2/build/bDXUJUEDvO/Web-Query-0.36/blib/lib/Web/Query.pm line 15.
BEGIN failed--compilation aborted at /home/cpan/pit/bare/conf/perl-5.18.2/.cpanplus/5.18.2/build/bDXUJUEDvO/Web-Query-0.36/blib/lib/Web/Query.pm line 15.
Compilation failed in require at t/store_comments.t line 4.
BEGIN failed--compilation aborted at t/store_comments.t line 4.
t/store_comments.t .................. 
Dubious, test returned 255 (wstat 65280, 0xff00)
No subtests run 
t/tagname.t ......................... ok
t/xpath.t ........................... ok

Test Summary Report
-------------------
t/00-compile.t                    (Wstat: 512 Tests: 2 Failed: 2)
  Failed tests:  1-2
  Non-zero exit status: 2
t/00_compile.t                    (Wstat: 256 Tests: 1 Failed: 1)
  Failed test:  1
  Non-zero exit status: 1
t/01_src.t                        (Wstat: 65280 Tests: 0 Failed: 0)
  Non-zero exit status: 255
  Parse errors: No plan found in TAP output
t/02_op.t                         (Wstat: 65280 Tests: 0 Failed: 0)
  Non-zero exit status: 255
  Parse errors: No plan found in TAP output
t/03_traverse.t                   (Wstat: 65280 Tests: 0 Failed: 0)
  Non-zero exit status: 255
  Parse errors: No plan found in TAP output
t/04_element.t                    (Wstat: 65280 Tests: 0 Failed: 0)
  Non-zero exit status: 255
  Parse errors: No plan found in TAP output
t/05_html5.t                      (Wstat: 65280 Tests: 0 Failed: 0)
  Non-zero exit status: 255
  Parse errors: No plan found in TAP output
t/06_new_from_url_error_handling.t (Wstat: 65280 Tests: 0 Failed: 0)
  Non-zero exit status: 255
  Parse errors: No plan found in TAP output
t/07_remove.t                     (Wstat: 65280 Tests: 0 Failed: 0)
  Non-zero exit status: 255
  Parse errors: No plan found in TAP output
t/08_indent.t                     (Wstat: 65280 Tests: 0 Failed: 0)
  Non-zero exit status: 255
  Parse errors: Bad plan.  You planned 2 tests but ran 0.
t/09_as_html.t                    (Wstat: 65280 Tests: 0 Failed: 0)
  Non-zero exit status: 255
  Parse errors: No plan found in TAP output
t/10_subclass.t                   (Wstat: 65280 Tests: 1 Failed: 1)
  Failed test:  1
  Non-zero exit status: 255
  Parse errors: Bad plan.  You planned 4 tests but ran 1.
t/11_get_eq.t                     (Wstat: 65280 Tests: 0 Failed: 0)
  Non-zero exit status: 255
  Parse errors: No plan found in TAP output
t/add.t                           (Wstat: 65280 Tests: 0 Failed: 0)
  Non-zero exit status: 255
  Parse errors: No plan found in TAP output
t/after.t                         (Wstat: 65280 Tests: 0 Failed: 0)
  Non-zero exit status: 255
  Parse errors: No plan found in TAP output
t/append.t                        (Wstat: 65280 Tests: 0 Failed: 0)
  Non-zero exit status: 255
  Parse errors: No plan found in TAP output
t/attr.t                          (Wstat: 65280 Tests: 0 Failed: 0)
  Non-zero exit status: 255
  Parse errors: No plan found in TAP output
t/bad-url-with-options.t          (Wstat: 65280 Tests: 0 Failed: 0)
  Non-zero exit status: 255
  Parse errors: No plan found in TAP output
t/before.t                        (Wstat: 65280 Tests: 0 Failed: 0)
  Non-zero exit status: 255
  Parse errors: No plan found in TAP output
t/bug-text-contents.t             (Wstat: 7424 Tests: 2 Failed: 2)
  Failed tests:  1-2
  Non-zero exit status: 29
  Parse errors: Bad plan.  You planned 3 tests but ran 2.
t/class.t                         (Wstat: 7424 Tests: 2 Failed: 2)
  Failed tests:  1-2
  Non-zero exit status: 29
  Parse errors: Bad plan.  You planned 3 tests but ran 2.
t/clone.t                         (Wstat: 65280 Tests: 0 Failed: 0)
  Non-zero exit status: 255
  Parse errors: No plan found in TAP output
t/contents.t                      (Wstat: 65280 Tests: 0 Failed: 0)
  Non-zero exit status: 255
  Parse errors: No plan found in TAP output
t/detach.t                        (Wstat: 65280 Tests: 0 Failed: 0)
  Non-zero exit status: 255
  Parse errors: No plan found in TAP output
t/filter.t                        (Wstat: 7424 Tests: 2 Failed: 2)
  Failed tests:  1-2
  Non-zero exit status: 29
  Parse errors: Bad plan.  You planned 3 tests but ran 2.
t/find.t                          (Wstat: 65280 Tests: 0 Failed: 0)
  Non-zero exit status: 255
  Parse errors: No plan found in TAP output
t/has_class.t                     (Wstat: 65280 Tests: 0 Failed: 0)
  Non-zero exit status: 255
  Parse errors: No plan found in TAP output
t/insert_after.t                  (Wstat: 65280 Tests: 0 Failed: 0)
  Non-zero exit status: 255
  Parse errors: No plan found in TAP output
t/insert_before.t                 (Wstat: 65280 Tests: 0 Failed: 0)
  Non-zero exit status: 255
  Parse errors: No plan found in TAP output
t/match_and_not.t                 (Wstat: 7424 Tests: 2 Failed: 2)
  Failed tests:  1-2
  Non-zero exit status: 29
  Parse errors: Bad plan.  You planned 3 tests but ran 2.
t/new.t                           (Wstat: 7424 Tests: 2 Failed: 2)
  Failed tests:  1-2
  Non-zero exit status: 29
  Parse errors: Bad plan.  You planned 3 tests but ran 2.
t/next.t                          (Wstat: 65280 Tests: 0 Failed: 0)
  Non-zero exit status: 255
  Parse errors: No plan found in TAP output
t/next_until.t                    (Wstat: 65280 Tests: 0 Failed: 0)
  Non-zero exit status: 255
  Parse errors: No plan found in TAP output
t/no_space_compacting.t           (Wstat: 65280 Tests: 0 Failed: 0)
  Non-zero exit status: 255
  Parse errors: Bad plan.  You planned 3 tests but ran 0.
t/node-types.t                    (Wstat: 7424 Tests: 2 Failed: 2)
  Failed tests:  1-2
  Non-zero exit status: 29
  Parse errors: Bad plan.  You planned 3 tests but ran 2.
t/prepend.t                       (Wstat: 65280 Tests: 0 Failed: 0)
  Non-zero exit status: 255
  Parse errors: No plan found in TAP output
t/prev.t                          (Wstat: 65280 Tests: 0 Failed: 0)
  Non-zero exit status: 255
  Parse errors: No plan found in TAP output
t/processing-instructions.t       (Wstat: 256 Tests: 3 Failed: 1)
  Failed test:  1
  Non-zero exit status: 1
t/remove.t                        (Wstat: 7424 Tests: 2 Failed: 2)
  Failed tests:  1-2
  Non-zero exit status: 29
  Parse errors: Bad plan.  You planned 3 tests but ran 2.
t/remove_class.t                  (Wstat: 65280 Tests: 0 Failed: 0)
  Non-zero exit status: 255
  Parse errors: No plan found in TAP output
t/special-attributes.t            (Wstat: 7424 Tests: 2 Failed: 2)
  Failed tests:  1-2
  Non-zero exit status: 29
  Parse errors: Bad plan.  You planned 3 tests but ran 2.
t/split.t                         (Wstat: 65280 Tests: 0 Failed: 0)
  Non-zero exit status: 255
  Parse errors: No plan found in TAP output
t/store_comments.t                (Wstat: 65280 Tests: 0 Failed: 0)
  Non-zero exit status: 255
  Parse errors: No plan found in TAP output
Files=47, Tests=30,  6 wallclock secs ( 0.10 usr  0.05 sys +  2.37 cusr  2.90 csys =  5.42 CPU)
Result: FAIL
Failed 43/47 test programs. 21/30 subtests failed.
Makefile:893: recipe for target 'test_dynamic' failed
make: *** [test_dynamic] Error 255


PREREQUISITES:

Here is a list of prerequisites you specified and versions we
managed to load:

	  Module Name                        Have     Want
	  Cwd                                3.62        0
	  Exporter                           5.68        0
	  ExtUtils::MakeMaker                7.16        0
	  File::Spec                         3.62        0
	  FindBin                            1.51        0
	  HTML::Entities                     3.69        0
	  HTML::Selector::XPath              0.20     0.06
	  HTML::TreeBuilder::LibXML          0.25        0
	  HTML::TreeBuilder::XPath           0.14        0
	  IO::Handle                         1.34        0
	  IPC::Open3                         1.13        0
	  LWP::UserAgent                     6.15        0
	  List::Util                         1.27        0
	  Scalar::Util                       1.27        0
	  Test::Exception                    0.43        0
	  Test::More                     1.001014        0
	  lib                                0.63        0
	  parent                            0.225        0
	  strict                             1.07        0
	  utf8                               1.10        0
	  warnings                           1.18        0

Perl module toolchain versions installed:
	Module Name                        Have
	CPANPLUS                         0.9156
	CPANPLUS::Dist::Build              0.78
	Cwd                                3.62
	ExtUtils::CBuilder             0.280224
	ExtUtils::Command                  7.16
	ExtUtils::Install                  2.04
	ExtUtils::MakeMaker                7.16
	ExtUtils::Manifest                 1.70
	ExtUtils::ParseXS                  3.30
	File::Spec                         3.62
	Module::Build                    0.4218
	Pod::Parser                        1.60
	Pod::Simple                        3.28
	Test::Harness                      3.36
	Test::More                     1.001014
	version                          0.9916

******************************** NOTE ********************************
The comments above are created mechanically, possibly without manual
checking by the sender.  As there are many people performing automatic
tests on each upload to CPAN, it is likely that you will receive
identical messages about the same problem.

If you believe that the message is mistaken, please reply to the first
one with correction and/or additional informations, and do not take
it personally.  We appreciate your patience. :)
**********************************************************************

Additional comments:


This report was machine-generated by CPANPLUS::Dist::YACSmoke 0.98.
Powered by minismokebox version 0.58

------------------------------
ENVIRONMENT AND OTHER CONTEXT
------------------------------

Environment variables:

    AUTOMATED_TESTING = 1
    LANG = en_GB.UTF-8
    LANGUAGE = en_GB:en
    NONINTERACTIVE_TESTING = 1
    PATH = /home/cpan/pit/bare/conf/perl-5.18.2/.cpanplus/5.18.2/build/WxSyrORGUC/libwww-perl-6.15/blib/script:/home/cpan/pit/bare/conf/perl-5.18.2/.cpanplus/5.18.2/build/ACfsuV2QXV/HTML-Tree-5.03/blib/script:/usr/local/bin:/usr/bin:/bin:/usr/local/games:/usr/games
    PERL5LIB = :/home/cpan/pit/bare/conf/perl-5.18.2/.cpanplus/5.18.2/build/nKhSeRryMi/HTML-Tagset-3.20/blib/lib:/home/cpan/pit/bare/conf/perl-5.18.2/.cpanplus/5.18.2/build/nKhSeRryMi/HTML-Tagset-3.20/blib/arch:/home/cpan/pit/bare/conf/perl-5.18.2/.cpanplus/5.18.2/build/Cqy7ezNlwg/HTML-Parser-3.72/blib/lib:/home/cpan/pit/bare/conf/perl-5.18.2/.cpanplus/5.18.2/build/Cqy7ezNlwg/HTML-Parser-3.72/blib/arch:/home/cpan/pit/bare/conf/perl-5.18.2/.cpanplus/5.18.2/build/JpO3MWt5jq/Algorithm-Diff-1.1903/blib/lib:/home/cpan/pit/bare/conf/perl-5.18.2/.cpanplus/5.18.2/build/JpO3MWt5jq/Algorithm-Diff-1.1903/blib/arch:/home/cpan/pit/bare/conf/perl-5.18.2/.cpanplus/5.18.2/build/cVA4W0Bjxs/Spiffy-0.46/blib/lib:/home/cpan/pit/bare/conf/perl-5.18.2/.cpanplus/5.18.2/build/cVA4W0Bjxs/Spiffy-0.46/blib/arch:/home/cpan/pit/bare/conf/perl-5.18.2/.cpanplus/5.18.2/build/k80lm8xwSW/Text-Diff-1.44/blib/lib:/home/cpan/pit/bare/conf/perl-5.18.2/.cpanplus/5.18.2/build/k80lm8xwSW/Text-Diff-1.44/blib/arch:/home/cpan/pit/bare/conf/perl-5.18.2/.cpanplus/5.18.2/build/Uoimmg51P2/Test-Base-0.88/blib/lib:/home/cpan/pit/bare/conf/perl-5.18.2/.cpanplus/5.18.2/build/Uoimmg51P2/Test-Base-0.88/blib/arch:/home/cpan/pit/bare/conf/perl-5.18.2/.cpanplus/5.18.2/build/QOsSB9WTxM/HTML-Selector-XPath-0.20/blib/lib:/home/cpan/pit/bare/conf/perl-5.18.2/.cpanplus/5.18.2/build/QOsSB9WTxM/HTML-Selector-XPath-0.20/blib/arch:/home/cpan/pit/bare/conf/perl-5.18.2/.cpanplus/5.18.2/build/pI1wYodA2d/Try-Tiny-0.24/blib/lib:/home/cpan/pit/bare/conf/perl-5.18.2/.cpanplus/5.18.2/build/pI1wYodA2d/Try-Tiny-0.24/blib/arch:/home/cpan/pit/bare/conf/perl-5.18.2/.cpanplus/5.18.2/build/QGNZp0EzWO/Test-Fatal-0.014/blib/lib:/home/cpan/pit/bare/conf/perl-5.18.2/.cpanplus/5.18.2/build/QGNZp0EzWO/Test-Fatal-0.014/blib/arch:/home/cpan/pit/bare/conf/perl-5.18.2/.cpanplus/5.18.2/build/ACfsuV2QXV/HTML-Tree-5.03/blib/lib:/home/cpan/pit/bare/conf/perl-5.18.2/.cpanplus/5.18.2/build/ACfsuV2QXV/HTML-Tree-5.03/blib/arch:/home/cpan/pit/bare/conf/perl-5.18.2/.cpanplus/5.18.2/build/NBdxSnbGTT/XML-XPathEngine-0.14/blib/lib:/home/cpan/pit/bare/conf/perl-5.18.2/.cpanplus/5.18.2/build/NBdxSnbGTT/XML-XPathEngine-0.14/blib/arch:/home/cpan/pit/bare/conf/perl-5.18.2/.cpanplus/5.18.2/build/d1xb5CtfWa/HTML-TreeBuilder-XPath-0.14/blib/lib:/home/cpan/pit/bare/conf/perl-5.18.2/.cpanplus/5.18.2/build/d1xb5CtfWa/HTML-TreeBuilder-XPath-0.14/blib/arch:/home/cpan/pit/bare/conf/perl-5.18.2/.cpanplus/5.18.2/build/VtUXXDHFtN/Encode-Locale-1.05/blib/lib:/home/cpan/pit/bare/conf/perl-5.18.2/.cpanplus/5.18.2/build/VtUXXDHFtN/Encode-Locale-1.05/blib/arch:/home/cpan/pit/bare/conf/perl-5.18.2/.cpanplus/5.18.2/build/Ujto2lg9vl/HTTP-Date-6.02/blib/lib:/home/cpan/pit/bare/conf/perl-5.18.2/.cpanplus/5.18.2/build/Ujto2lg9vl/HTTP-Date-6.02/blib/arch:/home/cpan/pit/bare/conf/perl-5.18.2/.cpanplus/5.18.2/build/V4Bv267ADe/File-Listing-6.04/blib/lib:/home/cpan/pit/bare/conf/perl-5.18.2/.cpanplus/5.18.2/build/V4Bv267ADe/File-Listing-6.04/blib/arch:/home/cpan/pit/bare/conf/perl-5.18.2/.cpanplus/5.18.2/build/kSKb090h2a/IO-HTML-1.001/blib/lib:/home/cpan/pit/bare/conf/perl-5.18.2/.cpanplus/5.18.2/build/kSKb090h2a/IO-HTML-1.001/blib/arch:/home/cpan/pit/bare/conf/perl-5.18.2/.cpanplus/5.18.2/build/Z1QyjF42VY/LWP-MediaTypes-6.02/blib/lib:/home/cpan/pit/bare/conf/perl-5.18.2/.cpanplus/5.18.2/build/Z1QyjF42VY/LWP-MediaTypes-6.02/blib/arch:/home/cpan/pit/bare/conf/perl-5.18.2/.cpanplus/5.18.2/build/nFbFzXh4rE/URI-1.71/blib/lib:/home/cpan/pit/bare/conf/perl-5.18.2/.cpanplus/5.18.2/build/nFbFzXh4rE/URI-1.71/blib/arch:/home/cpan/pit/bare/conf/perl-5.18.2/.cpanplus/5.18.2/build/LSddwiLGSR/HTTP-Message-6.11/blib/lib:/home/cpan/pit/bare/conf/perl-5.18.2/.cpanplus/5.18.2/build/LSddwiLGSR/HTTP-Message-6.11/blib/arch:/home/cpan/pit/bare/conf/perl-5.18.2/.cpanplus/5.18.2/build/1yz47Ptjkh/HTTP-Cookies-6.01/blib/lib:/home/cpan/pit/bare/conf/perl-5.18.2/.cpanplus/5.18.2/build/1yz47Ptjkh/HTTP-Cookies-6.01/blib/arch:/home/cpan/pit/bare/conf/perl-5.18.2/.cpanplus/5.18.2/build/iPSwORiphX/HTTP-Daemon-6.01/blib/lib:/home/cpan/pit/bare/conf/perl-5.18.2/.cpanplus/5.18.2/build/iPSwORiphX/HTTP-Daemon-6.01/blib/arch:/home/cpan/pit/bare/conf/perl-5.18.2/.cpanplus/5.18.2/build/8V_2WqwhNZ/HTTP-Negotiate-6.01/blib/lib:/home/cpan/pit/bare/conf/perl-5.18.2/.cpanplus/5.18.2/build/8V_2WqwhNZ/HTTP-Negotiate-6.01/blib/arch:/home/cpan/pit/bare/conf/perl-5.18.2/.cpanplus/5.18.2/build/EcyOZdkqei/Net-HTTP-6.09/blib/lib:/home/cpan/pit/bare/conf/perl-5.18.2/.cpanplus/5.18.2/build/EcyOZdkqei/Net-HTTP-6.09/blib/arch:/home/cpan/pit/bare/conf/perl-5.18.2/.cpanplus/5.18.2/build/dpDnsSWRFB/WWW-RobotRules-6.02/blib/lib:/home/cpan/pit/bare/conf/perl-5.18.2/.cpanplus/5.18.2/build/dpDnsSWRFB/WWW-RobotRules-6.02/blib/arch:/home/cpan/pit/bare/conf/perl-5.18.2/.cpanplus/5.18.2/build/WxSyrORGUC/libwww-perl-6.15/blib/lib:/home/cpan/pit/bare/conf/perl-5.18.2/.cpanplus/5.18.2/build/WxSyrORGUC/libwww-perl-6.15/blib/arch:/home/cpan/pit/bare/conf/perl-5.18.2/.cpanplus/5.18.2/build/tKVmjmbUo0/Sub-Uplevel-0.25/blib/lib:/home/cpan/pit/bare/conf/perl-5.18.2/.cpanplus/5.18.2/build/tKVmjmbUo0/Sub-Uplevel-0.25/blib/arch:/home/cpan/pit/bare/conf/perl-5.18.2/.cpanplus/5.18.2/build/gujrTGWU8l/Test-Exception-0.43/blib/lib:/home/cpan/pit/bare/conf/perl-5.18.2/.cpanplus/5.18.2/build/gujrTGWU8l/Test-Exception-0.43/blib/arch:/home/cpan/pit/bare/conf/perl-5.18.2/.cpanplus/5.18.2/build/pZNx6BZiME/XML-NamespaceSupport-1.11/blib/lib:/home/cpan/pit/bare/conf/perl-5.18.2/.cpanplus/5.18.2/build/pZNx6BZiME/XML-NamespaceSupport-1.11/blib/arch:/home/cpan/pit/bare/conf/perl-5.18.2/.cpanplus/5.18.2/build/h6suzYUAG1/XML-SAX-Base-1.08/blib/lib:/home/cpan/pit/bare/conf/perl-5.18.2/.cpanplus/5.18.2/build/h6suzYUAG1/XML-SAX-Base-1.08/blib/arch:/home/cpan/pit/bare/conf/perl-5.18.2/.cpanplus/5.18.2/build/COKU2DYdyN/XML-SAX-0.99/blib/lib:/home/cpan/pit/bare/conf/perl-5.18.2/.cpanplus/5.18.2/build/COKU2DYdyN/XML-SAX-0.99/blib/arch:/home/cpan/pit/bare/conf/perl-5.18.2/.cpanplus/5.18.2/build/kuSm4R9Nmg/XML-LibXML-2.0126/blib/lib:/home/cpan/pit/bare/conf/perl-5.18.2/.cpanplus/5.18.2/build/kuSm4R9Nmg/XML-LibXML-2.0126/blib/arch:/home/cpan/pit/bare/conf/perl-5.18.2/.cpanplus/5.18.2/build/pNWrAZKK00/HTML-TreeBuilder-LibXML-0.25/blib/lib:/home/cpan/pit/bare/conf/perl-5.18.2/.cpanplus/5.18.2/build/pNWrAZKK00/HTML-TreeBuilder-LibXML-0.25/blib/arch:/home/cpan/pit/bare/conf/perl-5.18.2/.cpanplus/5.18.2/build/bDXUJUEDvO/Web-Query-0.36/blib/lib:/home/cpan/pit/bare/conf/perl-5.18.2/.cpanplus/5.18.2/build/bDXUJUEDvO/Web-Query-0.36/blib/arch
    PERL5_CPANPLUS_IS_RUNNING = 7806
    PERL5_CPANPLUS_IS_VERSION = 0.9156
    PERL5_MINISMOKEBOX = 0.58
    PERL5_YACSMOKE_BASE = /home/cpan/pit/bare/conf/perl-5.18.2
    PERL_EXTUTILS_AUTOINSTALL = --defaultdeps
    PERL_MM_USE_DEFAULT = 1
    SHELL = /bin/bash
    TERM = screen

Perl special variables (and OS-specific diagnostics, for MSWin32):

    Perl: $^X = /home/cpan/pit/bare/perl-5.18.2/bin/perl
    UID:  $<  = 1001
    EUID: $>  = 1001
    GID:  $(  = 1001 1001
    EGID: $)  = 1001 1001


-------------------------------


--

Summary of my perl5 (revision 5 version 18 subversion 2) configuration:
   
  Platform:
    osname=gnukfreebsd, osvers=10.1-0-amd64, archname=x86_64-gnukfreebsd
    uname='gnukfreebsd kondor 10.1-0-amd64 #0 wed, 16 mar 2016 23:16:33 +0000 x86_64 amd64 qemu virtual cpu version 2.0.0 gnukfreebsd '
    config_args='-des -Dprefix=/home/cpan/pit/bare/perl-5.18.2'
    hint=recommended, useposix=true, d_sigaction=define
    useithreads=undef, usemultiplicity=undef
    useperlio=define, d_sfio=undef, uselargefiles=define, usesocks=undef
    use64bitint=define, use64bitall=define, uselongdouble=undef
    usemymalloc=n, bincompat5005=undef
  Compiler:
    cc='cc', ccflags ='-fno-strict-aliasing -pipe -fstack-protector -I/usr/local/include -D_LARGEFILE_SOURCE -D_FILE_OFFSET_BITS=64',
    optimize='-O2',
    cppflags='-fno-strict-aliasing -pipe -fstack-protector -I/usr/local/include'
    ccversion='', gccversion='4.9.2', gccosandvers=''
    intsize=4, longsize=8, ptrsize=8, doublesize=8, byteorder=12345678
    d_longlong=define, longlongsize=8, d_longdbl=define, longdblsize=16
    ivtype='long', ivsize=8, nvtype='double', nvsize=8, Off_t='off_t', lseeksize=8
    alignbytes=8, prototype=define
  Linker and Libraries:
    ld='cc', ldflags =' -fstack-protector -L/usr/local/lib'
    libpth=/usr/local/lib /lib/x86_64-kfreebsd-gnu /lib/../lib /usr/lib/x86_64-kfreebsd-gnu /usr/lib/../lib /lib /usr/lib
    libs=-lnsl -lgdbm -ldl -lm -lcrypt -lutil -lc -lgdbm_compat
    perllibs=-lnsl -ldl -lm -lcrypt -lutil -lc
    libc=/usr/lib/x86_64-kfreebsd-gnu/libc.so, so=so, useshrplib=false, libperl=libperl.a
    gnulibc_version='2.19'
  Dynamic Linking:
    dlsrc=dl_dlopen.xs, dlext=so, d_dlsymun=undef, ccdlflags='-Wl,-E'
    cccdlflags='-fpic', lddlflags='-shared -O2 -L/usr/local/lib -fstack-protector'


Characteristics of this binary (from libperl): 
  Compile-time options: HAS_TIMES PERLIO_LAYERS PERL_DONT_CREATE_GVSV
                        PERL_HASH_FUNC_ONE_AT_A_TIME_HARD PERL_MALLOC_WRAP
                        PERL_PRESERVE_IVUV PERL_SAWAMPERSAND USE_64_BIT_ALL
                        USE_64_BIT_INT USE_LARGE_FILES USE_LOCALE
                        USE_LOCALE_COLLATE USE_LOCALE_CTYPE
                        USE_LOCALE_NUMERIC USE_PERLIO USE_PERL_ATOF
  Locally applied patches:
	Devel::PatchPerl 1.42
  Built under gnukfreebsd
  Compiled at May  7 2016 01:03:37
  %ENV:
    PERL5LIB=":/home/cpan/pit/bare/conf/perl-5.18.2/.cpanplus/5.18.2/build/nKhSeRryMi/HTML-Tagset-3.20/blib/lib:/home/cpan/pit/bare/conf/perl-5.18.2/.cpanplus/5.18.2/build/nKhSeRryMi/HTML-Tagset-3.20/blib/arch:/home/cpan/pit/bare/conf/perl-5.18.2/.cpanplus/5.18.2/build/Cqy7ezNlwg/HTML-Parser-3.72/blib/lib:/home/cpan/pit/bare/conf/perl-5.18.2/.cpanplus/5.18.2/build/Cqy7ezNlwg/HTML-Parser-3.72/blib/arch:/home/cpan/pit/bare/conf/perl-5.18.2/.cpanplus/5.18.2/build/JpO3MWt5jq/Algorithm-Diff-1.1903/blib/lib:/home/cpan/pit/bare/conf/perl-5.18.2/.cpanplus/5.18.2/build/JpO3MWt5jq/Algorithm-Diff-1.1903/blib/arch:/home/cpan/pit/bare/conf/perl-5.18.2/.cpanplus/5.18.2/build/cVA4W0Bjxs/Spiffy-0.46/blib/lib:/home/cpan/pit/bare/conf/perl-5.18.2/.cpanplus/5.18.2/build/cVA4W0Bjxs/Spiffy-0.46/blib/arch:/home/cpan/pit/bare/conf/perl-5.18.2/.cpanplus/5.18.2/build/k80lm8xwSW/Text-Diff-1.44/blib/lib:/home/cpan/pit/bare/conf/perl-5.18.2/.cpanplus/5.18.2/build/k80lm8xwSW/Text-Diff-1.44/blib/arch:/home/cpan/pit/bare/conf/perl-5.18.2/.cpanplus/5.18.2/build/Uoimmg51P2/Test-Base-0.88/blib/lib:/home/cpan/pit/bare/conf/perl-5.18.2/.cpanplus/5.18.2/build/Uoimmg51P2/Test-Base-0.88/blib/arch:/home/cpan/pit/bare/conf/perl-5.18.2/.cpanplus/5.18.2/build/QOsSB9WTxM/HTML-Selector-XPath-0.20/blib/lib:/home/cpan/pit/bare/conf/perl-5.18.2/.cpanplus/5.18.2/build/QOsSB9WTxM/HTML-Selector-XPath-0.20/blib/arch:/home/cpan/pit/bare/conf/perl-5.18.2/.cpanplus/5.18.2/build/pI1wYodA2d/Try-Tiny-0.24/blib/lib:/home/cpan/pit/bare/conf/perl-5.18.2/.cpanplus/5.18.2/build/pI1wYodA2d/Try-Tiny-0.24/blib/arch:/home/cpan/pit/bare/conf/perl-5.18.2/.cpanplus/5.18.2/build/QGNZp0EzWO/Test-Fatal-0.014/blib/lib:/home/cpan/pit/bare/conf/perl-5.18.2/.cpanplus/5.18.2/build/QGNZp0EzWO/Test-Fatal-0.014/blib/arch:/home/cpan/pit/bare/conf/perl-5.18.2/.cpanplus/5.18.2/build/ACfsuV2QXV/HTML-Tree-5.03/blib/lib:/home/cpan/pit/bare/conf/perl-5.18.2/.cpanplus/5.18.2/build/ACfsuV2QXV/HTML-Tree-5.03/blib/arch:/home/cpan/pit/bare/conf/perl-5.18.2/.cpanplus/5.18.2/build/NBdxSnbGTT/XML-XPathEngine-0.14/blib/lib:/home/cpan/pit/bare/conf/perl-5.18.2/.cpanplus/5.18.2/build/NBdxSnbGTT/XML-XPathEngine-0.14/blib/arch:/home/cpan/pit/bare/conf/perl-5.18.2/.cpanplus/5.18.2/build/d1xb5CtfWa/HTML-TreeBuilder-XPath-0.14/blib/lib:/home/cpan/pit/bare/conf/perl-5.18.2/.cpanplus/5.18.2/build/d1xb5CtfWa/HTML-TreeBuilder-XPath-0.14/blib/arch:/home/cpan/pit/bare/conf/perl-5.18.2/.cpanplus/5.18.2/build/VtUXXDHFtN/Encode-Locale-1.05/blib/lib:/home/cpan/pit/bare/conf/perl-5.18.2/.cpanplus/5.18.2/build/VtUXXDHFtN/Encode-Locale-1.05/blib/arch:/home/cpan/pit/bare/conf/perl-5.18.2/.cpanplus/5.18.2/build/Ujto2lg9vl/HTTP-Date-6.02/blib/lib:/home/cpan/pit/bare/conf/perl-5.18.2/.cpanplus/5.18.2/build/Ujto2lg9vl/HTTP-Date-6.02/blib/arch:/home/cpan/pit/bare/conf/perl-5.18.2/.cpanplus/5.18.2/build/V4Bv267ADe/File-Listing-6.04/blib/lib:/home/cpan/pit/bare/conf/perl-5.18.2/.cpanplus/5.18.2/build/V4Bv267ADe/File-Listing-6.04/blib/arch:/home/cpan/pit/bare/conf/perl-5.18.2/.cpanplus/5.18.2/build/kSKb090h2a/IO-HTML-1.001/blib/lib:/home/cpan/pit/bare/conf/perl-5.18.2/.cpanplus/5.18.2/build/kSKb090h2a/IO-HTML-1.001/blib/arch:/home/cpan/pit/bare/conf/perl-5.18.2/.cpanplus/5.18.2/build/Z1QyjF42VY/LWP-MediaTypes-6.02/blib/lib:/home/cpan/pit/bare/conf/perl-5.18.2/.cpanplus/5.18.2/build/Z1QyjF42VY/LWP-MediaTypes-6.02/blib/arch:/home/cpan/pit/bare/conf/perl-5.18.2/.cpanplus/5.18.2/build/nFbFzXh4rE/URI-1.71/blib/lib:/home/cpan/pit/bare/conf/perl-5.18.2/.cpanplus/5.18.2/build/nFbFzXh4rE/URI-1.71/blib/arch:/home/cpan/pit/bare/conf/perl-5.18.2/.cpanplus/5.18.2/build/LSddwiLGSR/HTTP-Message-6.11/blib/lib:/home/cpan/pit/bare/conf/perl-5.18.2/.cpanplus/5.18.2/build/LSddwiLGSR/HTTP-Message-6.11/blib/arch:/home/cpan/pit/bare/conf/perl-5.18.2/.cpanplus/5.18.2/build/1yz47Ptjkh/HTTP-Cookies-6.01/blib/lib:/home/cpan/pit/bare/conf/perl-5.18.2/.cpanplus/5.18.2/build/1yz47Ptjkh/HTTP-Cookies-6.01/blib/arch:/home/cpan/pit/bare/conf/perl-5.18.2/.cpanplus/5.18.2/build/iPSwORiphX/HTTP-Daemon-6.01/blib/lib:/home/cpan/pit/bare/conf/perl-5.18.2/.cpanplus/5.18.2/build/iPSwORiphX/HTTP-Daemon-6.01/blib/arch:/home/cpan/pit/bare/conf/perl-5.18.2/.cpanplus/5.18.2/build/8V_2WqwhNZ/HTTP-Negotiate-6.01/blib/lib:/home/cpan/pit/bare/conf/perl-5.18.2/.cpanplus/5.18.2/build/8V_2WqwhNZ/HTTP-Negotiate-6.01/blib/arch:/home/cpan/pit/bare/conf/perl-5.18.2/.cpanplus/5.18.2/build/EcyOZdkqei/Net-HTTP-6.09/blib/lib:/home/cpan/pit/bare/conf/perl-5.18.2/.cpanplus/5.18.2/build/EcyOZdkqei/Net-HTTP-6.09/blib/arch:/home/cpan/pit/bare/conf/perl-5.18.2/.cpanplus/5.18.2/build/dpDnsSWRFB/WWW-RobotRules-6.02/blib/lib:/home/cpan/pit/bare/conf/perl-5.18.2/.cpanplus/5.18.2/build/dpDnsSWRFB/WWW-RobotRules-6.02/blib/arch:/home/cpan/pit/bare/conf/perl-5.18.2/.cpanplus/5.18.2/build/WxSyrORGUC/libwww-perl-6.15/blib/lib:/home/cpan/pit/bare/conf/perl-5.18.2/.cpanplus/5.18.2/build/WxSyrORGUC/libwww-perl-6.15/blib/arch:/home/cpan/pit/bare/conf/perl-5.18.2/.cpanplus/5.18.2/build/tKVmjmbUo0/Sub-Uplevel-0.25/blib/lib:/home/cpan/pit/bare/conf/perl-5.18.2/.cpanplus/5.18.2/build/tKVmjmbUo0/Sub-Uplevel-0.25/blib/arch:/home/cpan/pit/bare/conf/perl-5.18.2/.cpanplus/5.18.2/build/gujrTGWU8l/Test-Exception-0.43/blib/lib:/home/cpan/pit/bare/conf/perl-5.18.2/.cpanplus/5.18.2/build/gujrTGWU8l/Test-Exception-0.43/blib/arch:/home/cpan/pit/bare/conf/perl-5.18.2/.cpanplus/5.18.2/build/pZNx6BZiME/XML-NamespaceSupport-1.11/blib/lib:/home/cpan/pit/bare/conf/perl-5.18.2/.cpanplus/5.18.2/build/pZNx6BZiME/XML-NamespaceSupport-1.11/blib/arch:/home/cpan/pit/bare/conf/perl-5.18.2/.cpanplus/5.18.2/build/h6suzYUAG1/XML-SAX-Base-1.08/blib/lib:/home/cpan/pit/bare/conf/perl-5.18.2/.cpanplus/5.18.2/build/h6suzYUAG1/XML-SAX-Base-1.08/blib/arch:/home/cpan/pit/bare/conf/perl-5.18.2/.cpanplus/5.18.2/build/COKU2DYdyN/XML-SAX-0.99/blib/lib:/home/cpan/pit/bare/conf/perl-5.18.2/.cpanplus/5.18.2/build/COKU2DYdyN/XML-SAX-0.99/blib/arch:/home/cpan/pit/bare/conf/perl-5.18.2/.cpanplus/5.18.2/build/kuSm4R9Nmg/XML-LibXML-2.0126/blib/lib:/home/cpan/pit/bare/conf/perl-5.18.2/.cpanplus/5.18.2/build/kuSm4R9Nmg/XML-LibXML-2.0126/blib/arch:/home/cpan/pit/bare/conf/perl-5.18.2/.cpanplus/5.18.2/build/pNWrAZKK00/HTML-TreeBuilder-LibXML-0.25/blib/lib:/home/cpan/pit/bare/conf/perl-5.18.2/.cpanplus/5.18.2/build/pNWrAZKK00/HTML-TreeBuilder-LibXML-0.25/blib/arch:/home/cpan/pit/bare/conf/perl-5.18.2/.cpanplus/5.18.2/build/bDXUJUEDvO/Web-Query-0.36/blib/lib:/home/cpan/pit/bare/conf/perl-5.18.2/.cpanplus/5.18.2/build/bDXUJUEDvO/Web-Query-0.36/blib/arch"
    PERL5_CPANPLUS_IS_RUNNING="7806"
    PERL5_CPANPLUS_IS_VERSION="0.9156"
    PERL5_MINISMOKEBOX="0.58"
    PERL5_YACSMOKE_BASE="/home/cpan/pit/bare/conf/perl-5.18.2"
    PERL_EXTUTILS_AUTOINSTALL="--defaultdeps"
    PERL_MM_USE_DEFAULT="1"
  @INC:
    /home/cpan/pit/bare/conf/perl-5.18.2/.cpanplus/5.18.2/build/nKhSeRryMi/HTML-Tagset-3.20/blib/lib
    /home/cpan/pit/bare/conf/perl-5.18.2/.cpanplus/5.18.2/build/nKhSeRryMi/HTML-Tagset-3.20/blib/arch
    /home/cpan/pit/bare/conf/perl-5.18.2/.cpanplus/5.18.2/build/Cqy7ezNlwg/HTML-Parser-3.72/blib/lib
    /home/cpan/pit/bare/conf/perl-5.18.2/.cpanplus/5.18.2/build/Cqy7ezNlwg/HTML-Parser-3.72/blib/arch
    /home/cpan/pit/bare/conf/perl-5.18.2/.cpanplus/5.18.2/build/JpO3MWt5jq/Algorithm-Diff-1.1903/blib/lib
    /home/cpan/pit/bare/conf/perl-5.18.2/.cpanplus/5.18.2/build/JpO3MWt5jq/Algorithm-Diff-1.1903/blib/arch
    /home/cpan/pit/bare/conf/perl-5.18.2/.cpanplus/5.18.2/build/cVA4W0Bjxs/Spiffy-0.46/blib/lib
    /home/cpan/pit/bare/conf/perl-5.18.2/.cpanplus/5.18.2/build/cVA4W0Bjxs/Spiffy-0.46/blib/arch
    /home/cpan/pit/bare/conf/perl-5.18.2/.cpanplus/5.18.2/build/k80lm8xwSW/Text-Diff-1.44/blib/lib
    /home/cpan/pit/bare/conf/perl-5.18.2/.cpanplus/5.18.2/build/k80lm8xwSW/Text-Diff-1.44/blib/arch
    /home/cpan/pit/bare/conf/perl-5.18.2/.cpanplus/5.18.2/build/Uoimmg51P2/Test-Base-0.88/blib/lib
    /home/cpan/pit/bare/conf/perl-5.18.2/.cpanplus/5.18.2/build/Uoimmg51P2/Test-Base-0.88/blib/arch
    /home/cpan/pit/bare/conf/perl-5.18.2/.cpanplus/5.18.2/build/QOsSB9WTxM/HTML-Selector-XPath-0.20/blib/lib
    /home/cpan/pit/bare/conf/perl-5.18.2/.cpanplus/5.18.2/build/QOsSB9WTxM/HTML-Selector-XPath-0.20/blib/arch
    /home/cpan/pit/bare/conf/perl-5.18.2/.cpanplus/5.18.2/build/pI1wYodA2d/Try-Tiny-0.24/blib/lib
    /home/cpan/pit/bare/conf/perl-5.18.2/.cpanplus/5.18.2/build/pI1wYodA2d/Try-Tiny-0.24/blib/arch
    /home/cpan/pit/bare/conf/perl-5.18.2/.cpanplus/5.18.2/build/QGNZp0EzWO/Test-Fatal-0.014/blib/lib
    /home/cpan/pit/bare/conf/perl-5.18.2/.cpanplus/5.18.2/build/QGNZp0EzWO/Test-Fatal-0.014/blib/arch
    /home/cpan/pit/bare/conf/perl-5.18.2/.cpanplus/5.18.2/build/ACfsuV2QXV/HTML-Tree-5.03/blib/lib
    /home/cpan/pit/bare/conf/perl-5.18.2/.cpanplus/5.18.2/build/ACfsuV2QXV/HTML-Tree-5.03/blib/arch
    /home/cpan/pit/bare/conf/perl-5.18.2/.cpanplus/5.18.2/build/NBdxSnbGTT/XML-XPathEngine-0.14/blib/lib
    /home/cpan/pit/bare/conf/perl-5.18.2/.cpanplus/5.18.2/build/NBdxSnbGTT/XML-XPathEngine-0.14/blib/arch
    /home/cpan/pit/bare/conf/perl-5.18.2/.cpanplus/5.18.2/build/d1xb5CtfWa/HTML-TreeBuilder-XPath-0.14/blib/lib
    /home/cpan/pit/bare/conf/perl-5.18.2/.cpanplus/5.18.2/build/d1xb5CtfWa/HTML-TreeBuilder-XPath-0.14/blib/arch
    /home/cpan/pit/bare/conf/perl-5.18.2/.cpanplus/5.18.2/build/VtUXXDHFtN/Encode-Locale-1.05/blib/lib
    /home/cpan/pit/bare/conf/perl-5.18.2/.cpanplus/5.18.2/build/VtUXXDHFtN/Encode-Locale-1.05/blib/arch
    /home/cpan/pit/bare/conf/perl-5.18.2/.cpanplus/5.18.2/build/Ujto2lg9vl/HTTP-Date-6.02/blib/lib
    /home/cpan/pit/bare/conf/perl-5.18.2/.cpanplus/5.18.2/build/Ujto2lg9vl/HTTP-Date-6.02/blib/arch
    /home/cpan/pit/bare/conf/perl-5.18.2/.cpanplus/5.18.2/build/V4Bv267ADe/File-Listing-6.04/blib/lib
    /home/cpan/pit/bare/conf/perl-5.18.2/.cpanplus/5.18.2/build/V4Bv267ADe/File-Listing-6.04/blib/arch
    /home/cpan/pit/bare/conf/perl-5.18.2/.cpanplus/5.18.2/build/kSKb090h2a/IO-HTML-1.001/blib/lib
    /home/cpan/pit/bare/conf/perl-5.18.2/.cpanplus/5.18.2/build/kSKb090h2a/IO-HTML-1.001/blib/arch
    /home/cpan/pit/bare/conf/perl-5.18.2/.cpanplus/5.18.2/build/Z1QyjF42VY/LWP-MediaTypes-6.02/blib/lib
    /home/cpan/pit/bare/conf/perl-5.18.2/.cpanplus/5.18.2/build/Z1QyjF42VY/LWP-MediaTypes-6.02/blib/arch
    /home/cpan/pit/bare/conf/perl-5.18.2/.cpanplus/5.18.2/build/nFbFzXh4rE/URI-1.71/blib/lib
    /home/cpan/pit/bare/conf/perl-5.18.2/.cpanplus/5.18.2/build/nFbFzXh4rE/URI-1.71/blib/arch
    /home/cpan/pit/bare/conf/perl-5.18.2/.cpanplus/5.18.2/build/LSddwiLGSR/HTTP-Message-6.11/blib/lib
    /home/cpan/pit/bare/conf/perl-5.18.2/.cpanplus/5.18.2/build/LSddwiLGSR/HTTP-Message-6.11/blib/arch
    /home/cpan/pit/bare/conf/perl-5.18.2/.cpanplus/5.18.2/build/1yz47Ptjkh/HTTP-Cookies-6.01/blib/lib
    /home/cpan/pit/bare/conf/perl-5.18.2/.cpanplus/5.18.2/build/1yz47Ptjkh/HTTP-Cookies-6.01/blib/arch
    /home/cpan/pit/bare/conf/perl-5.18.2/.cpanplus/5.18.2/build/iPSwORiphX/HTTP-Daemon-6.01/blib/lib
    /home/cpan/pit/bare/conf/perl-5.18.2/.cpanplus/5.18.2/build/iPSwORiphX/HTTP-Daemon-6.01/blib/arch
    /home/cpan/pit/bare/conf/perl-5.18.2/.cpanplus/5.18.2/build/8V_2WqwhNZ/HTTP-Negotiate-6.01/blib/lib
    /home/cpan/pit/bare/conf/perl-5.18.2/.cpanplus/5.18.2/build/8V_2WqwhNZ/HTTP-Negotiate-6.01/blib/arch
    /home/cpan/pit/bare/conf/perl-5.18.2/.cpanplus/5.18.2/build/EcyOZdkqei/Net-HTTP-6.09/blib/lib
    /home/cpan/pit/bare/conf/perl-5.18.2/.cpanplus/5.18.2/build/EcyOZdkqei/Net-HTTP-6.09/blib/arch
    /home/cpan/pit/bare/conf/perl-5.18.2/.cpanplus/5.18.2/build/dpDnsSWRFB/WWW-RobotRules-6.02/blib/lib
    /home/cpan/pit/bare/conf/perl-5.18.2/.cpanplus/5.18.2/build/dpDnsSWRFB/WWW-RobotRules-6.02/blib/arch
    /home/cpan/pit/bare/conf/perl-5.18.2/.cpanplus/5.18.2/build/WxSyrORGUC/libwww-perl-6.15/blib/lib
    /home/cpan/pit/bare/conf/perl-5.18.2/.cpanplus/5.18.2/build/WxSyrORGUC/libwww-perl-6.15/blib/arch
    /home/cpan/pit/bare/conf/perl-5.18.2/.cpanplus/5.18.2/build/tKVmjmbUo0/Sub-Uplevel-0.25/blib/lib
    /home/cpan/pit/bare/conf/perl-5.18.2/.cpanplus/5.18.2/build/tKVmjmbUo0/Sub-Uplevel-0.25/blib/arch
    /home/cpan/pit/bare/conf/perl-5.18.2/.cpanplus/5.18.2/build/gujrTGWU8l/Test-Exception-0.43/blib/lib
    /home/cpan/pit/bare/conf/perl-5.18.2/.cpanplus/5.18.2/build/gujrTGWU8l/Test-Exception-0.43/blib/arch
    /home/cpan/pit/bare/conf/perl-5.18.2/.cpanplus/5.18.2/build/pZNx6BZiME/XML-NamespaceSupport-1.11/blib/lib
    /home/cpan/pit/bare/conf/perl-5.18.2/.cpanplus/5.18.2/build/pZNx6BZiME/XML-NamespaceSupport-1.11/blib/arch
    /home/cpan/pit/bare/conf/perl-5.18.2/.cpanplus/5.18.2/build/h6suzYUAG1/XML-SAX-Base-1.08/blib/lib
    /home/cpan/pit/bare/conf/perl-5.18.2/.cpanplus/5.18.2/build/h6suzYUAG1/XML-SAX-Base-1.08/blib/arch
    /home/cpan/pit/bare/conf/perl-5.18.2/.cpanplus/5.18.2/build/COKU2DYdyN/XML-SAX-0.99/blib/lib
    /home/cpan/pit/bare/conf/perl-5.18.2/.cpanplus/5.18.2/build/COKU2DYdyN/XML-SAX-0.99/blib/arch
    /home/cpan/pit/bare/conf/perl-5.18.2/.cpanplus/5.18.2/build/kuSm4R9Nmg/XML-LibXML-2.0126/blib/lib
    /home/cpan/pit/bare/conf/perl-5.18.2/.cpanplus/5.18.2/build/kuSm4R9Nmg/XML-LibXML-2.0126/blib/arch
    /home/cpan/pit/bare/conf/perl-5.18.2/.cpanplus/5.18.2/build/pNWrAZKK00/HTML-TreeBuilder-LibXML-0.25/blib/lib
    /home/cpan/pit/bare/conf/perl-5.18.2/.cpanplus/5.18.2/build/pNWrAZKK00/HTML-TreeBuilder-LibXML-0.25/blib/arch
    /home/cpan/pit/bare/conf/perl-5.18.2/.cpanplus/5.18.2/build/bDXUJUEDvO/Web-Query-0.36/blib/lib
    /home/cpan/pit/bare/conf/perl-5.18.2/.cpanplus/5.18.2/build/bDXUJUEDvO/Web-Query-0.36/blib/arch
    /home/cpan/pit/bare/perl-5.18.2/lib/site_perl/5.18.2/x86_64-gnukfreebsd
    /home/cpan/pit/bare/perl-5.18.2/lib/site_perl/5.18.2
    /home/cpan/pit/bare/perl-5.18.2/lib/5.18.2/x86_64-gnukfreebsd
    /home/cpan/pit/bare/perl-5.18.2/lib/5.18.2
    .