Back
From: metabase:user:320bfe00-2aae-11df-837a-5e0a49663a4f
Subject: FAIL Project-Euler-0.20 v5.17.3 GNU/Linux
Date: 2012-07-31T04:06:34Z
This distribution has been tested as part of the CPAN Testers
project, supporting the Perl programming language. See
http://wiki.cpantesters.org/ for more information or email
questions to cpan-testers-discuss@perl.org
--
Dear Adam Lesperance,
This is a computer-generated report for Project-Euler-0.20
on perl 5.17.3, created by CPAN-Reporter-1.2006.
Thank you for uploading your work to CPAN. However, there was a problem
testing your distribution.
If you think this report is invalid, please consult the CPAN Testers Wiki
for suggestions on how to avoid getting FAIL reports for missing library
or binary dependencies, unsupported operating systems, and so on:
http://wiki.cpantesters.org/wiki/CPANAuthorNotes
Sections of this report:
* Tester comments
* Program output
* Prerequisites
* Environment and other context
------------------------------
TESTER COMMENTS
------------------------------
Additional comments from tester:
this report is from an automated smoke testing program
and was not reviewed by a human for accuracy
------------------------------
PROGRAM OUTPUT
------------------------------
Output from './Build test':
# Testing Project::Euler, Perl 5.017003, /mnt/k75/homesand/src/perl/repoperls/installed-perls/perl/v5.17.2-122-g019070c/127e/bin/perl
t/00-Base/00-load.t ........................... ok
t/00-Base/01-base.t ........................... ok
t/00-compile.t ................................ ok
t/10-Lib/000-Types.t .......................... ok
t/10-Lib/100-Utils_List.t ..................... ok
t/10-Lib/101-Utils_Fibs.t ..................... ok
t/20-Problems/000-Correct_Defaults.t ..........
Failed 39/60 subtests
t/20-Problems/001-Sum_Filtered_Lists.t ........ ok
t/20-Problems/002-Sum_Filtered_Fib_Numbers.t .. ok
t/author-99-template.t ........................ skipped: these tests are for testing by the author
t/author-critic.t ............................. skipped: these tests are for testing by the author
t/release-check-changes.t ..................... skipped: these tests are for release candidate testing
t/release-distmeta.t .......................... skipped: these tests are for release candidate testing
t/release-has-version.t ....................... skipped: these tests are for release candidate testing
t/release-kwalitee.t .......................... skipped: these tests are for release candidate testing
t/release-minimum-version.t ................... skipped: these tests are for release candidate testing
t/release-pod-coverage.t ...................... skipped: these tests are for release candidate testing
t/release-pod-syntax.t ........................ skipped: these tests are for release candidate testing
t/release-portability.t ....................... skipped: these tests are for release candidate testing
t/release-synopsis.t .......................... skipped: these tests are for release candidate testing
t/release-unused-vars.t ....................... skipped: these tests are for release candidate testing
Test Summary Report
-------------------
t/20-Problems/000-Correct_Defaults.t (Wstat: 9 Tests: 21 Failed: 0)
Non-zero wait status: 9
Parse errors: Bad plan. You planned 60 tests but ran 21.
Files=21, Tests=299, 3608 wallclock secs ( 0.07 usr 0.05 sys + 3590.44 cusr 10.78 csys = 3601.34 CPU)
Result: FAIL
Failed 1/21 test programs. 0/299 subtests failed.
------------------------------
PREREQUISITES
------------------------------
Prerequisite modules loaded:
requires:
Module Need Have
--------------------------- ------ ----------
Carp 0 1.26
DateTime 0 0.76
DateTime::Format::DateParse 0 0.05
Exporter::Easy 0 0.16
List::MoreUtils 0 0.33
List::Util 0 1.25
Math::Big::Factors 0 1.02
Math::BigInt 0 1.998
Modern::Perl 0 1.20120521
Moose 0 2.0603
Moose::Role 0 2.0603
MooseX::Types 0 0.35
MooseX::Types::Moose 0 0.35
namespace::autoclean 0 0.13
perl 5.010 5.017003
Readonly 0 1.03
String::Palindrome 0 2.000001
build_requires:
Module Need Have
--------------------------- ------ ----------
autodie 0 2.12
constant 0 1.23
English 0 1.05
File::Find 0 1.21
File::Spec 0 3.39_02
File::Temp 0 0.22
Module::Build 0.3601 0.4002
Test::Exception 0 0.31
Test::More 0 0.98
Test::Most 0 0.25
configure_requires:
Module Need Have
--------------------------- ------ ----------
Module::Build 0.3601 0.4002
------------------------------
ENVIRONMENT AND OTHER CONTEXT
------------------------------
Environment variables:
AUTOMATED_TESTING = 1
LANG = en_US.UTF-8
LANGUAGE = en_US:en
PATH = /home/sand/bin:/usr/local/bin:/usr/bin:/bin:/usr/bin/X11:/usr/games:/usr/local/perl/bin:/usr/X11/bin:/sbin:/usr/sbin
PERL5LIB = /tmp/loop_over_bdir-KBHZe1/Sepia-0.992-lShbMy/blib/arch:/tmp/loop_over_bdir-KBHZe1/Sepia-0.992-lShbMy/blib/lib:/tmp/loop_over_bdir-KBHZe1/ProjectBuilder-0.11.3-iSQ_x2/blib/arch:/tmp/loop_over_bdir-KBHZe1/ProjectBuilder-0.11.3-iSQ_x2/blib/lib
PERL5OPT =
PERL5_CPANPLUS_IS_RUNNING = 28663
PERL5_CPAN_IS_RUNNING = 28663
PERL_MM_USE_DEFAULT = 1
SHELL = /usr/bin/zsh
TERM = screen
Perl special variables (and OS-specific diagnostics, for MSWin32):
$^X = /mnt/k75/homesand/src/perl/repoperls/installed-perls/perl/v5.17.2-122-g019070c/127e/bin/perl
$UID/$EUID = 1005 / 1005
$GID = 1005 1005
$EGID = 1005 1005
Perl module toolchain versions installed:
Module Have
------------------- --------
CPAN 1.9800
CPAN::Meta 2.120921
Cwd 3.39_02
ExtUtils::CBuilder 0.280208
ExtUtils::Command 1.17
ExtUtils::Install 1.58
ExtUtils::MakeMaker 6.63_02
ExtUtils::Manifest 1.61
ExtUtils::ParseXS 3.17
File::Spec 3.39_02
JSON 2.53
JSON::PP 2.27200
Module::Build 0.4002
Module::Signature 0.68
Parse::CPAN::Meta 1.4404
Test::Harness 3.25_01
Test::More 0.98
YAML 0.84
YAML::Syck 1.20
version 0.99
--
Summary of my perl5 (revision 5 version 17 subversion 3) configuration:
Commit id: 019070c31184a4deb57cb85f7e597a789c6c5b54
Platform:
osname=linux, osvers=3.2.0-3-amd64, archname=x86_64-linux-ld
uname='linux k83 3.2.0-3-amd64 #1 smp thu jun 28 09:07:26 utc 2012 x86_64 gnulinux '
config_args='-Dprefix=/home/src/perl/repoperls/installed-perls/perl/v5.17.2-122-g019070c/127e -Dmyhostname=k83 -Dinstallusrbinperl=n -Uversiononly -Dusedevel -des -Ui_db -Uuseithreads -Duselongdouble -DDEBUGGING=-g'
hint=recommended, useposix=true, d_sigaction=define
useithreads=undef, usemultiplicity=undef
useperlio=define, d_sfio=undef, uselargefiles=define, usesocks=undef
use64bitint=define, use64bitall=define, uselongdouble=define
usemymalloc=n, bincompat5005=undef
Compiler:
cc='cc', ccflags ='-fno-strict-aliasing -pipe -fstack-protector -I/usr/local/include -D_LARGEFILE_SOURCE -D_FILE_OFFSET_BITS=64',
optimize='-O2 -g',
cppflags='-fno-strict-aliasing -pipe -fstack-protector -I/usr/local/include'
ccversion='', gccversion='4.7.1', gccosandvers=''
intsize=4, longsize=8, ptrsize=8, doublesize=8, byteorder=12345678
d_longlong=define, longlongsize=8, d_longdbl=define, longdblsize=16
ivtype='long', ivsize=8, nvtype='long double', nvsize=16, Off_t='off_t', lseeksize=8
alignbytes=16, prototype=define
Linker and Libraries:
ld='cc', ldflags =' -fstack-protector -L/usr/local/lib'
libpth=/usr/local/lib /lib/x86_64-linux-gnu /lib/../lib /usr/lib/x86_64-linux-gnu /usr/lib/../lib /lib /usr/lib
libs=-lnsl -ldb -ldl -lm -lcrypt -lutil -lc
perllibs=-lnsl -ldl -lm -lcrypt -lutil -lc
libc=, so=so, useshrplib=false, libperl=libperl.a
gnulibc_version='2.13'
Dynamic Linking:
dlsrc=dl_dlopen.xs, dlext=so, d_dlsymun=undef, ccdlflags='-Wl,-E'
cccdlflags='-fPIC', lddlflags='-shared -O2 -g -L/usr/local/lib -fstack-protector'
Characteristics of this binary (from libperl):
Compile-time options: HAS_TIMES PERLIO_LAYERS PERL_DONT_CREATE_GVSV
PERL_MALLOC_WRAP PERL_PRESERVE_IVUV PERL_USE_DEVEL
USE_64_BIT_ALL USE_64_BIT_INT USE_LARGE_FILES
USE_LOCALE USE_LOCALE_COLLATE USE_LOCALE_CTYPE
USE_LOCALE_NUMERIC USE_LONG_DOUBLE USE_PERLIO
USE_PERL_ATOF
Built under linux
Compiled at Jul 29 2012 09:29:48
%ENV:
PERL5LIB="/tmp/loop_over_bdir-KBHZe1/Sepia-0.992-lShbMy/blib/arch:/tmp/loop_over_bdir-KBHZe1/Sepia-0.992-lShbMy/blib/lib:/tmp/loop_over_bdir-KBHZe1/ProjectBuilder-0.11.3-iSQ_x2/blib/arch:/tmp/loop_over_bdir-KBHZe1/ProjectBuilder-0.11.3-iSQ_x2/blib/lib"
PERL5OPT=""
PERL5_CPANPLUS_IS_RUNNING="28663"
PERL5_CPAN_IS_RUNNING="28663"
PERL_MM_USE_DEFAULT="1"
@INC:
/tmp/loop_over_bdir-KBHZe1/Sepia-0.992-lShbMy/blib/arch
/tmp/loop_over_bdir-KBHZe1/Sepia-0.992-lShbMy/blib/lib
/tmp/loop_over_bdir-KBHZe1/ProjectBuilder-0.11.3-iSQ_x2/blib/arch
/tmp/loop_over_bdir-KBHZe1/ProjectBuilder-0.11.3-iSQ_x2/blib/lib
/home/src/perl/repoperls/installed-perls/perl/v5.17.2-122-g019070c/127e/lib/site_perl/5.17.3/x86_64-linux-ld
/home/src/perl/repoperls/installed-perls/perl/v5.17.2-122-g019070c/127e/lib/site_perl/5.17.3
/home/src/perl/repoperls/installed-perls/perl/v5.17.2-122-g019070c/127e/lib/5.17.3/x86_64-linux-ld
/home/src/perl/repoperls/installed-perls/perl/v5.17.2-122-g019070c/127e/lib/5.17.3
.