Back
From: metabase:user:320bfe00-2aae-11df-837a-5e0a49663a4f
Subject: FAIL RDF-AllegroGraph-Easy-0.08 v5.27.1 GNU/Linux
Date: 2017-06-04T09:35:17Z
This distribution has been tested as part of the CPAN Testers
project, supporting the Perl programming language. See
http://wiki.cpantesters.org/ for more information or email
questions to cpan-testers-discuss@perl.org
--
Dear Robert Barta,
This is a computer-generated report for RDF-AllegroGraph-Easy-0.08
on perl 5.27.1, created by CPAN-Reporter-1.2018.
Thank you for uploading your work to CPAN. However, there was a problem
testing your distribution.
If you think this report is invalid, please consult the CPAN Testers Wiki
for suggestions on how to avoid getting FAIL reports for missing library
or binary dependencies, unsupported operating systems, and so on:
http://wiki.cpantesters.org/wiki/CPANAuthorNotes
Sections of this report:
* Tester comments
* Program output
* Prerequisites
* Environment and other context
------------------------------
TESTER COMMENTS
------------------------------
Additional comments from tester:
this report is from an automated smoke testing program
and was not reviewed by a human for accuracy
------------------------------
PROGRAM OUTPUT
------------------------------
Output from '/usr/bin/make test':
PERL_DL_NONLAZY=1 "/tmp/basesmoker-reloperl-Lrih/bin/perl" "-MExtUtils::Command::MM" "-MTest::Harness" "-e" "undef *Test::Harness::Switches; test_harness(0, 'blib/lib', 'blib/arch')" t/*.t
given is experimental at /tmp/loop_over_bdir-12436-62qh8_/RDF-AllegroGraph-Easy-0.08-0/blib/lib/RDF/AllegroGraph/Repository.pm line 167.
when is experimental at /tmp/loop_over_bdir-12436-62qh8_/RDF-AllegroGraph-Easy-0.08-0/blib/lib/RDF/AllegroGraph/Repository.pm line 168.
when is experimental at /tmp/loop_over_bdir-12436-62qh8_/RDF-AllegroGraph-Easy-0.08-0/blib/lib/RDF/AllegroGraph/Repository.pm line 173.
when is experimental at /tmp/loop_over_bdir-12436-62qh8_/RDF-AllegroGraph-Easy-0.08-0/blib/lib/RDF/AllegroGraph/Repository.pm line 179.
given is experimental at /tmp/loop_over_bdir-12436-62qh8_/RDF-AllegroGraph-Easy-0.08-0/blib/lib/RDF/AllegroGraph/Repository.pm line 207.
when is experimental at /tmp/loop_over_bdir-12436-62qh8_/RDF-AllegroGraph-Easy-0.08-0/blib/lib/RDF/AllegroGraph/Repository.pm line 208.
when is experimental at /tmp/loop_over_bdir-12436-62qh8_/RDF-AllegroGraph-Easy-0.08-0/blib/lib/RDF/AllegroGraph/Repository.pm line 209.
when is experimental at /tmp/loop_over_bdir-12436-62qh8_/RDF-AllegroGraph-Easy-0.08-0/blib/lib/RDF/AllegroGraph/Repository.pm line 210.
when is experimental at /tmp/loop_over_bdir-12436-62qh8_/RDF-AllegroGraph-Easy-0.08-0/blib/lib/RDF/AllegroGraph/Repository.pm line 211.
given is experimental at /tmp/loop_over_bdir-12436-62qh8_/RDF-AllegroGraph-Easy-0.08-0/blib/lib/RDF/AllegroGraph/Repository3.pm line 83.
when is experimental at /tmp/loop_over_bdir-12436-62qh8_/RDF-AllegroGraph-Easy-0.08-0/blib/lib/RDF/AllegroGraph/Repository3.pm line 84.
when is experimental at /tmp/loop_over_bdir-12436-62qh8_/RDF-AllegroGraph-Easy-0.08-0/blib/lib/RDF/AllegroGraph/Repository3.pm line 89.
when is experimental at /tmp/loop_over_bdir-12436-62qh8_/RDF-AllegroGraph-Easy-0.08-0/blib/lib/RDF/AllegroGraph/Repository3.pm line 95.
given is experimental at /tmp/loop_over_bdir-12436-62qh8_/RDF-AllegroGraph-Easy-0.08-0/blib/lib/RDF/AllegroGraph/Repository3.pm line 123.
when is experimental at /tmp/loop_over_bdir-12436-62qh8_/RDF-AllegroGraph-Easy-0.08-0/blib/lib/RDF/AllegroGraph/Repository3.pm line 124.
when is experimental at /tmp/loop_over_bdir-12436-62qh8_/RDF-AllegroGraph-Easy-0.08-0/blib/lib/RDF/AllegroGraph/Repository3.pm line 125.
when is experimental at /tmp/loop_over_bdir-12436-62qh8_/RDF-AllegroGraph-Easy-0.08-0/blib/lib/RDF/AllegroGraph/Repository3.pm line 126.
when is experimental at /tmp/loop_over_bdir-12436-62qh8_/RDF-AllegroGraph-Easy-0.08-0/blib/lib/RDF/AllegroGraph/Repository3.pm line 127.
given is experimental at /tmp/loop_over_bdir-12436-62qh8_/RDF-AllegroGraph-Easy-0.08-0/blib/lib/RDF/AllegroGraph/Repository3.pm line 185.
when is experimental at /tmp/loop_over_bdir-12436-62qh8_/RDF-AllegroGraph-Easy-0.08-0/blib/lib/RDF/AllegroGraph/Repository3.pm line 186.
given is experimental at /tmp/loop_over_bdir-12436-62qh8_/RDF-AllegroGraph-Easy-0.08-0/blib/lib/RDF/AllegroGraph/Session4.pm line 123.
when is experimental at /tmp/loop_over_bdir-12436-62qh8_/RDF-AllegroGraph-Easy-0.08-0/blib/lib/RDF/AllegroGraph/Session4.pm line 124.
when is experimental at /tmp/loop_over_bdir-12436-62qh8_/RDF-AllegroGraph-Easy-0.08-0/blib/lib/RDF/AllegroGraph/Session4.pm line 127.
when is experimental at /tmp/loop_over_bdir-12436-62qh8_/RDF-AllegroGraph-Easy-0.08-0/blib/lib/RDF/AllegroGraph/Session4.pm line 130.
given is experimental at /tmp/loop_over_bdir-12436-62qh8_/RDF-AllegroGraph-Easy-0.08-0/blib/lib/RDF/AllegroGraph/Repository4.pm line 257.
when is experimental at /tmp/loop_over_bdir-12436-62qh8_/RDF-AllegroGraph-Easy-0.08-0/blib/lib/RDF/AllegroGraph/Repository4.pm line 258.
when is experimental at /tmp/loop_over_bdir-12436-62qh8_/RDF-AllegroGraph-Easy-0.08-0/blib/lib/RDF/AllegroGraph/Repository4.pm line 263.
when is experimental at /tmp/loop_over_bdir-12436-62qh8_/RDF-AllegroGraph-Easy-0.08-0/blib/lib/RDF/AllegroGraph/Repository4.pm line 269.
given is experimental at /tmp/loop_over_bdir-12436-62qh8_/RDF-AllegroGraph-Easy-0.08-0/blib/lib/RDF/AllegroGraph/Repository4.pm line 297.
when is experimental at /tmp/loop_over_bdir-12436-62qh8_/RDF-AllegroGraph-Easy-0.08-0/blib/lib/RDF/AllegroGraph/Repository4.pm line 298.
when is experimental at /tmp/loop_over_bdir-12436-62qh8_/RDF-AllegroGraph-Easy-0.08-0/blib/lib/RDF/AllegroGraph/Repository4.pm line 299.
when is experimental at /tmp/loop_over_bdir-12436-62qh8_/RDF-AllegroGraph-Easy-0.08-0/blib/lib/RDF/AllegroGraph/Repository4.pm line 300.
when is experimental at /tmp/loop_over_bdir-12436-62qh8_/RDF-AllegroGraph-Easy-0.08-0/blib/lib/RDF/AllegroGraph/Repository4.pm line 301.
given is experimental at /tmp/loop_over_bdir-12436-62qh8_/RDF-AllegroGraph-Easy-0.08-0/blib/lib/RDF/AllegroGraph/Repository4.pm line 436.
when is experimental at /tmp/loop_over_bdir-12436-62qh8_/RDF-AllegroGraph-Easy-0.08-0/blib/lib/RDF/AllegroGraph/Repository4.pm line 437.
t/01_server.t .......... ok
given is experimental at /tmp/loop_over_bdir-12436-62qh8_/RDF-AllegroGraph-Easy-0.08-0/blib/lib/RDF/AllegroGraph/Repository.pm line 167.
when is experimental at /tmp/loop_over_bdir-12436-62qh8_/RDF-AllegroGraph-Easy-0.08-0/blib/lib/RDF/AllegroGraph/Repository.pm line 168.
when is experimental at /tmp/loop_over_bdir-12436-62qh8_/RDF-AllegroGraph-Easy-0.08-0/blib/lib/RDF/AllegroGraph/Repository.pm line 173.
when is experimental at /tmp/loop_over_bdir-12436-62qh8_/RDF-AllegroGraph-Easy-0.08-0/blib/lib/RDF/AllegroGraph/Repository.pm line 179.
given is experimental at /tmp/loop_over_bdir-12436-62qh8_/RDF-AllegroGraph-Easy-0.08-0/blib/lib/RDF/AllegroGraph/Repository.pm line 207.
when is experimental at /tmp/loop_over_bdir-12436-62qh8_/RDF-AllegroGraph-Easy-0.08-0/blib/lib/RDF/AllegroGraph/Repository.pm line 208.
when is experimental at /tmp/loop_over_bdir-12436-62qh8_/RDF-AllegroGraph-Easy-0.08-0/blib/lib/RDF/AllegroGraph/Repository.pm line 209.
when is experimental at /tmp/loop_over_bdir-12436-62qh8_/RDF-AllegroGraph-Easy-0.08-0/blib/lib/RDF/AllegroGraph/Repository.pm line 210.
when is experimental at /tmp/loop_over_bdir-12436-62qh8_/RDF-AllegroGraph-Easy-0.08-0/blib/lib/RDF/AllegroGraph/Repository.pm line 211.
given is experimental at /tmp/loop_over_bdir-12436-62qh8_/RDF-AllegroGraph-Easy-0.08-0/blib/lib/RDF/AllegroGraph/Repository3.pm line 83.
when is experimental at /tmp/loop_over_bdir-12436-62qh8_/RDF-AllegroGraph-Easy-0.08-0/blib/lib/RDF/AllegroGraph/Repository3.pm line 84.
when is experimental at /tmp/loop_over_bdir-12436-62qh8_/RDF-AllegroGraph-Easy-0.08-0/blib/lib/RDF/AllegroGraph/Repository3.pm line 89.
when is experimental at /tmp/loop_over_bdir-12436-62qh8_/RDF-AllegroGraph-Easy-0.08-0/blib/lib/RDF/AllegroGraph/Repository3.pm line 95.
given is experimental at /tmp/loop_over_bdir-12436-62qh8_/RDF-AllegroGraph-Easy-0.08-0/blib/lib/RDF/AllegroGraph/Repository3.pm line 123.
when is experimental at /tmp/loop_over_bdir-12436-62qh8_/RDF-AllegroGraph-Easy-0.08-0/blib/lib/RDF/AllegroGraph/Repository3.pm line 124.
when is experimental at /tmp/loop_over_bdir-12436-62qh8_/RDF-AllegroGraph-Easy-0.08-0/blib/lib/RDF/AllegroGraph/Repository3.pm line 125.
when is experimental at /tmp/loop_over_bdir-12436-62qh8_/RDF-AllegroGraph-Easy-0.08-0/blib/lib/RDF/AllegroGraph/Repository3.pm line 126.
when is experimental at /tmp/loop_over_bdir-12436-62qh8_/RDF-AllegroGraph-Easy-0.08-0/blib/lib/RDF/AllegroGraph/Repository3.pm line 127.
given is experimental at /tmp/loop_over_bdir-12436-62qh8_/RDF-AllegroGraph-Easy-0.08-0/blib/lib/RDF/AllegroGraph/Repository3.pm line 185.
when is experimental at /tmp/loop_over_bdir-12436-62qh8_/RDF-AllegroGraph-Easy-0.08-0/blib/lib/RDF/AllegroGraph/Repository3.pm line 186.
given is experimental at /tmp/loop_over_bdir-12436-62qh8_/RDF-AllegroGraph-Easy-0.08-0/blib/lib/RDF/AllegroGraph/Session4.pm line 123.
when is experimental at /tmp/loop_over_bdir-12436-62qh8_/RDF-AllegroGraph-Easy-0.08-0/blib/lib/RDF/AllegroGraph/Session4.pm line 124.
when is experimental at /tmp/loop_over_bdir-12436-62qh8_/RDF-AllegroGraph-Easy-0.08-0/blib/lib/RDF/AllegroGraph/Session4.pm line 127.
when is experimental at /tmp/loop_over_bdir-12436-62qh8_/RDF-AllegroGraph-Easy-0.08-0/blib/lib/RDF/AllegroGraph/Session4.pm line 130.
given is experimental at /tmp/loop_over_bdir-12436-62qh8_/RDF-AllegroGraph-Easy-0.08-0/blib/lib/RDF/AllegroGraph/Repository4.pm line 257.
when is experimental at /tmp/loop_over_bdir-12436-62qh8_/RDF-AllegroGraph-Easy-0.08-0/blib/lib/RDF/AllegroGraph/Repository4.pm line 258.
when is experimental at /tmp/loop_over_bdir-12436-62qh8_/RDF-AllegroGraph-Easy-0.08-0/blib/lib/RDF/AllegroGraph/Repository4.pm line 263.
when is experimental at /tmp/loop_over_bdir-12436-62qh8_/RDF-AllegroGraph-Easy-0.08-0/blib/lib/RDF/AllegroGraph/Repository4.pm line 269.
given is experimental at /tmp/loop_over_bdir-12436-62qh8_/RDF-AllegroGraph-Easy-0.08-0/blib/lib/RDF/AllegroGraph/Repository4.pm line 297.
when is experimental at /tmp/loop_over_bdir-12436-62qh8_/RDF-AllegroGraph-Easy-0.08-0/blib/lib/RDF/AllegroGraph/Repository4.pm line 298.
when is experimental at /tmp/loop_over_bdir-12436-62qh8_/RDF-AllegroGraph-Easy-0.08-0/blib/lib/RDF/AllegroGraph/Repository4.pm line 299.
when is experimental at /tmp/loop_over_bdir-12436-62qh8_/RDF-AllegroGraph-Easy-0.08-0/blib/lib/RDF/AllegroGraph/Repository4.pm line 300.
when is experimental at /tmp/loop_over_bdir-12436-62qh8_/RDF-AllegroGraph-Easy-0.08-0/blib/lib/RDF/AllegroGraph/Repository4.pm line 301.
given is experimental at /tmp/loop_over_bdir-12436-62qh8_/RDF-AllegroGraph-Easy-0.08-0/blib/lib/RDF/AllegroGraph/Repository4.pm line 436.
when is experimental at /tmp/loop_over_bdir-12436-62qh8_/RDF-AllegroGraph-Easy-0.08-0/blib/lib/RDF/AllegroGraph/Repository4.pm line 437.
t/pod-coverage.t ....... ok
t/pod.t ................ ok
given is experimental at /tmp/loop_over_bdir-12436-62qh8_/RDF-AllegroGraph-Easy-0.08-0/blib/lib/RDF/AllegroGraph/Repository.pm line 167.
when is experimental at /tmp/loop_over_bdir-12436-62qh8_/RDF-AllegroGraph-Easy-0.08-0/blib/lib/RDF/AllegroGraph/Repository.pm line 168.
when is experimental at /tmp/loop_over_bdir-12436-62qh8_/RDF-AllegroGraph-Easy-0.08-0/blib/lib/RDF/AllegroGraph/Repository.pm line 173.
when is experimental at /tmp/loop_over_bdir-12436-62qh8_/RDF-AllegroGraph-Easy-0.08-0/blib/lib/RDF/AllegroGraph/Repository.pm line 179.
given is experimental at /tmp/loop_over_bdir-12436-62qh8_/RDF-AllegroGraph-Easy-0.08-0/blib/lib/RDF/AllegroGraph/Repository.pm line 207.
when is experimental at /tmp/loop_over_bdir-12436-62qh8_/RDF-AllegroGraph-Easy-0.08-0/blib/lib/RDF/AllegroGraph/Repository.pm line 208.
when is experimental at /tmp/loop_over_bdir-12436-62qh8_/RDF-AllegroGraph-Easy-0.08-0/blib/lib/RDF/AllegroGraph/Repository.pm line 209.
when is experimental at /tmp/loop_over_bdir-12436-62qh8_/RDF-AllegroGraph-Easy-0.08-0/blib/lib/RDF/AllegroGraph/Repository.pm line 210.
when is experimental at /tmp/loop_over_bdir-12436-62qh8_/RDF-AllegroGraph-Easy-0.08-0/blib/lib/RDF/AllegroGraph/Repository.pm line 211.
given is experimental at /tmp/loop_over_bdir-12436-62qh8_/RDF-AllegroGraph-Easy-0.08-0/blib/lib/RDF/AllegroGraph/Session4.pm line 123.
when is experimental at /tmp/loop_over_bdir-12436-62qh8_/RDF-AllegroGraph-Easy-0.08-0/blib/lib/RDF/AllegroGraph/Session4.pm line 124.
when is experimental at /tmp/loop_over_bdir-12436-62qh8_/RDF-AllegroGraph-Easy-0.08-0/blib/lib/RDF/AllegroGraph/Session4.pm line 127.
when is experimental at /tmp/loop_over_bdir-12436-62qh8_/RDF-AllegroGraph-Easy-0.08-0/blib/lib/RDF/AllegroGraph/Session4.pm line 130.
given is experimental at /tmp/loop_over_bdir-12436-62qh8_/RDF-AllegroGraph-Easy-0.08-0/blib/lib/RDF/AllegroGraph/Repository4.pm line 257.
when is experimental at /tmp/loop_over_bdir-12436-62qh8_/RDF-AllegroGraph-Easy-0.08-0/blib/lib/RDF/AllegroGraph/Repository4.pm line 258.
when is experimental at /tmp/loop_over_bdir-12436-62qh8_/RDF-AllegroGraph-Easy-0.08-0/blib/lib/RDF/AllegroGraph/Repository4.pm line 263.
when is experimental at /tmp/loop_over_bdir-12436-62qh8_/RDF-AllegroGraph-Easy-0.08-0/blib/lib/RDF/AllegroGraph/Repository4.pm line 269.
given is experimental at /tmp/loop_over_bdir-12436-62qh8_/RDF-AllegroGraph-Easy-0.08-0/blib/lib/RDF/AllegroGraph/Repository4.pm line 297.
when is experimental at /tmp/loop_over_bdir-12436-62qh8_/RDF-AllegroGraph-Easy-0.08-0/blib/lib/RDF/AllegroGraph/Repository4.pm line 298.
when is experimental at /tmp/loop_over_bdir-12436-62qh8_/RDF-AllegroGraph-Easy-0.08-0/blib/lib/RDF/AllegroGraph/Repository4.pm line 299.
when is experimental at /tmp/loop_over_bdir-12436-62qh8_/RDF-AllegroGraph-Easy-0.08-0/blib/lib/RDF/AllegroGraph/Repository4.pm line 300.
when is experimental at /tmp/loop_over_bdir-12436-62qh8_/RDF-AllegroGraph-Easy-0.08-0/blib/lib/RDF/AllegroGraph/Repository4.pm line 301.
given is experimental at /tmp/loop_over_bdir-12436-62qh8_/RDF-AllegroGraph-Easy-0.08-0/blib/lib/RDF/AllegroGraph/Repository4.pm line 436.
when is experimental at /tmp/loop_over_bdir-12436-62qh8_/RDF-AllegroGraph-Easy-0.08-0/blib/lib/RDF/AllegroGraph/Repository4.pm line 437.
given is experimental at /tmp/loop_over_bdir-12436-62qh8_/RDF-AllegroGraph-Easy-0.08-0/blib/lib/RDF/AllegroGraph/Repository3.pm line 83.
when is experimental at /tmp/loop_over_bdir-12436-62qh8_/RDF-AllegroGraph-Easy-0.08-0/blib/lib/RDF/AllegroGraph/Repository3.pm line 84.
when is experimental at /tmp/loop_over_bdir-12436-62qh8_/RDF-AllegroGraph-Easy-0.08-0/blib/lib/RDF/AllegroGraph/Repository3.pm line 89.
when is experimental at /tmp/loop_over_bdir-12436-62qh8_/RDF-AllegroGraph-Easy-0.08-0/blib/lib/RDF/AllegroGraph/Repository3.pm line 95.
given is experimental at /tmp/loop_over_bdir-12436-62qh8_/RDF-AllegroGraph-Easy-0.08-0/blib/lib/RDF/AllegroGraph/Repository3.pm line 123.
when is experimental at /tmp/loop_over_bdir-12436-62qh8_/RDF-AllegroGraph-Easy-0.08-0/blib/lib/RDF/AllegroGraph/Repository3.pm line 124.
when is experimental at /tmp/loop_over_bdir-12436-62qh8_/RDF-AllegroGraph-Easy-0.08-0/blib/lib/RDF/AllegroGraph/Repository3.pm line 125.
when is experimental at /tmp/loop_over_bdir-12436-62qh8_/RDF-AllegroGraph-Easy-0.08-0/blib/lib/RDF/AllegroGraph/Repository3.pm line 126.
when is experimental at /tmp/loop_over_bdir-12436-62qh8_/RDF-AllegroGraph-Easy-0.08-0/blib/lib/RDF/AllegroGraph/Repository3.pm line 127.
given is experimental at /tmp/loop_over_bdir-12436-62qh8_/RDF-AllegroGraph-Easy-0.08-0/blib/lib/RDF/AllegroGraph/Repository3.pm line 185.
when is experimental at /tmp/loop_over_bdir-12436-62qh8_/RDF-AllegroGraph-Easy-0.08-0/blib/lib/RDF/AllegroGraph/Repository3.pm line 186.
t/v3_01_catalog.t ...... ok
given is experimental at /tmp/loop_over_bdir-12436-62qh8_/RDF-AllegroGraph-Easy-0.08-0/blib/lib/RDF/AllegroGraph/Repository.pm line 167.
when is experimental at /tmp/loop_over_bdir-12436-62qh8_/RDF-AllegroGraph-Easy-0.08-0/blib/lib/RDF/AllegroGraph/Repository.pm line 168.
when is experimental at /tmp/loop_over_bdir-12436-62qh8_/RDF-AllegroGraph-Easy-0.08-0/blib/lib/RDF/AllegroGraph/Repository.pm line 173.
when is experimental at /tmp/loop_over_bdir-12436-62qh8_/RDF-AllegroGraph-Easy-0.08-0/blib/lib/RDF/AllegroGraph/Repository.pm line 179.
given is experimental at /tmp/loop_over_bdir-12436-62qh8_/RDF-AllegroGraph-Easy-0.08-0/blib/lib/RDF/AllegroGraph/Repository.pm line 207.
when is experimental at /tmp/loop_over_bdir-12436-62qh8_/RDF-AllegroGraph-Easy-0.08-0/blib/lib/RDF/AllegroGraph/Repository.pm line 208.
when is experimental at /tmp/loop_over_bdir-12436-62qh8_/RDF-AllegroGraph-Easy-0.08-0/blib/lib/RDF/AllegroGraph/Repository.pm line 209.
when is experimental at /tmp/loop_over_bdir-12436-62qh8_/RDF-AllegroGraph-Easy-0.08-0/blib/lib/RDF/AllegroGraph/Repository.pm line 210.
when is experimental at /tmp/loop_over_bdir-12436-62qh8_/RDF-AllegroGraph-Easy-0.08-0/blib/lib/RDF/AllegroGraph/Repository.pm line 211.
given is experimental at /tmp/loop_over_bdir-12436-62qh8_/RDF-AllegroGraph-Easy-0.08-0/blib/lib/RDF/AllegroGraph/Session4.pm line 123.
when is experimental at /tmp/loop_over_bdir-12436-62qh8_/RDF-AllegroGraph-Easy-0.08-0/blib/lib/RDF/AllegroGraph/Session4.pm line 124.
when is experimental at /tmp/loop_over_bdir-12436-62qh8_/RDF-AllegroGraph-Easy-0.08-0/blib/lib/RDF/AllegroGraph/Session4.pm line 127.
when is experimental at /tmp/loop_over_bdir-12436-62qh8_/RDF-AllegroGraph-Easy-0.08-0/blib/lib/RDF/AllegroGraph/Session4.pm line 130.
given is experimental at /tmp/loop_over_bdir-12436-62qh8_/RDF-AllegroGraph-Easy-0.08-0/blib/lib/RDF/AllegroGraph/Repository4.pm line 257.
when is experimental at /tmp/loop_over_bdir-12436-62qh8_/RDF-AllegroGraph-Easy-0.08-0/blib/lib/RDF/AllegroGraph/Repository4.pm line 258.
when is experimental at /tmp/loop_over_bdir-12436-62qh8_/RDF-AllegroGraph-Easy-0.08-0/blib/lib/RDF/AllegroGraph/Repository4.pm line 263.
when is experimental at /tmp/loop_over_bdir-12436-62qh8_/RDF-AllegroGraph-Easy-0.08-0/blib/lib/RDF/AllegroGraph/Repository4.pm line 269.
given is experimental at /tmp/loop_over_bdir-12436-62qh8_/RDF-AllegroGraph-Easy-0.08-0/blib/lib/RDF/AllegroGraph/Repository4.pm line 297.
when is experimental at /tmp/loop_over_bdir-12436-62qh8_/RDF-AllegroGraph-Easy-0.08-0/blib/lib/RDF/AllegroGraph/Repository4.pm line 298.
when is experimental at /tmp/loop_over_bdir-12436-62qh8_/RDF-AllegroGraph-Easy-0.08-0/blib/lib/RDF/AllegroGraph/Repository4.pm line 299.
when is experimental at /tmp/loop_over_bdir-12436-62qh8_/RDF-AllegroGraph-Easy-0.08-0/blib/lib/RDF/AllegroGraph/Repository4.pm line 300.
when is experimental at /tmp/loop_over_bdir-12436-62qh8_/RDF-AllegroGraph-Easy-0.08-0/blib/lib/RDF/AllegroGraph/Repository4.pm line 301.
given is experimental at /tmp/loop_over_bdir-12436-62qh8_/RDF-AllegroGraph-Easy-0.08-0/blib/lib/RDF/AllegroGraph/Repository4.pm line 436.
when is experimental at /tmp/loop_over_bdir-12436-62qh8_/RDF-AllegroGraph-Easy-0.08-0/blib/lib/RDF/AllegroGraph/Repository4.pm line 437.
given is experimental at /tmp/loop_over_bdir-12436-62qh8_/RDF-AllegroGraph-Easy-0.08-0/blib/lib/RDF/AllegroGraph/Repository3.pm line 83.
when is experimental at /tmp/loop_over_bdir-12436-62qh8_/RDF-AllegroGraph-Easy-0.08-0/blib/lib/RDF/AllegroGraph/Repository3.pm line 84.
when is experimental at /tmp/loop_over_bdir-12436-62qh8_/RDF-AllegroGraph-Easy-0.08-0/blib/lib/RDF/AllegroGraph/Repository3.pm line 89.
when is experimental at /tmp/loop_over_bdir-12436-62qh8_/RDF-AllegroGraph-Easy-0.08-0/blib/lib/RDF/AllegroGraph/Repository3.pm line 95.
given is experimental at /tmp/loop_over_bdir-12436-62qh8_/RDF-AllegroGraph-Easy-0.08-0/blib/lib/RDF/AllegroGraph/Repository3.pm line 123.
when is experimental at /tmp/loop_over_bdir-12436-62qh8_/RDF-AllegroGraph-Easy-0.08-0/blib/lib/RDF/AllegroGraph/Repository3.pm line 124.
when is experimental at /tmp/loop_over_bdir-12436-62qh8_/RDF-AllegroGraph-Easy-0.08-0/blib/lib/RDF/AllegroGraph/Repository3.pm line 125.
when is experimental at /tmp/loop_over_bdir-12436-62qh8_/RDF-AllegroGraph-Easy-0.08-0/blib/lib/RDF/AllegroGraph/Repository3.pm line 126.
when is experimental at /tmp/loop_over_bdir-12436-62qh8_/RDF-AllegroGraph-Easy-0.08-0/blib/lib/RDF/AllegroGraph/Repository3.pm line 127.
given is experimental at /tmp/loop_over_bdir-12436-62qh8_/RDF-AllegroGraph-Easy-0.08-0/blib/lib/RDF/AllegroGraph/Repository3.pm line 185.
when is experimental at /tmp/loop_over_bdir-12436-62qh8_/RDF-AllegroGraph-Easy-0.08-0/blib/lib/RDF/AllegroGraph/Repository3.pm line 186.
Unimplemented: POSIX::tmpnam(): use File::Temp instead at /home/sand/src/perl/repoperls/installed-perls/host/k93msid/v5.27.0-94-gbb5b17cdb7/bb7f/lib/5.27.1/x86_64-linux/POSIX.pm line 185.
Unimplemented: POSIX::tmpnam() at t/v3_02_repos.t line 122.
BEGIN failed--compilation aborted at t/v3_02_repos.t line 122.
t/v3_02_repos.t ........ skipped: (no reason given)
given is experimental at /tmp/loop_over_bdir-12436-62qh8_/RDF-AllegroGraph-Easy-0.08-0/blib/lib/RDF/AllegroGraph/Repository.pm line 167.
when is experimental at /tmp/loop_over_bdir-12436-62qh8_/RDF-AllegroGraph-Easy-0.08-0/blib/lib/RDF/AllegroGraph/Repository.pm line 168.
when is experimental at /tmp/loop_over_bdir-12436-62qh8_/RDF-AllegroGraph-Easy-0.08-0/blib/lib/RDF/AllegroGraph/Repository.pm line 173.
when is experimental at /tmp/loop_over_bdir-12436-62qh8_/RDF-AllegroGraph-Easy-0.08-0/blib/lib/RDF/AllegroGraph/Repository.pm line 179.
given is experimental at /tmp/loop_over_bdir-12436-62qh8_/RDF-AllegroGraph-Easy-0.08-0/blib/lib/RDF/AllegroGraph/Repository.pm line 207.
when is experimental at /tmp/loop_over_bdir-12436-62qh8_/RDF-AllegroGraph-Easy-0.08-0/blib/lib/RDF/AllegroGraph/Repository.pm line 208.
when is experimental at /tmp/loop_over_bdir-12436-62qh8_/RDF-AllegroGraph-Easy-0.08-0/blib/lib/RDF/AllegroGraph/Repository.pm line 209.
when is experimental at /tmp/loop_over_bdir-12436-62qh8_/RDF-AllegroGraph-Easy-0.08-0/blib/lib/RDF/AllegroGraph/Repository.pm line 210.
when is experimental at /tmp/loop_over_bdir-12436-62qh8_/RDF-AllegroGraph-Easy-0.08-0/blib/lib/RDF/AllegroGraph/Repository.pm line 211.
given is experimental at /tmp/loop_over_bdir-12436-62qh8_/RDF-AllegroGraph-Easy-0.08-0/blib/lib/RDF/AllegroGraph/Repository3.pm line 83.
when is experimental at /tmp/loop_over_bdir-12436-62qh8_/RDF-AllegroGraph-Easy-0.08-0/blib/lib/RDF/AllegroGraph/Repository3.pm line 84.
when is experimental at /tmp/loop_over_bdir-12436-62qh8_/RDF-AllegroGraph-Easy-0.08-0/blib/lib/RDF/AllegroGraph/Repository3.pm line 89.
when is experimental at /tmp/loop_over_bdir-12436-62qh8_/RDF-AllegroGraph-Easy-0.08-0/blib/lib/RDF/AllegroGraph/Repository3.pm line 95.
given is experimental at /tmp/loop_over_bdir-12436-62qh8_/RDF-AllegroGraph-Easy-0.08-0/blib/lib/RDF/AllegroGraph/Repository3.pm line 123.
when is experimental at /tmp/loop_over_bdir-12436-62qh8_/RDF-AllegroGraph-Easy-0.08-0/blib/lib/RDF/AllegroGraph/Repository3.pm line 124.
when is experimental at /tmp/loop_over_bdir-12436-62qh8_/RDF-AllegroGraph-Easy-0.08-0/blib/lib/RDF/AllegroGraph/Repository3.pm line 125.
when is experimental at /tmp/loop_over_bdir-12436-62qh8_/RDF-AllegroGraph-Easy-0.08-0/blib/lib/RDF/AllegroGraph/Repository3.pm line 126.
when is experimental at /tmp/loop_over_bdir-12436-62qh8_/RDF-AllegroGraph-Easy-0.08-0/blib/lib/RDF/AllegroGraph/Repository3.pm line 127.
given is experimental at /tmp/loop_over_bdir-12436-62qh8_/RDF-AllegroGraph-Easy-0.08-0/blib/lib/RDF/AllegroGraph/Repository3.pm line 185.
when is experimental at /tmp/loop_over_bdir-12436-62qh8_/RDF-AllegroGraph-Easy-0.08-0/blib/lib/RDF/AllegroGraph/Repository3.pm line 186.
given is experimental at /tmp/loop_over_bdir-12436-62qh8_/RDF-AllegroGraph-Easy-0.08-0/blib/lib/RDF/AllegroGraph/Session4.pm line 123.
when is experimental at /tmp/loop_over_bdir-12436-62qh8_/RDF-AllegroGraph-Easy-0.08-0/blib/lib/RDF/AllegroGraph/Session4.pm line 124.
when is experimental at /tmp/loop_over_bdir-12436-62qh8_/RDF-AllegroGraph-Easy-0.08-0/blib/lib/RDF/AllegroGraph/Session4.pm line 127.
when is experimental at /tmp/loop_over_bdir-12436-62qh8_/RDF-AllegroGraph-Easy-0.08-0/blib/lib/RDF/AllegroGraph/Session4.pm line 130.
given is experimental at /tmp/loop_over_bdir-12436-62qh8_/RDF-AllegroGraph-Easy-0.08-0/blib/lib/RDF/AllegroGraph/Repository4.pm line 257.
when is experimental at /tmp/loop_over_bdir-12436-62qh8_/RDF-AllegroGraph-Easy-0.08-0/blib/lib/RDF/AllegroGraph/Repository4.pm line 258.
when is experimental at /tmp/loop_over_bdir-12436-62qh8_/RDF-AllegroGraph-Easy-0.08-0/blib/lib/RDF/AllegroGraph/Repository4.pm line 263.
when is experimental at /tmp/loop_over_bdir-12436-62qh8_/RDF-AllegroGraph-Easy-0.08-0/blib/lib/RDF/AllegroGraph/Repository4.pm line 269.
given is experimental at /tmp/loop_over_bdir-12436-62qh8_/RDF-AllegroGraph-Easy-0.08-0/blib/lib/RDF/AllegroGraph/Repository4.pm line 297.
when is experimental at /tmp/loop_over_bdir-12436-62qh8_/RDF-AllegroGraph-Easy-0.08-0/blib/lib/RDF/AllegroGraph/Repository4.pm line 298.
when is experimental at /tmp/loop_over_bdir-12436-62qh8_/RDF-AllegroGraph-Easy-0.08-0/blib/lib/RDF/AllegroGraph/Repository4.pm line 299.
when is experimental at /tmp/loop_over_bdir-12436-62qh8_/RDF-AllegroGraph-Easy-0.08-0/blib/lib/RDF/AllegroGraph/Repository4.pm line 300.
when is experimental at /tmp/loop_over_bdir-12436-62qh8_/RDF-AllegroGraph-Easy-0.08-0/blib/lib/RDF/AllegroGraph/Repository4.pm line 301.
given is experimental at /tmp/loop_over_bdir-12436-62qh8_/RDF-AllegroGraph-Easy-0.08-0/blib/lib/RDF/AllegroGraph/Repository4.pm line 436.
when is experimental at /tmp/loop_over_bdir-12436-62qh8_/RDF-AllegroGraph-Easy-0.08-0/blib/lib/RDF/AllegroGraph/Repository4.pm line 437.
t/v3_03_geo.t .......... ok
given is experimental at /tmp/loop_over_bdir-12436-62qh8_/RDF-AllegroGraph-Easy-0.08-0/blib/lib/RDF/AllegroGraph/Repository.pm line 167.
when is experimental at /tmp/loop_over_bdir-12436-62qh8_/RDF-AllegroGraph-Easy-0.08-0/blib/lib/RDF/AllegroGraph/Repository.pm line 168.
when is experimental at /tmp/loop_over_bdir-12436-62qh8_/RDF-AllegroGraph-Easy-0.08-0/blib/lib/RDF/AllegroGraph/Repository.pm line 173.
when is experimental at /tmp/loop_over_bdir-12436-62qh8_/RDF-AllegroGraph-Easy-0.08-0/blib/lib/RDF/AllegroGraph/Repository.pm line 179.
given is experimental at /tmp/loop_over_bdir-12436-62qh8_/RDF-AllegroGraph-Easy-0.08-0/blib/lib/RDF/AllegroGraph/Repository.pm line 207.
when is experimental at /tmp/loop_over_bdir-12436-62qh8_/RDF-AllegroGraph-Easy-0.08-0/blib/lib/RDF/AllegroGraph/Repository.pm line 208.
when is experimental at /tmp/loop_over_bdir-12436-62qh8_/RDF-AllegroGraph-Easy-0.08-0/blib/lib/RDF/AllegroGraph/Repository.pm line 209.
when is experimental at /tmp/loop_over_bdir-12436-62qh8_/RDF-AllegroGraph-Easy-0.08-0/blib/lib/RDF/AllegroGraph/Repository.pm line 210.
when is experimental at /tmp/loop_over_bdir-12436-62qh8_/RDF-AllegroGraph-Easy-0.08-0/blib/lib/RDF/AllegroGraph/Repository.pm line 211.
given is experimental at /tmp/loop_over_bdir-12436-62qh8_/RDF-AllegroGraph-Easy-0.08-0/blib/lib/RDF/AllegroGraph/Repository3.pm line 83.
when is experimental at /tmp/loop_over_bdir-12436-62qh8_/RDF-AllegroGraph-Easy-0.08-0/blib/lib/RDF/AllegroGraph/Repository3.pm line 84.
when is experimental at /tmp/loop_over_bdir-12436-62qh8_/RDF-AllegroGraph-Easy-0.08-0/blib/lib/RDF/AllegroGraph/Repository3.pm line 89.
when is experimental at /tmp/loop_over_bdir-12436-62qh8_/RDF-AllegroGraph-Easy-0.08-0/blib/lib/RDF/AllegroGraph/Repository3.pm line 95.
given is experimental at /tmp/loop_over_bdir-12436-62qh8_/RDF-AllegroGraph-Easy-0.08-0/blib/lib/RDF/AllegroGraph/Repository3.pm line 123.
when is experimental at /tmp/loop_over_bdir-12436-62qh8_/RDF-AllegroGraph-Easy-0.08-0/blib/lib/RDF/AllegroGraph/Repository3.pm line 124.
when is experimental at /tmp/loop_over_bdir-12436-62qh8_/RDF-AllegroGraph-Easy-0.08-0/blib/lib/RDF/AllegroGraph/Repository3.pm line 125.
when is experimental at /tmp/loop_over_bdir-12436-62qh8_/RDF-AllegroGraph-Easy-0.08-0/blib/lib/RDF/AllegroGraph/Repository3.pm line 126.
when is experimental at /tmp/loop_over_bdir-12436-62qh8_/RDF-AllegroGraph-Easy-0.08-0/blib/lib/RDF/AllegroGraph/Repository3.pm line 127.
given is experimental at /tmp/loop_over_bdir-12436-62qh8_/RDF-AllegroGraph-Easy-0.08-0/blib/lib/RDF/AllegroGraph/Repository3.pm line 185.
when is experimental at /tmp/loop_over_bdir-12436-62qh8_/RDF-AllegroGraph-Easy-0.08-0/blib/lib/RDF/AllegroGraph/Repository3.pm line 186.
given is experimental at /tmp/loop_over_bdir-12436-62qh8_/RDF-AllegroGraph-Easy-0.08-0/blib/lib/RDF/AllegroGraph/Session4.pm line 123.
when is experimental at /tmp/loop_over_bdir-12436-62qh8_/RDF-AllegroGraph-Easy-0.08-0/blib/lib/RDF/AllegroGraph/Session4.pm line 124.
when is experimental at /tmp/loop_over_bdir-12436-62qh8_/RDF-AllegroGraph-Easy-0.08-0/blib/lib/RDF/AllegroGraph/Session4.pm line 127.
when is experimental at /tmp/loop_over_bdir-12436-62qh8_/RDF-AllegroGraph-Easy-0.08-0/blib/lib/RDF/AllegroGraph/Session4.pm line 130.
given is experimental at /tmp/loop_over_bdir-12436-62qh8_/RDF-AllegroGraph-Easy-0.08-0/blib/lib/RDF/AllegroGraph/Repository4.pm line 257.
when is experimental at /tmp/loop_over_bdir-12436-62qh8_/RDF-AllegroGraph-Easy-0.08-0/blib/lib/RDF/AllegroGraph/Repository4.pm line 258.
when is experimental at /tmp/loop_over_bdir-12436-62qh8_/RDF-AllegroGraph-Easy-0.08-0/blib/lib/RDF/AllegroGraph/Repository4.pm line 263.
when is experimental at /tmp/loop_over_bdir-12436-62qh8_/RDF-AllegroGraph-Easy-0.08-0/blib/lib/RDF/AllegroGraph/Repository4.pm line 269.
given is experimental at /tmp/loop_over_bdir-12436-62qh8_/RDF-AllegroGraph-Easy-0.08-0/blib/lib/RDF/AllegroGraph/Repository4.pm line 297.
when is experimental at /tmp/loop_over_bdir-12436-62qh8_/RDF-AllegroGraph-Easy-0.08-0/blib/lib/RDF/AllegroGraph/Repository4.pm line 298.
when is experimental at /tmp/loop_over_bdir-12436-62qh8_/RDF-AllegroGraph-Easy-0.08-0/blib/lib/RDF/AllegroGraph/Repository4.pm line 299.
when is experimental at /tmp/loop_over_bdir-12436-62qh8_/RDF-AllegroGraph-Easy-0.08-0/blib/lib/RDF/AllegroGraph/Repository4.pm line 300.
when is experimental at /tmp/loop_over_bdir-12436-62qh8_/RDF-AllegroGraph-Easy-0.08-0/blib/lib/RDF/AllegroGraph/Repository4.pm line 301.
given is experimental at /tmp/loop_over_bdir-12436-62qh8_/RDF-AllegroGraph-Easy-0.08-0/blib/lib/RDF/AllegroGraph/Repository4.pm line 436.
when is experimental at /tmp/loop_over_bdir-12436-62qh8_/RDF-AllegroGraph-Easy-0.08-0/blib/lib/RDF/AllegroGraph/Repository4.pm line 437.
t/v3_03_namespaces.t ... ok
given is experimental at /tmp/loop_over_bdir-12436-62qh8_/RDF-AllegroGraph-Easy-0.08-0/blib/lib/RDF/AllegroGraph/Repository.pm line 167.
when is experimental at /tmp/loop_over_bdir-12436-62qh8_/RDF-AllegroGraph-Easy-0.08-0/blib/lib/RDF/AllegroGraph/Repository.pm line 168.
when is experimental at /tmp/loop_over_bdir-12436-62qh8_/RDF-AllegroGraph-Easy-0.08-0/blib/lib/RDF/AllegroGraph/Repository.pm line 173.
when is experimental at /tmp/loop_over_bdir-12436-62qh8_/RDF-AllegroGraph-Easy-0.08-0/blib/lib/RDF/AllegroGraph/Repository.pm line 179.
given is experimental at /tmp/loop_over_bdir-12436-62qh8_/RDF-AllegroGraph-Easy-0.08-0/blib/lib/RDF/AllegroGraph/Repository.pm line 207.
when is experimental at /tmp/loop_over_bdir-12436-62qh8_/RDF-AllegroGraph-Easy-0.08-0/blib/lib/RDF/AllegroGraph/Repository.pm line 208.
when is experimental at /tmp/loop_over_bdir-12436-62qh8_/RDF-AllegroGraph-Easy-0.08-0/blib/lib/RDF/AllegroGraph/Repository.pm line 209.
when is experimental at /tmp/loop_over_bdir-12436-62qh8_/RDF-AllegroGraph-Easy-0.08-0/blib/lib/RDF/AllegroGraph/Repository.pm line 210.
when is experimental at /tmp/loop_over_bdir-12436-62qh8_/RDF-AllegroGraph-Easy-0.08-0/blib/lib/RDF/AllegroGraph/Repository.pm line 211.
given is experimental at /tmp/loop_over_bdir-12436-62qh8_/RDF-AllegroGraph-Easy-0.08-0/blib/lib/RDF/AllegroGraph/Repository3.pm line 83.
when is experimental at /tmp/loop_over_bdir-12436-62qh8_/RDF-AllegroGraph-Easy-0.08-0/blib/lib/RDF/AllegroGraph/Repository3.pm line 84.
when is experimental at /tmp/loop_over_bdir-12436-62qh8_/RDF-AllegroGraph-Easy-0.08-0/blib/lib/RDF/AllegroGraph/Repository3.pm line 89.
when is experimental at /tmp/loop_over_bdir-12436-62qh8_/RDF-AllegroGraph-Easy-0.08-0/blib/lib/RDF/AllegroGraph/Repository3.pm line 95.
given is experimental at /tmp/loop_over_bdir-12436-62qh8_/RDF-AllegroGraph-Easy-0.08-0/blib/lib/RDF/AllegroGraph/Repository3.pm line 123.
when is experimental at /tmp/loop_over_bdir-12436-62qh8_/RDF-AllegroGraph-Easy-0.08-0/blib/lib/RDF/AllegroGraph/Repository3.pm line 124.
when is experimental at /tmp/loop_over_bdir-12436-62qh8_/RDF-AllegroGraph-Easy-0.08-0/blib/lib/RDF/AllegroGraph/Repository3.pm line 125.
when is experimental at /tmp/loop_over_bdir-12436-62qh8_/RDF-AllegroGraph-Easy-0.08-0/blib/lib/RDF/AllegroGraph/Repository3.pm line 126.
when is experimental at /tmp/loop_over_bdir-12436-62qh8_/RDF-AllegroGraph-Easy-0.08-0/blib/lib/RDF/AllegroGraph/Repository3.pm line 127.
given is experimental at /tmp/loop_over_bdir-12436-62qh8_/RDF-AllegroGraph-Easy-0.08-0/blib/lib/RDF/AllegroGraph/Repository3.pm line 185.
when is experimental at /tmp/loop_over_bdir-12436-62qh8_/RDF-AllegroGraph-Easy-0.08-0/blib/lib/RDF/AllegroGraph/Repository3.pm line 186.
given is experimental at /tmp/loop_over_bdir-12436-62qh8_/RDF-AllegroGraph-Easy-0.08-0/blib/lib/RDF/AllegroGraph/Session4.pm line 123.
when is experimental at /tmp/loop_over_bdir-12436-62qh8_/RDF-AllegroGraph-Easy-0.08-0/blib/lib/RDF/AllegroGraph/Session4.pm line 124.
when is experimental at /tmp/loop_over_bdir-12436-62qh8_/RDF-AllegroGraph-Easy-0.08-0/blib/lib/RDF/AllegroGraph/Session4.pm line 127.
when is experimental at /tmp/loop_over_bdir-12436-62qh8_/RDF-AllegroGraph-Easy-0.08-0/blib/lib/RDF/AllegroGraph/Session4.pm line 130.
given is experimental at /tmp/loop_over_bdir-12436-62qh8_/RDF-AllegroGraph-Easy-0.08-0/blib/lib/RDF/AllegroGraph/Repository4.pm line 257.
when is experimental at /tmp/loop_over_bdir-12436-62qh8_/RDF-AllegroGraph-Easy-0.08-0/blib/lib/RDF/AllegroGraph/Repository4.pm line 258.
when is experimental at /tmp/loop_over_bdir-12436-62qh8_/RDF-AllegroGraph-Easy-0.08-0/blib/lib/RDF/AllegroGraph/Repository4.pm line 263.
when is experimental at /tmp/loop_over_bdir-12436-62qh8_/RDF-AllegroGraph-Easy-0.08-0/blib/lib/RDF/AllegroGraph/Repository4.pm line 269.
given is experimental at /tmp/loop_over_bdir-12436-62qh8_/RDF-AllegroGraph-Easy-0.08-0/blib/lib/RDF/AllegroGraph/Repository4.pm line 297.
when is experimental at /tmp/loop_over_bdir-12436-62qh8_/RDF-AllegroGraph-Easy-0.08-0/blib/lib/RDF/AllegroGraph/Repository4.pm line 298.
when is experimental at /tmp/loop_over_bdir-12436-62qh8_/RDF-AllegroGraph-Easy-0.08-0/blib/lib/RDF/AllegroGraph/Repository4.pm line 299.
when is experimental at /tmp/loop_over_bdir-12436-62qh8_/RDF-AllegroGraph-Easy-0.08-0/blib/lib/RDF/AllegroGraph/Repository4.pm line 300.
when is experimental at /tmp/loop_over_bdir-12436-62qh8_/RDF-AllegroGraph-Easy-0.08-0/blib/lib/RDF/AllegroGraph/Repository4.pm line 301.
given is experimental at /tmp/loop_over_bdir-12436-62qh8_/RDF-AllegroGraph-Easy-0.08-0/blib/lib/RDF/AllegroGraph/Repository4.pm line 436.
when is experimental at /tmp/loop_over_bdir-12436-62qh8_/RDF-AllegroGraph-Easy-0.08-0/blib/lib/RDF/AllegroGraph/Repository4.pm line 437.
t/v3_04_easy.t ......... ok
given is experimental at /tmp/loop_over_bdir-12436-62qh8_/RDF-AllegroGraph-Easy-0.08-0/blib/lib/RDF/AllegroGraph/Repository.pm line 167.
when is experimental at /tmp/loop_over_bdir-12436-62qh8_/RDF-AllegroGraph-Easy-0.08-0/blib/lib/RDF/AllegroGraph/Repository.pm line 168.
when is experimental at /tmp/loop_over_bdir-12436-62qh8_/RDF-AllegroGraph-Easy-0.08-0/blib/lib/RDF/AllegroGraph/Repository.pm line 173.
when is experimental at /tmp/loop_over_bdir-12436-62qh8_/RDF-AllegroGraph-Easy-0.08-0/blib/lib/RDF/AllegroGraph/Repository.pm line 179.
given is experimental at /tmp/loop_over_bdir-12436-62qh8_/RDF-AllegroGraph-Easy-0.08-0/blib/lib/RDF/AllegroGraph/Repository.pm line 207.
when is experimental at /tmp/loop_over_bdir-12436-62qh8_/RDF-AllegroGraph-Easy-0.08-0/blib/lib/RDF/AllegroGraph/Repository.pm line 208.
when is experimental at /tmp/loop_over_bdir-12436-62qh8_/RDF-AllegroGraph-Easy-0.08-0/blib/lib/RDF/AllegroGraph/Repository.pm line 209.
when is experimental at /tmp/loop_over_bdir-12436-62qh8_/RDF-AllegroGraph-Easy-0.08-0/blib/lib/RDF/AllegroGraph/Repository.pm line 210.
when is experimental at /tmp/loop_over_bdir-12436-62qh8_/RDF-AllegroGraph-Easy-0.08-0/blib/lib/RDF/AllegroGraph/Repository.pm line 211.
given is experimental at /tmp/loop_over_bdir-12436-62qh8_/RDF-AllegroGraph-Easy-0.08-0/blib/lib/RDF/AllegroGraph/Repository3.pm line 83.
when is experimental at /tmp/loop_over_bdir-12436-62qh8_/RDF-AllegroGraph-Easy-0.08-0/blib/lib/RDF/AllegroGraph/Repository3.pm line 84.
when is experimental at /tmp/loop_over_bdir-12436-62qh8_/RDF-AllegroGraph-Easy-0.08-0/blib/lib/RDF/AllegroGraph/Repository3.pm line 89.
when is experimental at /tmp/loop_over_bdir-12436-62qh8_/RDF-AllegroGraph-Easy-0.08-0/blib/lib/RDF/AllegroGraph/Repository3.pm line 95.
given is experimental at /tmp/loop_over_bdir-12436-62qh8_/RDF-AllegroGraph-Easy-0.08-0/blib/lib/RDF/AllegroGraph/Repository3.pm line 123.
when is experimental at /tmp/loop_over_bdir-12436-62qh8_/RDF-AllegroGraph-Easy-0.08-0/blib/lib/RDF/AllegroGraph/Repository3.pm line 124.
when is experimental at /tmp/loop_over_bdir-12436-62qh8_/RDF-AllegroGraph-Easy-0.08-0/blib/lib/RDF/AllegroGraph/Repository3.pm line 125.
when is experimental at /tmp/loop_over_bdir-12436-62qh8_/RDF-AllegroGraph-Easy-0.08-0/blib/lib/RDF/AllegroGraph/Repository3.pm line 126.
when is experimental at /tmp/loop_over_bdir-12436-62qh8_/RDF-AllegroGraph-Easy-0.08-0/blib/lib/RDF/AllegroGraph/Repository3.pm line 127.
given is experimental at /tmp/loop_over_bdir-12436-62qh8_/RDF-AllegroGraph-Easy-0.08-0/blib/lib/RDF/AllegroGraph/Repository3.pm line 185.
when is experimental at /tmp/loop_over_bdir-12436-62qh8_/RDF-AllegroGraph-Easy-0.08-0/blib/lib/RDF/AllegroGraph/Repository3.pm line 186.
given is experimental at /tmp/loop_over_bdir-12436-62qh8_/RDF-AllegroGraph-Easy-0.08-0/blib/lib/RDF/AllegroGraph/Session4.pm line 123.
when is experimental at /tmp/loop_over_bdir-12436-62qh8_/RDF-AllegroGraph-Easy-0.08-0/blib/lib/RDF/AllegroGraph/Session4.pm line 124.
when is experimental at /tmp/loop_over_bdir-12436-62qh8_/RDF-AllegroGraph-Easy-0.08-0/blib/lib/RDF/AllegroGraph/Session4.pm line 127.
when is experimental at /tmp/loop_over_bdir-12436-62qh8_/RDF-AllegroGraph-Easy-0.08-0/blib/lib/RDF/AllegroGraph/Session4.pm line 130.
given is experimental at /tmp/loop_over_bdir-12436-62qh8_/RDF-AllegroGraph-Easy-0.08-0/blib/lib/RDF/AllegroGraph/Repository4.pm line 257.
when is experimental at /tmp/loop_over_bdir-12436-62qh8_/RDF-AllegroGraph-Easy-0.08-0/blib/lib/RDF/AllegroGraph/Repository4.pm line 258.
when is experimental at /tmp/loop_over_bdir-12436-62qh8_/RDF-AllegroGraph-Easy-0.08-0/blib/lib/RDF/AllegroGraph/Repository4.pm line 263.
when is experimental at /tmp/loop_over_bdir-12436-62qh8_/RDF-AllegroGraph-Easy-0.08-0/blib/lib/RDF/AllegroGraph/Repository4.pm line 269.
given is experimental at /tmp/loop_over_bdir-12436-62qh8_/RDF-AllegroGraph-Easy-0.08-0/blib/lib/RDF/AllegroGraph/Repository4.pm line 297.
when is experimental at /tmp/loop_over_bdir-12436-62qh8_/RDF-AllegroGraph-Easy-0.08-0/blib/lib/RDF/AllegroGraph/Repository4.pm line 298.
when is experimental at /tmp/loop_over_bdir-12436-62qh8_/RDF-AllegroGraph-Easy-0.08-0/blib/lib/RDF/AllegroGraph/Repository4.pm line 299.
when is experimental at /tmp/loop_over_bdir-12436-62qh8_/RDF-AllegroGraph-Easy-0.08-0/blib/lib/RDF/AllegroGraph/Repository4.pm line 300.
when is experimental at /tmp/loop_over_bdir-12436-62qh8_/RDF-AllegroGraph-Easy-0.08-0/blib/lib/RDF/AllegroGraph/Repository4.pm line 301.
given is experimental at /tmp/loop_over_bdir-12436-62qh8_/RDF-AllegroGraph-Easy-0.08-0/blib/lib/RDF/AllegroGraph/Repository4.pm line 436.
when is experimental at /tmp/loop_over_bdir-12436-62qh8_/RDF-AllegroGraph-Easy-0.08-0/blib/lib/RDF/AllegroGraph/Repository4.pm line 437.
# Tests skipped. Use "export AG4_SERVER=http://my.server:port" before running the test suite. See README for details.
t/v4_01_catalog.t ...... ok
given is experimental at /tmp/loop_over_bdir-12436-62qh8_/RDF-AllegroGraph-Easy-0.08-0/blib/lib/RDF/AllegroGraph/Repository.pm line 167.
when is experimental at /tmp/loop_over_bdir-12436-62qh8_/RDF-AllegroGraph-Easy-0.08-0/blib/lib/RDF/AllegroGraph/Repository.pm line 168.
when is experimental at /tmp/loop_over_bdir-12436-62qh8_/RDF-AllegroGraph-Easy-0.08-0/blib/lib/RDF/AllegroGraph/Repository.pm line 173.
when is experimental at /tmp/loop_over_bdir-12436-62qh8_/RDF-AllegroGraph-Easy-0.08-0/blib/lib/RDF/AllegroGraph/Repository.pm line 179.
given is experimental at /tmp/loop_over_bdir-12436-62qh8_/RDF-AllegroGraph-Easy-0.08-0/blib/lib/RDF/AllegroGraph/Repository.pm line 207.
when is experimental at /tmp/loop_over_bdir-12436-62qh8_/RDF-AllegroGraph-Easy-0.08-0/blib/lib/RDF/AllegroGraph/Repository.pm line 208.
when is experimental at /tmp/loop_over_bdir-12436-62qh8_/RDF-AllegroGraph-Easy-0.08-0/blib/lib/RDF/AllegroGraph/Repository.pm line 209.
when is experimental at /tmp/loop_over_bdir-12436-62qh8_/RDF-AllegroGraph-Easy-0.08-0/blib/lib/RDF/AllegroGraph/Repository.pm line 210.
when is experimental at /tmp/loop_over_bdir-12436-62qh8_/RDF-AllegroGraph-Easy-0.08-0/blib/lib/RDF/AllegroGraph/Repository.pm line 211.
given is experimental at /tmp/loop_over_bdir-12436-62qh8_/RDF-AllegroGraph-Easy-0.08-0/blib/lib/RDF/AllegroGraph/Repository3.pm line 83.
when is experimental at /tmp/loop_over_bdir-12436-62qh8_/RDF-AllegroGraph-Easy-0.08-0/blib/lib/RDF/AllegroGraph/Repository3.pm line 84.
when is experimental at /tmp/loop_over_bdir-12436-62qh8_/RDF-AllegroGraph-Easy-0.08-0/blib/lib/RDF/AllegroGraph/Repository3.pm line 89.
when is experimental at /tmp/loop_over_bdir-12436-62qh8_/RDF-AllegroGraph-Easy-0.08-0/blib/lib/RDF/AllegroGraph/Repository3.pm line 95.
given is experimental at /tmp/loop_over_bdir-12436-62qh8_/RDF-AllegroGraph-Easy-0.08-0/blib/lib/RDF/AllegroGraph/Repository3.pm line 123.
when is experimental at /tmp/loop_over_bdir-12436-62qh8_/RDF-AllegroGraph-Easy-0.08-0/blib/lib/RDF/AllegroGraph/Repository3.pm line 124.
when is experimental at /tmp/loop_over_bdir-12436-62qh8_/RDF-AllegroGraph-Easy-0.08-0/blib/lib/RDF/AllegroGraph/Repository3.pm line 125.
when is experimental at /tmp/loop_over_bdir-12436-62qh8_/RDF-AllegroGraph-Easy-0.08-0/blib/lib/RDF/AllegroGraph/Repository3.pm line 126.
when is experimental at /tmp/loop_over_bdir-12436-62qh8_/RDF-AllegroGraph-Easy-0.08-0/blib/lib/RDF/AllegroGraph/Repository3.pm line 127.
given is experimental at /tmp/loop_over_bdir-12436-62qh8_/RDF-AllegroGraph-Easy-0.08-0/blib/lib/RDF/AllegroGraph/Repository3.pm line 185.
when is experimental at /tmp/loop_over_bdir-12436-62qh8_/RDF-AllegroGraph-Easy-0.08-0/blib/lib/RDF/AllegroGraph/Repository3.pm line 186.
given is experimental at /tmp/loop_over_bdir-12436-62qh8_/RDF-AllegroGraph-Easy-0.08-0/blib/lib/RDF/AllegroGraph/Session4.pm line 123.
when is experimental at /tmp/loop_over_bdir-12436-62qh8_/RDF-AllegroGraph-Easy-0.08-0/blib/lib/RDF/AllegroGraph/Session4.pm line 124.
when is experimental at /tmp/loop_over_bdir-12436-62qh8_/RDF-AllegroGraph-Easy-0.08-0/blib/lib/RDF/AllegroGraph/Session4.pm line 127.
when is experimental at /tmp/loop_over_bdir-12436-62qh8_/RDF-AllegroGraph-Easy-0.08-0/blib/lib/RDF/AllegroGraph/Session4.pm line 130.
given is experimental at /tmp/loop_over_bdir-12436-62qh8_/RDF-AllegroGraph-Easy-0.08-0/blib/lib/RDF/AllegroGraph/Repository4.pm line 257.
when is experimental at /tmp/loop_over_bdir-12436-62qh8_/RDF-AllegroGraph-Easy-0.08-0/blib/lib/RDF/AllegroGraph/Repository4.pm line 258.
when is experimental at /tmp/loop_over_bdir-12436-62qh8_/RDF-AllegroGraph-Easy-0.08-0/blib/lib/RDF/AllegroGraph/Repository4.pm line 263.
when is experimental at /tmp/loop_over_bdir-12436-62qh8_/RDF-AllegroGraph-Easy-0.08-0/blib/lib/RDF/AllegroGraph/Repository4.pm line 269.
given is experimental at /tmp/loop_over_bdir-12436-62qh8_/RDF-AllegroGraph-Easy-0.08-0/blib/lib/RDF/AllegroGraph/Repository4.pm line 297.
when is experimental at /tmp/loop_over_bdir-12436-62qh8_/RDF-AllegroGraph-Easy-0.08-0/blib/lib/RDF/AllegroGraph/Repository4.pm line 298.
when is experimental at /tmp/loop_over_bdir-12436-62qh8_/RDF-AllegroGraph-Easy-0.08-0/blib/lib/RDF/AllegroGraph/Repository4.pm line 299.
when is experimental at /tmp/loop_over_bdir-12436-62qh8_/RDF-AllegroGraph-Easy-0.08-0/blib/lib/RDF/AllegroGraph/Repository4.pm line 300.
when is experimental at /tmp/loop_over_bdir-12436-62qh8_/RDF-AllegroGraph-Easy-0.08-0/blib/lib/RDF/AllegroGraph/Repository4.pm line 301.
given is experimental at /tmp/loop_over_bdir-12436-62qh8_/RDF-AllegroGraph-Easy-0.08-0/blib/lib/RDF/AllegroGraph/Repository4.pm line 436.
when is experimental at /tmp/loop_over_bdir-12436-62qh8_/RDF-AllegroGraph-Easy-0.08-0/blib/lib/RDF/AllegroGraph/Repository4.pm line 437.
Unimplemented: POSIX::tmpnam(): use File::Temp instead at /home/sand/src/perl/repoperls/installed-perls/host/k93msid/v5.27.0-94-gbb5b17cdb7/bb7f/lib/5.27.1/x86_64-linux/POSIX.pm line 185.
Unimplemented: POSIX::tmpnam() at t/v4_02_repos.t line 146.
BEGIN failed--compilation aborted at t/v4_02_repos.t line 146.
t/v4_02_repos.t ........ skipped: (no reason given)
given is experimental at /tmp/loop_over_bdir-12436-62qh8_/RDF-AllegroGraph-Easy-0.08-0/blib/lib/RDF/AllegroGraph/Repository.pm line 167.
when is experimental at /tmp/loop_over_bdir-12436-62qh8_/RDF-AllegroGraph-Easy-0.08-0/blib/lib/RDF/AllegroGraph/Repository.pm line 168.
when is experimental at /tmp/loop_over_bdir-12436-62qh8_/RDF-AllegroGraph-Easy-0.08-0/blib/lib/RDF/AllegroGraph/Repository.pm line 173.
when is experimental at /tmp/loop_over_bdir-12436-62qh8_/RDF-AllegroGraph-Easy-0.08-0/blib/lib/RDF/AllegroGraph/Repository.pm line 179.
given is experimental at /tmp/loop_over_bdir-12436-62qh8_/RDF-AllegroGraph-Easy-0.08-0/blib/lib/RDF/AllegroGraph/Repository.pm line 207.
when is experimental at /tmp/loop_over_bdir-12436-62qh8_/RDF-AllegroGraph-Easy-0.08-0/blib/lib/RDF/AllegroGraph/Repository.pm line 208.
when is experimental at /tmp/loop_over_bdir-12436-62qh8_/RDF-AllegroGraph-Easy-0.08-0/blib/lib/RDF/AllegroGraph/Repository.pm line 209.
when is experimental at /tmp/loop_over_bdir-12436-62qh8_/RDF-AllegroGraph-Easy-0.08-0/blib/lib/RDF/AllegroGraph/Repository.pm line 210.
when is experimental at /tmp/loop_over_bdir-12436-62qh8_/RDF-AllegroGraph-Easy-0.08-0/blib/lib/RDF/AllegroGraph/Repository.pm line 211.
given is experimental at /tmp/loop_over_bdir-12436-62qh8_/RDF-AllegroGraph-Easy-0.08-0/blib/lib/RDF/AllegroGraph/Repository3.pm line 83.
when is experimental at /tmp/loop_over_bdir-12436-62qh8_/RDF-AllegroGraph-Easy-0.08-0/blib/lib/RDF/AllegroGraph/Repository3.pm line 84.
when is experimental at /tmp/loop_over_bdir-12436-62qh8_/RDF-AllegroGraph-Easy-0.08-0/blib/lib/RDF/AllegroGraph/Repository3.pm line 89.
when is experimental at /tmp/loop_over_bdir-12436-62qh8_/RDF-AllegroGraph-Easy-0.08-0/blib/lib/RDF/AllegroGraph/Repository3.pm line 95.
given is experimental at /tmp/loop_over_bdir-12436-62qh8_/RDF-AllegroGraph-Easy-0.08-0/blib/lib/RDF/AllegroGraph/Repository3.pm line 123.
when is experimental at /tmp/loop_over_bdir-12436-62qh8_/RDF-AllegroGraph-Easy-0.08-0/blib/lib/RDF/AllegroGraph/Repository3.pm line 124.
when is experimental at /tmp/loop_over_bdir-12436-62qh8_/RDF-AllegroGraph-Easy-0.08-0/blib/lib/RDF/AllegroGraph/Repository3.pm line 125.
when is experimental at /tmp/loop_over_bdir-12436-62qh8_/RDF-AllegroGraph-Easy-0.08-0/blib/lib/RDF/AllegroGraph/Repository3.pm line 126.
when is experimental at /tmp/loop_over_bdir-12436-62qh8_/RDF-AllegroGraph-Easy-0.08-0/blib/lib/RDF/AllegroGraph/Repository3.pm line 127.
given is experimental at /tmp/loop_over_bdir-12436-62qh8_/RDF-AllegroGraph-Easy-0.08-0/blib/lib/RDF/AllegroGraph/Repository3.pm line 185.
when is experimental at /tmp/loop_over_bdir-12436-62qh8_/RDF-AllegroGraph-Easy-0.08-0/blib/lib/RDF/AllegroGraph/Repository3.pm line 186.
given is experimental at /tmp/loop_over_bdir-12436-62qh8_/RDF-AllegroGraph-Easy-0.08-0/blib/lib/RDF/AllegroGraph/Session4.pm line 123.
when is experimental at /tmp/loop_over_bdir-12436-62qh8_/RDF-AllegroGraph-Easy-0.08-0/blib/lib/RDF/AllegroGraph/Session4.pm line 124.
when is experimental at /tmp/loop_over_bdir-12436-62qh8_/RDF-AllegroGraph-Easy-0.08-0/blib/lib/RDF/AllegroGraph/Session4.pm line 127.
when is experimental at /tmp/loop_over_bdir-12436-62qh8_/RDF-AllegroGraph-Easy-0.08-0/blib/lib/RDF/AllegroGraph/Session4.pm line 130.
given is experimental at /tmp/loop_over_bdir-12436-62qh8_/RDF-AllegroGraph-Easy-0.08-0/blib/lib/RDF/AllegroGraph/Repository4.pm line 257.
when is experimental at /tmp/loop_over_bdir-12436-62qh8_/RDF-AllegroGraph-Easy-0.08-0/blib/lib/RDF/AllegroGraph/Repository4.pm line 258.
when is experimental at /tmp/loop_over_bdir-12436-62qh8_/RDF-AllegroGraph-Easy-0.08-0/blib/lib/RDF/AllegroGraph/Repository4.pm line 263.
when is experimental at /tmp/loop_over_bdir-12436-62qh8_/RDF-AllegroGraph-Easy-0.08-0/blib/lib/RDF/AllegroGraph/Repository4.pm line 269.
given is experimental at /tmp/loop_over_bdir-12436-62qh8_/RDF-AllegroGraph-Easy-0.08-0/blib/lib/RDF/AllegroGraph/Repository4.pm line 297.
when is experimental at /tmp/loop_over_bdir-12436-62qh8_/RDF-AllegroGraph-Easy-0.08-0/blib/lib/RDF/AllegroGraph/Repository4.pm line 298.
when is experimental at /tmp/loop_over_bdir-12436-62qh8_/RDF-AllegroGraph-Easy-0.08-0/blib/lib/RDF/AllegroGraph/Repository4.pm line 299.
when is experimental at /tmp/loop_over_bdir-12436-62qh8_/RDF-AllegroGraph-Easy-0.08-0/blib/lib/RDF/AllegroGraph/Repository4.pm line 300.
when is experimental at /tmp/loop_over_bdir-12436-62qh8_/RDF-AllegroGraph-Easy-0.08-0/blib/lib/RDF/AllegroGraph/Repository4.pm line 301.
given is experimental at /tmp/loop_over_bdir-12436-62qh8_/RDF-AllegroGraph-Easy-0.08-0/blib/lib/RDF/AllegroGraph/Repository4.pm line 436.
when is experimental at /tmp/loop_over_bdir-12436-62qh8_/RDF-AllegroGraph-Easy-0.08-0/blib/lib/RDF/AllegroGraph/Repository4.pm line 437.
t/v4_02_session.t ...... ok
given is experimental at /tmp/loop_over_bdir-12436-62qh8_/RDF-AllegroGraph-Easy-0.08-0/blib/lib/RDF/AllegroGraph/Repository.pm line 167.
when is experimental at /tmp/loop_over_bdir-12436-62qh8_/RDF-AllegroGraph-Easy-0.08-0/blib/lib/RDF/AllegroGraph/Repository.pm line 168.
when is experimental at /tmp/loop_over_bdir-12436-62qh8_/RDF-AllegroGraph-Easy-0.08-0/blib/lib/RDF/AllegroGraph/Repository.pm line 173.
when is experimental at /tmp/loop_over_bdir-12436-62qh8_/RDF-AllegroGraph-Easy-0.08-0/blib/lib/RDF/AllegroGraph/Repository.pm line 179.
given is experimental at /tmp/loop_over_bdir-12436-62qh8_/RDF-AllegroGraph-Easy-0.08-0/blib/lib/RDF/AllegroGraph/Repository.pm line 207.
when is experimental at /tmp/loop_over_bdir-12436-62qh8_/RDF-AllegroGraph-Easy-0.08-0/blib/lib/RDF/AllegroGraph/Repository.pm line 208.
when is experimental at /tmp/loop_over_bdir-12436-62qh8_/RDF-AllegroGraph-Easy-0.08-0/blib/lib/RDF/AllegroGraph/Repository.pm line 209.
when is experimental at /tmp/loop_over_bdir-12436-62qh8_/RDF-AllegroGraph-Easy-0.08-0/blib/lib/RDF/AllegroGraph/Repository.pm line 210.
when is experimental at /tmp/loop_over_bdir-12436-62qh8_/RDF-AllegroGraph-Easy-0.08-0/blib/lib/RDF/AllegroGraph/Repository.pm line 211.
given is experimental at /tmp/loop_over_bdir-12436-62qh8_/RDF-AllegroGraph-Easy-0.08-0/blib/lib/RDF/AllegroGraph/Repository3.pm line 83.
when is experimental at /tmp/loop_over_bdir-12436-62qh8_/RDF-AllegroGraph-Easy-0.08-0/blib/lib/RDF/AllegroGraph/Repository3.pm line 84.
when is experimental at /tmp/loop_over_bdir-12436-62qh8_/RDF-AllegroGraph-Easy-0.08-0/blib/lib/RDF/AllegroGraph/Repository3.pm line 89.
when is experimental at /tmp/loop_over_bdir-12436-62qh8_/RDF-AllegroGraph-Easy-0.08-0/blib/lib/RDF/AllegroGraph/Repository3.pm line 95.
given is experimental at /tmp/loop_over_bdir-12436-62qh8_/RDF-AllegroGraph-Easy-0.08-0/blib/lib/RDF/AllegroGraph/Repository3.pm line 123.
when is experimental at /tmp/loop_over_bdir-12436-62qh8_/RDF-AllegroGraph-Easy-0.08-0/blib/lib/RDF/AllegroGraph/Repository3.pm line 124.
when is experimental at /tmp/loop_over_bdir-12436-62qh8_/RDF-AllegroGraph-Easy-0.08-0/blib/lib/RDF/AllegroGraph/Repository3.pm line 125.
when is experimental at /tmp/loop_over_bdir-12436-62qh8_/RDF-AllegroGraph-Easy-0.08-0/blib/lib/RDF/AllegroGraph/Repository3.pm line 126.
when is experimental at /tmp/loop_over_bdir-12436-62qh8_/RDF-AllegroGraph-Easy-0.08-0/blib/lib/RDF/AllegroGraph/Repository3.pm line 127.
given is experimental at /tmp/loop_over_bdir-12436-62qh8_/RDF-AllegroGraph-Easy-0.08-0/blib/lib/RDF/AllegroGraph/Repository3.pm line 185.
when is experimental at /tmp/loop_over_bdir-12436-62qh8_/RDF-AllegroGraph-Easy-0.08-0/blib/lib/RDF/AllegroGraph/Repository3.pm line 186.
given is experimental at /tmp/loop_over_bdir-12436-62qh8_/RDF-AllegroGraph-Easy-0.08-0/blib/lib/RDF/AllegroGraph/Session4.pm line 123.
when is experimental at /tmp/loop_over_bdir-12436-62qh8_/RDF-AllegroGraph-Easy-0.08-0/blib/lib/RDF/AllegroGraph/Session4.pm line 124.
when is experimental at /tmp/loop_over_bdir-12436-62qh8_/RDF-AllegroGraph-Easy-0.08-0/blib/lib/RDF/AllegroGraph/Session4.pm line 127.
when is experimental at /tmp/loop_over_bdir-12436-62qh8_/RDF-AllegroGraph-Easy-0.08-0/blib/lib/RDF/AllegroGraph/Session4.pm line 130.
given is experimental at /tmp/loop_over_bdir-12436-62qh8_/RDF-AllegroGraph-Easy-0.08-0/blib/lib/RDF/AllegroGraph/Repository4.pm line 257.
when is experimental at /tmp/loop_over_bdir-12436-62qh8_/RDF-AllegroGraph-Easy-0.08-0/blib/lib/RDF/AllegroGraph/Repository4.pm line 258.
when is experimental at /tmp/loop_over_bdir-12436-62qh8_/RDF-AllegroGraph-Easy-0.08-0/blib/lib/RDF/AllegroGraph/Repository4.pm line 263.
when is experimental at /tmp/loop_over_bdir-12436-62qh8_/RDF-AllegroGraph-Easy-0.08-0/blib/lib/RDF/AllegroGraph/Repository4.pm line 269.
given is experimental at /tmp/loop_over_bdir-12436-62qh8_/RDF-AllegroGraph-Easy-0.08-0/blib/lib/RDF/AllegroGraph/Repository4.pm line 297.
when is experimental at /tmp/loop_over_bdir-12436-62qh8_/RDF-AllegroGraph-Easy-0.08-0/blib/lib/RDF/AllegroGraph/Repository4.pm line 298.
when is experimental at /tmp/loop_over_bdir-12436-62qh8_/RDF-AllegroGraph-Easy-0.08-0/blib/lib/RDF/AllegroGraph/Repository4.pm line 299.
when is experimental at /tmp/loop_over_bdir-12436-62qh8_/RDF-AllegroGraph-Easy-0.08-0/blib/lib/RDF/AllegroGraph/Repository4.pm line 300.
when is experimental at /tmp/loop_over_bdir-12436-62qh8_/RDF-AllegroGraph-Easy-0.08-0/blib/lib/RDF/AllegroGraph/Repository4.pm line 301.
given is experimental at /tmp/loop_over_bdir-12436-62qh8_/RDF-AllegroGraph-Easy-0.08-0/blib/lib/RDF/AllegroGraph/Repository4.pm line 436.
when is experimental at /tmp/loop_over_bdir-12436-62qh8_/RDF-AllegroGraph-Easy-0.08-0/blib/lib/RDF/AllegroGraph/Repository4.pm line 437.
t/v4_02_transaction.t .. ok
given is experimental at /tmp/loop_over_bdir-12436-62qh8_/RDF-AllegroGraph-Easy-0.08-0/blib/lib/RDF/AllegroGraph/Repository.pm line 167.
when is experimental at /tmp/loop_over_bdir-12436-62qh8_/RDF-AllegroGraph-Easy-0.08-0/blib/lib/RDF/AllegroGraph/Repository.pm line 168.
when is experimental at /tmp/loop_over_bdir-12436-62qh8_/RDF-AllegroGraph-Easy-0.08-0/blib/lib/RDF/AllegroGraph/Repository.pm line 173.
when is experimental at /tmp/loop_over_bdir-12436-62qh8_/RDF-AllegroGraph-Easy-0.08-0/blib/lib/RDF/AllegroGraph/Repository.pm line 179.
given is experimental at /tmp/loop_over_bdir-12436-62qh8_/RDF-AllegroGraph-Easy-0.08-0/blib/lib/RDF/AllegroGraph/Repository.pm line 207.
when is experimental at /tmp/loop_over_bdir-12436-62qh8_/RDF-AllegroGraph-Easy-0.08-0/blib/lib/RDF/AllegroGraph/Repository.pm line 208.
when is experimental at /tmp/loop_over_bdir-12436-62qh8_/RDF-AllegroGraph-Easy-0.08-0/blib/lib/RDF/AllegroGraph/Repository.pm line 209.
when is experimental at /tmp/loop_over_bdir-12436-62qh8_/RDF-AllegroGraph-Easy-0.08-0/blib/lib/RDF/AllegroGraph/Repository.pm line 210.
when is experimental at /tmp/loop_over_bdir-12436-62qh8_/RDF-AllegroGraph-Easy-0.08-0/blib/lib/RDF/AllegroGraph/Repository.pm line 211.
given is experimental at /tmp/loop_over_bdir-12436-62qh8_/RDF-AllegroGraph-Easy-0.08-0/blib/lib/RDF/AllegroGraph/Repository3.pm line 83.
when is experimental at /tmp/loop_over_bdir-12436-62qh8_/RDF-AllegroGraph-Easy-0.08-0/blib/lib/RDF/AllegroGraph/Repository3.pm line 84.
when is experimental at /tmp/loop_over_bdir-12436-62qh8_/RDF-AllegroGraph-Easy-0.08-0/blib/lib/RDF/AllegroGraph/Repository3.pm line 89.
when is experimental at /tmp/loop_over_bdir-12436-62qh8_/RDF-AllegroGraph-Easy-0.08-0/blib/lib/RDF/AllegroGraph/Repository3.pm line 95.
given is experimental at /tmp/loop_over_bdir-12436-62qh8_/RDF-AllegroGraph-Easy-0.08-0/blib/lib/RDF/AllegroGraph/Repository3.pm line 123.
when is experimental at /tmp/loop_over_bdir-12436-62qh8_/RDF-AllegroGraph-Easy-0.08-0/blib/lib/RDF/AllegroGraph/Repository3.pm line 124.
when is experimental at /tmp/loop_over_bdir-12436-62qh8_/RDF-AllegroGraph-Easy-0.08-0/blib/lib/RDF/AllegroGraph/Repository3.pm line 125.
when is experimental at /tmp/loop_over_bdir-12436-62qh8_/RDF-AllegroGraph-Easy-0.08-0/blib/lib/RDF/AllegroGraph/Repository3.pm line 126.
when is experimental at /tmp/loop_over_bdir-12436-62qh8_/RDF-AllegroGraph-Easy-0.08-0/blib/lib/RDF/AllegroGraph/Repository3.pm line 127.
given is experimental at /tmp/loop_over_bdir-12436-62qh8_/RDF-AllegroGraph-Easy-0.08-0/blib/lib/RDF/AllegroGraph/Repository3.pm line 185.
when is experimental at /tmp/loop_over_bdir-12436-62qh8_/RDF-AllegroGraph-Easy-0.08-0/blib/lib/RDF/AllegroGraph/Repository3.pm line 186.
given is experimental at /tmp/loop_over_bdir-12436-62qh8_/RDF-AllegroGraph-Easy-0.08-0/blib/lib/RDF/AllegroGraph/Session4.pm line 123.
when is experimental at /tmp/loop_over_bdir-12436-62qh8_/RDF-AllegroGraph-Easy-0.08-0/blib/lib/RDF/AllegroGraph/Session4.pm line 124.
when is experimental at /tmp/loop_over_bdir-12436-62qh8_/RDF-AllegroGraph-Easy-0.08-0/blib/lib/RDF/AllegroGraph/Session4.pm line 127.
when is experimental at /tmp/loop_over_bdir-12436-62qh8_/RDF-AllegroGraph-Easy-0.08-0/blib/lib/RDF/AllegroGraph/Session4.pm line 130.
given is experimental at /tmp/loop_over_bdir-12436-62qh8_/RDF-AllegroGraph-Easy-0.08-0/blib/lib/RDF/AllegroGraph/Repository4.pm line 257.
when is experimental at /tmp/loop_over_bdir-12436-62qh8_/RDF-AllegroGraph-Easy-0.08-0/blib/lib/RDF/AllegroGraph/Repository4.pm line 258.
when is experimental at /tmp/loop_over_bdir-12436-62qh8_/RDF-AllegroGraph-Easy-0.08-0/blib/lib/RDF/AllegroGraph/Repository4.pm line 263.
when is experimental at /tmp/loop_over_bdir-12436-62qh8_/RDF-AllegroGraph-Easy-0.08-0/blib/lib/RDF/AllegroGraph/Repository4.pm line 269.
given is experimental at /tmp/loop_over_bdir-12436-62qh8_/RDF-AllegroGraph-Easy-0.08-0/blib/lib/RDF/AllegroGraph/Repository4.pm line 297.
when is experimental at /tmp/loop_over_bdir-12436-62qh8_/RDF-AllegroGraph-Easy-0.08-0/blib/lib/RDF/AllegroGraph/Repository4.pm line 298.
when is experimental at /tmp/loop_over_bdir-12436-62qh8_/RDF-AllegroGraph-Easy-0.08-0/blib/lib/RDF/AllegroGraph/Repository4.pm line 299.
when is experimental at /tmp/loop_over_bdir-12436-62qh8_/RDF-AllegroGraph-Easy-0.08-0/blib/lib/RDF/AllegroGraph/Repository4.pm line 300.
when is experimental at /tmp/loop_over_bdir-12436-62qh8_/RDF-AllegroGraph-Easy-0.08-0/blib/lib/RDF/AllegroGraph/Repository4.pm line 301.
given is experimental at /tmp/loop_over_bdir-12436-62qh8_/RDF-AllegroGraph-Easy-0.08-0/blib/lib/RDF/AllegroGraph/Repository4.pm line 436.
when is experimental at /tmp/loop_over_bdir-12436-62qh8_/RDF-AllegroGraph-Easy-0.08-0/blib/lib/RDF/AllegroGraph/Repository4.pm line 437.
t/v4_03_geo.t .......... ok
given is experimental at /tmp/loop_over_bdir-12436-62qh8_/RDF-AllegroGraph-Easy-0.08-0/blib/lib/RDF/AllegroGraph/Repository.pm line 167.
when is experimental at /tmp/loop_over_bdir-12436-62qh8_/RDF-AllegroGraph-Easy-0.08-0/blib/lib/RDF/AllegroGraph/Repository.pm line 168.
when is experimental at /tmp/loop_over_bdir-12436-62qh8_/RDF-AllegroGraph-Easy-0.08-0/blib/lib/RDF/AllegroGraph/Repository.pm line 173.
when is experimental at /tmp/loop_over_bdir-12436-62qh8_/RDF-AllegroGraph-Easy-0.08-0/blib/lib/RDF/AllegroGraph/Repository.pm line 179.
given is experimental at /tmp/loop_over_bdir-12436-62qh8_/RDF-AllegroGraph-Easy-0.08-0/blib/lib/RDF/AllegroGraph/Repository.pm line 207.
when is experimental at /tmp/loop_over_bdir-12436-62qh8_/RDF-AllegroGraph-Easy-0.08-0/blib/lib/RDF/AllegroGraph/Repository.pm line 208.
when is experimental at /tmp/loop_over_bdir-12436-62qh8_/RDF-AllegroGraph-Easy-0.08-0/blib/lib/RDF/AllegroGraph/Repository.pm line 209.
when is experimental at /tmp/loop_over_bdir-12436-62qh8_/RDF-AllegroGraph-Easy-0.08-0/blib/lib/RDF/AllegroGraph/Repository.pm line 210.
when is experimental at /tmp/loop_over_bdir-12436-62qh8_/RDF-AllegroGraph-Easy-0.08-0/blib/lib/RDF/AllegroGraph/Repository.pm line 211.
given is experimental at /tmp/loop_over_bdir-12436-62qh8_/RDF-AllegroGraph-Easy-0.08-0/blib/lib/RDF/AllegroGraph/Repository3.pm line 83.
when is experimental at /tmp/loop_over_bdir-12436-62qh8_/RDF-AllegroGraph-Easy-0.08-0/blib/lib/RDF/AllegroGraph/Repository3.pm line 84.
when is experimental at /tmp/loop_over_bdir-12436-62qh8_/RDF-AllegroGraph-Easy-0.08-0/blib/lib/RDF/AllegroGraph/Repository3.pm line 89.
when is experimental at /tmp/loop_over_bdir-12436-62qh8_/RDF-AllegroGraph-Easy-0.08-0/blib/lib/RDF/AllegroGraph/Repository3.pm line 95.
given is experimental at /tmp/loop_over_bdir-12436-62qh8_/RDF-AllegroGraph-Easy-0.08-0/blib/lib/RDF/AllegroGraph/Repository3.pm line 123.
when is experimental at /tmp/loop_over_bdir-12436-62qh8_/RDF-AllegroGraph-Easy-0.08-0/blib/lib/RDF/AllegroGraph/Repository3.pm line 124.
when is experimental at /tmp/loop_over_bdir-12436-62qh8_/RDF-AllegroGraph-Easy-0.08-0/blib/lib/RDF/AllegroGraph/Repository3.pm line 125.
when is experimental at /tmp/loop_over_bdir-12436-62qh8_/RDF-AllegroGraph-Easy-0.08-0/blib/lib/RDF/AllegroGraph/Repository3.pm line 126.
when is experimental at /tmp/loop_over_bdir-12436-62qh8_/RDF-AllegroGraph-Easy-0.08-0/blib/lib/RDF/AllegroGraph/Repository3.pm line 127.
given is experimental at /tmp/loop_over_bdir-12436-62qh8_/RDF-AllegroGraph-Easy-0.08-0/blib/lib/RDF/AllegroGraph/Repository3.pm line 185.
when is experimental at /tmp/loop_over_bdir-12436-62qh8_/RDF-AllegroGraph-Easy-0.08-0/blib/lib/RDF/AllegroGraph/Repository3.pm line 186.
given is experimental at /tmp/loop_over_bdir-12436-62qh8_/RDF-AllegroGraph-Easy-0.08-0/blib/lib/RDF/AllegroGraph/Session4.pm line 123.
when is experimental at /tmp/loop_over_bdir-12436-62qh8_/RDF-AllegroGraph-Easy-0.08-0/blib/lib/RDF/AllegroGraph/Session4.pm line 124.
when is experimental at /tmp/loop_over_bdir-12436-62qh8_/RDF-AllegroGraph-Easy-0.08-0/blib/lib/RDF/AllegroGraph/Session4.pm line 127.
when is experimental at /tmp/loop_over_bdir-12436-62qh8_/RDF-AllegroGraph-Easy-0.08-0/blib/lib/RDF/AllegroGraph/Session4.pm line 130.
given is experimental at /tmp/loop_over_bdir-12436-62qh8_/RDF-AllegroGraph-Easy-0.08-0/blib/lib/RDF/AllegroGraph/Repository4.pm line 257.
when is experimental at /tmp/loop_over_bdir-12436-62qh8_/RDF-AllegroGraph-Easy-0.08-0/blib/lib/RDF/AllegroGraph/Repository4.pm line 258.
when is experimental at /tmp/loop_over_bdir-12436-62qh8_/RDF-AllegroGraph-Easy-0.08-0/blib/lib/RDF/AllegroGraph/Repository4.pm line 263.
when is experimental at /tmp/loop_over_bdir-12436-62qh8_/RDF-AllegroGraph-Easy-0.08-0/blib/lib/RDF/AllegroGraph/Repository4.pm line 269.
given is experimental at /tmp/loop_over_bdir-12436-62qh8_/RDF-AllegroGraph-Easy-0.08-0/blib/lib/RDF/AllegroGraph/Repository4.pm line 297.
when is experimental at /tmp/loop_over_bdir-12436-62qh8_/RDF-AllegroGraph-Easy-0.08-0/blib/lib/RDF/AllegroGraph/Repository4.pm line 298.
when is experimental at /tmp/loop_over_bdir-12436-62qh8_/RDF-AllegroGraph-Easy-0.08-0/blib/lib/RDF/AllegroGraph/Repository4.pm line 299.
when is experimental at /tmp/loop_over_bdir-12436-62qh8_/RDF-AllegroGraph-Easy-0.08-0/blib/lib/RDF/AllegroGraph/Repository4.pm line 300.
when is experimental at /tmp/loop_over_bdir-12436-62qh8_/RDF-AllegroGraph-Easy-0.08-0/blib/lib/RDF/AllegroGraph/Repository4.pm line 301.
given is experimental at /tmp/loop_over_bdir-12436-62qh8_/RDF-AllegroGraph-Easy-0.08-0/blib/lib/RDF/AllegroGraph/Repository4.pm line 436.
when is experimental at /tmp/loop_over_bdir-12436-62qh8_/RDF-AllegroGraph-Easy-0.08-0/blib/lib/RDF/AllegroGraph/Repository4.pm line 437.
t/v4_03_namespaces.t ... ok
given is experimental at /tmp/loop_over_bdir-12436-62qh8_/RDF-AllegroGraph-Easy-0.08-0/blib/lib/RDF/AllegroGraph/Repository.pm line 167.
when is experimental at /tmp/loop_over_bdir-12436-62qh8_/RDF-AllegroGraph-Easy-0.08-0/blib/lib/RDF/AllegroGraph/Repository.pm line 168.
when is experimental at /tmp/loop_over_bdir-12436-62qh8_/RDF-AllegroGraph-Easy-0.08-0/blib/lib/RDF/AllegroGraph/Repository.pm line 173.
when is experimental at /tmp/loop_over_bdir-12436-62qh8_/RDF-AllegroGraph-Easy-0.08-0/blib/lib/RDF/AllegroGraph/Repository.pm line 179.
given is experimental at /tmp/loop_over_bdir-12436-62qh8_/RDF-AllegroGraph-Easy-0.08-0/blib/lib/RDF/AllegroGraph/Repository.pm line 207.
when is experimental at /tmp/loop_over_bdir-12436-62qh8_/RDF-AllegroGraph-Easy-0.08-0/blib/lib/RDF/AllegroGraph/Repository.pm line 208.
when is experimental at /tmp/loop_over_bdir-12436-62qh8_/RDF-AllegroGraph-Easy-0.08-0/blib/lib/RDF/AllegroGraph/Repository.pm line 209.
when is experimental at /tmp/loop_over_bdir-12436-62qh8_/RDF-AllegroGraph-Easy-0.08-0/blib/lib/RDF/AllegroGraph/Repository.pm line 210.
when is experimental at /tmp/loop_over_bdir-12436-62qh8_/RDF-AllegroGraph-Easy-0.08-0/blib/lib/RDF/AllegroGraph/Repository.pm line 211.
given is experimental at /tmp/loop_over_bdir-12436-62qh8_/RDF-AllegroGraph-Easy-0.08-0/blib/lib/RDF/AllegroGraph/Repository3.pm line 83.
when is experimental at /tmp/loop_over_bdir-12436-62qh8_/RDF-AllegroGraph-Easy-0.08-0/blib/lib/RDF/AllegroGraph/Repository3.pm line 84.
when is experimental at /tmp/loop_over_bdir-12436-62qh8_/RDF-AllegroGraph-Easy-0.08-0/blib/lib/RDF/AllegroGraph/Repository3.pm line 89.
when is experimental at /tmp/loop_over_bdir-12436-62qh8_/RDF-AllegroGraph-Easy-0.08-0/blib/lib/RDF/AllegroGraph/Repository3.pm line 95.
given is experimental at /tmp/loop_over_bdir-12436-62qh8_/RDF-AllegroGraph-Easy-0.08-0/blib/lib/RDF/AllegroGraph/Repository3.pm line 123.
when is experimental at /tmp/loop_over_bdir-12436-62qh8_/RDF-AllegroGraph-Easy-0.08-0/blib/lib/RDF/AllegroGraph/Repository3.pm line 124.
when is experimental at /tmp/loop_over_bdir-12436-62qh8_/RDF-AllegroGraph-Easy-0.08-0/blib/lib/RDF/AllegroGraph/Repository3.pm line 125.
when is experimental at /tmp/loop_over_bdir-12436-62qh8_/RDF-AllegroGraph-Easy-0.08-0/blib/lib/RDF/AllegroGraph/Repository3.pm line 126.
when is experimental at /tmp/loop_over_bdir-12436-62qh8_/RDF-AllegroGraph-Easy-0.08-0/blib/lib/RDF/AllegroGraph/Repository3.pm line 127.
given is experimental at /tmp/loop_over_bdir-12436-62qh8_/RDF-AllegroGraph-Easy-0.08-0/blib/lib/RDF/AllegroGraph/Repository3.pm line 185.
when is experimental at /tmp/loop_over_bdir-12436-62qh8_/RDF-AllegroGraph-Easy-0.08-0/blib/lib/RDF/AllegroGraph/Repository3.pm line 186.
given is experimental at /tmp/loop_over_bdir-12436-62qh8_/RDF-AllegroGraph-Easy-0.08-0/blib/lib/RDF/AllegroGraph/Session4.pm line 123.
when is experimental at /tmp/loop_over_bdir-12436-62qh8_/RDF-AllegroGraph-Easy-0.08-0/blib/lib/RDF/AllegroGraph/Session4.pm line 124.
when is experimental at /tmp/loop_over_bdir-12436-62qh8_/RDF-AllegroGraph-Easy-0.08-0/blib/lib/RDF/AllegroGraph/Session4.pm line 127.
when is experimental at /tmp/loop_over_bdir-12436-62qh8_/RDF-AllegroGraph-Easy-0.08-0/blib/lib/RDF/AllegroGraph/Session4.pm line 130.
given is experimental at /tmp/loop_over_bdir-12436-62qh8_/RDF-AllegroGraph-Easy-0.08-0/blib/lib/RDF/AllegroGraph/Repository4.pm line 257.
when is experimental at /tmp/loop_over_bdir-12436-62qh8_/RDF-AllegroGraph-Easy-0.08-0/blib/lib/RDF/AllegroGraph/Repository4.pm line 258.
when is experimental at /tmp/loop_over_bdir-12436-62qh8_/RDF-AllegroGraph-Easy-0.08-0/blib/lib/RDF/AllegroGraph/Repository4.pm line 263.
when is experimental at /tmp/loop_over_bdir-12436-62qh8_/RDF-AllegroGraph-Easy-0.08-0/blib/lib/RDF/AllegroGraph/Repository4.pm line 269.
given is experimental at /tmp/loop_over_bdir-12436-62qh8_/RDF-AllegroGraph-Easy-0.08-0/blib/lib/RDF/AllegroGraph/Repository4.pm line 297.
when is experimental at /tmp/loop_over_bdir-12436-62qh8_/RDF-AllegroGraph-Easy-0.08-0/blib/lib/RDF/AllegroGraph/Repository4.pm line 298.
when is experimental at /tmp/loop_over_bdir-12436-62qh8_/RDF-AllegroGraph-Easy-0.08-0/blib/lib/RDF/AllegroGraph/Repository4.pm line 299.
when is experimental at /tmp/loop_over_bdir-12436-62qh8_/RDF-AllegroGraph-Easy-0.08-0/blib/lib/RDF/AllegroGraph/Repository4.pm line 300.
when is experimental at /tmp/loop_over_bdir-12436-62qh8_/RDF-AllegroGraph-Easy-0.08-0/blib/lib/RDF/AllegroGraph/Repository4.pm line 301.
given is experimental at /tmp/loop_over_bdir-12436-62qh8_/RDF-AllegroGraph-Easy-0.08-0/blib/lib/RDF/AllegroGraph/Repository4.pm line 436.
when is experimental at /tmp/loop_over_bdir-12436-62qh8_/RDF-AllegroGraph-Easy-0.08-0/blib/lib/RDF/AllegroGraph/Repository4.pm line 437.
t/v4_03_sna.t .......... ok
given is experimental at /tmp/loop_over_bdir-12436-62qh8_/RDF-AllegroGraph-Easy-0.08-0/blib/lib/RDF/AllegroGraph/Repository.pm line 167.
when is experimental at /tmp/loop_over_bdir-12436-62qh8_/RDF-AllegroGraph-Easy-0.08-0/blib/lib/RDF/AllegroGraph/Repository.pm line 168.
when is experimental at /tmp/loop_over_bdir-12436-62qh8_/RDF-AllegroGraph-Easy-0.08-0/blib/lib/RDF/AllegroGraph/Repository.pm line 173.
when is experimental at /tmp/loop_over_bdir-12436-62qh8_/RDF-AllegroGraph-Easy-0.08-0/blib/lib/RDF/AllegroGraph/Repository.pm line 179.
given is experimental at /tmp/loop_over_bdir-12436-62qh8_/RDF-AllegroGraph-Easy-0.08-0/blib/lib/RDF/AllegroGraph/Repository.pm line 207.
when is experimental at /tmp/loop_over_bdir-12436-62qh8_/RDF-AllegroGraph-Easy-0.08-0/blib/lib/RDF/AllegroGraph/Repository.pm line 208.
when is experimental at /tmp/loop_over_bdir-12436-62qh8_/RDF-AllegroGraph-Easy-0.08-0/blib/lib/RDF/AllegroGraph/Repository.pm line 209.
when is experimental at /tmp/loop_over_bdir-12436-62qh8_/RDF-AllegroGraph-Easy-0.08-0/blib/lib/RDF/AllegroGraph/Repository.pm line 210.
when is experimental at /tmp/loop_over_bdir-12436-62qh8_/RDF-AllegroGraph-Easy-0.08-0/blib/lib/RDF/AllegroGraph/Repository.pm line 211.
given is experimental at /tmp/loop_over_bdir-12436-62qh8_/RDF-AllegroGraph-Easy-0.08-0/blib/lib/RDF/AllegroGraph/Repository3.pm line 83.
when is experimental at /tmp/loop_over_bdir-12436-62qh8_/RDF-AllegroGraph-Easy-0.08-0/blib/lib/RDF/AllegroGraph/Repository3.pm line 84.
when is experimental at /tmp/loop_over_bdir-12436-62qh8_/RDF-AllegroGraph-Easy-0.08-0/blib/lib/RDF/AllegroGraph/Repository3.pm line 89.
when is experimental at /tmp/loop_over_bdir-12436-62qh8_/RDF-AllegroGraph-Easy-0.08-0/blib/lib/RDF/AllegroGraph/Repository3.pm line 95.
given is experimental at /tmp/loop_over_bdir-12436-62qh8_/RDF-AllegroGraph-Easy-0.08-0/blib/lib/RDF/AllegroGraph/Repository3.pm line 123.
when is experimental at /tmp/loop_over_bdir-12436-62qh8_/RDF-AllegroGraph-Easy-0.08-0/blib/lib/RDF/AllegroGraph/Repository3.pm line 124.
when is experimental at /tmp/loop_over_bdir-12436-62qh8_/RDF-AllegroGraph-Easy-0.08-0/blib/lib/RDF/AllegroGraph/Repository3.pm line 125.
when is experimental at /tmp/loop_over_bdir-12436-62qh8_/RDF-AllegroGraph-Easy-0.08-0/blib/lib/RDF/AllegroGraph/Repository3.pm line 126.
when is experimental at /tmp/loop_over_bdir-12436-62qh8_/RDF-AllegroGraph-Easy-0.08-0/blib/lib/RDF/AllegroGraph/Repository3.pm line 127.
given is experimental at /tmp/loop_over_bdir-12436-62qh8_/RDF-AllegroGraph-Easy-0.08-0/blib/lib/RDF/AllegroGraph/Repository3.pm line 185.
when is experimental at /tmp/loop_over_bdir-12436-62qh8_/RDF-AllegroGraph-Easy-0.08-0/blib/lib/RDF/AllegroGraph/Repository3.pm line 186.
given is experimental at /tmp/loop_over_bdir-12436-62qh8_/RDF-AllegroGraph-Easy-0.08-0/blib/lib/RDF/AllegroGraph/Session4.pm line 123.
when is experimental at /tmp/loop_over_bdir-12436-62qh8_/RDF-AllegroGraph-Easy-0.08-0/blib/lib/RDF/AllegroGraph/Session4.pm line 124.
when is experimental at /tmp/loop_over_bdir-12436-62qh8_/RDF-AllegroGraph-Easy-0.08-0/blib/lib/RDF/AllegroGraph/Session4.pm line 127.
when is experimental at /tmp/loop_over_bdir-12436-62qh8_/RDF-AllegroGraph-Easy-0.08-0/blib/lib/RDF/AllegroGraph/Session4.pm line 130.
given is experimental at /tmp/loop_over_bdir-12436-62qh8_/RDF-AllegroGraph-Easy-0.08-0/blib/lib/RDF/AllegroGraph/Repository4.pm line 257.
when is experimental at /tmp/loop_over_bdir-12436-62qh8_/RDF-AllegroGraph-Easy-0.08-0/blib/lib/RDF/AllegroGraph/Repository4.pm line 258.
when is experimental at /tmp/loop_over_bdir-12436-62qh8_/RDF-AllegroGraph-Easy-0.08-0/blib/lib/RDF/AllegroGraph/Repository4.pm line 263.
when is experimental at /tmp/loop_over_bdir-12436-62qh8_/RDF-AllegroGraph-Easy-0.08-0/blib/lib/RDF/AllegroGraph/Repository4.pm line 269.
given is experimental at /tmp/loop_over_bdir-12436-62qh8_/RDF-AllegroGraph-Easy-0.08-0/blib/lib/RDF/AllegroGraph/Repository4.pm line 297.
when is experimental at /tmp/loop_over_bdir-12436-62qh8_/RDF-AllegroGraph-Easy-0.08-0/blib/lib/RDF/AllegroGraph/Repository4.pm line 298.
when is experimental at /tmp/loop_over_bdir-12436-62qh8_/RDF-AllegroGraph-Easy-0.08-0/blib/lib/RDF/AllegroGraph/Repository4.pm line 299.
when is experimental at /tmp/loop_over_bdir-12436-62qh8_/RDF-AllegroGraph-Easy-0.08-0/blib/lib/RDF/AllegroGraph/Repository4.pm line 300.
when is experimental at /tmp/loop_over_bdir-12436-62qh8_/RDF-AllegroGraph-Easy-0.08-0/blib/lib/RDF/AllegroGraph/Repository4.pm line 301.
given is experimental at /tmp/loop_over_bdir-12436-62qh8_/RDF-AllegroGraph-Easy-0.08-0/blib/lib/RDF/AllegroGraph/Repository4.pm line 436.
when is experimental at /tmp/loop_over_bdir-12436-62qh8_/RDF-AllegroGraph-Easy-0.08-0/blib/lib/RDF/AllegroGraph/Repository4.pm line 437.
t/v4_04_easy.t ......... ok
Test Summary Report
-------------------
t/v3_02_repos.t (Wstat: 65280 Tests: 0 Failed: 0)
Non-zero exit status: 255
t/v4_02_repos.t (Wstat: 65280 Tests: 0 Failed: 0)
Non-zero exit status: 255
Files=16, Tests=41, 4 wallclock secs ( 0.07 usr 0.08 sys + 3.34 cusr 0.63 csys = 4.12 CPU)
Result: FAIL
Failed 2/16 test programs. 0/41 subtests failed.
Makefile:906: recipe for target 'test_dynamic' failed
make: *** [test_dynamic] Error 255
------------------------------
PREREQUISITES
------------------------------
Prerequisite modules loaded:
requires:
Module Need Have
------------------- -------- ----------
DateTime 0 1.43
JSON 0 2.94
LWP 0 6.26
Regexp::Common 0 2017060201
Test::Exception 0 0.43
Test::More 0 1.302085
Test::Pod::Coverage 0 1.10
Time::HiRes 0 1.9742
URI::Escape 0 3.31
build_requires:
Module Need Have
------------------- -------- ----------
ExtUtils::MakeMaker 0 7.28
configure_requires:
Module Need Have
------------------- -------- ----------
Module::Build 0.340201 0.4224
------------------------------
ENVIRONMENT AND OTHER CONTEXT
------------------------------
Environment variables:
AUTOMATED_TESTING = 1
LANG = en_US.UTF-8
PATH = /home/sand/bin:/usr/local/bin:/usr/bin:/bin:/usr/games:/usr/local/perl/bin:/usr/X11/bin:/sbin:/usr/sbin
PERL5LIB = /tmp/loop_over_bdir-12436-62qh8_/ProjectBuilder-0.14.1-0/blib/arch:/tmp/loop_over_bdir-12436-62qh8_/ProjectBuilder-0.14.1-0/blib/lib:/tmp/loop_over_bdir-12436-62qh8_/FusionInventory-Agent-2.3.19-0/blib/arch:/tmp/loop_over_bdir-12436-62qh8_/FusionInventory-Agent-2.3.19-0/blib/lib:/tmp/loop_over_bdir-12436-62qh8_/Net-DNS-1.10-0/blib/arch:/tmp/loop_over_bdir-12436-62qh8_/Net-DNS-1.10-0/blib/lib
PERL5OPT =
PERL5_CPANPLUS_IS_RUNNING = 32367
PERL5_CPAN_IS_RUNNING = 32367
PERL_CANARY_STABILITY_NOPROMPT = 1
PERL_MM_USE_DEFAULT = 1
PERL_USE_UNSAFE_INC = 1
SHELL = /usr/bin/zsh
TERM = screen
Perl special variables (and OS-specific diagnostics, for MSWin32):
$^X = /tmp/basesmoker-reloperl-Lrih/bin/perl
$UID/$EUID = 1005 / 1005
$GID = 1005 1005
$EGID = 1005 1005
Perl module toolchain versions installed:
Module Have
------------------- ----------
CPAN 2.18
CPAN::Meta 2.150010
Cwd 3.67
ExtUtils::CBuilder 0.280225
ExtUtils::Command 7.28
ExtUtils::Install 2.14
ExtUtils::MakeMaker 7.28
ExtUtils::Manifest 1.70
ExtUtils::ParseXS 3.34
File::Spec 3.67
JSON 2.94
JSON::PP 2.27400_02
Module::Build 0.4224
Module::Signature 0.81
Parse::CPAN::Meta 2.150010
Test::Harness 3.39
Test::More 1.302085
YAML 1.23
YAML::Syck 1.30
version 0.9918
--
Summary of my perl5 (revision 5 version 27 subversion 1) configuration:
Commit id: bb5b17cdb7d08a1d41edbdaefed408064d4cd453
Platform:
osname=linux
osvers=4.9.0-2-amd64
archname=x86_64-linux
uname='linux k93msid 4.9.0-2-amd64 #1 smp debian 4.9.18-1 (2017-03-30) x86_64 gnulinux '
config_args='-Dprefix=/home/sand/src/perl/repoperls/installed-perls/host/k93msid/v5.27.0-94-gbb5b17cdb7/bb7f -Dmyhostname=k93msid -Dinstallusrbinperl=n -Uversiononly -Dusedevel -des -Ui_db -Dlibswanted=cl pthread socket inet nsl gdbm dbm malloc dl ld sun m crypt sec util c cposix posix ucb BSD gdbm_compat -Uuseithreads -Uuselongdouble -DEBUGGING=both'
hint=recommended
useposix=true
d_sigaction=define
useithreads=undef
usemultiplicity=undef
use64bitint=define
use64bitall=define
uselongdouble=undef
usemymalloc=n
default_inc_excludes_dot=define
bincompat5005=undef
Compiler:
cc='cc'
ccflags ='-fwrapv -DDEBUGGING -fno-strict-aliasing -pipe -fstack-protector-strong -I/usr/local/include -D_LARGEFILE_SOURCE -D_FILE_OFFSET_BITS=64'
optimize='-O2 -g'
cppflags='-fwrapv -DDEBUGGING -fno-strict-aliasing -pipe -fstack-protector-strong -I/usr/local/include'
ccversion=''
gccversion='6.3.0 20170406'
gccosandvers=''
intsize=4
longsize=8
ptrsize=8
doublesize=8
byteorder=12345678
doublekind=3
d_longlong=define
longlongsize=8
d_longdbl=define
longdblsize=16
longdblkind=3
ivtype='long'
ivsize=8
nvtype='double'
nvsize=8
Off_t='off_t'
lseeksize=8
alignbytes=8
prototype=define
Linker and Libraries:
ld='cc'
ldflags =' -fstack-protector-strong -L/usr/local/lib'
libpth=/usr/local/lib /usr/lib/gcc/x86_64-linux-gnu/6/include-fixed /usr/include/x86_64-linux-gnu /usr/lib /lib/x86_64-linux-gnu /lib/../lib /usr/lib/x86_64-linux-gnu /usr/lib/../lib /lib
libs=-lpthread -lnsl -ldl -lm -lcrypt -lutil -lc
perllibs=-lpthread -lnsl -ldl -lm -lcrypt -lutil -lc
libc=libc-2.24.so
so=so
useshrplib=false
libperl=libperl.a
gnulibc_version='2.24'
Dynamic Linking:
dlsrc=dl_dlopen.xs
dlext=so
d_dlsymun=undef
ccdlflags='-Wl,-E'
cccdlflags='-fPIC'
lddlflags='-shared -O2 -g -L/usr/local/lib -fstack-protector-strong'
Characteristics of this binary (from libperl):
Compile-time options:
DEBUGGING
HAS_TIMES
PERLIO_LAYERS
PERL_COPY_ON_WRITE
PERL_DONT_CREATE_GVSV
PERL_MALLOC_WRAP
PERL_OP_PARENT
PERL_PRESERVE_IVUV
PERL_USE_DEVEL
USE_64_BIT_ALL
USE_64_BIT_INT
USE_LARGE_FILES
USE_LOCALE
USE_LOCALE_COLLATE
USE_LOCALE_CTYPE
USE_LOCALE_NUMERIC
USE_LOCALE_TIME
USE_PERLIO
USE_PERL_ATOF
Built under linux
Compiled at Jun 3 2017 09:37:19
%ENV:
PERL5LIB="/tmp/loop_over_bdir-12436-62qh8_/ProjectBuilder-0.14.1-0/blib/arch:/tmp/loop_over_bdir-12436-62qh8_/ProjectBuilder-0.14.1-0/blib/lib:/tmp/loop_over_bdir-12436-62qh8_/FusionInventory-Agent-2.3.19-0/blib/arch:/tmp/loop_over_bdir-12436-62qh8_/FusionInventory-Agent-2.3.19-0/blib/lib:/tmp/loop_over_bdir-12436-62qh8_/Net-DNS-1.10-0/blib/arch:/tmp/loop_over_bdir-12436-62qh8_/Net-DNS-1.10-0/blib/lib"
PERL5OPT=""
PERL5_CPANPLUS_IS_RUNNING="32367"
PERL5_CPAN_IS_RUNNING="32367"
PERL_CANARY_STABILITY_NOPROMPT="1"
PERL_MM_USE_DEFAULT="1"
PERL_USE_UNSAFE_INC="1"
@INC:
/tmp/loop_over_bdir-12436-62qh8_/ProjectBuilder-0.14.1-0/blib/arch
/tmp/loop_over_bdir-12436-62qh8_/ProjectBuilder-0.14.1-0/blib/lib
/tmp/loop_over_bdir-12436-62qh8_/FusionInventory-Agent-2.3.19-0/blib/arch
/tmp/loop_over_bdir-12436-62qh8_/FusionInventory-Agent-2.3.19-0/blib/lib
/tmp/loop_over_bdir-12436-62qh8_/Net-DNS-1.10-0/blib/arch
/tmp/loop_over_bdir-12436-62qh8_/Net-DNS-1.10-0/blib/lib
/home/sand/src/perl/repoperls/installed-perls/host/k93msid/v5.27.0-94-gbb5b17cdb7/bb7f/lib/site_perl/5.27.1/x86_64-linux
/home/sand/src/perl/repoperls/installed-perls/host/k93msid/v5.27.0-94-gbb5b17cdb7/bb7f/lib/site_perl/5.27.1
/home/sand/src/perl/repoperls/installed-perls/host/k93msid/v5.27.0-94-gbb5b17cdb7/bb7f/lib/5.27.1/x86_64-linux
/home/sand/src/perl/repoperls/installed-perls/host/k93msid/v5.27.0-94-gbb5b17cdb7/bb7f/lib/5.27.1
.