Report for Time-Format-1.12

Back
From: metabase:user:30f4dfbe-2aae-11df-837a-5e0a49663a4f
Subject: FAIL Time-Format-1.12 v5.14.4 Mac OS X
Date: 2013-10-16T08:44:07Z

This distribution has been tested as part of the CPAN Testers
project, supporting the Perl programming language.  See
http://wiki.cpantesters.org/ for more information or email
questions to cpan-testers-discuss@perl.org


--
Dear Eric J. Roode,

This is a computer-generated report for Time-Format-1.12
on perl 5.14.4, created by CPAN-Reporter-1.2010.

Thank you for uploading your work to CPAN.  However, there was a problem
testing your distribution.

If you think this report is invalid, please consult the CPAN Testers Wiki
for suggestions on how to avoid getting FAIL reports for missing library
or binary dependencies, unsupported operating systems, and so on:

http://wiki.cpantesters.org/wiki/CPANAuthorNotes

Sections of this report:

    * Tester comments
    * Program output
    * Prerequisites
    * Environment and other context

------------------------------
TESTER COMMENTS
------------------------------

Additional comments from tester:

this report is from an automated smoke testing program
and was not reviewed by a human for accuracy

------------------------------
PROGRAM OUTPUT
------------------------------

Output from './Build test':

t/0-signature.t .. ok
t/1-load.t ....... ok
t/DateManip.t .... ok
t/DateTime.t ..... ok
t/die.t .......... ok
Can't locate package Date::Manip::Obj for @Date::Manip::TZ::ISA at /Users/hornenj/perl5/perlbrew/perls/perl-5.14.4/lib/site_perl/5.14.4/Date/Manip/TZ.pm line 1367, <DATA> line 1.
Can't locate package Date::Manip::TZ_Base for @Date::Manip::TZ::ISA at /Users/hornenj/perl5/perlbrew/perls/perl-5.14.4/lib/site_perl/5.14.4/Date/Manip/TZ.pm line 1367, <DATA> line 1.
Can't locate object method "_now" via package "Date::Manip::TZ" at /Users/hornenj/perl5/perlbrew/perls/perl-5.14.4/lib/site_perl/5.14.4/Date/Manip/TZ.pm line 1367, <DATA> line 1.
# Looks like you planned 26 tests but ran 23.
# Looks like your test exited with 255 just after 23.
t/doc.t .......... 
Dubious, test returned 255 (wstat 65280, 0xff00)
Failed 3/26 subtests 
t/epoch.t ........ ok
t/export1.t ...... ok
t/export2.t ...... ok
t/export3.t ...... ok
Can't locate package Date::Manip::Obj for @Date::Manip::TZ::ISA at /Users/hornenj/perl5/perlbrew/perls/perl-5.14.4/lib/site_perl/5.14.4/Date/Manip/Date.pm line 1861, <DATA> line 1.
Can't locate package Date::Manip::TZ_Base for @Date::Manip::TZ::ISA at /Users/hornenj/perl5/perlbrew/perls/perl-5.14.4/lib/site_perl/5.14.4/Date/Manip/Date.pm line 1861, <DATA> line 1.
Can't locate object method "_fix_year" via package "Date::Manip::TZ" at /Users/hornenj/perl5/perlbrew/perls/perl-5.14.4/lib/site_perl/5.14.4/Date/Manip/Date.pm line 1861, <DATA> line 1.
# Looks like you planned 18 tests but ran 12.
# Looks like your test exited with 255 just after 12.
t/funcs.t ........ 
Dubious, test returned 255 (wstat 65280, 0xff00)
Failed 6/18 subtests 
t/locale.t ....... ok
Can't locate package Date::Manip::Obj for @Date::Manip::TZ::ISA at /Users/hornenj/perl5/perlbrew/perls/perl-5.14.4/lib/site_perl/5.14.4/Date/Manip/Date.pm line 1861.
Can't locate package Date::Manip::TZ_Base for @Date::Manip::TZ::ISA at /Users/hornenj/perl5/perlbrew/perls/perl-5.14.4/lib/site_perl/5.14.4/Date/Manip/Date.pm line 1861.
Can't locate object method "_fix_year" via package "Date::Manip::TZ" at /Users/hornenj/perl5/perlbrew/perls/perl-5.14.4/lib/site_perl/5.14.4/Date/Manip/Date.pm line 1861.
# Looks like you planned 6 tests but ran 1.
# Looks like your test exited with 255 just after 1.
t/manip.t ........ 
Dubious, test returned 255 (wstat 65280, 0xff00)
Failed 5/6 subtests 
t/msec.t ......... ok
t/past.t ......... ok
t/quot.t ......... ok
t/strftime.t ..... ok
t/string.t ....... ok
t/time.t ......... ok
t/xs_DateTime.t .. ok
t/xs_doc.t ....... ok
t/xs_funcs.t ..... ok
t/xs_locale.t .... ok
t/xs_quot.t ...... ok
t/xs_time.t ...... ok

Test Summary Report
-------------------
t/doc.t        (Wstat: 65280 Tests: 23 Failed: 0)
  Non-zero exit status: 255
  Parse errors: Bad plan.  You planned 26 tests but ran 23.
t/funcs.t      (Wstat: 65280 Tests: 12 Failed: 0)
  Non-zero exit status: 255
  Parse errors: Bad plan.  You planned 18 tests but ran 12.
t/manip.t      (Wstat: 65280 Tests: 1 Failed: 0)
  Non-zero exit status: 255
  Parse errors: Bad plan.  You planned 6 tests but ran 1.
Files=25, Tests=459,  6 wallclock secs ( 0.10 usr  0.04 sys +  1.17 cusr  0.16 csys =  1.47 CPU)
Result: FAIL
Failed 3/25 test programs. 0/459 subtests failed.

------------------------------
PREREQUISITES
------------------------------

Prerequisite modules loaded:

requires:

    Module        Need Have  
    ------------- ---- ------
    Time::Local   1.07 1.2300

build_requires:

    Module        Need Have  
    ------------- ---- ------
    Test::Simple  0.40 0.98  

configure_requires:

    Module        Need Have  
    ------------- ---- ------
    Module::Build 0.4  0.4007


------------------------------
ENVIRONMENT AND OTHER CONTEXT
------------------------------

Environment variables:

    AUTOMATED_TESTING = 1
    LC_ALL = POSIX
    LD_LIBRARY_PATH = :/net/traces01.be-md.ncbi.nlm.nih.gov/trace_software/vdb/mac/release/x86_64/lib
    PATH = /Users/hornenj/perl5/perlbrew/bin:/Users/hornenj/perl5/perlbrew/perls/perl-5.14.4/bin:/Users/hornenj/perl5/perlbrew/bin:/sw/lib/perl5/ExtUtils:/sw/bin:/sw/sbin:/am/ncbiapdata/bin:/usr/bin:/bin:/usr/X11R6/bin:/Users/hornenj/bin:/netopt/ncbi_tools/bin:/usr/local/ncbi/blast/bin:/net/traces01.be-md.ncbi.nlm.nih.gov/trace_software/vdb/mac/release/x86_64/bin
    PERL5LIB = /Users/hornenj/.cpan/build/Config-Simple-4.58-ua4tAv/blib/arch:/Users/hornenj/.cpan/build/Config-Simple-4.58-ua4tAv/blib/lib
    PERL5OPT = 
    PERL5_CPANPLUS_IS_RUNNING = 79659
    PERL5_CPAN_IS_RUNNING = 79659
    PERL5_MINISMOKEBOX = 0.56
    PERLBREW_BASHRC_VERSION = 0.66
    PERLBREW_HOME = /Users/hornenj/.perlbrew
    PERLBREW_MANPATH = /Users/hornenj/perl5/perlbrew/perls/perl-5.14.4/man
    PERLBREW_PATH = /Users/hornenj/perl5/perlbrew/bin:/Users/hornenj/perl5/perlbrew/perls/perl-5.14.4/bin
    PERLBREW_PERL = perl-5.14.4
    PERLBREW_ROOT = /Users/hornenj/perl5/perlbrew
    PERLBREW_VERSION = 0.66
    PERL_EXTUTILS_AUTOINSTALL = --defaultdeps
    PERL_MM_USE_DEFAULT = 1
    SHELL = /bin/bash
    TERM = xterm
    TMPDIR = /var/folders/pz/pd7y1qjs6s3cbk170cw50fjc000c61/T/
    VERSIONER_PERL_PREFER_32_BIT = no
    VERSIONER_PERL_VERSION = 5.12
    ac_cv_path_INTLTOOL_PERL = /usr/bin/perl

Perl special variables (and OS-specific diagnostics, for MSWin32):

    $^X = /Users/hornenj/perl5/perlbrew/perls/perl-5.14.4/bin/perl
    $UID/$EUID = 12481 / 12481
    $GID = 14 14 5344 527 241 223 206 402 12 62 204
    $EGID = 14 14 5344 527 241 223 206 402 12 62 204

Perl module toolchain versions installed:

    Module              Have    
    ------------------- --------
    CPAN                2.00    
    CPAN::Meta          2.132140
    Cwd                 3.40    
    ExtUtils::CBuilder  0.280205
    ExtUtils::Command   1.17    
    ExtUtils::Install   1.56    
    ExtUtils::MakeMaker 6.72    
    ExtUtils::Manifest  1.61    
    ExtUtils::ParseXS   3.21    
    File::Spec          3.40    
    JSON                2.59    
    JSON::PP            2.27202 
    Module::Build       0.4007  
    Module::Signature   n/a     
    Parse::CPAN::Meta   1.4405  
    Test::Harness       3.28    
    Test::More          0.98    
    YAML                0.84    
    YAML::Syck          1.27    
    version             0.9903  


--

Summary of my perl5 (revision 5 version 14 subversion 4) configuration:
   
  Platform:
    osname=darwin, osvers=12.2.1, archname=darwin-2level
    uname='darwin ncbimac2008.ncbi.nlm.nih.gov 12.2.1 darwin kernel version 12.2.1: thu oct 18 12:13:47 pdt 2012; root:xnu-2050.20.9~1release_x86_64 x86_64 '
    config_args='-de -Dprefix=/Users/hornenj/perl5/perlbrew/perls/perl-5.14.4'
    hint=recommended, useposix=true, d_sigaction=define
    useithreads=undef, usemultiplicity=undef
    useperlio=define, d_sfio=undef, uselargefiles=define, usesocks=undef
    use64bitint=define, use64bitall=define, uselongdouble=undef
    usemymalloc=n, bincompat5005=undef
  Compiler:
    cc='cc', ccflags ='-fno-common -DPERL_DARWIN -fno-strict-aliasing -pipe -fstack-protector',
    optimize='-O3',
    cppflags='-fno-common -DPERL_DARWIN -fno-strict-aliasing -pipe -fstack-protector'
    ccversion='', gccversion='4.2.1 Compatible Apple LLVM 4.2 (clang-425.0.24)', gccosandvers=''
    intsize=4, longsize=8, ptrsize=8, doublesize=8, byteorder=12345678
    d_longlong=define, longlongsize=8, d_longdbl=define, longdblsize=16
    ivtype='long', ivsize=8, nvtype='double', nvsize=8, Off_t='off_t', lseeksize=8
    alignbytes=8, prototype=define
  Linker and Libraries:
    ld='env MACOSX_DEPLOYMENT_TARGET=10.3 cc', ldflags =' -fstack-protector'
    libpth=/usr/lib
    libs=-ldbm -ldl -lm -lutil -lc
    perllibs=-ldl -lm -lutil -lc
    libc=, so=dylib, useshrplib=false, libperl=libperl.a
    gnulibc_version=''
  Dynamic Linking:
    dlsrc=dl_dlopen.xs, dlext=bundle, d_dlsymun=undef, ccdlflags=' '
    cccdlflags=' ', lddlflags=' -bundle -undefined dynamic_lookup -fstack-protector'


Characteristics of this binary (from libperl): 
  Compile-time options: PERL_DONT_CREATE_GVSV PERL_MALLOC_WRAP
                        PERL_PRESERVE_IVUV USE_64_BIT_ALL USE_64_BIT_INT
                        USE_LARGE_FILES USE_PERLIO USE_PERL_ATOF
  Built under darwin
  Compiled at Mar 11 2013 08:11:05
  %ENV:
    PERL5LIB="/Users/hornenj/.cpan/build/Config-Simple-4.58-ua4tAv/blib/arch:/Users/hornenj/.cpan/build/Config-Simple-4.58-ua4tAv/blib/lib"
    PERL5OPT=""
    PERL5_CPANPLUS_IS_RUNNING="79659"
    PERL5_CPAN_IS_RUNNING="79659"
    PERL5_MINISMOKEBOX="0.56"
    PERLBREW_BASHRC_VERSION="0.66"
    PERLBREW_HOME="/Users/hornenj/.perlbrew"
    PERLBREW_MANPATH="/Users/hornenj/perl5/perlbrew/perls/perl-5.14.4/man"
    PERLBREW_PATH="/Users/hornenj/perl5/perlbrew/bin:/Users/hornenj/perl5/perlbrew/perls/perl-5.14.4/bin"
    PERLBREW_PERL="perl-5.14.4"
    PERLBREW_ROOT="/Users/hornenj/perl5/perlbrew"
    PERLBREW_VERSION="0.66"
    PERL_EXTUTILS_AUTOINSTALL="--defaultdeps"
    PERL_MM_USE_DEFAULT="1"
  @INC:
    /Users/hornenj/.cpan/build/Config-Simple-4.58-ua4tAv/blib/arch
    /Users/hornenj/.cpan/build/Config-Simple-4.58-ua4tAv/blib/lib
    /Users/hornenj/perl5/perlbrew/perls/perl-5.14.4/lib/site_perl/5.14.4/darwin-2level
    /Users/hornenj/perl5/perlbrew/perls/perl-5.14.4/lib/site_perl/5.14.4
    /Users/hornenj/perl5/perlbrew/perls/perl-5.14.4/lib/5.14.4/darwin-2level
    /Users/hornenj/perl5/perlbrew/perls/perl-5.14.4/lib/5.14.4
    .