Report for TCPServer-Interface-v0.1.0

Back
From: metabase:user:30dda8bc-2aae-11df-837a-5e0a49663a4f
Subject: FAIL TCPServer-Interface-v0.1.0 v5.10.0 GNU/Linux
Date: 2011-03-06T14:07:49Z

This distribution has been tested as part of the CPAN Testers
project, supporting the Perl programming language.  See
http://wiki.cpantesters.org/ for more information or email
questions to cpan-testers-discuss@perl.org


--
Dear Kan Liu,

This is a computer-generated report for TCPServer-Interface-v0.1.0
on perl 5.10.0, created by CPAN-Reporter-1.1801.

Thank you for uploading your work to CPAN.  However, there was a problem
testing your distribution.

If you think this report is invalid, please consult the CPAN Testers Wiki
for suggestions on how to avoid getting FAIL reports for missing library
or binary dependencies, unsupported operating systems, and so on:

http://wiki.cpantesters.org/wiki/CPANAuthorNotes

Sections of this report:

    * Tester comments
    * Program output
    * Prerequisites
    * Environment and other context

------------------------------
TESTER COMMENTS
------------------------------

Additional comments from tester:

this report is from an automated smoke testing program
and was not reviewed by a human for accuracy

------------------------------
PROGRAM OUTPUT
------------------------------

Output from '/usr/bin/make test':

PERL_DL_NONLAZY=1 /usr/bin/perl "-MExtUtils::Command::MM" "-e" "test_harness(0, 'blib/lib', 'blib/arch')" t/*.t

#   Failed test 'use TCPServer::Interface;'
#   at t/00-load.t line 6.
#     Tried to use 'TCPServer::Interface'.
#     Error:  Thread::Queue version 2.11 required--this is only version 2.00 at /tmp/cpan/build/TCPServer-Interface-v0.1.0-8sugNX/blib/lib/TCPServer/Interface.pm line 20.
# BEGIN failed--compilation aborted at /tmp/cpan/build/TCPServer-Interface-v0.1.0-8sugNX/blib/lib/TCPServer/Interface.pm line 20.
# Compilation failed in require at (eval 4) line 2.
# BEGIN failed--compilation aborted at (eval 4) line 2.
Use of uninitialized value $TCPServer::Interface::VERSION in concatenation (.) or string at t/00-load.t line 9.
# Testing TCPServer::Interface , Perl 5.010000, /usr/bin/perl
# Looks like you failed 1 test of 1.
t/00-load.t ....... 
Dubious, test returned 1 (wstat 256, 0x100)
Failed 1/1 subtests 
t/pod-coverage.t .. ok
t/pod.t ........... ok

Test Summary Report
-------------------
t/00-load.t     (Wstat: 256 Tests: 1 Failed: 1)
  Failed test:  1
  Non-zero exit status: 1
Files=3, Tests=3,  0 wallclock secs ( 0.04 usr  0.01 sys +  0.16 cusr  0.05 csys =  0.26 CPU)
Result: FAIL
Failed 1/3 test programs. 1/3 subtests failed.
make: *** [test_dynamic] Error 255

------------------------------
PREREQUISITES
------------------------------

Prerequisite modules loaded:

requires:

    Module     Need Have
    ---------- ---- ----
    Test::More 0    0.98


------------------------------
ENVIRONMENT AND OTHER CONTEXT
------------------------------

Environment variables:

    AUTOMATED_TESTING = 1
    LANG = en_US.utf8
    LD_LIBRARY_PATH = :/net/netfile2/ag-russell/install/Debian-5.0.4-x86_64/lib:/net/netfile2/ag-russell/install/Debian-5.0.4-x86_64/lib64:/usr/lib/mysql:/net/netfile2/ag-russell/install/Debian-5.0.4-x86_64/lib:/net/netfile2/ag-russell/install/Debian-5.0.4-x86_64/lib64:/usr/lib/mysql
    PATH = /home/bq_cdavis/Documents/src/sbglib/script:/home/bq_cdavis/Documents/src/acaweb/script:/home/bq_cdavis/Documents/src/misc/bin:/net/netfile2/ag-russell/perl/Debian-5.0.4-x86_64/bin:/home/bq_cdavis/scripts:/home/bq_cdavis/usr/bin:/home/bq_cdavis/bin:/usr/local/bin:/usr/local/sbin:/bin:/sbin:/usr/bin:/usr/sbin:/usr/X11R6/bin:/home/bq_cdavis/Documents/src/sbglib/script:/home/bq_cdavis/Documents/src/acaweb/script:/home/bq_cdavis/Documents/src/misc/bin:/net/netfile2/ag-russell/perl/Debian-5.0.4-x86_64/bin:/home/bq_cdavis/scripts:/home/bq_cdavis/usr/bin:/home/bq_cdavis/bin:/usr/local/bin:/usr/local/sbin:/bin:/sbin:/usr/bin:/usr/sbin:/usr/X11R6/bin:/usr/local/bin:/usr/bin:/bin:/usr/games:/opt/Adobe/Reader8/bin:/opt/copasi/bin:/opt/Maple/maple14/bin:/opt/Matlab/R2009a/bin:/opt/Wolfram/Mathematica/7.0/Executables:/opt/intel/Compiler/11.0/084/bin/intel64:/sbin:/net/netfile2/ag-russell/admin:/net/netfile2/ag-russell/admin/data:/net/netfile2/ag-russell/install/Debian-5.0.4-x86_64/bin:/net/netfile2/ag-russell/code/misc/bin:/net/netfile2/ag-russell/lbin:/sbin:/net/netfile2/ag-russell/admin:/net/netfile2/ag-russell/admin/data:/net/netfile2/ag-russell/install/Debian-5.0.4-x86_64/bin:/net/netfile2/ag-russell/code/misc/bin:/net/netfile2/ag-russell/lbin
    PERL5LIB = /home/bq_cdavis/Documents/src/sbglib/lib:/home/bq_cdavis/Documents/src/sbglib/t:/home/bq_cdavis/Documents/src/acaweb/lib:/home/bq_cdavis/Documents/src/acaweb/t:/net/netfile2/ag-russell/perl/Debian-5.0.4-x86_64/lib/perl5/x86_64-linux-gnu-thread-multi:/net/netfile2/ag-russell/perl/Debian-5.0.4-x86_64/lib/perl5:/home/bq_cdavis/scripts:/home/bq_cdavis/scrap/perl:/home/bq_cdavis/Documents/src/sbglib/lib:/home/bq_cdavis/Documents/src/sbglib/t:/home/bq_cdavis/Documents/src/acaweb/lib:/home/bq_cdavis/Documents/src/acaweb/t:/net/netfile2/ag-russell/perl/Debian-5.0.4-x86_64/lib/perl5/x86_64-linux-gnu-thread-multi:/net/netfile2/ag-russell/perl/Debian-5.0.4-x86_64/lib/perl5:/home/bq_cdavis/scripts:/home/bq_cdavis/scrap/perl::/net/netfile2/ag-russell/install/Debian-5.0.4-x86_64/lib/perl5:/net/netfile2/ag-russell/code/misc/lib:/net/netfile2/ag-russell/install/Debian-5.0.4-x86_64/lib/perl5:/net/netfile2/ag-russell/code/misc/lib
    PERL5OPT = 
    PERL5_CPANPLUS_IS_RUNNING = 21004
    PERL5_CPAN_IS_RUNNING = 21004
    PERL5_CPAN_IS_RUNNING_IN_RECURSION = 32132,21004
    PERL_CR_SMOKER_CURRENT = TCPServer-Interface-v0.1.0
    PERL_EXTUTILS_AUTOINSTALL = --defaultdeps
    PERL_MM_OPT = INSTALL_BASE=/net/netfile2/ag-russell/perl/Debian-5.0.4-x86_64
    PERL_MM_USE_DEFAULT = 1
    SHELL = /bin/bash
    TERM = screen

Perl special variables (and OS-specific diagnostics, for MSWin32):

    $^X = /usr/bin/perl
    $UID/$EUID = 2699 / 2699
    $GID = 2048 2048 10000 10003 10004 10099
    $EGID = 2048 2048 10000 10003 10004 10099

Perl module toolchain versions installed:

    Module              Have    
    ------------------- --------
    CPAN                1.9402  
    Cwd                 3.33    
    ExtUtils::CBuilder  0.280202
    ExtUtils::Command   1.16    
    ExtUtils::Install   1.54    
    ExtUtils::MakeMaker 6.56    
    ExtUtils::Manifest  1.56    
    ExtUtils::ParseXS   2.2206  
    File::Spec          3.33    
    Module::Build       0.3624  
    Module::Signature   0.66    
    Test::Harness       3.23    
    Test::More          0.98    
    YAML                0.72    
    YAML::Syck          n/a     
    version             0.88    


--

Summary of my perl5 (revision 5 version 10 subversion 0) configuration:
  Platform:
    osname=linux, osvers=2.6.30.5-dsa-amd64, archname=x86_64-linux-gnu-thread-multi
    uname='linux brahms 2.6.30.5-dsa-amd64 #1 smp mon aug 17 02:18:43 cest 2009 x86_64 gnulinux '
    config_args='-Dusethreads -Duselargefiles -Dccflags=-DDEBIAN -Dcccdlflags=-fPIC -Darchname=x86_64-linux-gnu -Dprefix=/usr -Dprivlib=/usr/share/perl/5.10 -Darchlib=/usr/lib/perl/5.10 -Dvendorprefix=/usr -Dvendorlib=/usr/share/perl5 -Dvendorarch=/usr/lib/perl5 -Dsiteprefix=/usr/local -Dsitelib=/usr/local/share/perl/5.10.0 -Dsitearch=/usr/local/lib/perl/5.10.0 -Dman1dir=/usr/share/man/man1 -Dman3dir=/usr/share/man/man3 -Dsiteman1dir=/usr/local/man/man1 -Dsiteman3dir=/usr/local/man/man3 -Dman1ext=1 -Dman3ext=3perl -Dpager=/usr/bin/sensible-pager -Uafs -Ud_csh -Ud_ualarm -Uusesfio -Uusenm -DDEBUGGING=-g -Doptimize=-O2 -Duseshrplib -Dlibperl=libperl.so.5.10.0 -Dd_dosuid -des'
    hint=recommended, useposix=true, d_sigaction=define
    useithreads=define, usemultiplicity=define
    useperlio=define, d_sfio=undef, uselargefiles=define, usesocks=undef
    use64bitint=define, use64bitall=define, uselongdouble=undef
    usemymalloc=n, bincompat5005=undef
  Compiler:
    cc='cc', ccflags ='-D_REENTRANT -D_GNU_SOURCE -DDEBIAN -fno-strict-aliasing -pipe -I/usr/local/include -D_LARGEFILE_SOURCE -D_FILE_OFFSET_BITS=64',
    optimize='-O2 -g',
    cppflags='-D_REENTRANT -D_GNU_SOURCE -DDEBIAN -fno-strict-aliasing -pipe -I/usr/local/include'
    ccversion='', gccversion='4.3.2', gccosandvers=''
    intsize=4, longsize=8, ptrsize=8, doublesize=8, byteorder=12345678
    d_longlong=define, longlongsize=8, d_longdbl=define, longdblsize=16
    ivtype='long', ivsize=8, nvtype='double', nvsize=8, Off_t='off_t', lseeksize=8
    alignbytes=8, prototype=define
  Linker and Libraries:
    ld='cc', ldflags =' -L/usr/local/lib'
    libpth=/usr/local/lib /lib /usr/lib /lib64 /usr/lib64
    libs=-lgdbm -lgdbm_compat -ldb -ldl -lm -lpthread -lc -lcrypt
    perllibs=-ldl -lm -lpthread -lc -lcrypt
    libc=/lib/libc-2.7.so, so=so, useshrplib=true, libperl=libperl.so.5.10.0
    gnulibc_version='2.7'
  Dynamic Linking:
    dlsrc=dl_dlopen.xs, dlext=so, d_dlsymun=undef, ccdlflags='-Wl,-E'
    cccdlflags='-fPIC', lddlflags='-shared -O2 -g -L/usr/local/lib'


Characteristics of this binary (from libperl): 
  Compile-time options: MULTIPLICITY PERL_DONT_CREATE_GVSV
                        PERL_IMPLICIT_CONTEXT PERL_MALLOC_WRAP USE_64_BIT_ALL
                        USE_64_BIT_INT USE_ITHREADS USE_LARGE_FILES
                        USE_PERLIO USE_REENTRANT_API
  Built under linux
  Compiled at Aug 28 2009 22:24:50
  %ENV:
    PERL5LIB="/home/bq_cdavis/Documents/src/sbglib/lib:/home/bq_cdavis/Documents/src/sbglib/t:/home/bq_cdavis/Documents/src/acaweb/lib:/home/bq_cdavis/Documents/src/acaweb/t:/net/netfile2/ag-russell/perl/Debian-5.0.4-x86_64/lib/perl5/x86_64-linux-gnu-thread-multi:/net/netfile2/ag-russell/perl/Debian-5.0.4-x86_64/lib/perl5:/home/bq_cdavis/scripts:/home/bq_cdavis/scrap/perl:/home/bq_cdavis/Documents/src/sbglib/lib:/home/bq_cdavis/Documents/src/sbglib/t:/home/bq_cdavis/Documents/src/acaweb/lib:/home/bq_cdavis/Documents/src/acaweb/t:/net/netfile2/ag-russell/perl/Debian-5.0.4-x86_64/lib/perl5/x86_64-linux-gnu-thread-multi:/net/netfile2/ag-russell/perl/Debian-5.0.4-x86_64/lib/perl5:/home/bq_cdavis/scripts:/home/bq_cdavis/scrap/perl::/net/netfile2/ag-russell/install/Debian-5.0.4-x86_64/lib/perl5:/net/netfile2/ag-russell/code/misc/lib:/net/netfile2/ag-russell/install/Debian-5.0.4-x86_64/lib/perl5:/net/netfile2/ag-russell/code/misc/lib"
    PERL5OPT=""
    PERL5_CPANPLUS_IS_RUNNING="21004"
    PERL5_CPAN_IS_RUNNING="21004"
    PERL5_CPAN_IS_RUNNING_IN_RECURSION="32132,21004"
    PERL_CR_SMOKER_CURRENT="TCPServer-Interface-v0.1.0"
    PERL_EXTUTILS_AUTOINSTALL="--defaultdeps"
    PERL_MM_OPT="INSTALL_BASE=/net/netfile2/ag-russell/perl/Debian-5.0.4-x86_64"
    PERL_MM_USE_DEFAULT="1"
  @INC:
    /home/bq_cdavis/Documents/src/sbglib/lib
    /home/bq_cdavis/Documents/src/sbglib/t
    /home/bq_cdavis/Documents/src/acaweb/lib
    /home/bq_cdavis/Documents/src/acaweb/t
    /net/netfile2/ag-russell/perl/Debian-5.0.4-x86_64/lib/perl5/x86_64-linux-gnu-thread-multi
    /net/netfile2/ag-russell/perl/Debian-5.0.4-x86_64/lib/perl5/x86_64-linux-gnu-thread-multi
    /net/netfile2/ag-russell/perl/Debian-5.0.4-x86_64/lib/perl5
    /home/bq_cdavis/scripts
    /home/bq_cdavis/scrap/perl
    /home/bq_cdavis/Documents/src/sbglib/lib
    /home/bq_cdavis/Documents/src/sbglib/t
    /home/bq_cdavis/Documents/src/acaweb/lib
    /home/bq_cdavis/Documents/src/acaweb/t
    /net/netfile2/ag-russell/perl/Debian-5.0.4-x86_64/lib/perl5/x86_64-linux-gnu-thread-multi
    /net/netfile2/ag-russell/perl/Debian-5.0.4-x86_64/lib/perl5/x86_64-linux-gnu-thread-multi
    /net/netfile2/ag-russell/perl/Debian-5.0.4-x86_64/lib/perl5
    /home/bq_cdavis/scripts
    /home/bq_cdavis/scrap/perl
    /net/netfile2/ag-russell/install/Debian-5.0.4-x86_64/lib/perl5
    /net/netfile2/ag-russell/code/misc/lib
    /net/netfile2/ag-russell/install/Debian-5.0.4-x86_64/lib/perl5
    /net/netfile2/ag-russell/code/misc/lib
    /etc/perl
    /usr/local/lib/perl/5.10.0
    /usr/local/share/perl/5.10.0
    /usr/lib/perl5
    /usr/share/perl5
    /usr/lib/perl/5.10
    /usr/share/perl/5.10
    /usr/local/lib/site_perl
    .