Back
From: metabase:user:320bfe00-2aae-11df-837a-5e0a49663a4f
Subject: FAIL Test-CGI-Multipart-v0.0.3 v5.18.2 RC4 GNU/Linux
Date: 2013-12-22T12:03:50Z
This distribution has been tested as part of the CPAN Testers
project, supporting the Perl programming language. See
http://wiki.cpantesters.org/ for more information or email
questions to cpan-testers-discuss@perl.org
--
Dear Nicholas Bamber,
This is a computer-generated report for Test-CGI-Multipart-v0.0.3
on perl 5.18.2, created by CPAN-Reporter-1.2010.
Thank you for uploading your work to CPAN. However, there was a problem
testing your distribution.
If you think this report is invalid, please consult the CPAN Testers Wiki
for suggestions on how to avoid getting FAIL reports for missing library
or binary dependencies, unsupported operating systems, and so on:
http://wiki.cpantesters.org/wiki/CPANAuthorNotes
Sections of this report:
* Tester comments
* Program output
* Prerequisites
* Environment and other context
------------------------------
TESTER COMMENTS
------------------------------
Additional comments from tester:
this report is from an automated smoke testing program
and was not reviewed by a human for accuracy
------------------------------
PROGRAM OUTPUT
------------------------------
Output from './Build test':
# Testing Test::CGI::Multipart 0.0.3
t/00.load.t ............ ok
# Testing with CGI
# Testing with CGI::Simple
t/01.basic.t ........... ok
# Testing with CGI
# Testing with CGI::Simple
t/01.data_structure.t .. ok
# Testing with CGI
# Testing with CGI::Simple
t/02.param.t ........... ok
# Testing with CGI
# Testing with CGI::Simple
t/03.upload.t .......... ok
# Failed test 'files'
# at t/04.multiple.t line 90.
# Structures begin differing at:
# $got->[0]{file} = 'doo_doo.blah'
# $expected->[0]{file} = 'nah_nah.blah'
# Testing with CGI
# Failed test 'files'
# at t/04.multiple.t line 90.
# Structures begin differing at:
# $got->[0]{file} = 'doo_doo.blah'
# $expected->[0]{file} = 'nah_nah.blah'
# Looks like you failed 2 tests of 27.
t/04.multiple.t ........
Dubious, test returned 2 (wstat 512, 0x200)
Failed 2/27 subtests
(less 5 skipped subtests: 20 okay)
# Testing with CGI
# Testing with CGI::Simple
t/04.separate.t ........ ok
# Failed test 'files'
# at t/05.callbacks.t line 83.
# Structures begin differing at:
# $got->[0]{file} = 'doo_doo.blah'
# $expected->[0]{file} = 'nah_nah.blah'
# Testing with CGI
# Looks like you failed 1 test of 31.
t/05.callbacks.t .......
Dubious, test returned 1 (wstat 256, 0x100)
Failed 1/31 subtests
(less 6 skipped subtests: 24 okay)
t/10.text.t ............ skipped: This test requires Text::Lorem
# Testing with CGI
# Testing with CGI::Simple
# Testing with CGI
# Testing with CGI::Simple
t/11.reset.t ........... ok
t/20.image.t ........... skipped: This test requires GD::Simple
t/changes.t ............ skipped: Author test. Set $ENV{TEST_AUTHOR} to a true value to run.
t/manifest.t ........... skipped: Author test. Set $ENV{TEST_AUTHOR} to a true value to run.
t/perlcritic.t ......... skipped: Author test. Set $ENV{TEST_AUTHOR} to a true value to run.
# Failed test 'Pod coverage on Test::CGI::Multipart::Gen::Text'
# at /home/sand/src/perl/repoperls/installed-perls/perl/v5.18.2-RC4/165a/lib/site_perl/5.18.2/Test/Pod/Coverage.pm line 126.
# Test::CGI::Multipart::Gen::Text: requiring 'Test::CGI::Multipart::Gen::Text' failed
# Failed test 'Pod coverage on Test::CGI::Multipart::Gen::Image'
# at /home/sand/src/perl/repoperls/installed-perls/perl/v5.18.2-RC4/165a/lib/site_perl/5.18.2/Test/Pod/Coverage.pm line 126.
# Test::CGI::Multipart::Gen::Image: requiring 'Test::CGI::Multipart::Gen::Image' failed
# Looks like you failed 2 tests of 3.
t/pod-coverage.t .......
Dubious, test returned 2 (wstat 512, 0x200)
Failed 2/3 subtests
t/pod.t ................ ok
t/podspell.t ........... skipped: Author test. Set $ENV{TEST_AUTHOR} to a true value to run.
t/prereq.t ............. skipped: Author test. Set $ENV{TEST_PREREQ} to a true value to run.
Test Summary Report
-------------------
t/04.multiple.t (Wstat: 512 Tests: 27 Failed: 2)
Failed tests: 15, 20
Non-zero exit status: 2
t/05.callbacks.t (Wstat: 256 Tests: 31 Failed: 1)
Failed test: 16
Non-zero exit status: 1
t/pod-coverage.t (Wstat: 512 Tests: 3 Failed: 2)
Failed tests: 2-3
Non-zero exit status: 2
Files=18, Tests=171, 2 wallclock secs ( 0.05 usr 0.02 sys + 1.28 cusr 0.11 csys = 1.46 CPU)
Result: FAIL
Failed 3/18 test programs. 5/171 subtests failed.
------------------------------
PREREQUISITES
------------------------------
Prerequisite modules loaded:
requires:
Module Need Have
------------------ ------ --------
autodie 0 2.13
CGI 3.41 3.63
MIME::Entity 0 5.505
Params::Validate 0 1.08
perl v5.6.1 5.018002
Readonly 0 1.04
UNIVERSAL::require 0 0.15
version 0 0.9902
build_requires:
Module Need Have
------------------ ------ --------
Perl6::Slurp 0 0.051003
Test::Exception 0 0.32
Test::More 0 1.001002
configure_requires:
Module Need Have
------------------ ------ --------
Module::Build 0.36 0.4203
------------------------------
ENVIRONMENT AND OTHER CONTEXT
------------------------------
Environment variables:
AUTOMATED_TESTING = 1
LANG = en_US.UTF-8
LANGUAGE = en_US:en
PATH = /usr/lib/ccache:/home/sand/bin:/usr/local/bin:/usr/bin:/bin:/usr/bin/X11:/usr/games:/usr/local/perl/bin:/usr/X11/bin:/sbin:/usr/sbin
PERL5LIB =
PERL5OPT =
PERL5_CPANPLUS_IS_RUNNING = 15331
PERL5_CPAN_IS_RUNNING = 15331
PERL_MM_USE_DEFAULT = 1
SHELL = /usr/bin/zsh
TERM = screen
Perl special variables (and OS-specific diagnostics, for MSWin32):
$^X = /tmp/basesmoker-reloperl-zAl4/bin/perl
$UID/$EUID = 1005 / 1005
$GID = 1005 1005
$EGID = 1005 1005
Perl module toolchain versions installed:
Module Have
------------------- --------
CPAN 2.00
CPAN::Meta 2.133380
Cwd 3.40
ExtUtils::CBuilder 0.280212
ExtUtils::Command 1.17
ExtUtils::Install 1.59
ExtUtils::MakeMaker 6.84
ExtUtils::Manifest 1.63
ExtUtils::ParseXS 3.22
File::Spec 3.40
JSON 2.90
JSON::PP 2.27203
Module::Build 0.4203
Module::Signature 0.73
Parse::CPAN::Meta 1.4409
Test::Harness 3.30
Test::More 1.001002
YAML 0.88
YAML::Syck 1.27
version 0.9902
--
Summary of my perl5 (revision 5 version 18 subversion 2) configuration:
Commit id: 4b39663ff1c51c68c6412a29ea57b000bf4e81af
Platform:
osname=linux, osvers=3.10-3-amd64, archname=x86_64-linux
uname='linux k83 3.10-3-amd64 #1 smp debian 3.10.11-1 (2013-09-10) x86_64 gnulinux '
config_args='-Dprefix=/home/sand/src/perl/repoperls/installed-perls/perl/v5.18.2-RC4/165a -Dmyhostname=k83 -Dinstallusrbinperl=n -Uversiononly -Dusedevel -des -Ui_db -Uuseithreads -Uuselongdouble -DDEBUGGING=-g'
hint=recommended, useposix=true, d_sigaction=define
useithreads=undef, usemultiplicity=undef
useperlio=define, d_sfio=undef, uselargefiles=define, usesocks=undef
use64bitint=define, use64bitall=define, uselongdouble=undef
usemymalloc=n, bincompat5005=undef
Compiler:
cc='cc', ccflags ='-fno-strict-aliasing -pipe -fstack-protector -I/usr/local/include -D_LARGEFILE_SOURCE -D_FILE_OFFSET_BITS=64',
optimize='-O2 -g',
cppflags='-fno-strict-aliasing -pipe -fstack-protector -I/usr/local/include'
ccversion='', gccversion='4.8.2', gccosandvers=''
intsize=4, longsize=8, ptrsize=8, doublesize=8, byteorder=12345678
d_longlong=define, longlongsize=8, d_longdbl=define, longdblsize=16
ivtype='long', ivsize=8, nvtype='double', nvsize=8, Off_t='off_t', lseeksize=8
alignbytes=8, prototype=define
Linker and Libraries:
ld='cc', ldflags =' -fstack-protector -L/usr/local/lib'
libpth=/usr/local/lib /lib/x86_64-linux-gnu /lib/../lib /usr/lib/x86_64-linux-gnu /usr/lib/../lib /lib /usr/lib
libs=-lnsl -lgdbm -ldb -ldl -lm -lcrypt -lutil -lc -lgdbm_compat
perllibs=-lnsl -ldl -lm -lcrypt -lutil -lc
libc=, so=so, useshrplib=false, libperl=libperl.a
gnulibc_version='2.17'
Dynamic Linking:
dlsrc=dl_dlopen.xs, dlext=so, d_dlsymun=undef, ccdlflags='-Wl,-E'
cccdlflags='-fPIC', lddlflags='-shared -O2 -g -L/usr/local/lib -fstack-protector'
Characteristics of this binary (from libperl):
Compile-time options: HAS_TIMES PERLIO_LAYERS PERL_DONT_CREATE_GVSV
PERL_HASH_FUNC_ONE_AT_A_TIME_HARD PERL_MALLOC_WRAP
PERL_PRESERVE_IVUV PERL_SAWAMPERSAND PERL_USE_DEVEL
USE_64_BIT_ALL USE_64_BIT_INT USE_LARGE_FILES
USE_LOCALE USE_LOCALE_COLLATE USE_LOCALE_CTYPE
USE_LOCALE_NUMERIC USE_PERLIO USE_PERL_ATOF
Locally applied patches:
RC4
Built under linux
Compiled at Dec 22 2013 07:59:25
%ENV:
PERL5LIB=""
PERL5OPT=""
PERL5_CPANPLUS_IS_RUNNING="15331"
PERL5_CPAN_IS_RUNNING="15331"
PERL_MM_USE_DEFAULT="1"
@INC:
/home/sand/src/perl/repoperls/installed-perls/perl/v5.18.2-RC4/165a/lib/site_perl/5.18.2/x86_64-linux
/home/sand/src/perl/repoperls/installed-perls/perl/v5.18.2-RC4/165a/lib/site_perl/5.18.2
/home/sand/src/perl/repoperls/installed-perls/perl/v5.18.2-RC4/165a/lib/5.18.2/x86_64-linux
/home/sand/src/perl/repoperls/installed-perls/perl/v5.18.2-RC4/165a/lib/5.18.2
.