Lingua-Identify-CLD v0.10 Perl 5 v5.30.0 armv6l-linux
- Status
- Fail
- From
- gregor herrmann
- Dist
-
Lingua-Identify-CLD v0.10
- Platform
- Perl 5 v5.30.0 armv6l-linux
- Date
- 2019-10-29 16:49:49
- ID
- 1ec8b016-fa6c-11e9-9bd7-1ff9c3b57d9a
This distribution has been tested as part of the CPAN Testers
project, supporting the Perl programming language. See
http://wiki.cpantesters.org/ for more information or email
questions to cpan-testers-discuss@perl.org
--
Dear Alberto Manuel Brandao Simoes,
This is a computer-generated report for Lingua-Identify-CLD-0.10
on perl 5.30.0, created by CPAN-Reporter-1.2018.
Thank you for uploading your work to CPAN. However, there was a problem
testing your distribution.
If you think this report is invalid, please consult the CPAN Testers Wiki
for suggestions on how to avoid getting FAIL reports for missing library
or binary dependencies, unsupported operating systems, and so on:
http://wiki.cpantesters.org/wiki/CPANAuthorNotes
Sections of this report:
* Tester comments
* Program output
* Prerequisites
* Environment and other context
------------------------------
TESTER COMMENTS
------------------------------
Additional comments from tester:
this report is from an automated smoke testing program
and was not reviewed by a human for accuracy
------------------------------
PROGRAM OUTPUT
------------------------------
Output from './Build test':
cc -I/srv/smoker/perl5/perlbrew/perls/perl-5.30.0/lib/5.30.0/armv6l-linux/CORE -fPIC -c -fwrapv -fno-strict-aliasing -pipe -fstack-protector-strong -I/usr/local/include -D_LARGEFILE_SOURCE -D_FILE_OFFSET_BITS=64 -D_FORTIFY_SOURCE=2 -O2 -o /tmp/GWqsT9fen0/library.o /tmp/GWqsT9fen0/library.c
cc -I/srv/smoker/perl5/perlbrew/perls/perl-5.30.0/lib/5.30.0/armv6l-linux/CORE -fPIC -c -fwrapv -fno-strict-aliasing -pipe -fstack-protector-strong -I/usr/local/include -D_LARGEFILE_SOURCE -D_FILE_OFFSET_BITS=64 -D_FORTIFY_SOURCE=2 -O2 -o /tmp/GWqsT9fen0/test.o /tmp/GWqsT9fen0/test.c
cc -shared -O2 -L/usr/local/lib -fstack-protector-strong -o /tmp/GWqsT9fen0/libfoo.so /tmp/GWqsT9fen0/library.o
cc -fstack-protector-strong -L/usr/local/lib -o /tmp/GWqsT9fen0/foo /tmp/GWqsT9fen0/test.o -L/tmp/GWqsT9fen0 -lfoo
** Preparing XS code
CLD.cc: loadable library and perl binaries are mismatched (got handshake key 0x8780000, needed 0x8880000)
t/00-load.t .......
Dubious, test returned 1 (wstat 256, 0x100)
Failed 1/1 subtests
CLD.cc: loadable library and perl binaries are mismatched (got handshake key 0x8780000, needed 0x8880000)
t/01-identify.t ...
Dubious, test returned 1 (wstat 256, 0x100)
No subtests run
CLD.cc: loadable library and perl binaries are mismatched (got handshake key 0x8780000, needed 0x8880000)
t/02-html.t .......
Dubious, test returned 1 (wstat 256, 0x100)
No subtests run
t/manifest.t ...... skipped: Author tests not required for installation
t/pod-coverage.t .. skipped: Set AUTHOR_TESTS to enable author tests
t/pod.t ........... skipped: Set AUTHOR_TESTS to enable author tests
Test Summary Report
-------------------
t/00-load.t (Wstat: 256 Tests: 0 Failed: 0)
Non-zero exit status: 1
Parse errors: Bad plan. You planned 1 tests but ran 0.
t/01-identify.t (Wstat: 256 Tests: 0 Failed: 0)
Non-zero exit status: 1
Parse errors: No plan found in TAP output
t/02-html.t (Wstat: 256 Tests: 0 Failed: 0)
Non-zero exit status: 1
Parse errors: No plan found in TAP output
Files=6, Tests=0, 19 wallclock secs ( 0.52 usr 0.09 sys + 10.84 cusr 0.64 csys = 12.09 CPU)
Result: FAIL
Failed 3/6 test programs. 0/0 subtests failed.
------------------------------
PREREQUISITES
------------------------------
Prerequisite modules loaded:
requires:
Module Need Have
-------------------- ----- --------
perl 5.008 5.030000
XSLoader 0.10 0.30
build_requires:
Module Need Have
-------------------- ----- --------
Config::AutoConf 0.17 0.317
ExtUtils::CBuilder 0.27 0.280231
ExtUtils::LibBuilder 0.04 0.08
ExtUtils::ParseXS 0 3.40
Test::More 0 1.302168
configure_requires:
Module Need Have
-------------------- ----- --------
Config::AutoConf 0.16 0.317
ExtUtils::LibBuilder 0.04 0.08
Module::Build 0.38 0.42_30
------------------------------
ENVIRONMENT AND OTHER CONTEXT
------------------------------
Environment variables:
AUTOMATED_TESTING = 1
LC_CTYPE = de_AT.utf8
LD_LIBRARY_PATH = /usr/lib/libeatmydata
NONINTERACTIVE_TESTING = 1
PATH = /srv/smoker/bin:/usr/lib/ccache:/srv/smoker/perl5/perlbrew/bin:/srv/smoker/perl5/perlbrew/perls/perl-5.30.0/bin:/usr/local/bin:/usr/bin:/bin:/usr/local/games:/usr/games
PERL5LIB =
PERL5OPT =
PERL5_CPANPLUS_IS_RUNNING = 32513
PERL5_CPAN_IS_RUNNING = 32513
PERL5_CPAN_IS_RUNNING_IN_RECURSION = 29276,32513
PERLBREW_HOME = /srv/smoker/.perlbrew
PERLBREW_MANPATH = /srv/smoker/perl5/perlbrew/perls/perl-5.30.0/man
PERLBREW_PATH = /srv/smoker/perl5/perlbrew/bin:/srv/smoker/perl5/perlbrew/perls/perl-5.30.0/bin
PERLBREW_PERL = perl-5.30.0
PERLBREW_ROOT = /srv/smoker/perl5/perlbrew
PERLBREW_SHELLRC_VERSION = 0.87
PERLBREW_VERSION = 0.87
PERL_CR_SMOKER_CURRENT = Module-Abstract-Cwalitee-0.006
PERL_EXTUTILS_AUTOINSTALL = --defaultdeps
PERL_MM_USE_DEFAULT = 1
PERL_USE_UNSAFE_INC = 1
SHELL = /bin/bash
TERM = screen-256color
Perl special variables (and OS-specific diagnostics, for MSWin32):
$^X = /srv/smoker/perl5/perlbrew/perls/perl-5.30.0/bin/perl
$UID/$EUID = 1111 / 1111
$GID = 65534 65534
$EGID = 65534 65534
Perl module toolchain versions installed:
Module Have
------------------- --------
CPAN 2.27
CPAN::Meta 2.150010
Cwd 3.78
ExtUtils::CBuilder 0.280231
ExtUtils::Command 7.39_01
ExtUtils::Install 2.14
ExtUtils::MakeMaker 7.39_01
ExtUtils::Manifest 1.72
ExtUtils::ParseXS 3.40
File::Spec 3.78
JSON 4.02
JSON::PP 4.04
Module::Build 0.42_30
Module::Signature n/a
Parse::CPAN::Meta 2.150010
Test::Harness 3.42
Test::More 1.302168
YAML 1.29
YAML::Syck 1.31
version 0.9924
--
Summary of my perl5 (revision 5 version 30 subversion 0) configuration:
Platform:
osname=linux
osvers=4.9.0-6-rpi
archname=armv6l-linux
uname='linux smoker 4.9.0-6-rpi #1 raspbian 4.9.82-1+deb9u3+rpi2 (2018-11-09) armv6l gnulinux '
config_args='-de -Dprefix=/srv/smoker/perl5/perlbrew/perls/perl-5.30.0 -Aeval:scriptdir=/srv/smoker/perl5/perlbrew/perls/perl-5.30.0/bin'
hint=recommended
useposix=true
d_sigaction=define
useithreads=undef
usemultiplicity=undef
use64bitint=undef
use64bitall=undef
uselongdouble=undef
usemymalloc=n
default_inc_excludes_dot=define
bincompat5005=undef
Compiler:
cc='cc'
ccflags ='-fwrapv -fno-strict-aliasing -pipe -fstack-protector-strong -I/usr/local/include -D_LARGEFILE_SOURCE -D_FILE_OFFSET_BITS=64 -D_FORTIFY_SOURCE=2'
optimize='-O2'
cppflags='-fwrapv -fno-strict-aliasing -pipe -fstack-protector-strong -I/usr/local/include'
ccversion=''
gccversion='8.3.0'
gccosandvers=''
intsize=4
longsize=4
ptrsize=4
doublesize=8
byteorder=1234
doublekind=3
d_longlong=define
longlongsize=8
d_longdbl=define
longdblsize=8
longdblkind=0
ivtype='long'
ivsize=4
nvtype='double'
nvsize=8
Off_t='off_t'
lseeksize=8
alignbytes=8
prototype=define
Linker and Libraries:
ld='cc'
ldflags =' -fstack-protector-strong -L/usr/local/lib'
libpth=/usr/local/lib /usr/lib/gcc/arm-linux-gnueabihf/8/include-fixed /usr/include/arm-linux-gnueabihf /usr/lib /lib/arm-linux-gnueabihf /lib /usr/lib/arm-linux-gnueabihf
libs=-lpthread -lnsl -ldl -lm -lcrypt -lutil -lc
perllibs=-lpthread -lnsl -ldl -lm -lcrypt -lutil -lc
libc=libc-2.28.so
so=so
useshrplib=false
libperl=libperl.a
gnulibc_version='2.28'
Dynamic Linking:
dlsrc=dl_dlopen.xs
dlext=so
d_dlsymun=undef
ccdlflags='-Wl,-E'
cccdlflags='-fPIC'
lddlflags='-shared -O2 -L/usr/local/lib -fstack-protector-strong'
Characteristics of this binary (from libperl):
Compile-time options:
HAS_TIMES
PERLIO_LAYERS
PERL_COPY_ON_WRITE
PERL_DONT_CREATE_GVSV
PERL_MALLOC_WRAP
PERL_OP_PARENT
PERL_PRESERVE_IVUV
USE_LARGE_FILES
USE_LOCALE
USE_LOCALE_COLLATE
USE_LOCALE_CTYPE
USE_LOCALE_NUMERIC
USE_LOCALE_TIME
USE_PERLIO
USE_PERL_ATOF
Locally applied patches:
Devel::PatchPerl 1.38
Built under linux
Compiled at May 23 2019 00:05:06
%ENV:
PERL5LIB=""
PERL5OPT=""
PERL5_CPANPLUS_IS_RUNNING="32513"
PERL5_CPAN_IS_RUNNING="32513"
PERL5_CPAN_IS_RUNNING_IN_RECURSION="29276,32513"
PERLBREW_HOME="/srv/smoker/.perlbrew"
PERLBREW_MANPATH="/srv/smoker/perl5/perlbrew/perls/perl-5.30.0/man"
PERLBREW_PATH="/srv/smoker/perl5/perlbrew/bin:/srv/smoker/perl5/perlbrew/perls/perl-5.30.0/bin"
PERLBREW_PERL="perl-5.30.0"
PERLBREW_ROOT="/srv/smoker/perl5/perlbrew"
PERLBREW_SHELLRC_VERSION="0.87"
PERLBREW_VERSION="0.87"
PERL_CR_SMOKER_CURRENT="Module-Abstract-Cwalitee-0.006"
PERL_EXTUTILS_AUTOINSTALL="--defaultdeps"
PERL_MM_USE_DEFAULT="1"
PERL_USE_UNSAFE_INC="1"
@INC:
/srv/smoker/perl5/perlbrew/perls/perl-5.30.0/lib/site_perl/5.30.0/armv6l-linux
/srv/smoker/perl5/perlbrew/perls/perl-5.30.0/lib/site_perl/5.30.0
/srv/smoker/perl5/perlbrew/perls/perl-5.30.0/lib/5.30.0/armv6l-linux
/srv/smoker/perl5/perlbrew/perls/perl-5.30.0/lib/5.30.0
.