Report for Test-CGI-Multipart-v0.0.3

Back
From: metabase:user:320bfe00-2aae-11df-837a-5e0a49663a4f
Subject: FAIL Test-CGI-Multipart-v0.0.3 v5.21.11 GNU/Linux
Date: 2015-03-24T07:12:24Z

This distribution has been tested as part of the CPAN Testers
project, supporting the Perl programming language.  See
http://wiki.cpantesters.org/ for more information or email
questions to cpan-testers-discuss@perl.org


--
Dear Nicholas Bamber,

This is a computer-generated report for Test-CGI-Multipart-v0.0.3
on perl 5.21.11, created by CPAN-Reporter-1.2011.

Thank you for uploading your work to CPAN.  However, there was a problem
testing your distribution.

If you think this report is invalid, please consult the CPAN Testers Wiki
for suggestions on how to avoid getting FAIL reports for missing library
or binary dependencies, unsupported operating systems, and so on:

http://wiki.cpantesters.org/wiki/CPANAuthorNotes

Sections of this report:

    * Tester comments
    * Program output
    * Prerequisites
    * Environment and other context

------------------------------
TESTER COMMENTS
------------------------------

Additional comments from tester:

this report is from an automated smoke testing program
and was not reviewed by a human for accuracy

------------------------------
PROGRAM OUTPUT
------------------------------

Output from './Build test':

# Testing Test::CGI::Multipart 0.0.3
t/00.load.t ............ ok
# Testing with CGI
# Testing with CGI::Simple
t/01.basic.t ........... ok
# Testing with CGI
# Testing with CGI::Simple
t/01.data_structure.t .. ok
CGI::param called in list context from package main line 52, this can lead to vulnerabilities. See the warning in "Fetching the value or values of a single named parameter" at /home/sand/src/perl/repoperls/installed-perls/perl/v5.21.10-8-g2e4abf2/165a/lib/site_perl/5.21.11/CGI.pm line 437.
CGI::param called in list context from package main line 52, this can lead to vulnerabilities. See the warning in "Fetching the value or values of a single named parameter" at /home/sand/src/perl/repoperls/installed-perls/perl/v5.21.10-8-g2e4abf2/165a/lib/site_perl/5.21.11/CGI.pm line 437.
# Testing with CGI
CGI::param called in list context from package main line 52, this can lead to vulnerabilities. See the warning in "Fetching the value or values of a single named parameter" at /home/sand/src/perl/repoperls/installed-perls/perl/v5.21.10-8-g2e4abf2/165a/lib/site_perl/5.21.11/CGI.pm line 437.
CGI::param called in list context from package main line 52, this can lead to vulnerabilities. See the warning in "Fetching the value or values of a single named parameter" at /home/sand/src/perl/repoperls/installed-perls/perl/v5.21.10-8-g2e4abf2/165a/lib/site_perl/5.21.11/CGI.pm line 437.
# Testing with CGI::Simple
t/02.param.t ........... ok
CGI::param called in list context from package main line 75, this can lead to vulnerabilities. See the warning in "Fetching the value or values of a single named parameter" at /home/sand/src/perl/repoperls/installed-perls/perl/v5.21.10-8-g2e4abf2/165a/lib/site_perl/5.21.11/CGI.pm line 437.
CGI::param called in list context from package main line 75, this can lead to vulnerabilities. See the warning in "Fetching the value or values of a single named parameter" at /home/sand/src/perl/repoperls/installed-perls/perl/v5.21.10-8-g2e4abf2/165a/lib/site_perl/5.21.11/CGI.pm line 437.
# Testing with CGI
CGI::param called in list context from package main line 75, this can lead to vulnerabilities. See the warning in "Fetching the value or values of a single named parameter" at /home/sand/src/perl/repoperls/installed-perls/perl/v5.21.10-8-g2e4abf2/165a/lib/site_perl/5.21.11/CGI.pm line 437.
CGI::param called in list context from package main line 75, this can lead to vulnerabilities. See the warning in "Fetching the value or values of a single named parameter" at /home/sand/src/perl/repoperls/installed-perls/perl/v5.21.10-8-g2e4abf2/165a/lib/site_perl/5.21.11/CGI.pm line 437.
# Testing with CGI::Simple
t/03.upload.t .......... ok
CGI::param called in list context from package main line 86, this can lead to vulnerabilities. See the warning in "Fetching the value or values of a single named parameter" at /home/sand/src/perl/repoperls/installed-perls/perl/v5.21.10-8-g2e4abf2/165a/lib/site_perl/5.21.11/CGI.pm line 437.
CGI::param called in list context from package main line 86, this can lead to vulnerabilities. See the warning in "Fetching the value or values of a single named parameter" at /home/sand/src/perl/repoperls/installed-perls/perl/v5.21.10-8-g2e4abf2/165a/lib/site_perl/5.21.11/CGI.pm line 437.
# Testing with CGI
CGI::param called in list context from package main line 86, this can lead to vulnerabilities. See the warning in "Fetching the value or values of a single named parameter" at /home/sand/src/perl/repoperls/installed-perls/perl/v5.21.10-8-g2e4abf2/165a/lib/site_perl/5.21.11/CGI.pm line 437.
CGI::param called in list context from package main line 86, this can lead to vulnerabilities. See the warning in "Fetching the value or values of a single named parameter" at /home/sand/src/perl/repoperls/installed-perls/perl/v5.21.10-8-g2e4abf2/165a/lib/site_perl/5.21.11/CGI.pm line 437.
t/04.multiple.t ........ ok
CGI::param called in list context from package main line 80, this can lead to vulnerabilities. See the warning in "Fetching the value or values of a single named parameter" at /home/sand/src/perl/repoperls/installed-perls/perl/v5.21.10-8-g2e4abf2/165a/lib/site_perl/5.21.11/CGI.pm line 437.
CGI::param called in list context from package main line 80, this can lead to vulnerabilities. See the warning in "Fetching the value or values of a single named parameter" at /home/sand/src/perl/repoperls/installed-perls/perl/v5.21.10-8-g2e4abf2/165a/lib/site_perl/5.21.11/CGI.pm line 437.
# Testing with CGI
CGI::param called in list context from package main line 80, this can lead to vulnerabilities. See the warning in "Fetching the value or values of a single named parameter" at /home/sand/src/perl/repoperls/installed-perls/perl/v5.21.10-8-g2e4abf2/165a/lib/site_perl/5.21.11/CGI.pm line 437.
CGI::param called in list context from package main line 80, this can lead to vulnerabilities. See the warning in "Fetching the value or values of a single named parameter" at /home/sand/src/perl/repoperls/installed-perls/perl/v5.21.10-8-g2e4abf2/165a/lib/site_perl/5.21.11/CGI.pm line 437.
# Testing with CGI::Simple
t/04.separate.t ........ ok

#   Failed test 'files'
#   at t/05.callbacks.t line 83.
#     Structures begin differing at:
#          $got->[0]{value} = 'Nah, Nah, Nah,....'
#     $expected->[0]{value} = 'Blah, Blah, Blah,....'
CGI::param called in list context from package main line 79, this can lead to vulnerabilities. See the warning in "Fetching the value or values of a single named parameter" at /home/sand/src/perl/repoperls/installed-perls/perl/v5.21.10-8-g2e4abf2/165a/lib/site_perl/5.21.11/CGI.pm line 437.
CGI::param called in list context from package main line 79, this can lead to vulnerabilities. See the warning in "Fetching the value or values of a single named parameter" at /home/sand/src/perl/repoperls/installed-perls/perl/v5.21.10-8-g2e4abf2/165a/lib/site_perl/5.21.11/CGI.pm line 437.
# Testing with CGI

#   Failed test 'files'
#   at t/05.callbacks.t line 83.
#     Structures begin differing at:
#          $got->[0]{value} = 'Nah, Nah, Nah,....'
#     $expected->[0]{value} = 'Blah, Blah, Blah,....'
CGI::param called in list context from package main line 79, this can lead to vulnerabilities. See the warning in "Fetching the value or values of a single named parameter" at /home/sand/src/perl/repoperls/installed-perls/perl/v5.21.10-8-g2e4abf2/165a/lib/site_perl/5.21.11/CGI.pm line 437.
CGI::param called in list context from package main line 79, this can lead to vulnerabilities. See the warning in "Fetching the value or values of a single named parameter" at /home/sand/src/perl/repoperls/installed-perls/perl/v5.21.10-8-g2e4abf2/165a/lib/site_perl/5.21.11/CGI.pm line 437.
# Looks like you failed 2 tests of 31.
t/05.callbacks.t ....... 
Dubious, test returned 2 (wstat 512, 0x200)
Failed 2/31 subtests 
	(less 6 skipped subtests: 23 okay)
t/10.text.t ............ skipped: This test requires Text::Lorem
CGI::param called in list context from package main line 44, this can lead to vulnerabilities. See the warning in "Fetching the value or values of a single named parameter" at /home/sand/src/perl/repoperls/installed-perls/perl/v5.21.10-8-g2e4abf2/165a/lib/site_perl/5.21.11/CGI.pm line 437.
# Testing with CGI
CGI::param called in list context from package main line 44, this can lead to vulnerabilities. See the warning in "Fetching the value or values of a single named parameter" at /home/sand/src/perl/repoperls/installed-perls/perl/v5.21.10-8-g2e4abf2/165a/lib/site_perl/5.21.11/CGI.pm line 437.
# Testing with CGI::Simple
CGI::param called in list context from package main line 81, this can lead to vulnerabilities. See the warning in "Fetching the value or values of a single named parameter" at /home/sand/src/perl/repoperls/installed-perls/perl/v5.21.10-8-g2e4abf2/165a/lib/site_perl/5.21.11/CGI.pm line 437.
# Testing with CGI
CGI::param called in list context from package main line 81, this can lead to vulnerabilities. See the warning in "Fetching the value or values of a single named parameter" at /home/sand/src/perl/repoperls/installed-perls/perl/v5.21.10-8-g2e4abf2/165a/lib/site_perl/5.21.11/CGI.pm line 437.
# Testing with CGI::Simple
t/11.reset.t ........... ok
t/20.image.t ........... skipped: This test requires GD::Simple
t/changes.t ............ skipped: Author test.  Set $ENV{TEST_AUTHOR} to a true value to run.
t/manifest.t ........... skipped: Author test.  Set $ENV{TEST_AUTHOR} to a true value to run.
t/perlcritic.t ......... skipped: Author test.  Set $ENV{TEST_AUTHOR} to a true value to run.

#   Failed test 'Pod coverage on Test::CGI::Multipart::Gen::Text'
#   at /home/sand/src/perl/repoperls/installed-perls/perl/v5.21.10-8-g2e4abf2/165a/lib/site_perl/5.21.11/Test/Pod/Coverage.pm line 133.
# Test::CGI::Multipart::Gen::Text: requiring 'Test::CGI::Multipart::Gen::Text' failed

#   Failed test 'Pod coverage on Test::CGI::Multipart::Gen::Image'
#   at /home/sand/src/perl/repoperls/installed-perls/perl/v5.21.10-8-g2e4abf2/165a/lib/site_perl/5.21.11/Test/Pod/Coverage.pm line 133.
# Test::CGI::Multipart::Gen::Image: requiring 'Test::CGI::Multipart::Gen::Image' failed
# Looks like you failed 2 tests of 3.
t/pod-coverage.t ....... 
Dubious, test returned 2 (wstat 512, 0x200)
Failed 2/3 subtests 
t/pod.t ................ ok
t/podspell.t ........... skipped: Author test.  Set $ENV{TEST_AUTHOR} to a true value to run.
t/prereq.t ............. skipped: Author test.  Set $ENV{TEST_PREREQ} to a true value to run.

Test Summary Report
-------------------
t/05.callbacks.t     (Wstat: 512 Tests: 31 Failed: 2)
  Failed tests:  16, 22
  Non-zero exit status: 2
t/pod-coverage.t     (Wstat: 512 Tests: 3 Failed: 2)
  Failed tests:  2-3
  Non-zero exit status: 2
Files=18, Tests=171,  3 wallclock secs ( 0.07 usr  0.12 sys +  1.95 cusr  0.42 csys =  2.56 CPU)
Result: FAIL
Failed 2/18 test programs. 4/171 subtests failed.

------------------------------
PREREQUISITES
------------------------------

Prerequisite modules loaded:

requires:

    Module             Need   Have    
    ------------------ ------ --------
    autodie            0      2.26    
    CGI                3.41   4.13    
    MIME::Entity       0      5.505   
    Params::Validate   0      1.18    
    perl               v5.6.1 5.021011
    Readonly           0      2.00    
    UNIVERSAL::require 0      0.18    
    version            0      0.9909  

build_requires:

    Module             Need   Have    
    ------------------ ------ --------
    Perl6::Slurp       0      0.051005
    Test::Exception    0      0.38    
    Test::More         0      1.001014

configure_requires:

    Module             Need   Have    
    ------------------ ------ --------
    Module::Build      0.36   0.4211  


------------------------------
ENVIRONMENT AND OTHER CONTEXT
------------------------------

Environment variables:

    AUTOMATED_TESTING = 1
    LANG = en_US.UTF-8
    LANGUAGE = en_US:en
    PATH = /home/sand/bin:/usr/local/bin:/usr/bin:/bin:/usr/games:/usr/local/perl/bin:/usr/X11/bin:/sbin:/usr/sbin
    PERL5LIB = 
    PERL5OPT = 
    PERL5_CPANPLUS_IS_RUNNING = 19800
    PERL5_CPAN_IS_RUNNING = 19800
    PERL_MM_USE_DEFAULT = 1
    SHELL = /usr/bin/zsh
    TERM = screen

Perl special variables (and OS-specific diagnostics, for MSWin32):

    $^X = /tmp/basesmoker-reloperl-1CHq/bin/perl
    $UID/$EUID = 1005 / 1005
    $GID = 1005 1005
    $EGID = 1005 1005

Perl module toolchain versions installed:

    Module              Have    
    ------------------- --------
    CPAN                2.10    
    CPAN::Meta          2.150001
    Cwd                 3.56    
    ExtUtils::CBuilder  0.280221
    ExtUtils::Command   1.20    
    ExtUtils::Install   2.04    
    ExtUtils::MakeMaker 7.04    
    ExtUtils::Manifest  1.70    
    ExtUtils::ParseXS   3.27    
    File::Spec          3.56    
    JSON                2.90    
    JSON::PP            2.27300 
    Module::Build       0.4211  
    Module::Signature   0.73    
    Parse::CPAN::Meta   1.4414  
    Test::Harness       3.35    
    Test::More          1.001014
    YAML                1.14    
    YAML::Syck          1.29    
    version             0.9909  


--

Summary of my perl5 (revision 5 version 21 subversion 11) configuration:
  Commit id: 2e4abf26cb063448238056754343185a65d15b21
  Platform:
    osname=linux, osvers=3.16.0-4-amd64, archname=x86_64-linux
    uname='linux k83 3.16.0-4-amd64 #1 smp debian 3.16.7-ckt7-1 (2015-03-01) x86_64 gnulinux '
    config_args='-Dprefix=/home/sand/src/perl/repoperls/installed-perls/perl/v5.21.10-8-g2e4abf2/165a -Dmyhostname=k83 -Dinstallusrbinperl=n -Uversiononly -Dusedevel -des -Ui_db -Uuseithreads -Uuselongdouble -DDEBUGGING=-g'
    hint=recommended, useposix=true, d_sigaction=define
    useithreads=undef, usemultiplicity=undef
    use64bitint=define, use64bitall=define, uselongdouble=undef
    usemymalloc=n, bincompat5005=undef
  Compiler:
    cc='cc', ccflags ='-fwrapv -fno-strict-aliasing -pipe -fstack-protector-strong -I/usr/local/include -D_LARGEFILE_SOURCE -D_FILE_OFFSET_BITS=64 -D_FORTIFY_SOURCE=2',
    optimize='-O2 -g',
    cppflags='-fwrapv -fno-strict-aliasing -pipe -fstack-protector-strong -I/usr/local/include'
    ccversion='', gccversion='4.9.2', gccosandvers=''
    intsize=4, longsize=8, ptrsize=8, doublesize=8, byteorder=12345678, doublekind=3
    d_longlong=define, longlongsize=8, d_longdbl=define, longdblsize=16, longdblkind=3
    ivtype='long', ivsize=8, nvtype='double', nvsize=8, Off_t='off_t', lseeksize=8
    alignbytes=8, prototype=define
  Linker and Libraries:
    ld='cc', ldflags =' -fstack-protector-strong -L/usr/local/lib'
    libpth=/usr/local/lib /usr/lib/gcc/x86_64-linux-gnu/4.9/include-fixed /usr/include/x86_64-linux-gnu /usr/lib /lib/x86_64-linux-gnu /lib/../lib /usr/lib/x86_64-linux-gnu /usr/lib/../lib /lib
    libs=-lpthread -lnsl -lgdbm -ldb -ldl -lm -lcrypt -lutil -lc -lgdbm_compat
    perllibs=-lpthread -lnsl -ldl -lm -lcrypt -lutil -lc
    libc=libc-2.19.so, so=so, useshrplib=false, libperl=libperl.a
    gnulibc_version='2.19'
  Dynamic Linking:
    dlsrc=dl_dlopen.xs, dlext=so, d_dlsymun=undef, ccdlflags='-Wl,-E'
    cccdlflags='-fPIC', lddlflags='-shared -O2 -g -L/usr/local/lib -fstack-protector-strong'


Characteristics of this binary (from libperl): 
  Compile-time options: HAS_TIMES PERLIO_LAYERS PERL_DONT_CREATE_GVSV
                        PERL_HASH_FUNC_ONE_AT_A_TIME_HARD PERL_MALLOC_WRAP
                        PERL_NEW_COPY_ON_WRITE PERL_PRESERVE_IVUV
                        PERL_USE_DEVEL USE_64_BIT_ALL USE_64_BIT_INT
                        USE_LARGE_FILES USE_LOCALE USE_LOCALE_COLLATE
                        USE_LOCALE_CTYPE USE_LOCALE_NUMERIC USE_LOCALE_TIME
                        USE_PERLIO USE_PERL_ATOF
  Built under linux
  Compiled at Mar 23 2015 20:05:45
  %ENV:
    PERL5LIB=""
    PERL5OPT=""
    PERL5_CPANPLUS_IS_RUNNING="19800"
    PERL5_CPAN_IS_RUNNING="19800"
    PERL_MM_USE_DEFAULT="1"
  @INC:
    /home/sand/src/perl/repoperls/installed-perls/perl/v5.21.10-8-g2e4abf2/165a/lib/site_perl/5.21.11/x86_64-linux
    /home/sand/src/perl/repoperls/installed-perls/perl/v5.21.10-8-g2e4abf2/165a/lib/site_perl/5.21.11
    /home/sand/src/perl/repoperls/installed-perls/perl/v5.21.10-8-g2e4abf2/165a/lib/5.21.11/x86_64-linux
    /home/sand/src/perl/repoperls/installed-perls/perl/v5.21.10-8-g2e4abf2/165a/lib/5.21.11
    .