Report for Math-Decimal128-0.04

Back
From: metabase:user:320bfe00-2aae-11df-837a-5e0a49663a4f
Subject: FAIL Math-Decimal128-0.04 v5.21.7 GNU/Linux
Date: 2015-01-28T06:23:06Z

This distribution has been tested as part of the CPAN Testers
project, supporting the Perl programming language.  See
http://wiki.cpantesters.org/ for more information or email
questions to cpan-testers-discuss@perl.org


--
Dear Sisyphus,

This is a computer-generated report for Math-Decimal128-0.04
on perl 5.21.7, created by CPAN-Reporter-1.2011.

Thank you for uploading your work to CPAN.  However, there was a problem
testing your distribution.

If you think this report is invalid, please consult the CPAN Testers Wiki
for suggestions on how to avoid getting FAIL reports for missing library
or binary dependencies, unsupported operating systems, and so on:

http://wiki.cpantesters.org/wiki/CPANAuthorNotes

Sections of this report:

    * Tester comments
    * Program output
    * Prerequisites
    * Environment and other context

------------------------------
TESTER COMMENTS
------------------------------

Additional comments from tester:

this report is from an automated smoke testing program
and was not reviewed by a human for accuracy

------------------------------
PROGRAM OUTPUT
------------------------------

Output from '/usr/bin/make test':

"/home/sand/src/perl/repoperls/installed-perls/perl/v5.21.7/9ab7/bin/perl" -MExtUtils::Command::MM -e 'cp_nonempty' -- Decimal128.bs blib/arch/auto/Math/Decimal128/Decimal128.bs 644
PERL_DL_NONLAZY=1 "/home/sand/src/perl/repoperls/installed-perls/perl/v5.21.7/9ab7/bin/perl" "-MExtUtils::Command::MM" "-MTest::Harness" "-e" "undef *Test::Harness::Switches; test_harness(0, 'blib/lib', 'blib/arch')" t/*.t

Endianness: Little Endian
Format: BID
t/aab_basic.t ............ ok
t/assignDPDl.t ........... ok
t/assignIVl.t ............ ok
t/assignNVl.t ............ ok

The remaining assignPVl.t tests might take a couple of minutes

Expected -1
Got 1

Expected -0
Got 0
Use of uninitialized value $128 in concatenation (.) or string at t/assignPVl.t line 586.

Expected -0
Got 

Expected -0
Got 0
nnumflagl expected 4, got 4

Expected -162e-3
Got -162e-3
nnumflagl expected 8, got 10

Expected -0
Got 0
nnumflagl expected 9, got 11

Expected -23e0
Got -23e0
nnumflagl expected 11, got 13

Expected 0
Got 0
nnumflagl expected 19, got 21
t/assignPVl.t ............ 
Failed 8/85 subtests 
t/assignUVl.t ............ ok
t/boundaries.t ........... ok
t/conv.t ................. ok
t/D128toFSTR.t ........... ok
t/D128toRSTR.t ........... ok
t/dec_inc.t .............. ok
t/decode_cross_checks.t .. ok

Detected BID formatting
t/decode_d128.t .......... ok
t/DPDtoD128.t ............ ok
t/Exp10l.t ............... ok
t/general.t .............. ok
t/Inf_Nan.t .............. ok
t/IV_arith.t ............. ok
t/lengthy_mantissa.t ..... ok
t/MEtoPVl.t .............. ok
t/new.t .................. ok
t/overload_cmp.t ......... ok
t/overload_int.t ......... ok
t/overload_PV.t .......... ok
t/overload_spaceship.t ... ok

Test::Pod version: 1.48

Pod::Simple version: 3.29
t/pod.t .................. ok

The remaining PVtoD128.t tests might take a couple of minutes
t/PVtoD128.t ............. ok
t/reassign.t ............. ok
t/subnormal.t ............ ok
t/UV_cmp.t ............... ok

Test Summary Report
-------------------
t/assignPVl.t          (Wstat: 0 Tests: 85 Failed: 8)
  Failed tests:  18, 46, 63, 65, 72-73, 75, 83
Files=30, Tests=373, 100 wallclock secs ( 0.10 usr  0.01 sys + 63.30 cusr  0.43 csys = 63.84 CPU)
Result: FAIL
Failed 1/30 test programs. 8/373 subtests failed.
Makefile:970: recipe for target 'test_dynamic' failed
make: *** [test_dynamic] Error 255

------------------------------
PREREQUISITES
------------------------------

Prerequisite modules loaded:

build_requires:

    Module              Need Have   
    ------------------- ---- -------
    ExtUtils::MakeMaker 0    7.05_09

configure_requires:

    Module              Need Have   
    ------------------- ---- -------
    ExtUtils::MakeMaker 0    7.05_09


------------------------------
ENVIRONMENT AND OTHER CONTEXT
------------------------------

Environment variables:

    AUTOMATED_TESTING = 1
    LANG = en_US.UTF-8
    LANGUAGE = en_US:en
    PATH = /home/sand/bin:/usr/local/bin:/usr/bin:/bin:/usr/games:/usr/local/perl/bin:/usr/X11/bin:/sbin:/usr/sbin
    PERL5LIB = 
    PERL5OPT = 
    PERL5_CPANPLUS_IS_RUNNING = 14773
    PERL5_CPAN_IS_RUNNING = 14773
    PERL_MM_USE_DEFAULT = 1
    SHELL = /usr/bin/zsh
    TERM = screen

Perl special variables (and OS-specific diagnostics, for MSWin32):

    $^X = /home/sand/src/perl/repoperls/installed-perls/perl/v5.21.7/9ab7/bin/perl
    $UID/$EUID = 1005 / 1005
    $GID = 1005 1005
    $EGID = 1005 1005

Perl module toolchain versions installed:

    Module              Have        
    ------------------- ------------
    CPAN                2.05        
    CPAN::Meta          2.143240    
    Cwd                 3.54        
    ExtUtils::CBuilder  0.280221    
    ExtUtils::Command   7.05_09     
    ExtUtils::Install   2.04        
    ExtUtils::MakeMaker 7.05_09     
    ExtUtils::Manifest  1.70        
    ExtUtils::ParseXS   3.27        
    File::Spec          3.53        
    JSON                2.90        
    JSON::PP            2.27300     
    Module::Build       0.4211      
    Module::Signature   0.73        
    Parse::CPAN::Meta   1.4414      
    Test::Harness       3.35        
    Test::More          1.301001_090
    YAML                1.14        
    YAML::Syck          1.29        
    version             0.9912      


--

Summary of my perl5 (revision 5 version 21 subversion 7) configuration:
  Commit id: 846dac6786c1ada87b95d0268c0a9772a4bd04fc
  Platform:
    osname=linux, osvers=3.16.0-4-amd64, archname=x86_64-linux
    uname='linux k83 3.16.0-4-amd64 #1 smp debian 3.16.7-ckt2-1 (2014-12-08) x86_64 gnulinux '
    config_args='-Dprefix=/home/sand/src/perl/repoperls/installed-perls/perl/v5.21.7/9ab7 -Dmyhostname=k83 -Dinstallusrbinperl=n -Uversiononly -Dusedevel -des -Ui_db -Uuseithreads -Uuselongdouble'
    hint=recommended, useposix=true, d_sigaction=define
    useithreads=undef, usemultiplicity=undef
    use64bitint=define, use64bitall=define, uselongdouble=undef
    usemymalloc=n, bincompat5005=undef
  Compiler:
    cc='cc', ccflags ='-fwrapv -fno-strict-aliasing -pipe -fstack-protector-strong -I/usr/local/include -D_LARGEFILE_SOURCE -D_FILE_OFFSET_BITS=64 -D_FORTIFY_SOURCE=2',
    optimize='-O2',
    cppflags='-fwrapv -fno-strict-aliasing -pipe -fstack-protector-strong -I/usr/local/include'
    ccversion='', gccversion='4.9.2', gccosandvers=''
    intsize=4, longsize=8, ptrsize=8, doublesize=8, byteorder=12345678, doublekind=3
    d_longlong=define, longlongsize=8, d_longdbl=define, longdblsize=16, longdblkind=3
    ivtype='long', ivsize=8, nvtype='double', nvsize=8, Off_t='off_t', lseeksize=8
    alignbytes=8, prototype=define
  Linker and Libraries:
    ld='cc', ldflags =' -fstack-protector-strong -L/usr/local/lib'
    libpth=/usr/local/lib /usr/lib/gcc/x86_64-linux-gnu/4.9/include-fixed /usr/include/x86_64-linux-gnu /usr/lib /lib/x86_64-linux-gnu /lib/../lib /usr/lib/x86_64-linux-gnu /usr/lib/../lib /lib
    libs=-lnsl -lgdbm -ldb -ldl -lm -lcrypt -lutil -lc -lpthread -lgdbm_compat
    perllibs=-lnsl -ldl -lm -lcrypt -lutil -lc -lpthread
    libc=libc-2.19.so, so=so, useshrplib=false, libperl=libperl.a
    gnulibc_version='2.19'
  Dynamic Linking:
    dlsrc=dl_dlopen.xs, dlext=so, d_dlsymun=undef, ccdlflags='-Wl,-E'
    cccdlflags='-fPIC', lddlflags='-shared -O2 -L/usr/local/lib -fstack-protector-strong'


Characteristics of this binary (from libperl): 
  Compile-time options: HAS_TIMES PERLIO_LAYERS PERL_DONT_CREATE_GVSV
                        PERL_HASH_FUNC_ONE_AT_A_TIME_HARD PERL_MALLOC_WRAP
                        PERL_NEW_COPY_ON_WRITE PERL_PRESERVE_IVUV
                        PERL_USE_DEVEL USE_64_BIT_ALL USE_64_BIT_INT
                        USE_LARGE_FILES USE_LOCALE USE_LOCALE_COLLATE
                        USE_LOCALE_CTYPE USE_LOCALE_NUMERIC USE_LOCALE_TIME
                        USE_PERLIO USE_PERL_ATOF
  Built under linux
  Compiled at Jan  9 2015 23:49:57
  %ENV:
    PERL5LIB=""
    PERL5OPT=""
    PERL5_CPANPLUS_IS_RUNNING="14773"
    PERL5_CPAN_IS_RUNNING="14773"
    PERL_MM_USE_DEFAULT="1"
  @INC:
    /home/sand/src/perl/repoperls/installed-perls/perl/v5.21.7/9ab7/lib/site_perl/5.21.7/x86_64-linux
    /home/sand/src/perl/repoperls/installed-perls/perl/v5.21.7/9ab7/lib/site_perl/5.21.7
    /home/sand/src/perl/repoperls/installed-perls/perl/v5.21.7/9ab7/lib/5.21.7/x86_64-linux
    /home/sand/src/perl/repoperls/installed-perls/perl/v5.21.7/9ab7/lib/5.21.7
    .