Back
From: metabase:user:320bfe00-2aae-11df-837a-5e0a49663a4f
Subject: FAIL OpenERP-XMLRPC-Simple-0.23 v5.24.1 RC3 GNU/Linux
Date: 2016-09-02T10:58:04Z
This distribution has been tested as part of the CPAN Testers
project, supporting the Perl programming language. See
http://wiki.cpantesters.org/ for more information or email
questions to cpan-testers-discuss@perl.org
--
Dear Colin Newell,
This is a computer-generated report for OpenERP-XMLRPC-Simple-0.23
on perl 5.24.1, created by CPAN-Reporter-1.2018.
Thank you for uploading your work to CPAN. However, there was a problem
testing your distribution.
If you think this report is invalid, please consult the CPAN Testers Wiki
for suggestions on how to avoid getting FAIL reports for missing library
or binary dependencies, unsupported operating systems, and so on:
http://wiki.cpantesters.org/wiki/CPANAuthorNotes
Sections of this report:
* Tester comments
* Program output
* Prerequisites
* Environment and other context
------------------------------
TESTER COMMENTS
------------------------------
Additional comments from tester:
this report is from an automated smoke testing program
and was not reviewed by a human for accuracy
------------------------------
PROGRAM OUTPUT
------------------------------
Output from '/usr/bin/make test':
PERL_DL_NONLAZY=1 "/home/sand/src/perl/repoperls/installed-perls/perl/v5.24.1-RC3/de40/bin/perl" "-MExtUtils::Command::MM" "-MTest::Harness" "-e" "undef *Test::Harness::Switches; test_harness(0, 'blib/lib', 'blib/arch')" t/*.t
# Testing OpenERP::XMLRPC::Client
t/00-load.t ............ ok
#
# Versions for all modules listed in MYMETA.json (including optional ones):
#
# === Configure Requires ===
#
# Module Want Have
# ------------------- ---- ----
# ExtUtils::MakeMaker any 7.24
#
# === Build Requires ===
#
# Module Want Have
# ------------------- ---- ----
# ExtUtils::MakeMaker any 7.24
#
# === Test Requires ===
#
# Module Want Have
# ------------------- ---- --------
# Data::Dumper any 2.161
# ExtUtils::MakeMaker any 7.24
# File::ShareDir any 1.102
# File::Slurp any 9999.19
# File::Spec any 3.63_01
# File::Temp any 0.2304
# FindBin any 1.51
# HTTP::Request any 6.11
# HTTP::Response any 6.11
# IO::File any 1.16
# Net::HTTPServer any 1.1.1
# Test::More 0.96 1.302054
# XML::Simple any 2.22
# lib any 0.63
# strict any 1.11
# warnings any 1.36
#
# === Test Recommends ===
#
# Module Want Have
# ---------- -------- --------
# CPAN::Meta 2.120900 2.150010
#
# === Runtime Requires ===
#
# Module Want Have
# ---------------------------- ---- ------
# MIME::Base64 any 3.15
# Moose any 2.1805
# MooseX::Role::XMLRPC::Client any 0.06
# failures any 0.004
#
t/00-report-prereqs.t .. ok
Could not start the server: Address already in use at /tmp/loop_over_bdir-30339-jAjf53/OpenERP-XMLRPC-Simple-0.23-0/t/lib/Test/MockOpenERP.pm line 64.
Process() called on undefined socket. Check the result from Start().
at /tmp/loop_over_bdir-30339-jAjf53/OpenERP-XMLRPC-Simple-0.23-0/t/lib/Test/MockOpenERP.pm line 67.
Can't call method "close" on an undefined value at /tmp/loop_over_bdir-30339-jAjf53/OpenERP-XMLRPC-Simple-0.23-0/t/lib/Test/MockOpenERP.pm line 142, <DATA> line 1.
# Tests were run but no plan was declared and done_testing() was not seen.
# Looks like your test exited with 2 just after 1.
t/01-xmlrpc-client.t ...
Dubious, test returned 2 (wstat 512, 0x200)
All 1 subtests passed
#
# #################################################################
# # #
# # The following tests are built to run against a Mock OpenERP. #
# # (and will do, by default) #
# # To run the tests against a real OpenERP please specify the #
# # following $ENV variables #
# # #
# # OPENERP_SIMPLE_HOST - required! #
# # OPENERP_SIMPLE_PORT - default = 8069 #
# # OPENERP_SIMPLE_NAME - default = terp #
# # OPENERP_SIMPLE_USER - default = admin #
# # OPENERP_SIMPLE_PASS - default = admin #
# # #
# #################################################################
# Testing against mock OpenERP server
Could not start the server: Address already in use at /tmp/loop_over_bdir-30339-jAjf53/OpenERP-XMLRPC-Simple-0.23-0/t/lib/Test/MockOpenERP.pm line 64.
Process() called on undefined socket. Check the result from Start().
at /tmp/loop_over_bdir-30339-jAjf53/OpenERP-XMLRPC-Simple-0.23-0/t/lib/Test/MockOpenERP.pm line 67.
Can't call method "close" on an undefined value at /tmp/loop_over_bdir-30339-jAjf53/OpenERP-XMLRPC-Simple-0.23-0/t/lib/Test/MockOpenERP.pm line 142, <DATA> line 1.
# Looks like your test exited with 2 just after 1.
t/02-xmlrpc-simple.t ...
Dubious, test returned 2 (wstat 512, 0x200)
Failed 17/18 subtests
t/author-critic.t ...... skipped: these tests are for testing by the author
t/pod.t ................ skipped: set TEST_POD to enable this test
Test Summary Report
-------------------
t/01-xmlrpc-client.t (Wstat: 512 Tests: 1 Failed: 0)
Non-zero exit status: 2
Parse errors: No plan found in TAP output
t/02-xmlrpc-simple.t (Wstat: 512 Tests: 1 Failed: 0)
Non-zero exit status: 2
Parse errors: Bad plan. You planned 18 tests but ran 1.
Files=6, Tests=4, 10 wallclock secs ( 0.03 usr 0.06 sys + 2.96 cusr 0.55 csys = 3.60 CPU)
Result: FAIL
Failed 2/6 test programs. 0/4 subtests failed.
Makefile:891: recipe for target 'test_dynamic' failed
make: *** [test_dynamic] Error 255
------------------------------
PREREQUISITES
------------------------------
Prerequisite modules loaded:
requires:
Module Need Have
---------------------------- ----- --------
failures 0 0.004
MIME::Base64 0 3.15
Moose 0 2.1805
MooseX::Role::XMLRPC::Client 0 0.06
perl 5.010 5.024001
build_requires:
Module Need Have
---------------------------- ----- --------
Data::Dumper 0 2.161
ExtUtils::MakeMaker 0 7.24
File::ShareDir 0 1.102
File::Slurp 0 9999.19
File::Spec 0 3.63_01
File::Temp 0 0.2304
FindBin 0 1.51
HTTP::Request 0 6.11
HTTP::Response 0 6.11
IO::File 0 1.16
lib 0 0.63
Net::HTTPServer 0 1.1.1
strict 0 1.11
Test::More 0.96 1.302054
warnings 0 1.36
XML::Simple 0 2.22
configure_requires:
Module Need Have
---------------------------- ----- --------
ExtUtils::MakeMaker 0 7.24
------------------------------
ENVIRONMENT AND OTHER CONTEXT
------------------------------
Environment variables:
AUTOMATED_TESTING = 1
LANG = en_US.UTF-8
LANGUAGE = en_US:en
PATH = /usr/lib/ccache:/home/sand/bin:/usr/local/bin:/usr/bin:/bin:/usr/games:/usr/local/perl/bin:/usr/X11/bin:/sbin:/usr/sbin
PERL5LIB =
PERL5OPT =
PERL5_CPANPLUS_IS_RUNNING = 30341
PERL5_CPAN_IS_RUNNING = 30341
PERL_CANARY_STABILITY_NOPROMPT = 1
PERL_MM_USE_DEFAULT = 1
SHELL = /usr/bin/zsh
TERM = screen
Perl special variables (and OS-specific diagnostics, for MSWin32):
$^X = /home/sand/src/perl/repoperls/installed-perls/perl/v5.24.1-RC3/de40/bin/perl
$UID/$EUID = 1005 / 1005
$GID = 1005 1005
$EGID = 1005 1005
Perl module toolchain versions installed:
Module Have
------------------- ----------
CPAN 2.15
CPAN::Meta 2.150010
Cwd 3.63_01
ExtUtils::CBuilder 0.280225
ExtUtils::Command 7.24
ExtUtils::Install 2.04
ExtUtils::MakeMaker 7.24
ExtUtils::Manifest 1.70
ExtUtils::ParseXS 3.31
File::Spec 3.63_01
JSON 2.90
JSON::PP 2.27300_01
Module::Build 0.4218
Module::Signature 0.80
Parse::CPAN::Meta 2.150010
Test::Harness 3.36_01
Test::More 1.302054
YAML 1.18
YAML::Syck 1.29
version 0.9916
--
Summary of my perl5 (revision 5 version 24 subversion 1) configuration:
Commit id: 1b7abe20fcdca479e5720538eb76c42f71a979c3
Platform:
osname=linux, osvers=4.3.0-1-amd64, archname=x86_64-linux-thread-multi-ld
uname='linux k83 4.3.0-1-amd64 #1 smp debian 4.3.3-7 (2016-01-19) x86_64 gnulinux '
config_args='-Dprefix=/home/sand/src/perl/repoperls/installed-perls/perl/v5.24.1-RC3/de40 -Dmyhostname=k83 -Dinstallusrbinperl=n -Uversiononly -Dusedevel -des -Ui_db -Dlibswanted=cl pthread socket inet nsl gdbm dbm malloc dl ld sun m crypt sec util c cposix posix ucb BSD gdbm_compat -Duseithreads -Duselongdouble'
hint=recommended, useposix=true, d_sigaction=define
useithreads=define, usemultiplicity=define
use64bitint=define, use64bitall=define, uselongdouble=define
usemymalloc=n, bincompat5005=undef
Compiler:
cc='cc', ccflags ='-D_REENTRANT -D_GNU_SOURCE -fwrapv -fno-strict-aliasing -pipe -fstack-protector-strong -I/usr/local/include -D_LARGEFILE_SOURCE -D_FILE_OFFSET_BITS=64 -D_FORTIFY_SOURCE=2',
optimize='-O2',
cppflags='-D_REENTRANT -D_GNU_SOURCE -fwrapv -fno-strict-aliasing -pipe -fstack-protector-strong -I/usr/local/include'
ccversion='', gccversion='5.3.1 20160121', gccosandvers=''
intsize=4, longsize=8, ptrsize=8, doublesize=8, byteorder=12345678, doublekind=3
d_longlong=define, longlongsize=8, d_longdbl=define, longdblsize=16, longdblkind=3
ivtype='long', ivsize=8, nvtype='long double', nvsize=16, Off_t='off_t', lseeksize=8
alignbytes=16, prototype=define
Linker and Libraries:
ld='cc', ldflags =' -fstack-protector-strong -L/usr/local/lib'
libpth=/usr/local/lib /usr/lib/gcc/x86_64-linux-gnu/5/include-fixed /usr/include/x86_64-linux-gnu /usr/lib /lib/x86_64-linux-gnu /lib/../lib /usr/lib/x86_64-linux-gnu /usr/lib/../lib /lib
libs=-lpthread -lnsl -lgdbm -ldl -lm -lcrypt -lutil -lc -lgdbm_compat
perllibs=-lpthread -lnsl -ldl -lm -lcrypt -lutil -lc
libc=libc-2.21.so, so=so, useshrplib=false, libperl=libperl.a
gnulibc_version='2.21'
Dynamic Linking:
dlsrc=dl_dlopen.xs, dlext=so, d_dlsymun=undef, ccdlflags='-Wl,-E'
cccdlflags='-fPIC', lddlflags='-shared -O2 -L/usr/local/lib -fstack-protector-strong'
Characteristics of this binary (from libperl):
Compile-time options: HAS_TIMES MULTIPLICITY PERLIO_LAYERS
PERL_COPY_ON_WRITE PERL_DONT_CREATE_GVSV
PERL_HASH_FUNC_ONE_AT_A_TIME_HARD
PERL_IMPLICIT_CONTEXT PERL_MALLOC_WRAP
PERL_PRESERVE_IVUV PERL_USE_DEVEL USE_64_BIT_ALL
USE_64_BIT_INT USE_ITHREADS USE_LARGE_FILES
USE_LOCALE USE_LOCALE_COLLATE USE_LOCALE_CTYPE
USE_LOCALE_NUMERIC USE_LOCALE_TIME USE_LONG_DOUBLE
USE_PERLIO USE_PERL_ATOF USE_REENTRANT_API
Locally applied patches:
RC3
Built under linux
Compiled at Aug 13 2016 09:54:02
%ENV:
PERL5LIB=""
PERL5OPT=""
PERL5_CPANPLUS_IS_RUNNING="30341"
PERL5_CPAN_IS_RUNNING="30341"
PERL_CANARY_STABILITY_NOPROMPT="1"
PERL_MM_USE_DEFAULT="1"
@INC:
/home/sand/src/perl/repoperls/installed-perls/perl/v5.24.1-RC3/de40/lib/site_perl/5.24.1/x86_64-linux-thread-multi-ld
/home/sand/src/perl/repoperls/installed-perls/perl/v5.24.1-RC3/de40/lib/site_perl/5.24.1
/home/sand/src/perl/repoperls/installed-perls/perl/v5.24.1-RC3/de40/lib/5.24.1/x86_64-linux-thread-multi-ld
/home/sand/src/perl/repoperls/installed-perls/perl/v5.24.1-RC3/de40/lib/5.24.1
.