Report for ParallelUserAgent-2.57

Back
From: metabase:user:30f4dfbe-2aae-11df-837a-5e0a49663a4f
Subject: FAIL ParallelUserAgent-2.57 v5.13.6 GNU/Linux
Date: 2010-10-22T01:17:22Z

This distribution has been tested as part of the CPAN Testers
project, supporting the Perl programming language.  See
http://wiki.cpantesters.org/ for more information or email
questions to cpan-testers-discuss@perl.org


--
Dear Marc Langheinrich,

This is a computer-generated report for ParallelUserAgent-2.57
on perl 5.13.6, created by CPAN-Reporter-1.1803.

Thank you for uploading your work to CPAN.  However, there was a problem
testing your distribution.

If you think this report is invalid, please consult the CPAN Testers Wiki
for suggestions on how to avoid getting FAIL reports for missing library
or binary dependencies, unsupported operating systems, and so on:

http://wiki.cpantesters.org/wiki/CPANAuthorNotes

Sections of this report:

    * Tester comments
    * Program output
    * Prerequisites
    * Environment and other context

------------------------------
TESTER COMMENTS
------------------------------

Additional comments from tester:

none provided

------------------------------
PROGRAM OUTPUT
------------------------------

Output from '/usr/bin/make test':

/usr/local/bin/perl5.13.6 t/TEST 
UNIVERSAL->import is deprecated and will be removed in a future perl at ../blib/lib/LWP/Parallel/UserAgent.pm line 10
defined(%hash) is deprecated at ../blib/lib/LWP/Parallel/UserAgent.pm line 1327, <DAEMON> line 1.
	(Maybe you should just omit the defined()?)
Can't locate object method "parse_head" via package "LWP::Parallel::Protocol::http" at ../blib/lib/LWP/Parallel/UserAgent.pm line 1497, <DAEMON> line 1.
defined(%hash) is deprecated at ../blib/lib/LWP/Parallel/UserAgent.pm line 1327.
	(Maybe you should just omit the defined()?)
Missing base argument at local/compatibility.t line 57
local/compatibility.t .. 
Dubious, test returned 255 (wstat 65280, 0xff00)
Failed 20/20 subtests 
UNIVERSAL->import is deprecated and will be removed in a future perl at ../blib/lib/LWP/Parallel/UserAgent.pm line 10
defined(%hash) is deprecated at ../blib/lib/LWP/Parallel/UserAgent.pm line 1327.
	(Maybe you should just omit the defined()?)
Can't locate object method "parse_head" via package "LWP::Parallel::Protocol::file" at ../blib/lib/LWP/Parallel/UserAgent.pm line 1497.
local/file.t ........... 
Dubious, test returned 255 (wstat 65280, 0xff00)
Failed 3/4 subtests 
UNIVERSAL->import is deprecated and will be removed in a future perl at ../blib/lib/LWP/Parallel/UserAgent.pm line 10
defined(%hash) is deprecated at ../blib/lib/LWP/Parallel/UserAgent.pm line 1327.
	(Maybe you should just omit the defined()?)
defined(%hash) is deprecated at ../blib/lib/LWP/Parallel/UserAgent.pm line 1327.
	(Maybe you should just omit the defined()?)
Can't locate object method "parse_head" via package "LWP::Parallel::Protocol::http" at ../blib/lib/LWP/Parallel/UserAgent.pm line 1497, <DAEMON> line 1.
Missing base argument at local/http.t line 85
local/http.t ........... 
Dubious, test returned 255 (wstat 65280, 0xff00)
Failed 14/15 subtests 
UNIVERSAL->import is deprecated and will be removed in a future perl at ../blib/lib/LWP/Parallel/UserAgent.pm line 10
defined(%hash) is deprecated at ../blib/lib/LWP/Parallel/UserAgent.pm line 1327, <DAEMON> line 1.
	(Maybe you should just omit the defined()?)
Can't locate object method "parse_head" via package "LWP::Parallel::Protocol::http" at ../blib/lib/LWP/Parallel/UserAgent.pm line 1497, <DAEMON> line 1.
local/timeouts.t ....... 
Dubious, test returned 255 (wstat 65280, 0xff00)
Failed 24/25 subtests 

Test Summary Report
-------------------
local/compatibility.t (Wstat: 65280 Tests: 0 Failed: 0)
  Non-zero exit status: 255
  Parse errors: Bad plan.  You planned 20 tests but ran 0.
local/file.t         (Wstat: 65280 Tests: 1 Failed: 0)
  Non-zero exit status: 255
  Parse errors: Bad plan.  You planned 4 tests but ran 1.
local/http.t         (Wstat: 65280 Tests: 1 Failed: 0)
  Non-zero exit status: 255
  Parse errors: Bad plan.  You planned 15 tests but ran 1.
local/timeouts.t     (Wstat: 65280 Tests: 1 Failed: 0)
  Non-zero exit status: 255
  Parse errors: Bad plan.  You planned 25 tests but ran 1.
Files=4, Tests=3, 31 wallclock secs ( 0.03 usr  0.02 sys +  0.81 cusr  0.07 csys =  0.93 CPU)
Result: FAIL
Failed 4/4 test programs. 0/3 subtests failed.
make: *** [test] Error 255

------------------------------
PREREQUISITES
------------------------------

Prerequisite modules loaded:

build_requires:

    Module              Need Have   
    ------------------- ---- -------
    ExtUtils::MakeMaker 0    6.57_05


------------------------------
ENVIRONMENT AND OTHER CONTEXT
------------------------------

Environment variables:

    LANG = en_GB.UTF-8
    PATH = /usr/local/sbin:/usr/local/bin:/usr/sbin:/usr/bin:/sbin:/bin
    PERL5LIB = 
    PERL5OPT = 
    PERL5_CPANPLUS_IS_RUNNING = 27538
    PERL5_CPAN_IS_RUNNING = 27538
    SHELL = /bin/sh
    TERM = xterm

Perl special variables (and OS-specific diagnostics, for MSWin32):

    $^X = /usr/local/bin/perl5.13.6
    $UID/$EUID = 0 / 0
    $GID = 0 0
    $EGID = 0 0

Perl module toolchain versions installed:

    Module              Have   
    ------------------- -------
    CPAN                1.94_61
    Cwd                 3.34   
    ExtUtils::CBuilder  0.2703 
    ExtUtils::Command   1.16   
    ExtUtils::Install   1.55   
    ExtUtils::MakeMaker 6.57_05
    ExtUtils::Manifest  1.58   
    ExtUtils::ParseXS   2.2207 
    File::Spec          3.33   
    Module::Build       0.3607 
    Module::Signature   0.66   
    Test::Harness       3.22   
    Test::More          0.97_01
    YAML                n/a    
    YAML::Syck          1.15   
    version             0.82   


--

Summary of my perl5 (revision 5 version 13 subversion 6) configuration:
  Snapshot of: 5bc1001b08a9ab20cf55683d2a0b5f53d4ad2c2b
  Platform:
    osname=linux, osvers=2.6.32-5-686, archname=i686-linux-thread-multi
    uname='linux gateway.bandsman.co.uk 2.6.32-5-686 #1 smp thu sep 30 03:56:23 utc 2010 i686 gnulinux '
    config_args='-des -Dusedevel -Accflags=-O2 -W -Wformat=2 -Wall -Wextra -pipe -mtune=native -march=native -fomit-frame-pointer -ffast-math -msse2 -msse -mmmx -mfpmath=sse -D_FORTIFY_SOURCE=2 -fstack-protector -Wstack-protector -Wfloat-equal -Duseithreads'
    hint=recommended, useposix=true, d_sigaction=define
    useithreads=define, usemultiplicity=define
    useperlio=define, d_sfio=undef, uselargefiles=define, usesocks=undef
    use64bitint=undef, use64bitall=undef, uselongdouble=undef
    usemymalloc=n, bincompat5005=undef
  Compiler:
    cc='cc', ccflags ='-D_REENTRANT -D_GNU_SOURCE -DDEBUGGING -O2 -W -Wformat=2 -Wall -Wextra -pipe -mtune=native -march=native -fomit-frame-pointer -ffast-math -msse2 -msse -mmmx -mfpmath=sse -D_FORTIFY_SOURCE=2 -fstack-protector -Wstack-protector -Wfloat-equal -fno-strict-aliasing -I/usr/local/include -D_LARGEFILE_SOURCE -D_FILE_OFFSET_BITS=64',
    optimize='-O2',
    cppflags='-D_REENTRANT -D_GNU_SOURCE -DDEBUGGING -O2 -W -Wformat=2 -Wall -Wextra -pipe -mtune=native -march=native -fomit-frame-pointer -ffast-math -msse2 -msse -mmmx -mfpmath=sse -D_FORTIFY_SOURCE=2 -fstack-protector -Wstack-protector -Wfloat-equal -fno-strict-aliasing -I/usr/local/include'
    ccversion='', gccversion='4.4.5', gccosandvers=''
    intsize=4, longsize=4, ptrsize=4, doublesize=8, byteorder=1234
    d_longlong=define, longlongsize=8, d_longdbl=define, longdblsize=12
    ivtype='long', ivsize=4, nvtype='double', nvsize=8, Off_t='off_t', lseeksize=8
    alignbytes=4, prototype=define
  Linker and Libraries:
    ld='cc', ldflags =' -fstack-protector -L/usr/local/lib'
    libpth=/usr/local/lib /lib /usr/lib
    libs=-lnsl -lgdbm -ldb -ldl -lm -lcrypt -lutil -lpthread -lc -lgdbm_compat
    perllibs=-lnsl -ldl -lm -lcrypt -lutil -lpthread -lc
    libc=/lib/libc-2.11.2.so, so=so, useshrplib=false, libperl=libperl.a
    gnulibc_version='2.11.2'
  Dynamic Linking:
    dlsrc=dl_dlopen.xs, dlext=so, d_dlsymun=undef, ccdlflags='-Wl,-E'
    cccdlflags='-fPIC', lddlflags='-shared -O2 -L/usr/local/lib -fstack-protector'


Characteristics of this binary (from libperl): 
  Compile-time options: DEBUGGING MULTIPLICITY PERL_DONT_CREATE_GVSV
                        PERL_IMPLICIT_CONTEXT PERL_MALLOC_WRAP
                        PERL_TRACK_MEMPOOL PERL_USE_DEVEL USE_ITHREADS
                        USE_LARGE_FILES USE_PERLIO USE_PERL_ATOF
                        USE_REENTRANT_API
  Locally applied patches:
	SMOKE5bc1001b08a9ab20cf55683d2a0b5f53d4ad2c2b
  Built under linux
  Compiled at Oct 21 2010 01:27:21
  %ENV:
    PERL5LIB=""
    PERL5OPT=""
    PERL5_CPANPLUS_IS_RUNNING="27538"
    PERL5_CPAN_IS_RUNNING="27538"
  @INC:
    /usr/local/lib/perl5/site_perl/5.13.6/i686-linux-thread-multi
    /usr/local/lib/perl5/site_perl/5.13.6
    /usr/local/lib/perl5/5.13.6/i686-linux-thread-multi
    /usr/local/lib/perl5/5.13.6
    /usr/local/lib/perl5/site_perl
    .