Back
From: metabase:user:31d414ea-2aae-11df-837a-5e0a49663a4f
Subject: FAIL HTML-FromText-2.05 v5.8.9 GNU/Linux
Date: 2010-11-17T11:30:47Z
This distribution has been tested as part of the CPAN Testers
project, supporting the Perl programming language. See
http://wiki.cpantesters.org/ for more information or email
questions to cpan-testers-discuss@perl.org
--
Dear Casey West,
This is a computer-generated report for HTML-FromText-2.05
on perl 5.8.9, created by CPAN-Reporter-1.1711.
Thank you for uploading your work to CPAN. However, there was a problem
testing your distribution.
If you think this report is invalid, please consult the CPAN Testers Wiki
for suggestions on how to avoid getting FAIL reports for missing library
or binary dependencies, unsupported operating systems, and so on:
http://wiki.cpantesters.org/wiki/CPANAuthorNotes
Sections of this report:
* Tester comments
* Program output
* Prerequisites
* Environment and other context
------------------------------
TESTER COMMENTS
------------------------------
Additional comments from tester:
this report is from an automated smoke testing program
and was not reviewed by a human for accuracy
------------------------------
PROGRAM OUTPUT
------------------------------
Output from '/usr/bin/make test':
PERL_DL_NONLAZY=1 /home/david/cpantesting/perl-5.8.9/bin/perl "-MExtUtils::Command::MM" "-e" "test_harness(0, 'blib/lib', 'blib/arch')" t/*.t
# Failed test 'indented tables with normal para'
# at t/01_features.t line 286.
# got: '<table class="hft-tables">
# <tr><td>http://www.pm.org</td><td>Perl Mongers</td></tr>
# <tr><td>http://perl.com</td><td>O'Reilly Perl Center</td></tr>
# <tr><td>http://lists.perl.org</td><td>List of Mailing Lists</td></tr>
# <tr><td>http://use.perl.org</td><td>Perl News and Community Journals</td></tr>
# <tr><td>http://perl.apache.org</td><td>mod_perl</td></tr>
# <tr><td>http://theperlreview.com</td><td>The Perl Review</td></tr>
# </table>
# '
# expected: '<table class="hft-tables">
# <tr><td>http://www.pm.org</td><td>Perl Mongers</td></tr>
# <tr><td>http://perl.com</td><td>O'Reilly Perl Center</td></tr>
# <tr><td>http://lists.perl.org</td><td>List of Mailing Lists</td></tr>
# <tr><td>http://use.perl.org</td><td>Perl News and Community Journals</td></tr>
# <tr><td>http://perl.apache.org</td><td>mod_perl</td></tr>
# <tr><td>http://theperlreview.com</td><td>The Perl Review</td></tr>
# </table>
# '
# Looks like you failed 1 test of 28.
t/01_features.t ..
Dubious, test returned 1 (wstat 256, 0x100)
Failed 1/28 subtests
# Failed test 'complex bullets'
# at t/02_v2.01.t line 78.
# got: '<ul class="hft-bullets">
# <li> Fast, powerful and extensible template processing system. </li>
# <ul class="hft-bullets">
# <li> Powerful presentation language supports all standard templating directives, e.g. variable substitution, includes, conditionals,
# loops. </li>
# <ul class="hft-bullets">
# <li> Many additional features such as output filtering, exception handling, macro definition, support for plugin objects, definition
# of template metadata, embedded Perl code (only enabled by EVAL_PERL option), definition of template blocks, a 'switch'
# statement, and more. </li>
# <li> Full support for complex Perl data types such as hashes, lists, objects and sub-routine references. </li>
# </ul>
# <li> Clear separation of concerns between user interface (templates), application code (Perl objects/sub-routines) and data
# (Perl data). </li>
# <ul class="hft-bullets">
# <li> Programmer-centric back end, allowing application logic and data structures to be built in Perl. </li>
# <li> Designer-centric front end, hiding underlying complexity behind simple variable access. </li>
# <li> Templates are compiled to Perl code for maximum runtime efficiency and performance. Compiled templates are cached
# and can be written to disk in "compiled form" (e.g. Perl code) to achieve cache persistance. </li>
# <ul class="hft-bullets">
# <li> Well suited to online dynamic web content generation (e.g. Apache/mod_perl). </li>
# <li> Also has excellent support for offline batch processing for generating static pages (e.g. HTML, POD, LaTeX, PostScript,
# plain text) from source templates. </li>
# <ul class="hft-bullets">
# <li> Comprehensive documentation including tutorial and reference manuals. </li>
# <li> Fully Open Source and Free </li>
# </ul>
# </ul>
# </ul>
# </ul>
# </ul>
# '
# expected: '<ul class="hft-bullets">
# <li> Fast, powerful and extensible template processing system. </li>
# <ul class="hft-bullets">
# <li> Powerful presentation language supports all standard templating directives, e.g. variable substitution, includes, conditionals,
# loops. </li>
# <ul class="hft-bullets">
# <li> Many additional features such as output filtering, exception handling, macro definition, support for plugin objects, definition
# of template metadata, embedded Perl code (only enabled by EVAL_PERL option), definition of template blocks, a 'switch'
# statement, and more. </li>
# <li> Full support for complex Perl data types such as hashes, lists, objects and sub-routine references. </li>
# </ul>
# <li> Clear separation of concerns between user interface (templates), application code (Perl objects/sub-routines) and data
# (Perl data). </li>
# <ul class="hft-bullets">
# <li> Programmer-centric back end, allowing application logic and data structures to be built in Perl. </li>
# <li> Designer-centric front end, hiding underlying complexity behind simple variable access. </li>
# <li> Templates are compiled to Perl code for maximum runtime efficiency and performance. Compiled templates are cached
# and can be written to disk in "compiled form" (e.g. Perl code) to achieve cache persistance. </li>
# <ul class="hft-bullets">
# <li> Well suited to online dynamic web content generation (e.g. Apache/mod_perl). </li>
# <li> Also has excellent support for offline batch processing for generating static pages (e.g. HTML, POD, LaTeX, PostScript,
# plain text) from source templates. </li>
# <ul class="hft-bullets">
# <li> Comprehensive documentation including tutorial and reference manuals. </li>
# <li> Fully Open Source and Free </li>
# </ul>
# </ul>
# </ul>
# </ul>
# </ul>
# '
# Looks like you failed 1 test of 6.
t/02_v2.01.t .....
Dubious, test returned 1 (wstat 256, 0x100)
Failed 1/6 subtests
Can't locate Email/Find/addrspec.pm in @INC (@INC contains: blib/lib /home/david/cpantesting/perl-5.8.9/.cpan/build/HTML-FromText-2.05-CpKCUq/blib/lib /home/david/cpantesting/perl-5.8.9/.cpan/build/HTML-FromText-2.05-CpKCUq/blib/arch /etc/perl /usr/local/lib/perl/5.8.8 /usr/local/share/perl/5.8.8 /usr/lib/perl5 /usr/share/perl5 /usr/lib/perl/5.8 /usr/share/perl/5.8 /usr/local/lib/site_perl .) at blib/lib/HTML/FromText.pm line 24.
BEGIN failed--compilation aborted at blib/lib/HTML/FromText.pm line 24.
Compilation failed in require at blib/script/text2html line 6.
BEGIN failed--compilation aborted at blib/script/text2html line 6.
# Failed test 'output from text2html correct'
# at t/03_v2.02.t line 15.
# got: ''
# expected: '<p class="hft-paras">Hello</p>
#
# <p class="hft-paras">Test</p>
# '
# Looks like you failed 1 test of 3.
t/03_v2.02.t .....
Dubious, test returned 1 (wstat 256, 0x100)
Failed 1/3 subtests
t/04_v2.03.t ..... ok
t/05_v2.04.t ..... ok
t/06_v2.05.t ..... ok
t/99_pod.t ....... ok
Test Summary Report
-------------------
t/01_features.t (Wstat: 256 Tests: 28 Failed: 1)
Failed test: 28
Non-zero exit status: 1
t/02_v2.01.t (Wstat: 256 Tests: 6 Failed: 1)
Failed test: 6
Non-zero exit status: 1
t/03_v2.02.t (Wstat: 256 Tests: 3 Failed: 1)
Failed test: 1
Non-zero exit status: 1
Files=7, Tests=55, 1 wallclock secs ( 0.05 usr 0.01 sys + 0.24 cusr 0.08 csys = 0.38 CPU)
Result: FAIL
Failed 3/7 test programs. 3/55 subtests failed.
make: *** [test_dynamic] Error 255
------------------------------
PREREQUISITES
------------------------------
Prerequisite modules loaded:
requires:
Module Need Have
--------------------- ------- ---------
Email::Find::addrspec 0.09 0.09
Exporter::Lite 0.01 0.02
HTML::Entities 1.26 3.64
Scalar::Util 1.12 1.19
Test::More 0.47 0.96
Text::Tabs 98.1128 2007.1117
------------------------------
ENVIRONMENT AND OTHER CONTEXT
------------------------------
Environment variables:
AUTOMATED_TESTING = 1
PATH = /usr/local/bin:/usr/bin:/bin:/usr/games
PERL5LIB =
PERL5OPT =
PERL5_CPANPLUS_IS_RUNNING = 10754
PERL5_CPAN_IS_RUNNING = 10754
PERLVER = 5.8.9
PERL_INLINE_DIRECTORY = /home/david/.Inline-5.8.9
SHELL = /bin/bash
TERM = screen
Perl special variables (and OS-specific diagnostics, for MSWin32):
$^X = /home/david/cpantesting/perl-5.8.9/bin/perl
$UID/$EUID = 1000 / 1000
$GID = 1000 1000
$EGID = 1000 1000
Perl module toolchain versions installed:
Module Have
------------------- -------
CPAN 1.9402
Cwd 3.31
ExtUtils::CBuilder 0.2703
ExtUtils::Command 1.15
ExtUtils::Install 1.50_01
ExtUtils::MakeMaker 6.48
ExtUtils::Manifest 1.55
ExtUtils::ParseXS 2.2206
File::Spec 3.31
Module::Build 0.3607
Module::Signature n/a
Test::Harness 3.21
Test::More 0.96
YAML 0.70
YAML::Syck n/a
version n/a
--
Summary of my perl5 (revision 5 version 8 subversion 9) configuration:
Platform:
osname=linux, osvers=2.6.18-4-xen-amd64, archname=x86_64-linux-thread-multi
uname='linux pigsty2 2.6.18-4-xen-amd64 #1 smp fri may 4 02:40:51 utc 2007 x86_64 gnulinux '
config_args='-de -Duse64bitall -Dusethreads -Dprefix=/home/david/cpantesting/perl-5.8.9'
hint=recommended, useposix=true, d_sigaction=define
usethreads=define use5005threads=undef useithreads=define usemultiplicity=define
useperlio=define d_sfio=undef uselargefiles=define usesocks=undef
use64bitint=define use64bitall=define uselongdouble=undef
usemymalloc=n, bincompat5005=undef
Compiler:
cc='cc', ccflags ='-D_REENTRANT -D_GNU_SOURCE -DTHREADS_HAVE_PIDS -fno-strict-aliasing -pipe -I/usr/local/include -D_LARGEFILE_SOURCE -D_FILE_OFFSET_BITS=64',
optimize='-O2',
cppflags='-D_REENTRANT -D_GNU_SOURCE -DTHREADS_HAVE_PIDS -fno-strict-aliasing -pipe -I/usr/local/include'
ccversion='', gccversion='4.1.2 20061115 (prerelease) (Debian 4.1.1-21)', gccosandvers=''
intsize=4, longsize=8, ptrsize=8, doublesize=8, byteorder=12345678
d_longlong=define, longlongsize=8, d_longdbl=define, longdblsize=16
ivtype='long', ivsize=8, nvtype='double', nvsize=8, Off_t='off_t', lseeksize=8
alignbytes=8, prototype=define
Linker and Libraries:
ld='cc', ldflags =' -L/usr/local/lib'
libpth=/usr/local/lib /lib /usr/lib /lib64 /usr/lib64
libs=-lnsl -lgdbm -ldb -ldl -lm -lcrypt -lutil -lpthread -lc
perllibs=-lnsl -ldl -lm -lcrypt -lutil -lpthread -lc
libc=/lib/libc-2.3.6.so, so=so, useshrplib=false, libperl=libperl.a
gnulibc_version='2.3.6'
Dynamic Linking:
dlsrc=dl_dlopen.xs, dlext=so, d_dlsymun=undef, ccdlflags='-Wl,-E'
cccdlflags='-fPIC', lddlflags='-shared -O2 -L/usr/local/lib'
Characteristics of this binary (from libperl):
Compile-time options: MULTIPLICITY PERL_IMPLICIT_CONTEXT PERL_MALLOC_WRAP
THREADS_HAVE_PIDS USE_64_BIT_ALL USE_64_BIT_INT
USE_FAST_STDIO USE_ITHREADS USE_LARGE_FILES
USE_PERLIO USE_REENTRANT_API
Built under linux
Compiled at Jan 17 2009 20:41:01
%ENV:
PERL5LIB=""
PERL5OPT=""
PERL5_CPANPLUS_IS_RUNNING="10754"
PERL5_CPAN_IS_RUNNING="10754"
PERLVER="5.8.9"
PERL_INLINE_DIRECTORY="/home/david/.Inline-5.8.9"
@INC:
/home/david/cpantesting/perl-5.8.9/lib/5.8.9/x86_64-linux-thread-multi
/home/david/cpantesting/perl-5.8.9/lib/5.8.9
/home/david/cpantesting/perl-5.8.9/lib/site_perl/5.8.9/x86_64-linux-thread-multi
/home/david/cpantesting/perl-5.8.9/lib/site_perl/5.8.9
.