Report for DBIx-Class-EncodedColumn-0.00014

Back
From: metabase:user:320bfe00-2aae-11df-837a-5e0a49663a4f
Subject: FAIL DBIx-Class-EncodedColumn-0.00014 v5.25.1 GNU/Linux
Date: 2016-05-31T14:15:28Z

This distribution has been tested as part of the CPAN Testers
project, supporting the Perl programming language.  See
http://wiki.cpantesters.org/ for more information or email
questions to cpan-testers-discuss@perl.org


--
Dear Wallace Reis,

This is a computer-generated report for DBIx-Class-EncodedColumn-0.00014
on perl 5.25.1, created by CPAN-Reporter-1.2017.

Thank you for uploading your work to CPAN.  However, there was a problem
testing your distribution.

If you think this report is invalid, please consult the CPAN Testers Wiki
for suggestions on how to avoid getting FAIL reports for missing library
or binary dependencies, unsupported operating systems, and so on:

http://wiki.cpantesters.org/wiki/CPANAuthorNotes

Sections of this report:

    * Tester comments
    * Program output
    * Prerequisites
    * Environment and other context

------------------------------
TESTER COMMENTS
------------------------------

Additional comments from tester:

this report is from an automated smoke testing program
and was not reviewed by a human for accuracy

------------------------------
PROGRAM OUTPUT
------------------------------

Output from '/usr/bin/make test':

PERL_DL_NONLAZY=1 "/home/sand/src/perl/repoperls/installed-perls/perl/v5.25.1/8d81/bin/perl" "-MExtUtils::Command::MM" "-MTest::Harness" "-e" "undef *Test::Harness::Switches; test_harness(0, 'inc', 'blib/lib', 'blib/arch')" t/bcrypt.t t/class_level_encoders.t t/crypt.t t/digest_sha.t t/open_pgp.t t/timestamp_order.t t/whirlpool.t
t/bcrypt.t ................ skipped: Crypt::Eksblowfish::Bcrypt not available
t/class_level_encoders.t .. ok
t/crypt.t ................. ok
t/digest_sha.t ............ ok
t/open_pgp.t .............. skipped: Crypt::OpenPGP not available
{UNKNOWN}: Can't locate DBIx/Class/TimeStamp.pm in @INC (you may need to install the DBIx::Class::TimeStamp module) (@INC contains: /tmp/loop_over_bdir-16103-5brcir/DBIx-Class-EncodedColumn-0.00014-0/t/lib /tmp/loop_over_bdir-16103-5brcir/DBIx-Class-EncodedColumn-0.00014-0/inc /tmp/loop_over_bdir-16103-5brcir/DBIx-Class-EncodedColumn-0.00014-0/blib/lib /tmp/loop_over_bdir-16103-5brcir/DBIx-Class-EncodedColumn-0.00014-0/blib/arch /home/sand/src/perl/repoperls/installed-perls/perl/v5.25.1/8d81/lib/site_perl/5.25.1/x86_64-linux-ld /home/sand/src/perl/repoperls/installed-perls/perl/v5.25.1/8d81/lib/site_perl/5.25.1 /home/sand/src/perl/repoperls/installed-perls/perl/v5.25.1/8d81/lib/5.25.1/x86_64-linux-ld /home/sand/src/perl/repoperls/installed-perls/perl/v5.25.1/8d81/lib/5.25.1 .) at /home/sand/src/perl/repoperls/installed-perls/perl/v5.25.1/8d81/lib/site_perl/5.25.1/Class/C3/Componentised.pm line 150.
 at /home/sand/src/perl/repoperls/installed-perls/perl/v5.25.1/8d81/lib/5.25.1/base.pm line 100.
Compilation failed in require at /home/sand/src/perl/repoperls/installed-perls/perl/v5.25.1/8d81/lib/5.25.1/base.pm line 100.
	...propagated at /home/sand/src/perl/repoperls/installed-perls/perl/v5.25.1/8d81/lib/5.25.1/base.pm line 109.
BEGIN failed--compilation aborted at /tmp/loop_over_bdir-16103-5brcir/DBIx-Class-EncodedColumn-0.00014-0/t/lib/DigestTest/Schema/WithTimeStampChild.pm line 6.
Compilation failed in require at /home/sand/src/perl/repoperls/installed-perls/perl/v5.25.1/8d81/lib/site_perl/5.25.1/Class/C3/Componentised.pm line 150. at /home/sand/src/perl/repoperls/installed-perls/perl/v5.25.1/8d81/lib/site_perl/5.25.1/Class/C3/Componentised.pm line 155
t/timestamp_order.t ....... 
Dubious, test returned 2 (wstat 512, 0x200)
No subtests run 
t/whirlpool.t ............. skipped: Digest::Whirlpool not available

Test Summary Report
-------------------
t/timestamp_order.t     (Wstat: 512 Tests: 0 Failed: 0)
  Non-zero exit status: 2
  Parse errors: No plan found in TAP output
Files=7, Tests=30,  4 wallclock secs ( 0.04 usr  0.05 sys +  1.01 cusr  0.22 csys =  1.32 CPU)
Result: FAIL
Failed 1/7 test programs. 0/30 subtests failed.
Makefile:795: recipe for target 'test_dynamic' failed
make: *** [test_dynamic] Error 255

------------------------------
PREREQUISITES
------------------------------

Prerequisite modules loaded:

requires:

    Module              Need    Have    
    ------------------- ------- --------
    DBD::SQLite         0       1.50    
    DBIx::Class         0.06002 0.082821
    Dir::Self           0       0.11    
    Encode              0       2.80    
    File::Spec          0       3.63    
    File::Temp          0       0.2304  
    Sub::Name           0.04    0.15    
    Test::More          0       1.302022

build_requires:

    Module              Need    Have    
    ------------------- ------- --------
    DBD::SQLite         0       1.50    
    Dir::Self           0       0.11    
    ExtUtils::MakeMaker 6.36    7.18    
    File::Spec          0       3.63    
    File::Temp          0       0.2304  
    Test::More          0       1.302022

configure_requires:

    Module              Need    Have    
    ------------------- ------- --------
    ExtUtils::MakeMaker 6.36    7.18    


------------------------------
ENVIRONMENT AND OTHER CONTEXT
------------------------------

Environment variables:

    AUTOMATED_TESTING = 1
    LANG = en_US.UTF-8
    LANGUAGE = en_US:en
    PATH = /usr/lib/ccache:/home/sand/bin:/usr/local/bin:/usr/bin:/bin:/usr/games:/usr/local/perl/bin:/usr/X11/bin:/sbin:/usr/sbin
    PERL5LIB = 
    PERL5OPT = 
    PERL5_CPANPLUS_IS_RUNNING = 16108
    PERL5_CPAN_IS_RUNNING = 16108
    PERL_CANARY_STABILITY_NOPROMPT = 1
    PERL_MM_USE_DEFAULT = 1
    SHELL = /usr/bin/zsh
    TERM = screen

Perl special variables (and OS-specific diagnostics, for MSWin32):

    $^X = /home/sand/src/perl/repoperls/installed-perls/perl/v5.25.1/8d81/bin/perl
    $UID/$EUID = 1005 / 1005
    $GID = 1005 1005
    $EGID = 1005 1005

Perl module toolchain versions installed:

    Module              Have    
    ------------------- --------
    CPAN                2.13    
    CPAN::Meta          2.150005
    Cwd                 3.63    
    ExtUtils::CBuilder  0.280225
    ExtUtils::Command   7.18    
    ExtUtils::Install   2.04    
    ExtUtils::MakeMaker 7.18    
    ExtUtils::Manifest  1.70    
    ExtUtils::ParseXS   3.31    
    File::Spec          3.63    
    JSON                2.90    
    JSON::PP            2.27300 
    Module::Build       0.4218  
    Module::Signature   0.79    
    Parse::CPAN::Meta   1.4417  
    Test::Harness       3.36    
    Test::More          1.302022
    YAML                1.15    
    YAML::Syck          1.29    
    version             0.9917  


--

Summary of my perl5 (revision 5 version 25 subversion 1) configuration:
  Commit id: 5b145eb412326b9b57276229cfde0ef09e7ca2bc
  Platform:
    osname=linux, osvers=4.3.0-1-amd64, archname=x86_64-linux-ld
    uname='linux k83 4.3.0-1-amd64 #1 smp debian 4.3.3-7 (2016-01-19) x86_64 gnulinux '
    config_args='-Dprefix=/home/sand/src/perl/repoperls/installed-perls/perl/v5.25.1/8d81 -Dmyhostname=k83 -Dinstallusrbinperl=n -Uversiononly -Dusedevel -des -Ui_db -Dlibswanted=cl pthread socket inet nsl gdbm dbm malloc dl ld sun m crypt sec util c cposix posix ucb BSD gdbm_compat -Uuseithreads -Duselongdouble'
    hint=recommended, useposix=true, d_sigaction=define
    useithreads=undef, usemultiplicity=undef
    use64bitint=define, use64bitall=define, uselongdouble=define
    usemymalloc=n, bincompat5005=undef
  Compiler:
    cc='cc', ccflags ='-fwrapv -fno-strict-aliasing -pipe -fstack-protector-strong -I/usr/local/include -D_LARGEFILE_SOURCE -D_FILE_OFFSET_BITS=64 -D_FORTIFY_SOURCE=2',
    optimize='-O2',
    cppflags='-fwrapv -fno-strict-aliasing -pipe -fstack-protector-strong -I/usr/local/include'
    ccversion='', gccversion='5.3.1 20160121', gccosandvers=''
    intsize=4, longsize=8, ptrsize=8, doublesize=8, byteorder=12345678, doublekind=3
    d_longlong=define, longlongsize=8, d_longdbl=define, longdblsize=16, longdblkind=3
    ivtype='long', ivsize=8, nvtype='long double', nvsize=16, Off_t='off_t', lseeksize=8
    alignbytes=16, prototype=define
  Linker and Libraries:
    ld='cc', ldflags =' -fstack-protector-strong -L/usr/local/lib'
    libpth=/usr/local/lib /usr/lib/gcc/x86_64-linux-gnu/5/include-fixed /usr/include/x86_64-linux-gnu /usr/lib /lib/x86_64-linux-gnu /lib/../lib /usr/lib/x86_64-linux-gnu /usr/lib/../lib /lib
    libs=-lpthread -lnsl -lgdbm -ldl -lm -lcrypt -lutil -lc -lgdbm_compat
    perllibs=-lpthread -lnsl -ldl -lm -lcrypt -lutil -lc
    libc=libc-2.21.so, so=so, useshrplib=false, libperl=libperl.a
    gnulibc_version='2.21'
  Dynamic Linking:
    dlsrc=dl_dlopen.xs, dlext=so, d_dlsymun=undef, ccdlflags='-Wl,-E'
    cccdlflags='-fPIC', lddlflags='-shared -O2 -L/usr/local/lib -fstack-protector-strong'


Characteristics of this binary (from libperl): 
  Compile-time options: HAS_TIMES PERLIO_LAYERS PERL_COPY_ON_WRITE
                        PERL_DONT_CREATE_GVSV
                        PERL_HASH_FUNC_ONE_AT_A_TIME_HARD PERL_MALLOC_WRAP
                        PERL_OP_PARENT PERL_PRESERVE_IVUV PERL_USE_DEVEL
                        USE_64_BIT_ALL USE_64_BIT_INT USE_LARGE_FILES
                        USE_LOCALE USE_LOCALE_COLLATE USE_LOCALE_CTYPE
                        USE_LOCALE_NUMERIC USE_LOCALE_TIME USE_LONG_DOUBLE
                        USE_PERLIO USE_PERL_ATOF
  Built under linux
  Compiled at May 22 2016 22:17:36
  %ENV:
    PERL5LIB=""
    PERL5OPT=""
    PERL5_CPANPLUS_IS_RUNNING="16108"
    PERL5_CPAN_IS_RUNNING="16108"
    PERL_CANARY_STABILITY_NOPROMPT="1"
    PERL_MM_USE_DEFAULT="1"
  @INC:
    /home/sand/src/perl/repoperls/installed-perls/perl/v5.25.1/8d81/lib/site_perl/5.25.1/x86_64-linux-ld
    /home/sand/src/perl/repoperls/installed-perls/perl/v5.25.1/8d81/lib/site_perl/5.25.1
    /home/sand/src/perl/repoperls/installed-perls/perl/v5.25.1/8d81/lib/5.25.1/x86_64-linux-ld
    /home/sand/src/perl/repoperls/installed-perls/perl/v5.25.1/8d81/lib/5.25.1
    .