DBIx-Class-Graph v1.05 Perl 5 v5.37.6 x86_64-linux-thread-multi-ld
- Status
- Fail
- From
- Andreas J. König (ANDK)
- Dist
-
DBIx-Class-Graph v1.05
- Platform
- Perl 5 v5.37.6 x86_64-linux-thread-multi-ld
- Date
- 2022-12-12 06:35:10
- ID
- 2022e3ac-79e7-11ed-8ff6-ecf8f5533e7d
This distribution has been tested as part of the CPAN Testers
project, supporting the Perl programming language. See
http://wiki.cpantesters.org/ for more information or email
questions to cpan-testers-discuss@perl.org
--
Dear Moritz Onken,
This is a computer-generated report for DBIx-Class-Graph-1.05
on perl 5.37.6, created by CPAN-Reporter-1.2018.
Thank you for uploading your work to CPAN. However, there was a problem
testing your distribution.
If you think this report is invalid, please consult the CPAN Testers Wiki
for suggestions on how to avoid getting FAIL reports for missing library
or binary dependencies, unsupported operating systems, and so on:
http://wiki.cpantesters.org/wiki/CPANAuthorNotes
Sections of this report:
* Tester comments
* Program output
* Prerequisites
* Environment and other context
------------------------------
TESTER COMMENTS
------------------------------
Additional comments from tester:
this report is from an automated smoke testing program
and was not reviewed by a human for accuracy
------------------------------
PROGRAM OUTPUT
------------------------------
Output from './Build test':
Could not generate inline handles for _graph->("" because : Failed to compile source: syntax error at (eval 172) line 21, near """( "
source:
#line 1 "inline delegation in DBIx::Class::ResultSet::Graph for _graph->("" (attribute declared in lib/DBIx/Class/Graph/Role/ResultSet.pm at line 22)"
sub {
my $self = shift;
my $proxy = $self->_graph;
if ( !defined $proxy ) {
die Module::Runtime::use_module("Moose::Exception::AttributeValueIsNotDefined")->new(method => $self->meta->find_method_by_name("(\"\""),
instance => $self,
attribute => $self->meta->find_attribute_by_name("_graph"),
);
}
elsif ( ref $proxy && !Scalar::Util::blessed($proxy) ) {
die Module::Runtime::use_module("Moose::Exception::AttributeValueIsNotAnObject")->new(method => $self->meta->find_method_by_name("(\"\""),
instance => $self,
attribute => $self->meta->find_attribute_by_name("_graph"),
given_value => $proxy,
);
}
return $proxy->(""( @_ );
}
at /home/sand/src/perl/repoperls/installed-perls/host/k93msid/v5.37.6/ac75/lib/site_perl/5.37.6/x86_64-linux-thread-multi-ld/Class/MOP/Method/Generated.pm line 56.
at /home/sand/src/perl/repoperls/installed-perls/host/k93msid/v5.37.6/ac75/lib/site_perl/5.37.6/x86_64-linux-thread-multi-ld/Moose/Meta/Method/Delegation.pm line 154
Moose::Meta::Method::Delegation::catch {...} ('Failed to compile source: syntax error at (eval 172) line 21, near """( "^J^J^Jsource:^J#line 1 "inline delegation in DBIx::Class::ResultSet::Graph for _graph->("" (attribute declared in lib/DBIx/Class/Graph/Role/ResultSet.pm at line 22)"^Jsub {^J my $self = shift;^J^J my $proxy = $self->_graph;^J if ( !defined $proxy ) {^J die Module::Runtime::use_module("Moose::Exception::AttributeValueIsNotDefined")->new(method => $self->meta->find_method_by_name("(\"\""),^Jinstance => $self,^Jattribute => $self->meta->find_attribute_by_name("_graph"),^J);^J }^J elsif ( ref $proxy && !Scalar::Util::blessed($proxy) ) {^J die Module::Runtime::use_module("Moose::Exception::AttributeValueIsNotAnObject")->new(method => $self->meta->find_method_by_name("(\"\""),^Jinstance => $self,^Jattribute => $self->meta->find_attribute_by_name("_graph"),^Jgiven_value => $proxy,^J);^J }^J return $proxy->(""( @_ );^J}^J at /home/sand/src/perl/repoperls/installed-perls/host/k93msid/v5.37.6/ac75/lib/site_perl/5.37.6/x86_64-linux-thread-multi-ld/Class/MOP/Method/Generated.pm line 56.^J') called at /home/sand/src/perl/repoperls/installed-perls/host/k93msid/v5.37.6/ac75/lib/site_perl/5.37.6/Try/Tiny.pm line 123
Try::Tiny::try('CODE(0x55f0b9303f40)', 'Try::Tiny::Catch=REF(0x55f0b92a6688)') called at /home/sand/src/perl/repoperls/installed-perls/host/k93msid/v5.37.6/ac75/lib/site_perl/5.37.6/x86_64-linux-thread-multi-ld/Moose/Meta/Method/Delegation.pm line 160
Moose::Meta::Method::Delegation::_generate_inline_method('Moose::Meta::Method::Delegation=HASH(0x55f0b838d0e0)') called at /home/sand/src/perl/repoperls/installed-perls/host/k93msid/v5.37.6/ac75/lib/site_perl/5.37.6/x86_64-linux-thread-multi-ld/Moose/Meta/Method/Delegation.pm line 82
Moose::Meta::Method::Delegation::_initialize_body('Moose::Meta::Method::Delegation=HASH(0x55f0b838d0e0)') called at /home/sand/src/perl/repoperls/installed-perls/host/k93msid/v5.37.6/ac75/lib/site_perl/5.37.6/x86_64-linux-thread-multi-ld/Moose/Meta/Method/Delegation.pm line 54
Moose::Meta::Method::Delegation::new('Moose::Meta::Method::Delegation', 'name', '(""', 'package_name', 'DBIx::Class::ResultSet::Graph', 'attribute', 'Moose::Meta::Attribute=HASH(0x55f0b92971f8)', 'delegate_to_method', '(""', 'curried_arguments', 'ARRAY(0x55f0b86cd878)') called at /home/sand/src/perl/repoperls/installed-perls/host/k93msid/v5.37.6/ac75/lib/site_perl/5.37.6/x86_64-linux-thread-multi-ld/Moose/Meta/Attribute.pm line 1299
Moose::Meta::Attribute::_make_delegation_method('Moose::Meta::Attribute=HASH(0x55f0b92971f8)', '(""', '(""') called at /home/sand/src/perl/repoperls/installed-perls/host/k93msid/v5.37.6/ac75/lib/site_perl/5.37.6/x86_64-linux-thread-multi-ld/Moose/Meta/Attribute.pm line 1166
Moose::Meta::Attribute::install_delegation('Moose::Meta::Attribute=HASH(0x55f0b92971f8)') called at /home/sand/src/perl/repoperls/installed-perls/host/k93msid/v5.37.6/ac75/lib/site_perl/5.37.6/x86_64-linux-thread-multi-ld/Moose/Meta/Attribute.pm line 1015
Moose::Meta::Attribute::install_accessors('Moose::Meta::Attribute=HASH(0x55f0b92971f8)') called at /home/sand/src/perl/repoperls/installed-perls/host/k93msid/v5.37.6/ac75/lib/site_perl/5.37.6/x86_64-linux-thread-multi-ld/Class/MOP/Class.pm line 899
Class::MOP::Class::try {...} at /home/sand/src/perl/repoperls/installed-perls/host/k93msid/v5.37.6/ac75/lib/site_perl/5.37.6/Try/Tiny.pm line 102
eval {...} at /home/sand/src/perl/repoperls/installed-perls/host/k93msid/v5.37.6/ac75/lib/site_perl/5.37.6/Try/Tiny.pm line 93
Try::Tiny::try('CODE(0x55f0b9259e68)', 'Try::Tiny::Catch=REF(0x55f0b925a5a0)') called at /home/sand/src/perl/repoperls/installed-perls/host/k93msid/v5.37.6/ac75/lib/site_perl/5.37.6/x86_64-linux-thread-multi-ld/Class/MOP/Class.pm line 904
Class::MOP::Class::_post_add_attribute('Moose::Meta::Class=HASH(0x55f0b89a2318)', 'Moose::Meta::Attribute=HASH(0x55f0b92971f8)') called at /home/sand/src/perl/repoperls/installed-perls/host/k93msid/v5.37.6/ac75/lib/site_perl/5.37.6/x86_64-linux-thread-multi-ld/Class/MOP/Mixin/HasAttributes.pm line 39
Class::MOP::Mixin::HasAttributes::add_attribute('Moose::Meta::Class=HASH(0x55f0b89a2318)', 'Moose::Meta::Attribute=HASH(0x55f0b92971f8)') called at /home/sand/src/perl/repoperls/installed-perls/host/k93msid/v5.37.6/ac75/lib/site_perl/5.37.6/x86_64-linux-thread-multi-ld/Moose/Meta/Class.pm line 585
Moose::Meta::Class::add_attribute('Moose::Meta::Class=HASH(0x55f0b89a2318)', 'Moose::Meta::Attribute=HASH(0x55f0b92971f8)') called at /home/sand/src/perl/repoperls/installed-perls/host/k93msid/v5.37.6/ac75/lib/site_perl/5.37.6/x86_64-linux-thread-multi-ld/Moose/Meta/Role/Application/ToClass.pm line 126
Moose::Meta::Role::Application::ToClass::apply_attributes('Moose::Meta::Role::Application::ToClass=HASH(0x55f0b8092328)', 'Moose::Meta::Role=HASH(0x55f0b927f450)', 'Moose::Meta::Class=HASH(0x55f0b89a2318)') called at /home/sand/src/perl/repoperls/installed-perls/host/k93msid/v5.37.6/ac75/lib/site_perl/5.37.6/x86_64-linux-thread-multi-ld/Moose/Meta/Role/Application.pm line 59
Moose::Meta::Role::Application::apply('Moose::Meta::Role::Application::ToClass=HASH(0x55f0b8092328)', 'Moose::Meta::Role=HASH(0x55f0b927f450)', 'Moose::Meta::Class=HASH(0x55f0b89a2318)') called at /home/sand/src/perl/repoperls/installed-perls/host/k93msid/v5.37.6/ac75/lib/site_perl/5.37.6/x86_64-linux-thread-multi-ld/Moose/Meta/Role/Application/ToClass.pm line 31
Moose::Meta::Role::Application::ToClass::apply('Moose::Meta::Role::Application::ToClass=HASH(0x55f0b8092328)', 'Moose::Meta::Role=HASH(0x55f0b927f450)', 'Moose::Meta::Class=HASH(0x55f0b89a2318)', 'HASH(0x55f0b8762a58)') called at /home/sand/src/perl/repoperls/installed-perls/host/k93msid/v5.37.6/ac75/lib/site_perl/5.37.6/x86_64-linux-thread-multi-ld/Moose/Meta/Role.pm line 472
Moose::Meta::Role::apply('Moose::Meta::Role=HASH(0x55f0b927f450)', 'Moose::Meta::Class=HASH(0x55f0b89a2318)') called at /home/sand/src/perl/repoperls/installed-perls/host/k93msid/v5.37.6/ac75/lib/site_perl/5.37.6/x86_64-linux-thread-multi-ld/Moose/Util.pm line 171
Moose::Util::_apply_all_roles('Moose::Meta::Class=HASH(0x55f0b89a2318)', undef, 'DBIx::Class::Graph::Role::ResultSet') called at /home/sand/src/perl/repoperls/installed-perls/host/k93msid/v5.37.6/ac75/lib/site_perl/5.37.6/x86_64-linux-thread-multi-ld/Moose/Util.pm line 113
Moose::Util::apply_all_roles('Moose::Meta::Class=HASH(0x55f0b89a2318)', 'DBIx::Class::Graph::Role::ResultSet') called at /home/sand/src/perl/repoperls/installed-perls/host/k93msid/v5.37.6/ac75/lib/site_perl/5.37.6/x86_64-linux-thread-multi-ld/Moose.pm line 57
Moose::with('Moose::Meta::Class=HASH(0x55f0b89a2318)', 'DBIx::Class::Graph::Role::ResultSet') called at /home/sand/src/perl/repoperls/installed-perls/host/k93msid/v5.37.6/ac75/lib/site_perl/5.37.6/x86_64-linux-thread-multi-ld/Moose/Exporter.pm line 418
Moose::with('DBIx::Class::Graph::Role::ResultSet') called at lib/DBIx/Class/ResultSet/Graph.pm line 19
require DBIx/Class/ResultSet/Graph.pm at -e line 1
Compilation failed in require at -e line 1.
# Failed test 'DBIx::Class::ResultSet::Graph loaded ok'
# at t/00-compile.t line 71.
# ''
# doesn't match '(?^s:^\s*DBIx::Class::ResultSet::Graph ok)'
# Looks like you failed 1 test of 5.
t/00-compile.t ................
Dubious, test returned 1 (wstat 256, 0x100)
Failed 1/5 subtests
#
#
# perl: v5.37.6 (wanted any version) on linux from /tmp/basesmoker-reloperl-YVqb/bin/perl
#
# Class::C3 => 0.35 (want any version)
# DBIx::Class => 0.082843 (want any version)
# DBIx::Class::ResultSet => <undef> (want any version)
# DBIx::Class::Schema => <undef> (want any version)
# File::Find => 1.41 (want any version)
# File::Temp => 0.2311 (want any version)
# Graph => 0.9725 (want 0.94)
# List::MoreUtils => 0.430 (want any version)
# Module::Build => 0.4232 (want 0.3601)
# Moose => 2.2201 (want any version)
# Moose::Role => 2.2201 (want any version)
# Scalar::Util => 1.63 (want any version)
# Test::Memory::Cycle => 1.06 (want any version)
# Test::More => 1.302191 (want 0.88)
# base => 2.27 (want any version)
# strict => 1.12 (want any version)
# warnings => 1.61 (want any version)
#
# Thanks for using my code. I hope it works for you.
# If not, please try and include this output in the bug report.
# That will help me reproduce the issue and solve you problem.
#
t/000-report-versions-tiny.t .. ok
{UNKNOWN}: Could not generate inline handles for _graph->("" because : Failed to compile source: syntax error at (eval 724) line 21, near """( "
source:
#line 1 "inline delegation in DBIx::Class::ResultSet::Graph for _graph->("" (attribute declared in /home/sand/.cpan/privbuild/k93msid/DBIx-Class-Graph-1.05-85/blib/lib/DBIx/Class/Graph/Role/ResultSet.pm at line 22)"
sub {
my $self = shift;
my $proxy = $self->_graph;
if ( !defined $proxy ) {
die Module::Runtime::use_module("Moose::Exception::AttributeValueIsNotDefined")->new(method => $self->meta->find_method_by_name("(\"\""),
instance => $self,
attribute => $self->meta->find_attribute_by_name("_graph"),
);
}
elsif ( ref $proxy && !Scalar::Util::blessed($proxy) ) {
die Module::Runtime::use_module("Moose::Exception::AttributeValueIsNotAnObject")->new(method => $self->meta->find_method_by_name("(\"\""),
instance => $self,
attribute => $self->meta->find_attribute_by_name("_graph"),
given_value => $proxy,
);
}
return $proxy->(""( @_ );
}
at /home/sand/src/perl/repoperls/installed-perls/host/k93msid/v5.37.6/ac75/lib/site_perl/5.37.6/x86_64-linux-thread-multi-ld/Class/MOP/Method/Generated.pm line 56.
at /home/sand/src/perl/repoperls/installed-perls/host/k93msid/v5.37.6/ac75/lib/site_perl/5.37.6/x86_64-linux-thread-multi-ld/Moose/Meta/Method/Delegation.pm line 154
Moose::Meta::Method::Delegation::catch {...} ('Failed to compile source: syntax error at (eval 724) line 21, near """( "^J^J^Jsource:^J#line 1 "inline delegation in DBIx::Class::ResultSet::Graph for _graph->("" (attribute declared in /home/sand/.cpan/privbuild/k93msid/DBIx-Class-Graph-1.05-85/blib/lib/DBIx/Class/Graph/Role/ResultSet.pm at line 22)"^Jsub {^J my $self = shift;^J^J my $proxy = $self->_graph;^J if ( !defined $proxy ) {^J die Module::Runtime::use_module("Moose::Exception::AttributeValueIsNotDefined")->new(method => $self->meta->find_method_by_name("(\"\""),^Jinstance => $self,^Jattribute => $self->meta->find_attribute_by_name("_graph"),^J);^J }^J elsif ( ref $proxy && !Scalar::Util::blessed($proxy) ) {^J die Module::Runtime::use_module("Moose::Exception::AttributeValueIsNotAnObject")->new(method => $self->meta->find_method_by_name("(\"\""),^Jinstance => $self,^Jattribute => $self->meta->find_attribute_by_name("_graph"),^Jgiven_value => $proxy,^J);^J }^J return $proxy->(""( @_ );^J}^J at /home/sand/src/perl/repoperls/installed-perls/host/k93msid/v5.37.6/ac75/lib/site_perl/5.37.6/x86_64-linux-thread-multi-ld/Class/MOP/Method/Generated.pm line 56.^J') called at /home/sand/src/perl/repoperls/installed-perls/host/k93msid/v5.37.6/ac75/lib/site_perl/5.37.6/Try/Tiny.pm line 123
Try::Tiny::try('CODE(0x563fee09edb0)', 'Try::Tiny::Catch=REF(0x563fedc3d480)') called at /home/sand/src/perl/repoperls/installed-perls/host/k93msid/v5.37.6/ac75/lib/site_perl/5.37.6/x86_64-linux-thread-multi-ld/Moose/Meta/Method/Delegation.pm line 160
Moose::Meta::Method::Delegation::_generate_inline_method('Moose::Meta::Method::Delegation=HASH(0x563febe1f708)') called at /home/sand/src/perl/repoperls/installed-perls/host/k93msid/v5.37.6/ac75/lib/site_perl/5.37.6/x86_64-linux-thread-multi-ld/Moose/Meta/Method/Delegation.pm line 82
Moose::Meta::Method::Delegation::_initialize_body('Moose::Meta::Method::Delegation=HASH(0x563febe1f708)') called at /home/sand/src/perl/repoperls/installed-perls/host/k93msid/v5.37.6/ac75/lib/site_perl/5.37.6/x86_64-linux-thread-multi-ld/Moose/Meta/Method/Delegation.pm line 54
Moose::Meta::Method::Delegation::new('Moose::Meta::Method::Delegation', 'name', '(""', 'package_name', 'DBIx::Class::ResultSet::Graph', 'attribute', 'Moose::Meta::Attribute=HASH(0x563fee03bd18)', 'delegate_to_method', '(""', 'curried_arguments', 'ARRAY(0x563fec1398b8)') called at /home/sand/src/perl/repoperls/installed-perls/host/k93msid/v5.37.6/ac75/lib/site_perl/5.37.6/x86_64-linux-thread-multi-ld/Moose/Meta/Attribute.pm line 1299
Moose::Meta::Attribute::_make_delegation_method('Moose::Meta::Attribute=HASH(0x563fee03bd18)', '(""', '(""') called at /home/sand/src/perl/repoperls/installed-perls/host/k93msid/v5.37.6/ac75/lib/site_perl/5.37.6/x86_64-linux-thread-multi-ld/Moose/Meta/Attribute.pm line 1166
Moose::Meta::Attribute::install_delegation('Moose::Meta::Attribute=HASH(0x563fee03bd18)') called at /home/sand/src/perl/repoperls/installed-perls/host/k93msid/v5.37.6/ac75/lib/site_perl/5.37.6/x86_64-linux-thread-multi-ld/Moose/Meta/Attribute.pm line 1015
Moose::Meta::Attribute::install_accessors('Moose::Meta::Attribute=HASH(0x563fee03bd18)') called at /home/sand/src/perl/repoperls/installed-perls/host/k93msid/v5.37.6/ac75/lib/site_perl/5.37.6/x86_64-linux-thread-multi-ld/Class/MOP/Class.pm line 899
Class::MOP::Class::try {...} at /home/sand/src/perl/repoperls/installed-perls/host/k93msid/v5.37.6/ac75/lib/site_perl/5.37.6/Try/Tiny.pm line 102
eval {...} at /home/sand/src/perl/repoperls/installed-perls/host/k93msid/v5.37.6/ac75/lib/site_perl/5.37.6/Try/Tiny.pm line 93
Try::Tiny::try('CODE(0x563fee03b1d8)', 'Try::Tiny::Catch=REF(0x563fedc30048)') called at /home/sand/src/perl/repoperls/installed-perls/host/k93msid/v5.37.6/ac75/lib/site_perl/5.37.6/x86_64-linux-thread-multi-ld/Class/MOP/Class.pm line 904
Class::MOP::Class::_post_add_attribute('Moose::Meta::Class=HASH(0x563fedc12328)', 'Moose::Meta::Attribute=HASH(0x563fee03bd18)') called at /home/sand/src/perl/repoperls/installed-perls/host/k93msid/v5.37.6/ac75/lib/site_perl/5.37.6/x86_64-linux-thread-multi-ld/Class/MOP/Mixin/HasAttributes.pm line 39
Class::MOP::Mixin::HasAttributes::add_attribute('Moose::Meta::Class=HASH(0x563fedc12328)', 'Moose::Meta::Attribute=HASH(0x563fee03bd18)') called at /home/sand/src/perl/repoperls/installed-perls/host/k93msid/v5.37.6/ac75/lib/site_perl/5.37.6/x86_64-linux-thread-multi-ld/Moose/Meta/Class.pm line 585
Moose::Meta::Class::add_attribute('Moose::Meta::Class=HASH(0x563fedc12328)', 'Moose::Meta::Attribute=HASH(0x563fee03bd18)') called at /home/sand/src/perl/repoperls/installed-perls/host/k93msid/v5.37.6/ac75/lib/site_perl/5.37.6/x86_64-linux-thread-multi-ld/Moose/Meta/Role/Application/ToClass.pm line 126
Moose::Meta::Role::Application::ToClass::apply_attributes('Moose::Meta::Role::Application::ToClass=HASH(0x563fedbd3670)', 'Moose::Meta::Role=HASH(0x563fedc362c0)', 'Moose::Meta::Class=HASH(0x563fedc12328)') called at /home/sand/src/perl/repoperls/installed-perls/host/k93msid/v5.37.6/ac75/lib/site_perl/5.37.6/x86_64-linux-thread-multi-ld/Moose/Meta/Role/Application.pm line 59
Moose::Meta::Role::Application::apply('Moose::Meta::Role::Application::ToClass=HASH(0x563fedbd3670)', 'Moose::Meta::Role=HASH(0x563fedc362c0)', 'Moose::Meta::Class=HASH(0x563fedc12328)') called at /home/sand/src/perl/repoperls/installed-perls/host/k93msid/v5.37.6/ac75/lib/site_perl/5.37.6/x86_64-linux-thread-multi-ld/Moose/Meta/Role/Application/ToClass.pm line 31
Moose::Meta::Role::Application::ToClass::apply('Moose::Meta::Role::Application::ToClass=HASH(0x563fedbd3670)', 'Moose::Meta::Role=HASH(0x563fedc362c0)', 'Moose::Meta::Class=HASH(0x563fedc12328)', 'HASH(0x563fec4af170)') called at /home/sand/src/perl/repoperls/installed-perls/host/k93msid/v5.37.6/ac75/lib/site_perl/5.37.6/x86_64-linux-thread-multi-ld/Moose/Meta/Role.pm line 472
Moose::Meta::Role::apply('Moose::Meta::Role=HASH(0x563fedc362c0)', 'Moose::Meta::Class=HASH(0x563fedc12328)') called at /home/sand/src/perl/repoperls/installed-perls/host/k93msid/v5.37.6/ac75/lib/site_perl/5.37.6/x86_64-linux-thread-multi-ld/Moose/Util.pm line 171
Moose::Util::_apply_all_roles('Moose::Meta::Class=HASH(0x563fedc12328)', undef, 'DBIx::Class::Graph::Role::ResultSet') called at /home/sand/src/perl/repoperls/installed-perls/host/k93msid/v5.37.6/ac75/lib/site_perl/5.37.6/x86_64-linux-thread-multi-ld/Moose/Util.pm line 113
Moose::Util::apply_all_roles('Moose::Meta::Class=HASH(0x563fedc12328)', 'DBIx::Class::Graph::Role::ResultSet') called at /home/sand/src/perl/repoperls/installed-perls/host/k93msid/v5.37.6/ac75/lib/site_perl/5.37.6/x86_64-linux-thread-multi-ld/Moose.pm line 57
Moose::with('Moose::Meta::Class=HASH(0x563fedc12328)', 'DBIx::Class::Graph::Role::ResultSet') called at /home/sand/src/perl/repoperls/installed-perls/host/k93msid/v5.37.6/ac75/lib/site_perl/5.37.6/x86_64-linux-thread-multi-ld/Moose/Exporter.pm line 418
Moose::with('DBIx::Class::Graph::Role::ResultSet') called at /home/sand/.cpan/privbuild/k93msid/DBIx-Class-Graph-1.05-85/blib/lib/DBIx/Class/ResultSet/Graph.pm line 19
require DBIx/Class/ResultSet/Graph.pm at /home/sand/src/perl/repoperls/installed-perls/host/k93msid/v5.37.6/ac75/lib/site_perl/5.37.6/Class/C3/Componentised.pm line 146
eval {...} at /home/sand/src/perl/repoperls/installed-perls/host/k93msid/v5.37.6/ac75/lib/site_perl/5.37.6/Class/C3/Componentised.pm line 146
Class::C3::Componentised::ensure_class_loaded('DBIx::Class::ResultSource::Table=HASH(0x563feab67e70)', 'DBIx::Class::ResultSet::Graph') called at /home/sand/src/perl/repoperls/installed-perls/host/k93msid/v5.37.6/ac75/lib/site_perl/5.37.6/DBIx/Class/AccessorGroup.pm line 19
DBIx::Class::AccessorGroup::get_component_class('DBIx::Class::ResultSource::Table=HASH(0x563feab67e70)', 'resultset_class') called at (eval 181) line 2
DBIx::Class::ResultSource::resultset_class('DBIx::Class::ResultSource::Table=HASH(0x563feab67e70)') called at /home/sand/src/perl/repoperls/installed-perls/host/k93msid/v5.37.6/ac75/lib/site_perl/5.37.6/DBIx/Class/ResultSource.pm line 1134
DBIx::Class::ResultSource::resultset('DBIx::Class::ResultSource::Table=HASH(0x563feab67e70)') called at /home/sand/src/perl/repoperls/installed-perls/host/k93msid/v5.37.6/ac75/lib/site_perl/5.37.6/DBIx/Class/Schema.pm line 547
DBIx::Class::Schema::resultset('TestLib::Schema=HASH(0x563feab2b6f0)', 'Simple') called at /home/sand/src/perl/repoperls/installed-perls/host/k93msid/v5.37.6/ac75/lib/site_perl/5.37.6/DBIx/Class/Schema.pm line 769
DBIx::Class::Schema::populate('TestLib::Schema=HASH(0x563feab2b6f0)', 'Simple', 'ARRAY(0x563fed00eb08)') called at t/lib/TestLib.pm line 20
TestLib::new('TestLib') called at t/complex.t line 7
Compilation failed in require at /home/sand/src/perl/repoperls/installed-perls/host/k93msid/v5.37.6/ac75/lib/site_perl/5.37.6/Class/C3/Componentised.pm line 146. at /home/sand/src/perl/repoperls/installed-perls/host/k93msid/v5.37.6/ac75/lib/site_perl/5.37.6/Class/C3/Componentised.pm line 151
t/complex.t ...................
Dubious, test returned 255 (wstat 65280, 0xff00)
No subtests run
{UNKNOWN}: Could not generate inline handles for _graph->("" because : Failed to compile source: syntax error at (eval 724) line 21, near """( "
source:
#line 1 "inline delegation in DBIx::Class::ResultSet::Graph for _graph->("" (attribute declared in /home/sand/.cpan/privbuild/k93msid/DBIx-Class-Graph-1.05-85/blib/lib/DBIx/Class/Graph/Role/ResultSet.pm at line 22)"
sub {
my $self = shift;
my $proxy = $self->_graph;
if ( !defined $proxy ) {
die Module::Runtime::use_module("Moose::Exception::AttributeValueIsNotDefined")->new(method => $self->meta->find_method_by_name("(\"\""),
instance => $self,
attribute => $self->meta->find_attribute_by_name("_graph"),
);
}
elsif ( ref $proxy && !Scalar::Util::blessed($proxy) ) {
die Module::Runtime::use_module("Moose::Exception::AttributeValueIsNotAnObject")->new(method => $self->meta->find_method_by_name("(\"\""),
instance => $self,
attribute => $self->meta->find_attribute_by_name("_graph"),
given_value => $proxy,
);
}
return $proxy->(""( @_ );
}
at /home/sand/src/perl/repoperls/installed-perls/host/k93msid/v5.37.6/ac75/lib/site_perl/5.37.6/x86_64-linux-thread-multi-ld/Class/MOP/Method/Generated.pm line 56.
at /home/sand/src/perl/repoperls/installed-perls/host/k93msid/v5.37.6/ac75/lib/site_perl/5.37.6/x86_64-linux-thread-multi-ld/Moose/Meta/Method/Delegation.pm line 154
Moose::Meta::Method::Delegation::catch {...} ('Failed to compile source: syntax error at (eval 724) line 21, near """( "^J^J^Jsource:^J#line 1 "inline delegation in DBIx::Class::ResultSet::Graph for _graph->("" (attribute declared in /home/sand/.cpan/privbuild/k93msid/DBIx-Class-Graph-1.05-85/blib/lib/DBIx/Class/Graph/Role/ResultSet.pm at line 22)"^Jsub {^J my $self = shift;^J^J my $proxy = $self->_graph;^J if ( !defined $proxy ) {^J die Module::Runtime::use_module("Moose::Exception::AttributeValueIsNotDefined")->new(method => $self->meta->find_method_by_name("(\"\""),^Jinstance => $self,^Jattribute => $self->meta->find_attribute_by_name("_graph"),^J);^J }^J elsif ( ref $proxy && !Scalar::Util::blessed($proxy) ) {^J die Module::Runtime::use_module("Moose::Exception::AttributeValueIsNotAnObject")->new(method => $self->meta->find_method_by_name("(\"\""),^Jinstance => $self,^Jattribute => $self->meta->find_attribute_by_name("_graph"),^Jgiven_value => $proxy,^J);^J }^J return $proxy->(""( @_ );^J}^J at /home/sand/src/perl/repoperls/installed-perls/host/k93msid/v5.37.6/ac75/lib/site_perl/5.37.6/x86_64-linux-thread-multi-ld/Class/MOP/Method/Generated.pm line 56.^J') called at /home/sand/src/perl/repoperls/installed-perls/host/k93msid/v5.37.6/ac75/lib/site_perl/5.37.6/Try/Tiny.pm line 123
Try::Tiny::try('CODE(0x562cc8a4b3f0)', 'Try::Tiny::Catch=REF(0x562cc89f1420)') called at /home/sand/src/perl/repoperls/installed-perls/host/k93msid/v5.37.6/ac75/lib/site_perl/5.37.6/x86_64-linux-thread-multi-ld/Moose/Meta/Method/Delegation.pm line 160
Moose::Meta::Method::Delegation::_generate_inline_method('Moose::Meta::Method::Delegation=HASH(0x562cc67e8a60)') called at /home/sand/src/perl/repoperls/installed-perls/host/k93msid/v5.37.6/ac75/lib/site_perl/5.37.6/x86_64-linux-thread-multi-ld/Moose/Meta/Method/Delegation.pm line 82
Moose::Meta::Method::Delegation::_initialize_body('Moose::Meta::Method::Delegation=HASH(0x562cc67e8a60)') called at /home/sand/src/perl/repoperls/installed-perls/host/k93msid/v5.37.6/ac75/lib/site_perl/5.37.6/x86_64-linux-thread-multi-ld/Moose/Meta/Method/Delegation.pm line 54
Moose::Meta::Method::Delegation::new('Moose::Meta::Method::Delegation', 'name', '(""', 'package_name', 'DBIx::Class::ResultSet::Graph', 'attribute', 'Moose::Meta::Attribute=HASH(0x562cc85e4918)', 'delegate_to_method', '(""', 'curried_arguments', 'ARRAY(0x562cc6b01840)') called at /home/sand/src/perl/repoperls/installed-perls/host/k93msid/v5.37.6/ac75/lib/site_perl/5.37.6/x86_64-linux-thread-multi-ld/Moose/Meta/Attribute.pm line 1299
Moose::Meta::Attribute::_make_delegation_method('Moose::Meta::Attribute=HASH(0x562cc85e4918)', '(""', '(""') called at /home/sand/src/perl/repoperls/installed-perls/host/k93msid/v5.37.6/ac75/lib/site_perl/5.37.6/x86_64-linux-thread-multi-ld/Moose/Meta/Attribute.pm line 1166
Moose::Meta::Attribute::install_delegation('Moose::Meta::Attribute=HASH(0x562cc85e4918)') called at /home/sand/src/perl/repoperls/installed-perls/host/k93msid/v5.37.6/ac75/lib/site_perl/5.37.6/x86_64-linux-thread-multi-ld/Moose/Meta/Attribute.pm line 1015
Moose::Meta::Attribute::install_accessors('Moose::Meta::Attribute=HASH(0x562cc85e4918)') called at /home/sand/src/perl/repoperls/installed-perls/host/k93msid/v5.37.6/ac75/lib/site_perl/5.37.6/x86_64-linux-thread-multi-ld/Class/MOP/Class.pm line 899
Class::MOP::Class::try {...} at /home/sand/src/perl/repoperls/installed-perls/host/k93msid/v5.37.6/ac75/lib/site_perl/5.37.6/Try/Tiny.pm line 102
eval {...} at /home/sand/src/perl/repoperls/installed-perls/host/k93msid/v5.37.6/ac75/lib/site_perl/5.37.6/Try/Tiny.pm line 93
Try::Tiny::try('CODE(0x562cc89e3498)', 'Try::Tiny::Catch=REF(0x562cc8308738)') called at /home/sand/src/perl/repoperls/installed-perls/host/k93msid/v5.37.6/ac75/lib/site_perl/5.37.6/x86_64-linux-thread-multi-ld/Class/MOP/Class.pm line 904
Class::MOP::Class::_post_add_attribute('Moose::Meta::Class=HASH(0x562cc85b0300)', 'Moose::Meta::Attribute=HASH(0x562cc85e4918)') called at /home/sand/src/perl/repoperls/installed-perls/host/k93msid/v5.37.6/ac75/lib/site_perl/5.37.6/x86_64-linux-thread-multi-ld/Class/MOP/Mixin/HasAttributes.pm line 39
Class::MOP::Mixin::HasAttributes::add_attribute('Moose::Meta::Class=HASH(0x562cc85b0300)', 'Moose::Meta::Attribute=HASH(0x562cc85e4918)') called at /home/sand/src/perl/repoperls/installed-perls/host/k93msid/v5.37.6/ac75/lib/site_perl/5.37.6/x86_64-linux-thread-multi-ld/Moose/Meta/Class.pm line 585
Moose::Meta::Class::add_attribute('Moose::Meta::Class=HASH(0x562cc85b0300)', 'Moose::Meta::Attribute=HASH(0x562cc85e4918)') called at /home/sand/src/perl/repoperls/installed-perls/host/k93msid/v5.37.6/ac75/lib/site_perl/5.37.6/x86_64-linux-thread-multi-ld/Moose/Meta/Role/Application/ToClass.pm line 126
Moose::Meta::Role::Application::ToClass::apply_attributes('Moose::Meta::Role::Application::ToClass=HASH(0x562cc85aa3d0)', 'Moose::Meta::Role=HASH(0x562cc89cf578)', 'Moose::Meta::Class=HASH(0x562cc85b0300)') called at /home/sand/src/perl/repoperls/installed-perls/host/k93msid/v5.37.6/ac75/lib/site_perl/5.37.6/x86_64-linux-thread-multi-ld/Moose/Meta/Role/Application.pm line 59
Moose::Meta::Role::Application::apply('Moose::Meta::Role::Application::ToClass=HASH(0x562cc85aa3d0)', 'Moose::Meta::Role=HASH(0x562cc89cf578)', 'Moose::Meta::Class=HASH(0x562cc85b0300)') called at /home/sand/src/perl/repoperls/installed-perls/host/k93msid/v5.37.6/ac75/lib/site_perl/5.37.6/x86_64-linux-thread-multi-ld/Moose/Meta/Role/Application/ToClass.pm line 31
Moose::Meta::Role::Application::ToClass::apply('Moose::Meta::Role::Application::ToClass=HASH(0x562cc85aa3d0)', 'Moose::Meta::Role=HASH(0x562cc89cf578)', 'Moose::Meta::Class=HASH(0x562cc85b0300)', 'HASH(0x562cc6e7cb88)') called at /home/sand/src/perl/repoperls/installed-perls/host/k93msid/v5.37.6/ac75/lib/site_perl/5.37.6/x86_64-linux-thread-multi-ld/Moose/Meta/Role.pm line 472
Moose::Meta::Role::apply('Moose::Meta::Role=HASH(0x562cc89cf578)', 'Moose::Meta::Class=HASH(0x562cc85b0300)') called at /home/sand/src/perl/repoperls/installed-perls/host/k93msid/v5.37.6/ac75/lib/site_perl/5.37.6/x86_64-linux-thread-multi-ld/Moose/Util.pm line 171
Moose::Util::_apply_all_roles('Moose::Meta::Class=HASH(0x562cc85b0300)', undef, 'DBIx::Class::Graph::Role::ResultSet') called at /home/sand/src/perl/repoperls/installed-perls/host/k93msid/v5.37.6/ac75/lib/site_perl/5.37.6/x86_64-linux-thread-multi-ld/Moose/Util.pm line 113
Moose::Util::apply_all_roles('Moose::Meta::Class=HASH(0x562cc85b0300)', 'DBIx::Class::Graph::Role::ResultSet') called at /home/sand/src/perl/repoperls/installed-perls/host/k93msid/v5.37.6/ac75/lib/site_perl/5.37.6/x86_64-linux-thread-multi-ld/Moose.pm line 57
Moose::with('Moose::Meta::Class=HASH(0x562cc85b0300)', 'DBIx::Class::Graph::Role::ResultSet') called at /home/sand/src/perl/repoperls/installed-perls/host/k93msid/v5.37.6/ac75/lib/site_perl/5.37.6/x86_64-linux-thread-multi-ld/Moose/Exporter.pm line 418
Moose::with('DBIx::Class::Graph::Role::ResultSet') called at /home/sand/.cpan/privbuild/k93msid/DBIx-Class-Graph-1.05-85/blib/lib/DBIx/Class/ResultSet/Graph.pm line 19
require DBIx/Class/ResultSet/Graph.pm at /home/sand/src/perl/repoperls/installed-perls/host/k93msid/v5.37.6/ac75/lib/site_perl/5.37.6/Class/C3/Componentised.pm line 146
eval {...} at /home/sand/src/perl/repoperls/installed-perls/host/k93msid/v5.37.6/ac75/lib/site_perl/5.37.6/Class/C3/Componentised.pm line 146
Class::C3::Componentised::ensure_class_loaded('DBIx::Class::ResultSource::Table=HASH(0x562cc7372bc0)', 'DBIx::Class::ResultSet::Graph') called at /home/sand/src/perl/repoperls/installed-perls/host/k93msid/v5.37.6/ac75/lib/site_perl/5.37.6/DBIx/Class/AccessorGroup.pm line 19
DBIx::Class::AccessorGroup::get_component_class('DBIx::Class::ResultSource::Table=HASH(0x562cc7372bc0)', 'resultset_class') called at (eval 181) line 2
DBIx::Class::ResultSource::resultset_class('DBIx::Class::ResultSource::Table=HASH(0x562cc7372bc0)') called at /home/sand/src/perl/repoperls/installed-perls/host/k93msid/v5.37.6/ac75/lib/site_perl/5.37.6/DBIx/Class/ResultSource.pm line 1134
DBIx::Class::ResultSource::resultset('DBIx::Class::ResultSource::Table=HASH(0x562cc7372bc0)') called at /home/sand/src/perl/repoperls/installed-perls/host/k93msid/v5.37.6/ac75/lib/site_perl/5.37.6/DBIx/Class/Schema.pm line 547
DBIx::Class::Schema::resultset('TestLib::Schema=HASH(0x562cc54956f0)', 'Simple') called at /home/sand/src/perl/repoperls/installed-perls/host/k93msid/v5.37.6/ac75/lib/site_perl/5.37.6/DBIx/Class/Schema.pm line 769
DBIx::Class::Schema::populate('TestLib::Schema=HASH(0x562cc54956f0)', 'Simple', 'ARRAY(0x562cc84c0538)') called at t/lib/TestLib.pm line 20
TestLib::new('TestLib') called at t/leak.t line 8
Compilation failed in require at /home/sand/src/perl/repoperls/installed-perls/host/k93msid/v5.37.6/ac75/lib/site_perl/5.37.6/Class/C3/Componentised.pm line 146. at /home/sand/src/perl/repoperls/installed-perls/host/k93msid/v5.37.6/ac75/lib/site_perl/5.37.6/Class/C3/Componentised.pm line 151
t/leak.t ......................
Dubious, test returned 255 (wstat 65280, 0xff00)
No subtests run
t/release-has-version.t ....... skipped: these tests are for release candidate testing
t/release-kwalitee.t .......... skipped: these tests are for release candidate testing
t/release-minimum-version.t ... skipped: these tests are for release candidate testing
t/release-pod-coverage.t ...... skipped: these tests are for release candidate testing
t/release-pod-syntax.t ........ skipped: these tests are for release candidate testing
{UNKNOWN}: Could not generate inline handles for _graph->("" because : Failed to compile source: syntax error at (eval 725) line 21, near """( "
source:
#line 1 "inline delegation in DBIx::Class::ResultSet::Graph for _graph->("" (attribute declared in /home/sand/.cpan/privbuild/k93msid/DBIx-Class-Graph-1.05-85/blib/lib/DBIx/Class/Graph/Role/ResultSet.pm at line 22)"
sub {
my $self = shift;
my $proxy = $self->_graph;
if ( !defined $proxy ) {
die Module::Runtime::use_module("Moose::Exception::AttributeValueIsNotDefined")->new(method => $self->meta->find_method_by_name("(\"\""),
instance => $self,
attribute => $self->meta->find_attribute_by_name("_graph"),
);
}
elsif ( ref $proxy && !Scalar::Util::blessed($proxy) ) {
die Module::Runtime::use_module("Moose::Exception::AttributeValueIsNotAnObject")->new(method => $self->meta->find_method_by_name("(\"\""),
instance => $self,
attribute => $self->meta->find_attribute_by_name("_graph"),
given_value => $proxy,
);
}
return $proxy->(""( @_ );
}
at /home/sand/src/perl/repoperls/installed-perls/host/k93msid/v5.37.6/ac75/lib/site_perl/5.37.6/x86_64-linux-thread-multi-ld/Class/MOP/Method/Generated.pm line 56.
at /home/sand/src/perl/repoperls/installed-perls/host/k93msid/v5.37.6/ac75/lib/site_perl/5.37.6/x86_64-linux-thread-multi-ld/Moose/Meta/Method/Delegation.pm line 154
Moose::Meta::Method::Delegation::catch {...} ('Failed to compile source: syntax error at (eval 725) line 21, near """( "^J^J^Jsource:^J#line 1 "inline delegation in DBIx::Class::ResultSet::Graph for _graph->("" (attribute declared in /home/sand/.cpan/privbuild/k93msid/DBIx-Class-Graph-1.05-85/blib/lib/DBIx/Class/Graph/Role/ResultSet.pm at line 22)"^Jsub {^J my $self = shift;^J^J my $proxy = $self->_graph;^J if ( !defined $proxy ) {^J die Module::Runtime::use_module("Moose::Exception::AttributeValueIsNotDefined")->new(method => $self->meta->find_method_by_name("(\"\""),^Jinstance => $self,^Jattribute => $self->meta->find_attribute_by_name("_graph"),^J);^J }^J elsif ( ref $proxy && !Scalar::Util::blessed($proxy) ) {^J die Module::Runtime::use_module("Moose::Exception::AttributeValueIsNotAnObject")->new(method => $self->meta->find_method_by_name("(\"\""),^Jinstance => $self,^Jattribute => $self->meta->find_attribute_by_name("_graph"),^Jgiven_value => $proxy,^J);^J }^J return $proxy->(""( @_ );^J}^J at /home/sand/src/perl/repoperls/installed-perls/host/k93msid/v5.37.6/ac75/lib/site_perl/5.37.6/x86_64-linux-thread-multi-ld/Class/MOP/Method/Generated.pm line 56.^J') called at /home/sand/src/perl/repoperls/installed-perls/host/k93msid/v5.37.6/ac75/lib/site_perl/5.37.6/Try/Tiny.pm line 123
Try::Tiny::try('CODE(0x562edcfc5518)', 'Try::Tiny::Catch=REF(0x562edcb51a60)') called at /home/sand/src/perl/repoperls/installed-perls/host/k93msid/v5.37.6/ac75/lib/site_perl/5.37.6/x86_64-linux-thread-multi-ld/Moose/Meta/Method/Delegation.pm line 160
Moose::Meta::Method::Delegation::_generate_inline_method('Moose::Meta::Method::Delegation=HASH(0x562edad45308)') called at /home/sand/src/perl/repoperls/installed-perls/host/k93msid/v5.37.6/ac75/lib/site_perl/5.37.6/x86_64-linux-thread-multi-ld/Moose/Meta/Method/Delegation.pm line 82
Moose::Meta::Method::Delegation::_initialize_body('Moose::Meta::Method::Delegation=HASH(0x562edad45308)') called at /home/sand/src/perl/repoperls/installed-perls/host/k93msid/v5.37.6/ac75/lib/site_perl/5.37.6/x86_64-linux-thread-multi-ld/Moose/Meta/Method/Delegation.pm line 54
Moose::Meta::Method::Delegation::new('Moose::Meta::Method::Delegation', 'name', '(""', 'package_name', 'DBIx::Class::ResultSet::Graph', 'attribute', 'Moose::Meta::Attribute=HASH(0x562edcb5a470)', 'delegate_to_method', '(""', 'curried_arguments', 'ARRAY(0x562edb05fb98)') called at /home/sand/src/perl/repoperls/installed-perls/host/k93msid/v5.37.6/ac75/lib/site_perl/5.37.6/x86_64-linux-thread-multi-ld/Moose/Meta/Attribute.pm line 1299
Moose::Meta::Attribute::_make_delegation_method('Moose::Meta::Attribute=HASH(0x562edcb5a470)', '(""', '(""') called at /home/sand/src/perl/repoperls/installed-perls/host/k93msid/v5.37.6/ac75/lib/site_perl/5.37.6/x86_64-linux-thread-multi-ld/Moose/Meta/Attribute.pm line 1166
Moose::Meta::Attribute::install_delegation('Moose::Meta::Attribute=HASH(0x562edcb5a470)') called at /home/sand/src/perl/repoperls/installed-perls/host/k93msid/v5.37.6/ac75/lib/site_perl/5.37.6/x86_64-linux-thread-multi-ld/Moose/Meta/Attribute.pm line 1015
Moose::Meta::Attribute::install_accessors('Moose::Meta::Attribute=HASH(0x562edcb5a470)') called at /home/sand/src/perl/repoperls/installed-perls/host/k93msid/v5.37.6/ac75/lib/site_perl/5.37.6/x86_64-linux-thread-multi-ld/Class/MOP/Class.pm line 899
Class::MOP::Class::try {...} at /home/sand/src/perl/repoperls/installed-perls/host/k93msid/v5.37.6/ac75/lib/site_perl/5.37.6/Try/Tiny.pm line 102
eval {...} at /home/sand/src/perl/repoperls/installed-perls/host/k93msid/v5.37.6/ac75/lib/site_perl/5.37.6/Try/Tiny.pm line 93
Try::Tiny::try('CODE(0x562edcb59c60)', 'Try::Tiny::Catch=REF(0x562edcb5a080)') called at /home/sand/src/perl/repoperls/installed-perls/host/k93msid/v5.37.6/ac75/lib/site_perl/5.37.6/x86_64-linux-thread-multi-ld/Class/MOP/Class.pm line 904
Class::MOP::Class::_post_add_attribute('Moose::Meta::Class=HASH(0x562edcb4d208)', 'Moose::Meta::Attribute=HASH(0x562edcb5a470)') called at /home/sand/src/perl/repoperls/installed-perls/host/k93msid/v5.37.6/ac75/lib/site_perl/5.37.6/x86_64-linux-thread-multi-ld/Class/MOP/Mixin/HasAttributes.pm line 39
Class::MOP::Mixin::HasAttributes::add_attribute('Moose::Meta::Class=HASH(0x562edcb4d208)', 'Moose::Meta::Attribute=HASH(0x562edcb5a470)') called at /home/sand/src/perl/repoperls/installed-perls/host/k93msid/v5.37.6/ac75/lib/site_perl/5.37.6/x86_64-linux-thread-multi-ld/Moose/Meta/Class.pm line 585
Moose::Meta::Class::add_attribute('Moose::Meta::Class=HASH(0x562edcb4d208)', 'Moose::Meta::Attribute=HASH(0x562edcb5a470)') called at /home/sand/src/perl/repoperls/installed-perls/host/k93msid/v5.37.6/ac75/lib/site_perl/5.37.6/x86_64-linux-thread-multi-ld/Moose/Meta/Role/Application/ToClass.pm line 126
Moose::Meta::Role::Application::ToClass::apply_attributes('Moose::Meta::Role::Application::ToClass=HASH(0x562edc872e68)', 'Moose::Meta::Role=HASH(0x562edcf43c68)', 'Moose::Meta::Class=HASH(0x562edcb4d208)') called at /home/sand/src/perl/repoperls/installed-perls/host/k93msid/v5.37.6/ac75/lib/site_perl/5.37.6/x86_64-linux-thread-multi-ld/Moose/Meta/Role/Application.pm line 59
Moose::Meta::Role::Application::apply('Moose::Meta::Role::Application::ToClass=HASH(0x562edc872e68)', 'Moose::Meta::Role=HASH(0x562edcf43c68)', 'Moose::Meta::Class=HASH(0x562edcb4d208)') called at /home/sand/src/perl/repoperls/installed-perls/host/k93msid/v5.37.6/ac75/lib/site_perl/5.37.6/x86_64-linux-thread-multi-ld/Moose/Meta/Role/Application/ToClass.pm line 31
Moose::Meta::Role::Application::ToClass::apply('Moose::Meta::Role::Application::ToClass=HASH(0x562edc872e68)', 'Moose::Meta::Role=HASH(0x562edcf43c68)', 'Moose::Meta::Class=HASH(0x562edcb4d208)', 'HASH(0x562edb3d5ed8)') called at /home/sand/src/perl/repoperls/installed-perls/host/k93msid/v5.37.6/ac75/lib/site_perl/5.37.6/x86_64-linux-thread-multi-ld/Moose/Meta/Role.pm line 472
Moose::Meta::Role::apply('Moose::Meta::Role=HASH(0x562edcf43c68)', 'Moose::Meta::Class=HASH(0x562edcb4d208)') called at /home/sand/src/perl/repoperls/installed-perls/host/k93msid/v5.37.6/ac75/lib/site_perl/5.37.6/x86_64-linux-thread-multi-ld/Moose/Util.pm line 171
Moose::Util::_apply_all_roles('Moose::Meta::Class=HASH(0x562edcb4d208)', undef, 'DBIx::Class::Graph::Role::ResultSet') called at /home/sand/src/perl/repoperls/installed-perls/host/k93msid/v5.37.6/ac75/lib/site_perl/5.37.6/x86_64-linux-thread-multi-ld/Moose/Util.pm line 113
Moose::Util::apply_all_roles('Moose::Meta::Class=HASH(0x562edcb4d208)', 'DBIx::Class::Graph::Role::ResultSet') called at /home/sand/src/perl/repoperls/installed-perls/host/k93msid/v5.37.6/ac75/lib/site_perl/5.37.6/x86_64-linux-thread-multi-ld/Moose.pm line 57
Moose::with('Moose::Meta::Class=HASH(0x562edcb4d208)', 'DBIx::Class::Graph::Role::ResultSet') called at /home/sand/src/perl/repoperls/installed-perls/host/k93msid/v5.37.6/ac75/lib/site_perl/5.37.6/x86_64-linux-thread-multi-ld/Moose/Exporter.pm line 418
Moose::with('DBIx::Class::Graph::Role::ResultSet') called at /home/sand/.cpan/privbuild/k93msid/DBIx-Class-Graph-1.05-85/blib/lib/DBIx/Class/ResultSet/Graph.pm line 19
require DBIx/Class/ResultSet/Graph.pm at /home/sand/src/perl/repoperls/installed-perls/host/k93msid/v5.37.6/ac75/lib/site_perl/5.37.6/Class/C3/Componentised.pm line 146
eval {...} at /home/sand/src/perl/repoperls/installed-perls/host/k93msid/v5.37.6/ac75/lib/site_perl/5.37.6/Class/C3/Componentised.pm line 146
Class::C3::Componentised::ensure_class_loaded('DBIx::Class::ResultSource::Table=HASH(0x562ed9a970d8)', 'DBIx::Class::ResultSet::Graph') called at /home/sand/src/perl/repoperls/installed-perls/host/k93msid/v5.37.6/ac75/lib/site_perl/5.37.6/DBIx/Class/AccessorGroup.pm line 19
DBIx::Class::AccessorGroup::get_component_class('DBIx::Class::ResultSource::Table=HASH(0x562ed9a970d8)', 'resultset_class') called at (eval 181) line 2
DBIx::Class::ResultSource::resultset_class('DBIx::Class::ResultSource::Table=HASH(0x562ed9a970d8)') called at /home/sand/src/perl/repoperls/installed-perls/host/k93msid/v5.37.6/ac75/lib/site_perl/5.37.6/DBIx/Class/ResultSource.pm line 1134
DBIx::Class::ResultSource::resultset('DBIx::Class::ResultSource::Table=HASH(0x562ed9a970d8)') called at /home/sand/src/perl/repoperls/installed-perls/host/k93msid/v5.37.6/ac75/lib/site_perl/5.37.6/DBIx/Class/Schema.pm line 547
DBIx::Class::Schema::resultset('TestLib::Schema=HASH(0x562ed9a526f0)', 'Simple') called at /home/sand/src/perl/repoperls/installed-perls/host/k93msid/v5.37.6/ac75/lib/site_perl/5.37.6/DBIx/Class/Schema.pm line 769
DBIx::Class::Schema::populate('TestLib::Schema=HASH(0x562ed9a526f0)', 'Simple', 'ARRAY(0x562edbcfdfa0)') called at t/lib/TestLib.pm line 20
TestLib::new('TestLib') called at t/result.t line 7
Compilation failed in require at /home/sand/src/perl/repoperls/installed-perls/host/k93msid/v5.37.6/ac75/lib/site_perl/5.37.6/Class/C3/Componentised.pm line 146. at /home/sand/src/perl/repoperls/installed-perls/host/k93msid/v5.37.6/ac75/lib/site_perl/5.37.6/Class/C3/Componentised.pm line 151
t/result.t ....................
Dubious, test returned 255 (wstat 65280, 0xff00)
No subtests run
{UNKNOWN}: Could not generate inline handles for _graph->("" because : Failed to compile source: syntax error at (eval 724) line 21, near """( "
source:
#line 1 "inline delegation in DBIx::Class::ResultSet::Graph for _graph->("" (attribute declared in /home/sand/.cpan/privbuild/k93msid/DBIx-Class-Graph-1.05-85/blib/lib/DBIx/Class/Graph/Role/ResultSet.pm at line 22)"
sub {
my $self = shift;
my $proxy = $self->_graph;
if ( !defined $proxy ) {
die Module::Runtime::use_module("Moose::Exception::AttributeValueIsNotDefined")->new(method => $self->meta->find_method_by_name("(\"\""),
instance => $self,
attribute => $self->meta->find_attribute_by_name("_graph"),
);
}
elsif ( ref $proxy && !Scalar::Util::blessed($proxy) ) {
die Module::Runtime::use_module("Moose::Exception::AttributeValueIsNotAnObject")->new(method => $self->meta->find_method_by_name("(\"\""),
instance => $self,
attribute => $self->meta->find_attribute_by_name("_graph"),
given_value => $proxy,
);
}
return $proxy->(""( @_ );
}
at /home/sand/src/perl/repoperls/installed-perls/host/k93msid/v5.37.6/ac75/lib/site_perl/5.37.6/x86_64-linux-thread-multi-ld/Class/MOP/Method/Generated.pm line 56.
at /home/sand/src/perl/repoperls/installed-perls/host/k93msid/v5.37.6/ac75/lib/site_perl/5.37.6/x86_64-linux-thread-multi-ld/Moose/Meta/Method/Delegation.pm line 154
Moose::Meta::Method::Delegation::catch {...} ('Failed to compile source: syntax error at (eval 724) line 21, near """( "^J^J^Jsource:^J#line 1 "inline delegation in DBIx::Class::ResultSet::Graph for _graph->("" (attribute declared in /home/sand/.cpan/privbuild/k93msid/DBIx-Class-Graph-1.05-85/blib/lib/DBIx/Class/Graph/Role/ResultSet.pm at line 22)"^Jsub {^J my $self = shift;^J^J my $proxy = $self->_graph;^J if ( !defined $proxy ) {^J die Module::Runtime::use_module("Moose::Exception::AttributeValueIsNotDefined")->new(method => $self->meta->find_method_by_name("(\"\""),^Jinstance => $self,^Jattribute => $self->meta->find_attribute_by_name("_graph"),^J);^J }^J elsif ( ref $proxy && !Scalar::Util::blessed($proxy) ) {^J die Module::Runtime::use_module("Moose::Exception::AttributeValueIsNotAnObject")->new(method => $self->meta->find_method_by_name("(\"\""),^Jinstance => $self,^Jattribute => $self->meta->find_attribute_by_name("_graph"),^Jgiven_value => $proxy,^J);^J }^J return $proxy->(""( @_ );^J}^J at /home/sand/src/perl/repoperls/installed-perls/host/k93msid/v5.37.6/ac75/lib/site_perl/5.37.6/x86_64-linux-thread-multi-ld/Class/MOP/Method/Generated.pm line 56.^J') called at /home/sand/src/perl/repoperls/installed-perls/host/k93msid/v5.37.6/ac75/lib/site_perl/5.37.6/Try/Tiny.pm line 123
Try::Tiny::try('CODE(0x5579d92cde78)', 'Try::Tiny::Catch=REF(0x5579d9274108)') called at /home/sand/src/perl/repoperls/installed-perls/host/k93msid/v5.37.6/ac75/lib/site_perl/5.37.6/x86_64-linux-thread-multi-ld/Moose/Meta/Method/Delegation.pm line 160
Moose::Meta::Method::Delegation::_generate_inline_method('Moose::Meta::Method::Delegation=HASH(0x5579d7052a78)') called at /home/sand/src/perl/repoperls/installed-perls/host/k93msid/v5.37.6/ac75/lib/site_perl/5.37.6/x86_64-linux-thread-multi-ld/Moose/Meta/Method/Delegation.pm line 82
Moose::Meta::Method::Delegation::_initialize_body('Moose::Meta::Method::Delegation=HASH(0x5579d7052a78)') called at /home/sand/src/perl/repoperls/installed-perls/host/k93msid/v5.37.6/ac75/lib/site_perl/5.37.6/x86_64-linux-thread-multi-ld/Moose/Meta/Method/Delegation.pm line 54
Moose::Meta::Method::Delegation::new('Moose::Meta::Method::Delegation', 'name', '(""', 'package_name', 'DBIx::Class::ResultSet::Graph', 'attribute', 'Moose::Meta::Attribute=HASH(0x5579d8e5e190)', 'delegate_to_method', '(""', 'curried_arguments', 'ARRAY(0x5579d736bd18)') called at /home/sand/src/perl/repoperls/installed-perls/host/k93msid/v5.37.6/ac75/lib/site_perl/5.37.6/x86_64-linux-thread-multi-ld/Moose/Meta/Attribute.pm line 1299
Moose::Meta::Attribute::_make_delegation_method('Moose::Meta::Attribute=HASH(0x5579d8e5e190)', '(""', '(""') called at /home/sand/src/perl/repoperls/installed-perls/host/k93msid/v5.37.6/ac75/lib/site_perl/5.37.6/x86_64-linux-thread-multi-ld/Moose/Meta/Attribute.pm line 1166
Moose::Meta::Attribute::install_delegation('Moose::Meta::Attribute=HASH(0x5579d8e5e190)') called at /home/sand/src/perl/repoperls/installed-perls/host/k93msid/v5.37.6/ac75/lib/site_perl/5.37.6/x86_64-linux-thread-multi-ld/Moose/Meta/Attribute.pm line 1015
Moose::Meta::Attribute::install_accessors('Moose::Meta::Attribute=HASH(0x5579d8e5e190)') called at /home/sand/src/perl/repoperls/installed-perls/host/k93msid/v5.37.6/ac75/lib/site_perl/5.37.6/x86_64-linux-thread-multi-ld/Class/MOP/Class.pm line 899
Class::MOP::Class::try {...} at /home/sand/src/perl/repoperls/installed-perls/host/k93msid/v5.37.6/ac75/lib/site_perl/5.37.6/Try/Tiny.pm line 102
eval {...} at /home/sand/src/perl/repoperls/installed-perls/host/k93msid/v5.37.6/ac75/lib/site_perl/5.37.6/Try/Tiny.pm line 93
Try::Tiny::try('CODE(0x5579d9266010)', 'Try::Tiny::Catch=REF(0x5579d8e36c88)') called at /home/sand/src/perl/repoperls/installed-perls/host/k93msid/v5.37.6/ac75/lib/site_perl/5.37.6/x86_64-linux-thread-multi-ld/Class/MOP/Class.pm line 904
Class::MOP::Class::_post_add_attribute('Moose::Meta::Class=HASH(0x5579d8e2ce20)', 'Moose::Meta::Attribute=HASH(0x5579d8e5e190)') called at /home/sand/src/perl/repoperls/installed-perls/host/k93msid/v5.37.6/ac75/lib/site_perl/5.37.6/x86_64-linux-thread-multi-ld/Class/MOP/Mixin/HasAttributes.pm line 39
Class::MOP::Mixin::HasAttributes::add_attribute('Moose::Meta::Class=HASH(0x5579d8e2ce20)', 'Moose::Meta::Attribute=HASH(0x5579d8e5e190)') called at /home/sand/src/perl/repoperls/installed-perls/host/k93msid/v5.37.6/ac75/lib/site_perl/5.37.6/x86_64-linux-thread-multi-ld/Moose/Meta/Class.pm line 585
Moose::Meta::Class::add_attribute('Moose::Meta::Class=HASH(0x5579d8e2ce20)', 'Moose::Meta::Attribute=HASH(0x5579d8e5e190)') called at /home/sand/src/perl/repoperls/installed-perls/host/k93msid/v5.37.6/ac75/lib/site_perl/5.37.6/x86_64-linux-thread-multi-ld/Moose/Meta/Role/Application/ToClass.pm line 126
Moose::Meta::Role::Application::ToClass::apply_attributes('Moose::Meta::Role::Application::ToClass=HASH(0x5579d8e0eeb8)', 'Moose::Meta::Role=HASH(0x5579d9250b80)', 'Moose::Meta::Class=HASH(0x5579d8e2ce20)') called at /home/sand/src/perl/repoperls/installed-perls/host/k93msid/v5.37.6/ac75/lib/site_perl/5.37.6/x86_64-linux-thread-multi-ld/Moose/Meta/Role/Application.pm line 59
Moose::Meta::Role::Application::apply('Moose::Meta::Role::Application::ToClass=HASH(0x5579d8e0eeb8)', 'Moose::Meta::Role=HASH(0x5579d9250b80)', 'Moose::Meta::Class=HASH(0x5579d8e2ce20)') called at /home/sand/src/perl/repoperls/installed-perls/host/k93msid/v5.37.6/ac75/lib/site_perl/5.37.6/x86_64-linux-thread-multi-ld/Moose/Meta/Role/Application/ToClass.pm line 31
Moose::Meta::Role::Application::ToClass::apply('Moose::Meta::Role::Application::ToClass=HASH(0x5579d8e0eeb8)', 'Moose::Meta::Role=HASH(0x5579d9250b80)', 'Moose::Meta::Class=HASH(0x5579d8e2ce20)', 'HASH(0x5579d76e2368)') called at /home/sand/src/perl/repoperls/installed-perls/host/k93msid/v5.37.6/ac75/lib/site_perl/5.37.6/x86_64-linux-thread-multi-ld/Moose/Meta/Role.pm line 472
Moose::Meta::Role::apply('Moose::Meta::Role=HASH(0x5579d9250b80)', 'Moose::Meta::Class=HASH(0x5579d8e2ce20)') called at /home/sand/src/perl/repoperls/installed-perls/host/k93msid/v5.37.6/ac75/lib/site_perl/5.37.6/x86_64-linux-thread-multi-ld/Moose/Util.pm line 171
Moose::Util::_apply_all_roles('Moose::Meta::Class=HASH(0x5579d8e2ce20)', undef, 'DBIx::Class::Graph::Role::ResultSet') called at /home/sand/src/perl/repoperls/installed-perls/host/k93msid/v5.37.6/ac75/lib/site_perl/5.37.6/x86_64-linux-thread-multi-ld/Moose/Util.pm line 113
Moose::Util::apply_all_roles('Moose::Meta::Class=HASH(0x5579d8e2ce20)', 'DBIx::Class::Graph::Role::ResultSet') called at /home/sand/src/perl/repoperls/installed-perls/host/k93msid/v5.37.6/ac75/lib/site_perl/5.37.6/x86_64-linux-thread-multi-ld/Moose.pm line 57
Moose::with('Moose::Meta::Class=HASH(0x5579d8e2ce20)', 'DBIx::Class::Graph::Role::ResultSet') called at /home/sand/src/perl/repoperls/installed-perls/host/k93msid/v5.37.6/ac75/lib/site_perl/5.37.6/x86_64-linux-thread-multi-ld/Moose/Exporter.pm line 418
Moose::with('DBIx::Class::Graph::Role::ResultSet') called at /home/sand/.cpan/privbuild/k93msid/DBIx-Class-Graph-1.05-85/blib/lib/DBIx/Class/ResultSet/Graph.pm line 19
require DBIx/Class/ResultSet/Graph.pm at /home/sand/src/perl/repoperls/installed-perls/host/k93msid/v5.37.6/ac75/lib/site_perl/5.37.6/Class/C3/Componentised.pm line 146
eval {...} at /home/sand/src/perl/repoperls/installed-perls/host/k93msid/v5.37.6/ac75/lib/site_perl/5.37.6/Class/C3/Componentised.pm line 146
Class::C3::Componentised::ensure_class_loaded('DBIx::Class::ResultSource::Table=HASH(0x5579d5da2e00)', 'DBIx::Class::ResultSet::Graph') called at /home/sand/src/perl/repoperls/installed-perls/host/k93msid/v5.37.6/ac75/lib/site_perl/5.37.6/DBIx/Class/AccessorGroup.pm line 19
DBIx::Class::AccessorGroup::get_component_class('DBIx::Class::ResultSource::Table=HASH(0x5579d5da2e00)', 'resultset_class') called at (eval 181) line 2
DBIx::Class::ResultSource::resultset_class('DBIx::Class::ResultSource::Table=HASH(0x5579d5da2e00)') called at /home/sand/src/perl/repoperls/installed-perls/host/k93msid/v5.37.6/ac75/lib/site_perl/5.37.6/DBIx/Class/ResultSource.pm line 1134
DBIx::Class::ResultSource::resultset('DBIx::Class::ResultSource::Table=HASH(0x5579d5da2e00)') called at /home/sand/src/perl/repoperls/installed-perls/host/k93msid/v5.37.6/ac75/lib/site_perl/5.37.6/DBIx/Class/Schema.pm line 547
DBIx::Class::Schema::resultset('TestLib::Schema=HASH(0x5579d5d5e6f0)', 'Simple') called at /home/sand/src/perl/repoperls/installed-perls/host/k93msid/v5.37.6/ac75/lib/site_perl/5.37.6/DBIx/Class/Schema.pm line 769
DBIx::Class::Schema::populate('TestLib::Schema=HASH(0x5579d5d5e6f0)', 'Simple', 'ARRAY(0x5579d8e009c0)') called at t/lib/TestLib.pm line 20
TestLib::new('TestLib') called at t/resultset.t line 7
Compilation failed in require at /home/sand/src/perl/repoperls/installed-perls/host/k93msid/v5.37.6/ac75/lib/site_perl/5.37.6/Class/C3/Componentised.pm line 146. at /home/sand/src/perl/repoperls/installed-perls/host/k93msid/v5.37.6/ac75/lib/site_perl/5.37.6/Class/C3/Componentised.pm line 151
t/resultset.t .................
Dubious, test returned 255 (wstat 65280, 0xff00)
No subtests run
{UNKNOWN}: Could not generate inline handles for _graph->("" because : Failed to compile source: syntax error at (eval 725) line 21, near """( "
source:
#line 1 "inline delegation in DBIx::Class::ResultSet::Graph for _graph->("" (attribute declared in /home/sand/.cpan/privbuild/k93msid/DBIx-Class-Graph-1.05-85/blib/lib/DBIx/Class/Graph/Role/ResultSet.pm at line 22)"
sub {
my $self = shift;
my $proxy = $self->_graph;
if ( !defined $proxy ) {
die Module::Runtime::use_module("Moose::Exception::AttributeValueIsNotDefined")->new(method => $self->meta->find_method_by_name("(\"\""),
instance => $self,
attribute => $self->meta->find_attribute_by_name("_graph"),
);
}
elsif ( ref $proxy && !Scalar::Util::blessed($proxy) ) {
die Module::Runtime::use_module("Moose::Exception::AttributeValueIsNotAnObject")->new(method => $self->meta->find_method_by_name("(\"\""),
instance => $self,
attribute => $self->meta->find_attribute_by_name("_graph"),
given_value => $proxy,
);
}
return $proxy->(""( @_ );
}
at /home/sand/src/perl/repoperls/installed-perls/host/k93msid/v5.37.6/ac75/lib/site_perl/5.37.6/x86_64-linux-thread-multi-ld/Class/MOP/Method/Generated.pm line 56.
at /home/sand/src/perl/repoperls/installed-perls/host/k93msid/v5.37.6/ac75/lib/site_perl/5.37.6/x86_64-linux-thread-multi-ld/Moose/Meta/Method/Delegation.pm line 154
Moose::Meta::Method::Delegation::catch {...} ('Failed to compile source: syntax error at (eval 725) line 21, near """( "^J^J^Jsource:^J#line 1 "inline delegation in DBIx::Class::ResultSet::Graph for _graph->("" (attribute declared in /home/sand/.cpan/privbuild/k93msid/DBIx-Class-Graph-1.05-85/blib/lib/DBIx/Class/Graph/Role/ResultSet.pm at line 22)"^Jsub {^J my $self = shift;^J^J my $proxy = $self->_graph;^J if ( !defined $proxy ) {^J die Module::Runtime::use_module("Moose::Exception::AttributeValueIsNotDefined")->new(method => $self->meta->find_method_by_name("(\"\""),^Jinstance => $self,^Jattribute => $self->meta->find_attribute_by_name("_graph"),^J);^J }^J elsif ( ref $proxy && !Scalar::Util::blessed($proxy) ) {^J die Module::Runtime::use_module("Moose::Exception::AttributeValueIsNotAnObject")->new(method => $self->meta->find_method_by_name("(\"\""),^Jinstance => $self,^Jattribute => $self->meta->find_attribute_by_name("_graph"),^Jgiven_value => $proxy,^J);^J }^J return $proxy->(""( @_ );^J}^J at /home/sand/src/perl/repoperls/installed-perls/host/k93msid/v5.37.6/ac75/lib/site_perl/5.37.6/x86_64-linux-thread-multi-ld/Class/MOP/Method/Generated.pm line 56.^J') called at /home/sand/src/perl/repoperls/installed-perls/host/k93msid/v5.37.6/ac75/lib/site_perl/5.37.6/Try/Tiny.pm line 123
Try::Tiny::try('CODE(0x562bd2eb7b78)', 'Try::Tiny::Catch=REF(0x562bd2e5b088)') called at /home/sand/src/perl/repoperls/installed-perls/host/k93msid/v5.37.6/ac75/lib/site_perl/5.37.6/x86_64-linux-thread-multi-ld/Moose/Meta/Method/Delegation.pm line 160
Moose::Meta::Method::Delegation::_generate_inline_method('Moose::Meta::Method::Delegation=HASH(0x562bd0c37668)') called at /home/sand/src/perl/repoperls/installed-perls/host/k93msid/v5.37.6/ac75/lib/site_perl/5.37.6/x86_64-linux-thread-multi-ld/Moose/Meta/Method/Delegation.pm line 82
Moose::Meta::Method::Delegation::_initialize_body('Moose::Meta::Method::Delegation=HASH(0x562bd0c37668)') called at /home/sand/src/perl/repoperls/installed-perls/host/k93msid/v5.37.6/ac75/lib/site_perl/5.37.6/x86_64-linux-thread-multi-ld/Moose/Meta/Method/Delegation.pm line 54
Moose::Meta::Method::Delegation::new('Moose::Meta::Method::Delegation', 'name', '(""', 'package_name', 'DBIx::Class::ResultSet::Graph', 'attribute', 'Moose::Meta::Attribute=HASH(0x562bd2a4ef68)', 'delegate_to_method', '(""', 'curried_arguments', 'ARRAY(0x562bd0f50d98)') called at /home/sand/src/perl/repoperls/installed-perls/host/k93msid/v5.37.6/ac75/lib/site_perl/5.37.6/x86_64-linux-thread-multi-ld/Moose/Meta/Attribute.pm line 1299
Moose::Meta::Attribute::_make_delegation_method('Moose::Meta::Attribute=HASH(0x562bd2a4ef68)', '(""', '(""') called at /home/sand/src/perl/repoperls/installed-perls/host/k93msid/v5.37.6/ac75/lib/site_perl/5.37.6/x86_64-linux-thread-multi-ld/Moose/Meta/Attribute.pm line 1166
Moose::Meta::Attribute::install_delegation('Moose::Meta::Attribute=HASH(0x562bd2a4ef68)') called at /home/sand/src/perl/repoperls/installed-perls/host/k93msid/v5.37.6/ac75/lib/site_perl/5.37.6/x86_64-linux-thread-multi-ld/Moose/Meta/Attribute.pm line 1015
Moose::Meta::Attribute::install_accessors('Moose::Meta::Attribute=HASH(0x562bd2a4ef68)') called at /home/sand/src/perl/repoperls/installed-perls/host/k93msid/v5.37.6/ac75/lib/site_perl/5.37.6/x86_64-linux-thread-multi-ld/Class/MOP/Class.pm line 899
Class::MOP::Class::try {...} at /home/sand/src/perl/repoperls/installed-perls/host/k93msid/v5.37.6/ac75/lib/site_perl/5.37.6/Try/Tiny.pm line 102
eval {...} at /home/sand/src/perl/repoperls/installed-perls/host/k93msid/v5.37.6/ac75/lib/site_perl/5.37.6/Try/Tiny.pm line 93
Try::Tiny::try('CODE(0x562bd2a4e998)', 'Try::Tiny::Catch=REF(0x562bd2a4eb78)') called at /home/sand/src/perl/repoperls/installed-perls/host/k93msid/v5.37.6/ac75/lib/site_perl/5.37.6/x86_64-linux-thread-multi-ld/Class/MOP/Class.pm line 904
Class::MOP::Class::_post_add_attribute('Moose::Meta::Class=HASH(0x562bd29e8408)', 'Moose::Meta::Attribute=HASH(0x562bd2a4ef68)') called at /home/sand/src/perl/repoperls/installed-perls/host/k93msid/v5.37.6/ac75/lib/site_perl/5.37.6/x86_64-linux-thread-multi-ld/Class/MOP/Mixin/HasAttributes.pm line 39
Class::MOP::Mixin::HasAttributes::add_attribute('Moose::Meta::Class=HASH(0x562bd29e8408)', 'Moose::Meta::Attribute=HASH(0x562bd2a4ef68)') called at /home/sand/src/perl/repoperls/installed-perls/host/k93msid/v5.37.6/ac75/lib/site_perl/5.37.6/x86_64-linux-thread-multi-ld/Moose/Meta/Class.pm line 585
Moose::Meta::Class::add_attribute('Moose::Meta::Class=HASH(0x562bd29e8408)', 'Moose::Meta::Attribute=HASH(0x562bd2a4ef68)') called at /home/sand/src/perl/repoperls/installed-perls/host/k93msid/v5.37.6/ac75/lib/site_perl/5.37.6/x86_64-linux-thread-multi-ld/Moose/Meta/Role/Application/ToClass.pm line 126
Moose::Meta::Role::Application::ToClass::apply_attributes('Moose::Meta::Role::Application::ToClass=HASH(0x562bd29e82d0)', 'Moose::Meta::Role=HASH(0x562bd2e38dd0)', 'Moose::Meta::Class=HASH(0x562bd29e8408)') called at /home/sand/src/perl/repoperls/installed-perls/host/k93msid/v5.37.6/ac75/lib/site_perl/5.37.6/x86_64-linux-thread-multi-ld/Moose/Meta/Role/Application.pm line 59
Moose::Meta::Role::Application::apply('Moose::Meta::Role::Application::ToClass=HASH(0x562bd29e82d0)', 'Moose::Meta::Role=HASH(0x562bd2e38dd0)', 'Moose::Meta::Class=HASH(0x562bd29e8408)') called at /home/sand/src/perl/repoperls/installed-perls/host/k93msid/v5.37.6/ac75/lib/site_perl/5.37.6/x86_64-linux-thread-multi-ld/Moose/Meta/Role/Application/ToClass.pm line 31
Moose::Meta::Role::Application::ToClass::apply('Moose::Meta::Role::Application::ToClass=HASH(0x562bd29e82d0)', 'Moose::Meta::Role=HASH(0x562bd2e38dd0)', 'Moose::Meta::Class=HASH(0x562bd29e8408)', 'HASH(0x562bd12b7940)') called at /home/sand/src/perl/repoperls/installed-perls/host/k93msid/v5.37.6/ac75/lib/site_perl/5.37.6/x86_64-linux-thread-multi-ld/Moose/Meta/Role.pm line 472
Moose::Meta::Role::apply('Moose::Meta::Role=HASH(0x562bd2e38dd0)', 'Moose::Meta::Class=HASH(0x562bd29e8408)') called at /home/sand/src/perl/repoperls/installed-perls/host/k93msid/v5.37.6/ac75/lib/site_perl/5.37.6/x86_64-linux-thread-multi-ld/Moose/Util.pm line 171
Moose::Util::_apply_all_roles('Moose::Meta::Class=HASH(0x562bd29e8408)', undef, 'DBIx::Class::Graph::Role::ResultSet') called at /home/sand/src/perl/repoperls/installed-perls/host/k93msid/v5.37.6/ac75/lib/site_perl/5.37.6/x86_64-linux-thread-multi-ld/Moose/Util.pm line 113
Moose::Util::apply_all_roles('Moose::Meta::Class=HASH(0x562bd29e8408)', 'DBIx::Class::Graph::Role::ResultSet') called at /home/sand/src/perl/repoperls/installed-perls/host/k93msid/v5.37.6/ac75/lib/site_perl/5.37.6/x86_64-linux-thread-multi-ld/Moose.pm line 57
Moose::with('Moose::Meta::Class=HASH(0x562bd29e8408)', 'DBIx::Class::Graph::Role::ResultSet') called at /home/sand/src/perl/repoperls/installed-perls/host/k93msid/v5.37.6/ac75/lib/site_perl/5.37.6/x86_64-linux-thread-multi-ld/Moose/Exporter.pm line 418
Moose::with('DBIx::Class::Graph::Role::ResultSet') called at /home/sand/.cpan/privbuild/k93msid/DBIx-Class-Graph-1.05-85/blib/lib/DBIx/Class/ResultSet/Graph.pm line 19
require DBIx/Class/ResultSet/Graph.pm at /home/sand/src/perl/repoperls/installed-perls/host/k93msid/v5.37.6/ac75/lib/site_perl/5.37.6/Class/C3/Componentised.pm line 146
eval {...} at /home/sand/src/perl/repoperls/installed-perls/host/k93msid/v5.37.6/ac75/lib/site_perl/5.37.6/Class/C3/Componentised.pm line 146
Class::C3::Componentised::ensure_class_loaded('DBIx::Class::ResultSource::Table=HASH(0x562bcf97fa88)', 'DBIx::Class::ResultSet::Graph') called at /home/sand/src/perl/repoperls/installed-perls/host/k93msid/v5.37.6/ac75/lib/site_perl/5.37.6/DBIx/Class/AccessorGroup.pm line 19
DBIx::Class::AccessorGroup::get_component_class('DBIx::Class::ResultSource::Table=HASH(0x562bcf97fa88)', 'resultset_class') called at (eval 181) line 2
DBIx::Class::ResultSource::resultset_class('DBIx::Class::ResultSource::Table=HASH(0x562bcf97fa88)') called at /home/sand/src/perl/repoperls/installed-perls/host/k93msid/v5.37.6/ac75/lib/site_perl/5.37.6/DBIx/Class/ResultSource.pm line 1134
DBIx::Class::ResultSource::resultset('DBIx::Class::ResultSource::Table=HASH(0x562bcf97fa88)') called at /home/sand/src/perl/repoperls/installed-perls/host/k93msid/v5.37.6/ac75/lib/site_perl/5.37.6/DBIx/Class/Schema.pm line 547
DBIx::Class::Schema::resultset('TestLib::Schema=HASH(0x562bcf9436f0)', 'Simple') called at /home/sand/src/perl/repoperls/installed-perls/host/k93msid/v5.37.6/ac75/lib/site_perl/5.37.6/DBIx/Class/Schema.pm line 769
DBIx::Class::Schema::populate('TestLib::Schema=HASH(0x562bcf9436f0)', 'Simple', 'ARRAY(0x562bd29f21a0)') called at t/lib/TestLib.pm line 20
TestLib::new('TestLib') called at t/simple01.t line 7
Compilation failed in require at /home/sand/src/perl/repoperls/installed-perls/host/k93msid/v5.37.6/ac75/lib/site_perl/5.37.6/Class/C3/Componentised.pm line 146. at /home/sand/src/perl/repoperls/installed-perls/host/k93msid/v5.37.6/ac75/lib/site_perl/5.37.6/Class/C3/Componentised.pm line 151
t/simple01.t ..................
Dubious, test returned 255 (wstat 65280, 0xff00)
No subtests run
{UNKNOWN}: Could not generate inline handles for _graph->("" because : Failed to compile source: syntax error at (eval 724) line 21, near """( "
source:
#line 1 "inline delegation in DBIx::Class::ResultSet::Graph for _graph->("" (attribute declared in lib/DBIx/Class/Graph/Role/ResultSet.pm at line 22)"
sub {
my $self = shift;
my $proxy = $self->_graph;
if ( !defined $proxy ) {
die Module::Runtime::use_module("Moose::Exception::AttributeValueIsNotDefined")->new(method => $self->meta->find_method_by_name("(\"\""),
instance => $self,
attribute => $self->meta->find_attribute_by_name("_graph"),
);
}
elsif ( ref $proxy && !Scalar::Util::blessed($proxy) ) {
die Module::Runtime::use_module("Moose::Exception::AttributeValueIsNotAnObject")->new(method => $self->meta->find_method_by_name("(\"\""),
instance => $self,
attribute => $self->meta->find_attribute_by_name("_graph"),
given_value => $proxy,
);
}
return $proxy->(""( @_ );
}
at /home/sand/src/perl/repoperls/installed-perls/host/k93msid/v5.37.6/ac75/lib/site_perl/5.37.6/x86_64-linux-thread-multi-ld/Class/MOP/Method/Generated.pm line 56.
at /home/sand/src/perl/repoperls/installed-perls/host/k93msid/v5.37.6/ac75/lib/site_perl/5.37.6/x86_64-linux-thread-multi-ld/Moose/Meta/Method/Delegation.pm line 154
Moose::Meta::Method::Delegation::catch {...} ('Failed to compile source: syntax error at (eval 724) line 21, near """( "^J^J^Jsource:^J#line 1 "inline delegation in DBIx::Class::ResultSet::Graph for _graph->("" (attribute declared in lib/DBIx/Class/Graph/Role/ResultSet.pm at line 22)"^Jsub {^J my $self = shift;^J^J my $proxy = $self->_graph;^J if ( !defined $proxy ) {^J die Module::Runtime::use_module("Moose::Exception::AttributeValueIsNotDefined")->new(method => $self->meta->find_method_by_name("(\"\""),^Jinstance => $self,^Jattribute => $self->meta->find_attribute_by_name("_graph"),^J);^J }^J elsif ( ref $proxy && !Scalar::Util::blessed($proxy) ) {^J die Module::Runtime::use_module("Moose::Exception::AttributeValueIsNotAnObject")->new(method => $self->meta->find_method_by_name("(\"\""),^Jinstance => $self,^Jattribute => $self->meta->find_attribute_by_name("_graph"),^Jgiven_value => $proxy,^J);^J }^J return $proxy->(""( @_ );^J}^J at /home/sand/src/perl/repoperls/installed-perls/host/k93msid/v5.37.6/ac75/lib/site_perl/5.37.6/x86_64-linux-thread-multi-ld/Class/MOP/Method/Generated.pm line 56.^J') called at /home/sand/src/perl/repoperls/installed-perls/host/k93msid/v5.37.6/ac75/lib/site_perl/5.37.6/Try/Tiny.pm line 123
Try::Tiny::try('CODE(0x55f02b16e8d8)', 'Try::Tiny::Catch=REF(0x55f02b111e98)') called at /home/sand/src/perl/repoperls/installed-perls/host/k93msid/v5.37.6/ac75/lib/site_perl/5.37.6/x86_64-linux-thread-multi-ld/Moose/Meta/Method/Delegation.pm line 160
Moose::Meta::Method::Delegation::_generate_inline_method('Moose::Meta::Method::Delegation=HASH(0x55f028ef03a0)') called at /home/sand/src/perl/repoperls/installed-perls/host/k93msid/v5.37.6/ac75/lib/site_perl/5.37.6/x86_64-linux-thread-multi-ld/Moose/Meta/Method/Delegation.pm line 82
Moose::Meta::Method::Delegation::_initialize_body('Moose::Meta::Method::Delegation=HASH(0x55f028ef03a0)') called at /home/sand/src/perl/repoperls/installed-perls/host/k93msid/v5.37.6/ac75/lib/site_perl/5.37.6/x86_64-linux-thread-multi-ld/Moose/Meta/Method/Delegation.pm line 54
Moose::Meta::Method::Delegation::new('Moose::Meta::Method::Delegation', 'name', '(""', 'package_name', 'DBIx::Class::ResultSet::Graph', 'attribute', 'Moose::Meta::Attribute=HASH(0x55f02acfd9a0)', 'delegate_to_method', '(""', 'curried_arguments', 'ARRAY(0x55f029209378)') called at /home/sand/src/perl/repoperls/installed-perls/host/k93msid/v5.37.6/ac75/lib/site_perl/5.37.6/x86_64-linux-thread-multi-ld/Moose/Meta/Attribute.pm line 1299
Moose::Meta::Attribute::_make_delegation_method('Moose::Meta::Attribute=HASH(0x55f02acfd9a0)', '(""', '(""') called at /home/sand/src/perl/repoperls/installed-perls/host/k93msid/v5.37.6/ac75/lib/site_perl/5.37.6/x86_64-linux-thread-multi-ld/Moose/Meta/Attribute.pm line 1166
Moose::Meta::Attribute::install_delegation('Moose::Meta::Attribute=HASH(0x55f02acfd9a0)') called at /home/sand/src/perl/repoperls/installed-perls/host/k93msid/v5.37.6/ac75/lib/site_perl/5.37.6/x86_64-linux-thread-multi-ld/Moose/Meta/Attribute.pm line 1015
Moose::Meta::Attribute::install_accessors('Moose::Meta::Attribute=HASH(0x55f02acfd9a0)') called at /home/sand/src/perl/repoperls/installed-perls/host/k93msid/v5.37.6/ac75/lib/site_perl/5.37.6/x86_64-linux-thread-multi-ld/Class/MOP/Class.pm line 899
Class::MOP::Class::try {...} at /home/sand/src/perl/repoperls/installed-perls/host/k93msid/v5.37.6/ac75/lib/site_perl/5.37.6/Try/Tiny.pm line 102
eval {...} at /home/sand/src/perl/repoperls/installed-perls/host/k93msid/v5.37.6/ac75/lib/site_perl/5.37.6/Try/Tiny.pm line 93
Try::Tiny::try('CODE(0x55f02b1043f0)', 'Try::Tiny::Catch=REF(0x55f02acc4750)') called at /home/sand/src/perl/repoperls/installed-perls/host/k93msid/v5.37.6/ac75/lib/site_perl/5.37.6/x86_64-linux-thread-multi-ld/Class/MOP/Class.pm line 904
Class::MOP::Class::_post_add_attribute('Moose::Meta::Class=HASH(0x55f02acc4ac8)', 'Moose::Meta::Attribute=HASH(0x55f02acfd9a0)') called at /home/sand/src/perl/repoperls/installed-perls/host/k93msid/v5.37.6/ac75/lib/site_perl/5.37.6/x86_64-linux-thread-multi-ld/Class/MOP/Mixin/HasAttributes.pm line 39
Class::MOP::Mixin::HasAttributes::add_attribute('Moose::Meta::Class=HASH(0x55f02acc4ac8)', 'Moose::Meta::Attribute=HASH(0x55f02acfd9a0)') called at /home/sand/src/perl/repoperls/installed-perls/host/k93msid/v5.37.6/ac75/lib/site_perl/5.37.6/x86_64-linux-thread-multi-ld/Moose/Meta/Class.pm line 585
Moose::Meta::Class::add_attribute('Moose::Meta::Class=HASH(0x55f02acc4ac8)', 'Moose::Meta::Attribute=HASH(0x55f02acfd9a0)') called at /home/sand/src/perl/repoperls/installed-perls/host/k93msid/v5.37.6/ac75/lib/site_perl/5.37.6/x86_64-linux-thread-multi-ld/Moose/Meta/Role/Application/ToClass.pm line 126
Moose::Meta::Role::Application::ToClass::apply_attributes('Moose::Meta::Role::Application::ToClass=HASH(0x55f02acf82e0)', 'Moose::Meta::Role=HASH(0x55f02b0efee0)', 'Moose::Meta::Class=HASH(0x55f02acc4ac8)') called at /home/sand/src/perl/repoperls/installed-perls/host/k93msid/v5.37.6/ac75/lib/site_perl/5.37.6/x86_64-linux-thread-multi-ld/Moose/Meta/Role/Application.pm line 59
Moose::Meta::Role::Application::apply('Moose::Meta::Role::Application::ToClass=HASH(0x55f02acf82e0)', 'Moose::Meta::Role=HASH(0x55f02b0efee0)', 'Moose::Meta::Class=HASH(0x55f02acc4ac8)') called at /home/sand/src/perl/repoperls/installed-perls/host/k93msid/v5.37.6/ac75/lib/site_perl/5.37.6/x86_64-linux-thread-multi-ld/Moose/Meta/Role/Application/ToClass.pm line 31
Moose::Meta::Role::Application::ToClass::apply('Moose::Meta::Role::Application::ToClass=HASH(0x55f02acf82e0)', 'Moose::Meta::Role=HASH(0x55f02b0efee0)', 'Moose::Meta::Class=HASH(0x55f02acc4ac8)', 'HASH(0x55f029570dd8)') called at /home/sand/src/perl/repoperls/installed-perls/host/k93msid/v5.37.6/ac75/lib/site_perl/5.37.6/x86_64-linux-thread-multi-ld/Moose/Meta/Role.pm line 472
Moose::Meta::Role::apply('Moose::Meta::Role=HASH(0x55f02b0efee0)', 'Moose::Meta::Class=HASH(0x55f02acc4ac8)') called at /home/sand/src/perl/repoperls/installed-perls/host/k93msid/v5.37.6/ac75/lib/site_perl/5.37.6/x86_64-linux-thread-multi-ld/Moose/Util.pm line 171
Moose::Util::_apply_all_roles('Moose::Meta::Class=HASH(0x55f02acc4ac8)', undef, 'DBIx::Class::Graph::Role::ResultSet') called at /home/sand/src/perl/repoperls/installed-perls/host/k93msid/v5.37.6/ac75/lib/site_perl/5.37.6/x86_64-linux-thread-multi-ld/Moose/Util.pm line 113
Moose::Util::apply_all_roles('Moose::Meta::Class=HASH(0x55f02acc4ac8)', 'DBIx::Class::Graph::Role::ResultSet') called at /home/sand/src/perl/repoperls/installed-perls/host/k93msid/v5.37.6/ac75/lib/site_perl/5.37.6/x86_64-linux-thread-multi-ld/Moose.pm line 57
Moose::with('Moose::Meta::Class=HASH(0x55f02acc4ac8)', 'DBIx::Class::Graph::Role::ResultSet') called at /home/sand/src/perl/repoperls/installed-perls/host/k93msid/v5.37.6/ac75/lib/site_perl/5.37.6/x86_64-linux-thread-multi-ld/Moose/Exporter.pm line 418
Moose::with('DBIx::Class::Graph::Role::ResultSet') called at lib/DBIx/Class/ResultSet/Graph.pm line 19
require DBIx/Class/ResultSet/Graph.pm at /home/sand/src/perl/repoperls/installed-perls/host/k93msid/v5.37.6/ac75/lib/site_perl/5.37.6/Class/C3/Componentised.pm line 146
eval {...} at /home/sand/src/perl/repoperls/installed-perls/host/k93msid/v5.37.6/ac75/lib/site_perl/5.37.6/Class/C3/Componentised.pm line 146
Class::C3::Componentised::ensure_class_loaded('DBIx::Class::ResultSource::Table=HASH(0x55f027c41790)', 'DBIx::Class::ResultSet::Graph') called at /home/sand/src/perl/repoperls/installed-perls/host/k93msid/v5.37.6/ac75/lib/site_perl/5.37.6/DBIx/Class/AccessorGroup.pm line 19
DBIx::Class::AccessorGroup::get_component_class('DBIx::Class::ResultSource::Table=HASH(0x55f027c41790)', 'resultset_class') called at (eval 181) line 2
DBIx::Class::ResultSource::resultset_class('DBIx::Class::ResultSource::Table=HASH(0x55f027c41790)') called at /home/sand/src/perl/repoperls/installed-perls/host/k93msid/v5.37.6/ac75/lib/site_perl/5.37.6/DBIx/Class/ResultSource.pm line 1134
DBIx::Class::ResultSource::resultset('DBIx::Class::ResultSource::Table=HASH(0x55f027c41790)') called at /home/sand/src/perl/repoperls/installed-perls/host/k93msid/v5.37.6/ac75/lib/site_perl/5.37.6/DBIx/Class/Schema.pm line 547
DBIx::Class::Schema::resultset('TestLib::Schema=HASH(0x55f027bfc6f0)', 'Simple') called at /home/sand/src/perl/repoperls/installed-perls/host/k93msid/v5.37.6/ac75/lib/site_perl/5.37.6/DBIx/Class/Schema.pm line 769
DBIx::Class::Schema::populate('TestLib::Schema=HASH(0x55f027bfc6f0)', 'Simple', 'ARRAY(0x55f02accb6a0)') called at t/lib/TestLib.pm line 20
TestLib::new('TestLib') called at t/simple02.t line 7
Compilation failed in require at /home/sand/src/perl/repoperls/installed-perls/host/k93msid/v5.37.6/ac75/lib/site_perl/5.37.6/Class/C3/Componentised.pm line 146. at /home/sand/src/perl/repoperls/installed-perls/host/k93msid/v5.37.6/ac75/lib/site_perl/5.37.6/Class/C3/Componentised.pm line 151
t/simple02.t ..................
Dubious, test returned 255 (wstat 65280, 0xff00)
No subtests run
{UNKNOWN}: Could not generate inline handles for _graph->("" because : Failed to compile source: syntax error at (eval 725) line 21, near """( "
source:
#line 1 "inline delegation in DBIx::Class::ResultSet::Graph for _graph->("" (attribute declared in /home/sand/.cpan/privbuild/k93msid/DBIx-Class-Graph-1.05-85/blib/lib/DBIx/Class/Graph/Role/ResultSet.pm at line 22)"
sub {
my $self = shift;
my $proxy = $self->_graph;
if ( !defined $proxy ) {
die Module::Runtime::use_module("Moose::Exception::AttributeValueIsNotDefined")->new(method => $self->meta->find_method_by_name("(\"\""),
instance => $self,
attribute => $self->meta->find_attribute_by_name("_graph"),
);
}
elsif ( ref $proxy && !Scalar::Util::blessed($proxy) ) {
die Module::Runtime::use_module("Moose::Exception::AttributeValueIsNotAnObject")->new(method => $self->meta->find_method_by_name("(\"\""),
instance => $self,
attribute => $self->meta->find_attribute_by_name("_graph"),
given_value => $proxy,
);
}
return $proxy->(""( @_ );
}
at /home/sand/src/perl/repoperls/installed-perls/host/k93msid/v5.37.6/ac75/lib/site_perl/5.37.6/x86_64-linux-thread-multi-ld/Class/MOP/Method/Generated.pm line 56.
at /home/sand/src/perl/repoperls/installed-perls/host/k93msid/v5.37.6/ac75/lib/site_perl/5.37.6/x86_64-linux-thread-multi-ld/Moose/Meta/Method/Delegation.pm line 154
Moose::Meta::Method::Delegation::catch {...} ('Failed to compile source: syntax error at (eval 725) line 21, near """( "^J^J^Jsource:^J#line 1 "inline delegation in DBIx::Class::ResultSet::Graph for _graph->("" (attribute declared in /home/sand/.cpan/privbuild/k93msid/DBIx-Class-Graph-1.05-85/blib/lib/DBIx/Class/Graph/Role/ResultSet.pm at line 22)"^Jsub {^J my $self = shift;^J^J my $proxy = $self->_graph;^J if ( !defined $proxy ) {^J die Module::Runtime::use_module("Moose::Exception::AttributeValueIsNotDefined")->new(method => $self->meta->find_method_by_name("(\"\""),^Jinstance => $self,^Jattribute => $self->meta->find_attribute_by_name("_graph"),^J);^J }^J elsif ( ref $proxy && !Scalar::Util::blessed($proxy) ) {^J die Module::Runtime::use_module("Moose::Exception::AttributeValueIsNotAnObject")->new(method => $self->meta->find_method_by_name("(\"\""),^Jinstance => $self,^Jattribute => $self->meta->find_attribute_by_name("_graph"),^Jgiven_value => $proxy,^J);^J }^J return $proxy->(""( @_ );^J}^J at /home/sand/src/perl/repoperls/installed-perls/host/k93msid/v5.37.6/ac75/lib/site_perl/5.37.6/x86_64-linux-thread-multi-ld/Class/MOP/Method/Generated.pm line 56.^J') called at /home/sand/src/perl/repoperls/installed-perls/host/k93msid/v5.37.6/ac75/lib/site_perl/5.37.6/Try/Tiny.pm line 123
Try::Tiny::try('CODE(0x558c8d9dc718)', 'Try::Tiny::Catch=REF(0x558c8d9800f8)') called at /home/sand/src/perl/repoperls/installed-perls/host/k93msid/v5.37.6/ac75/lib/site_perl/5.37.6/x86_64-linux-thread-multi-ld/Moose/Meta/Method/Delegation.pm line 160
Moose::Meta::Method::Delegation::_generate_inline_method('Moose::Meta::Method::Delegation=HASH(0x558c8b75ad38)') called at /home/sand/src/perl/repoperls/installed-perls/host/k93msid/v5.37.6/ac75/lib/site_perl/5.37.6/x86_64-linux-thread-multi-ld/Moose/Meta/Method/Delegation.pm line 82
Moose::Meta::Method::Delegation::_initialize_body('Moose::Meta::Method::Delegation=HASH(0x558c8b75ad38)') called at /home/sand/src/perl/repoperls/installed-perls/host/k93msid/v5.37.6/ac75/lib/site_perl/5.37.6/x86_64-linux-thread-multi-ld/Moose/Meta/Method/Delegation.pm line 54
Moose::Meta::Method::Delegation::new('Moose::Meta::Method::Delegation', 'name', '(""', 'package_name', 'DBIx::Class::ResultSet::Graph', 'attribute', 'Moose::Meta::Attribute=HASH(0x558c8d97f5a0)', 'delegate_to_method', '(""', 'curried_arguments', 'ARRAY(0x558c8ba75838)') called at /home/sand/src/perl/repoperls/installed-perls/host/k93msid/v5.37.6/ac75/lib/site_perl/5.37.6/x86_64-linux-thread-multi-ld/Moose/Meta/Attribute.pm line 1299
Moose::Meta::Attribute::_make_delegation_method('Moose::Meta::Attribute=HASH(0x558c8d97f5a0)', '(""', '(""') called at /home/sand/src/perl/repoperls/installed-perls/host/k93msid/v5.37.6/ac75/lib/site_perl/5.37.6/x86_64-linux-thread-multi-ld/Moose/Meta/Attribute.pm line 1166
Moose::Meta::Attribute::install_delegation('Moose::Meta::Attribute=HASH(0x558c8d97f5a0)') called at /home/sand/src/perl/repoperls/installed-perls/host/k93msid/v5.37.6/ac75/lib/site_perl/5.37.6/x86_64-linux-thread-multi-ld/Moose/Meta/Attribute.pm line 1015
Moose::Meta::Attribute::install_accessors('Moose::Meta::Attribute=HASH(0x558c8d97f5a0)') called at /home/sand/src/perl/repoperls/installed-perls/host/k93msid/v5.37.6/ac75/lib/site_perl/5.37.6/x86_64-linux-thread-multi-ld/Class/MOP/Class.pm line 899
Class::MOP::Class::try {...} at /home/sand/src/perl/repoperls/installed-perls/host/k93msid/v5.37.6/ac75/lib/site_perl/5.37.6/Try/Tiny.pm line 102
eval {...} at /home/sand/src/perl/repoperls/installed-perls/host/k93msid/v5.37.6/ac75/lib/site_perl/5.37.6/Try/Tiny.pm line 93
Try::Tiny::try('CODE(0x558c8d574748)', 'Try::Tiny::Catch=REF(0x558c8d574ad8)') called at /home/sand/src/perl/repoperls/installed-perls/host/k93msid/v5.37.6/ac75/lib/site_perl/5.37.6/x86_64-linux-thread-multi-ld/Class/MOP/Class.pm line 904
Class::MOP::Class::_post_add_attribute('Moose::Meta::Class=HASH(0x558c8d510540)', 'Moose::Meta::Attribute=HASH(0x558c8d97f5a0)') called at /home/sand/src/perl/repoperls/installed-perls/host/k93msid/v5.37.6/ac75/lib/site_perl/5.37.6/x86_64-linux-thread-multi-ld/Class/MOP/Mixin/HasAttributes.pm line 39
Class::MOP::Mixin::HasAttributes::add_attribute('Moose::Meta::Class=HASH(0x558c8d510540)', 'Moose::Meta::Attribute=HASH(0x558c8d97f5a0)') called at /home/sand/src/perl/repoperls/installed-perls/host/k93msid/v5.37.6/ac75/lib/site_perl/5.37.6/x86_64-linux-thread-multi-ld/Moose/Meta/Class.pm line 585
Moose::Meta::Class::add_attribute('Moose::Meta::Class=HASH(0x558c8d510540)', 'Moose::Meta::Attribute=HASH(0x558c8d97f5a0)') called at /home/sand/src/perl/repoperls/installed-perls/host/k93msid/v5.37.6/ac75/lib/site_perl/5.37.6/x86_64-linux-thread-multi-ld/Moose/Meta/Role/Application/ToClass.pm line 126
Moose::Meta::Role::Application::ToClass::apply_attributes('Moose::Meta::Role::Application::ToClass=HASH(0x558c8d2a7898)', 'Moose::Meta::Role=HASH(0x558c8d95d690)', 'Moose::Meta::Class=HASH(0x558c8d510540)') called at /home/sand/src/perl/repoperls/installed-perls/host/k93msid/v5.37.6/ac75/lib/site_perl/5.37.6/x86_64-linux-thread-multi-ld/Moose/Meta/Role/Application.pm line 59
Moose::Meta::Role::Application::apply('Moose::Meta::Role::Application::ToClass=HASH(0x558c8d2a7898)', 'Moose::Meta::Role=HASH(0x558c8d95d690)', 'Moose::Meta::Class=HASH(0x558c8d510540)') called at /home/sand/src/perl/repoperls/installed-perls/host/k93msid/v5.37.6/ac75/lib/site_perl/5.37.6/x86_64-linux-thread-multi-ld/Moose/Meta/Role/Application/ToClass.pm line 31
Moose::Meta::Role::Application::ToClass::apply('Moose::Meta::Role::Application::ToClass=HASH(0x558c8d2a7898)', 'Moose::Meta::Role=HASH(0x558c8d95d690)', 'Moose::Meta::Class=HASH(0x558c8d510540)', 'HASH(0x558c8bdec528)') called at /home/sand/src/perl/repoperls/installed-perls/host/k93msid/v5.37.6/ac75/lib/site_perl/5.37.6/x86_64-linux-thread-multi-ld/Moose/Meta/Role.pm line 472
Moose::Meta::Role::apply('Moose::Meta::Role=HASH(0x558c8d95d690)', 'Moose::Meta::Class=HASH(0x558c8d510540)') called at /home/sand/src/perl/repoperls/installed-perls/host/k93msid/v5.37.6/ac75/lib/site_perl/5.37.6/x86_64-linux-thread-multi-ld/Moose/Util.pm line 171
Moose::Util::_apply_all_roles('Moose::Meta::Class=HASH(0x558c8d510540)', undef, 'DBIx::Class::Graph::Role::ResultSet') called at /home/sand/src/perl/repoperls/installed-perls/host/k93msid/v5.37.6/ac75/lib/site_perl/5.37.6/x86_64-linux-thread-multi-ld/Moose/Util.pm line 113
Moose::Util::apply_all_roles('Moose::Meta::Class=HASH(0x558c8d510540)', 'DBIx::Class::Graph::Role::ResultSet') called at /home/sand/src/perl/repoperls/installed-perls/host/k93msid/v5.37.6/ac75/lib/site_perl/5.37.6/x86_64-linux-thread-multi-ld/Moose.pm line 57
Moose::with('Moose::Meta::Class=HASH(0x558c8d510540)', 'DBIx::Class::Graph::Role::ResultSet') called at /home/sand/src/perl/repoperls/installed-perls/host/k93msid/v5.37.6/ac75/lib/site_perl/5.37.6/x86_64-linux-thread-multi-ld/Moose/Exporter.pm line 418
Moose::with('DBIx::Class::Graph::Role::ResultSet') called at /home/sand/.cpan/privbuild/k93msid/DBIx-Class-Graph-1.05-85/blib/lib/DBIx/Class/ResultSet/Graph.pm line 19
require DBIx/Class/ResultSet/Graph.pm at /home/sand/src/perl/repoperls/installed-perls/host/k93msid/v5.37.6/ac75/lib/site_perl/5.37.6/Class/C3/Componentised.pm line 146
eval {...} at /home/sand/src/perl/repoperls/installed-perls/host/k93msid/v5.37.6/ac75/lib/site_perl/5.37.6/Class/C3/Componentised.pm line 146
Class::C3::Componentised::ensure_class_loaded('DBIx::Class::ResultSource::Table=HASH(0x558c8a4a4b38)', 'DBIx::Class::ResultSet::Graph') called at /home/sand/src/perl/repoperls/installed-perls/host/k93msid/v5.37.6/ac75/lib/site_perl/5.37.6/DBIx/Class/AccessorGroup.pm line 19
DBIx::Class::AccessorGroup::get_component_class('DBIx::Class::ResultSource::Table=HASH(0x558c8a4a4b38)', 'resultset_class') called at (eval 181) line 2
DBIx::Class::ResultSource::resultset_class('DBIx::Class::ResultSource::Table=HASH(0x558c8a4a4b38)') called at /home/sand/src/perl/repoperls/installed-perls/host/k93msid/v5.37.6/ac75/lib/site_perl/5.37.6/DBIx/Class/ResultSource.pm line 1134
DBIx::Class::ResultSource::resultset('DBIx::Class::ResultSource::Table=HASH(0x558c8a4a4b38)') called at /home/sand/src/perl/repoperls/installed-perls/host/k93msid/v5.37.6/ac75/lib/site_perl/5.37.6/DBIx/Class/Schema.pm line 547
DBIx::Class::Schema::resultset('TestLib::Schema=HASH(0x558c8a4676f0)', 'Simple') called at /home/sand/src/perl/repoperls/installed-perls/host/k93msid/v5.37.6/ac75/lib/site_perl/5.37.6/DBIx/Class/Schema.pm line 769
DBIx::Class::Schema::populate('TestLib::Schema=HASH(0x558c8a4676f0)', 'Simple', 'ARRAY(0x558c8c6c78e0)') called at t/lib/TestLib.pm line 20
TestLib::new('TestLib') called at t/simplesucc.t line 7
Compilation failed in require at /home/sand/src/perl/repoperls/installed-perls/host/k93msid/v5.37.6/ac75/lib/site_perl/5.37.6/Class/C3/Componentised.pm line 146. at /home/sand/src/perl/repoperls/installed-perls/host/k93msid/v5.37.6/ac75/lib/site_perl/5.37.6/Class/C3/Componentised.pm line 151
t/simplesucc.t ................
Dubious, test returned 255 (wstat 65280, 0xff00)
No subtests run
{UNKNOWN}: Could not generate inline handles for _graph->("" because : Failed to compile source: syntax error at (eval 725) line 21, near """( "
source:
#line 1 "inline delegation in DBIx::Class::ResultSet::Graph for _graph->("" (attribute declared in /home/sand/.cpan/privbuild/k93msid/DBIx-Class-Graph-1.05-85/blib/lib/DBIx/Class/Graph/Role/ResultSet.pm at line 22)"
sub {
my $self = shift;
my $proxy = $self->_graph;
if ( !defined $proxy ) {
die Module::Runtime::use_module("Moose::Exception::AttributeValueIsNotDefined")->new(method => $self->meta->find_method_by_name("(\"\""),
instance => $self,
attribute => $self->meta->find_attribute_by_name("_graph"),
);
}
elsif ( ref $proxy && !Scalar::Util::blessed($proxy) ) {
die Module::Runtime::use_module("Moose::Exception::AttributeValueIsNotAnObject")->new(method => $self->meta->find_method_by_name("(\"\""),
instance => $self,
attribute => $self->meta->find_attribute_by_name("_graph"),
given_value => $proxy,
);
}
return $proxy->(""( @_ );
}
at /home/sand/src/perl/repoperls/installed-perls/host/k93msid/v5.37.6/ac75/lib/site_perl/5.37.6/x86_64-linux-thread-multi-ld/Class/MOP/Method/Generated.pm line 56.
at /home/sand/src/perl/repoperls/installed-perls/host/k93msid/v5.37.6/ac75/lib/site_perl/5.37.6/x86_64-linux-thread-multi-ld/Moose/Meta/Method/Delegation.pm line 154
Moose::Meta::Method::Delegation::catch {...} ('Failed to compile source: syntax error at (eval 725) line 21, near """( "^J^J^Jsource:^J#line 1 "inline delegation in DBIx::Class::ResultSet::Graph for _graph->("" (attribute declared in /home/sand/.cpan/privbuild/k93msid/DBIx-Class-Graph-1.05-85/blib/lib/DBIx/Class/Graph/Role/ResultSet.pm at line 22)"^Jsub {^J my $self = shift;^J^J my $proxy = $self->_graph;^J if ( !defined $proxy ) {^J die Module::Runtime::use_module("Moose::Exception::AttributeValueIsNotDefined")->new(method => $self->meta->find_method_by_name("(\"\""),^Jinstance => $self,^Jattribute => $self->meta->find_attribute_by_name("_graph"),^J);^J }^J elsif ( ref $proxy && !Scalar::Util::blessed($proxy) ) {^J die Module::Runtime::use_module("Moose::Exception::AttributeValueIsNotAnObject")->new(method => $self->meta->find_method_by_name("(\"\""),^Jinstance => $self,^Jattribute => $self->meta->find_attribute_by_name("_graph"),^Jgiven_value => $proxy,^J);^J }^J return $proxy->(""( @_ );^J}^J at /home/sand/src/perl/repoperls/installed-perls/host/k93msid/v5.37.6/ac75/lib/site_perl/5.37.6/x86_64-linux-thread-multi-ld/Class/MOP/Method/Generated.pm line 56.^J') called at /home/sand/src/perl/repoperls/installed-perls/host/k93msid/v5.37.6/ac75/lib/site_perl/5.37.6/Try/Tiny.pm line 123
Try::Tiny::try('CODE(0x558f8d06a6d8)', 'Try::Tiny::Catch=REF(0x558f8cc000b0)') called at /home/sand/src/perl/repoperls/installed-perls/host/k93msid/v5.37.6/ac75/lib/site_perl/5.37.6/x86_64-linux-thread-multi-ld/Moose/Meta/Method/Delegation.pm line 160
Moose::Meta::Method::Delegation::_generate_inline_method('Moose::Meta::Method::Delegation=HASH(0x558f8ade5c48)') called at /home/sand/src/perl/repoperls/installed-perls/host/k93msid/v5.37.6/ac75/lib/site_perl/5.37.6/x86_64-linux-thread-multi-ld/Moose/Meta/Method/Delegation.pm line 82
Moose::Meta::Method::Delegation::_initialize_body('Moose::Meta::Method::Delegation=HASH(0x558f8ade5c48)') called at /home/sand/src/perl/repoperls/installed-perls/host/k93msid/v5.37.6/ac75/lib/site_perl/5.37.6/x86_64-linux-thread-multi-ld/Moose/Meta/Method/Delegation.pm line 54
Moose::Meta::Method::Delegation::new('Moose::Meta::Method::Delegation', 'name', '(""', 'package_name', 'DBIx::Class::ResultSet::Graph', 'attribute', 'Moose::Meta::Attribute=HASH(0x558f8cbff558)', 'delegate_to_method', '(""', 'curried_arguments', 'ARRAY(0x558f8b0feff8)') called at /home/sand/src/perl/repoperls/installed-perls/host/k93msid/v5.37.6/ac75/lib/site_perl/5.37.6/x86_64-linux-thread-multi-ld/Moose/Meta/Attribute.pm line 1299
Moose::Meta::Attribute::_make_delegation_method('Moose::Meta::Attribute=HASH(0x558f8cbff558)', '(""', '(""') called at /home/sand/src/perl/repoperls/installed-perls/host/k93msid/v5.37.6/ac75/lib/site_perl/5.37.6/x86_64-linux-thread-multi-ld/Moose/Meta/Attribute.pm line 1166
Moose::Meta::Attribute::install_delegation('Moose::Meta::Attribute=HASH(0x558f8cbff558)') called at /home/sand/src/perl/repoperls/installed-perls/host/k93msid/v5.37.6/ac75/lib/site_perl/5.37.6/x86_64-linux-thread-multi-ld/Moose/Meta/Attribute.pm line 1015
Moose::Meta::Attribute::install_accessors('Moose::Meta::Attribute=HASH(0x558f8cbff558)') called at /home/sand/src/perl/repoperls/installed-perls/host/k93msid/v5.37.6/ac75/lib/site_perl/5.37.6/x86_64-linux-thread-multi-ld/Class/MOP/Class.pm line 899
Class::MOP::Class::try {...} at /home/sand/src/perl/repoperls/installed-perls/host/k93msid/v5.37.6/ac75/lib/site_perl/5.37.6/Try/Tiny.pm line 102
eval {...} at /home/sand/src/perl/repoperls/installed-perls/host/k93msid/v5.37.6/ac75/lib/site_perl/5.37.6/Try/Tiny.pm line 93
Try::Tiny::try('CODE(0x558f8cfffb70)', 'Try::Tiny::Catch=REF(0x558f8cfffe40)') called at /home/sand/src/perl/repoperls/installed-perls/host/k93msid/v5.37.6/ac75/lib/site_perl/5.37.6/x86_64-linux-thread-multi-ld/Class/MOP/Class.pm line 904
Class::MOP::Class::_post_add_attribute('Moose::Meta::Class=HASH(0x558f8cbd98f8)', 'Moose::Meta::Attribute=HASH(0x558f8cbff558)') called at /home/sand/src/perl/repoperls/installed-perls/host/k93msid/v5.37.6/ac75/lib/site_perl/5.37.6/x86_64-linux-thread-multi-ld/Class/MOP/Mixin/HasAttributes.pm line 39
Class::MOP::Mixin::HasAttributes::add_attribute('Moose::Meta::Class=HASH(0x558f8cbd98f8)', 'Moose::Meta::Attribute=HASH(0x558f8cbff558)') called at /home/sand/src/perl/repoperls/installed-perls/host/k93msid/v5.37.6/ac75/lib/site_perl/5.37.6/x86_64-linux-thread-multi-ld/Moose/Meta/Class.pm line 585
Moose::Meta::Class::add_attribute('Moose::Meta::Class=HASH(0x558f8cbd98f8)', 'Moose::Meta::Attribute=HASH(0x558f8cbff558)') called at /home/sand/src/perl/repoperls/installed-perls/host/k93msid/v5.37.6/ac75/lib/site_perl/5.37.6/x86_64-linux-thread-multi-ld/Moose/Meta/Role/Application/ToClass.pm line 126
Moose::Meta::Role::Application::ToClass::apply_attributes('Moose::Meta::Role::Application::ToClass=HASH(0x558f8cba24d0)', 'Moose::Meta::Role=HASH(0x558f8cff8d80)', 'Moose::Meta::Class=HASH(0x558f8cbd98f8)') called at /home/sand/src/perl/repoperls/installed-perls/host/k93msid/v5.37.6/ac75/lib/site_perl/5.37.6/x86_64-linux-thread-multi-ld/Moose/Meta/Role/Application.pm line 59
Moose::Meta::Role::Application::apply('Moose::Meta::Role::Application::ToClass=HASH(0x558f8cba24d0)', 'Moose::Meta::Role=HASH(0x558f8cff8d80)', 'Moose::Meta::Class=HASH(0x558f8cbd98f8)') called at /home/sand/src/perl/repoperls/installed-perls/host/k93msid/v5.37.6/ac75/lib/site_perl/5.37.6/x86_64-linux-thread-multi-ld/Moose/Meta/Role/Application/ToClass.pm line 31
Moose::Meta::Role::Application::ToClass::apply('Moose::Meta::Role::Application::ToClass=HASH(0x558f8cba24d0)', 'Moose::Meta::Role=HASH(0x558f8cff8d80)', 'Moose::Meta::Class=HASH(0x558f8cbd98f8)', 'HASH(0x558f8b475e58)') called at /home/sand/src/perl/repoperls/installed-perls/host/k93msid/v5.37.6/ac75/lib/site_perl/5.37.6/x86_64-linux-thread-multi-ld/Moose/Meta/Role.pm line 472
Moose::Meta::Role::apply('Moose::Meta::Role=HASH(0x558f8cff8d80)', 'Moose::Meta::Class=HASH(0x558f8cbd98f8)') called at /home/sand/src/perl/repoperls/installed-perls/host/k93msid/v5.37.6/ac75/lib/site_perl/5.37.6/x86_64-linux-thread-multi-ld/Moose/Util.pm line 171
Moose::Util::_apply_all_roles('Moose::Meta::Class=HASH(0x558f8cbd98f8)', undef, 'DBIx::Class::Graph::Role::ResultSet') called at /home/sand/src/perl/repoperls/installed-perls/host/k93msid/v5.37.6/ac75/lib/site_perl/5.37.6/x86_64-linux-thread-multi-ld/Moose/Util.pm line 113
Moose::Util::apply_all_roles('Moose::Meta::Class=HASH(0x558f8cbd98f8)', 'DBIx::Class::Graph::Role::ResultSet') called at /home/sand/src/perl/repoperls/installed-perls/host/k93msid/v5.37.6/ac75/lib/site_perl/5.37.6/x86_64-linux-thread-multi-ld/Moose.pm line 57
Moose::with('Moose::Meta::Class=HASH(0x558f8cbd98f8)', 'DBIx::Class::Graph::Role::ResultSet') called at /home/sand/src/perl/repoperls/installed-perls/host/k93msid/v5.37.6/ac75/lib/site_perl/5.37.6/x86_64-linux-thread-multi-ld/Moose/Exporter.pm line 418
Moose::with('DBIx::Class::Graph::Role::ResultSet') called at /home/sand/.cpan/privbuild/k93msid/DBIx-Class-Graph-1.05-85/blib/lib/DBIx/Class/ResultSet/Graph.pm line 19
require DBIx/Class/ResultSet/Graph.pm at /home/sand/src/perl/repoperls/installed-perls/host/k93msid/v5.37.6/ac75/lib/site_perl/5.37.6/Class/C3/Componentised.pm line 146
eval {...} at /home/sand/src/perl/repoperls/installed-perls/host/k93msid/v5.37.6/ac75/lib/site_perl/5.37.6/Class/C3/Componentised.pm line 146
Class::C3::Componentised::ensure_class_loaded('DBIx::Class::ResultSource::Table=HASH(0x558f89b36818)', 'DBIx::Class::ResultSet::Graph') called at /home/sand/src/perl/repoperls/installed-perls/host/k93msid/v5.37.6/ac75/lib/site_perl/5.37.6/DBIx/Class/AccessorGroup.pm line 19
DBIx::Class::AccessorGroup::get_component_class('DBIx::Class::ResultSource::Table=HASH(0x558f89b36818)', 'resultset_class') called at (eval 181) line 2
DBIx::Class::ResultSource::resultset_class('DBIx::Class::ResultSource::Table=HASH(0x558f89b36818)') called at /home/sand/src/perl/repoperls/installed-perls/host/k93msid/v5.37.6/ac75/lib/site_perl/5.37.6/DBIx/Class/ResultSource.pm line 1134
DBIx::Class::ResultSource::resultset('DBIx::Class::ResultSource::Table=HASH(0x558f89b36818)') called at /home/sand/src/perl/repoperls/installed-perls/host/k93msid/v5.37.6/ac75/lib/site_perl/5.37.6/DBIx/Class/Schema.pm line 547
DBIx::Class::Schema::resultset('TestLib::Schema=HASH(0x558f89af16f0)', 'Simple') called at /home/sand/src/perl/repoperls/installed-perls/host/k93msid/v5.37.6/ac75/lib/site_perl/5.37.6/DBIx/Class/Schema.pm line 769
DBIx::Class::Schema::populate('TestLib::Schema=HASH(0x558f89af16f0)', 'Simple', 'ARRAY(0x558f8ca2f830)') called at t/lib/TestLib.pm line 20
TestLib::new('TestLib') called at t/wrapper.t line 7
Compilation failed in require at /home/sand/src/perl/repoperls/installed-perls/host/k93msid/v5.37.6/ac75/lib/site_perl/5.37.6/Class/C3/Componentised.pm line 146. at /home/sand/src/perl/repoperls/installed-perls/host/k93msid/v5.37.6/ac75/lib/site_perl/5.37.6/Class/C3/Componentised.pm line 151
t/wrapper.t ...................
Dubious, test returned 255 (wstat 65280, 0xff00)
No subtests run
Test Summary Report
-------------------
t/00-compile.t (Wstat: 256 (exited 1) Tests: 5 Failed: 1)
Failed test: 5
Non-zero exit status: 1
t/complex.t (Wstat: 65280 (exited 255) Tests: 0 Failed: 0)
Non-zero exit status: 255
Parse errors: No plan found in TAP output
t/leak.t (Wstat: 65280 (exited 255) Tests: 0 Failed: 0)
Non-zero exit status: 255
Parse errors: No plan found in TAP output
t/result.t (Wstat: 65280 (exited 255) Tests: 0 Failed: 0)
Non-zero exit status: 255
Parse errors: No plan found in TAP output
t/resultset.t (Wstat: 65280 (exited 255) Tests: 0 Failed: 0)
Non-zero exit status: 255
Parse errors: No plan found in TAP output
t/simple01.t (Wstat: 65280 (exited 255) Tests: 0 Failed: 0)
Non-zero exit status: 255
Parse errors: No plan found in TAP output
t/simple02.t (Wstat: 65280 (exited 255) Tests: 0 Failed: 0)
Non-zero exit status: 255
Parse errors: No plan found in TAP output
t/simplesucc.t (Wstat: 65280 (exited 255) Tests: 0 Failed: 0)
Non-zero exit status: 255
Parse errors: No plan found in TAP output
t/wrapper.t (Wstat: 65280 (exited 255) Tests: 0 Failed: 0)
Non-zero exit status: 255
Parse errors: No plan found in TAP output
Files=15, Tests=6, 11 wallclock secs ( 0.07 usr 0.06 sys + 8.18 cusr 1.70 csys = 10.01 CPU)
Result: FAIL
Failed 9/15 test programs. 1/6 subtests failed.
------------------------------
PREREQUISITES
------------------------------
Prerequisite modules loaded:
requires:
Module Need Have
---------------------- ------ --------
base 0 2.27
Class::C3 0 0.35
DBIx::Class 0 0.082843
DBIx::Class::ResultSet 0 0
Graph 0.94 0.9725
List::MoreUtils 0 0.430
Moose 0 2.2201
Moose::Role 0 2.2201
Scalar::Util 0 1.63
strict 0 1.12
warnings 0 1.61
build_requires:
Module Need Have
---------------------- ------ --------
DBIx::Class::Schema 0 0
File::Find 0 1.41
File::Temp 0 0.2311
Module::Build 0.3601 0.4232
Test::Memory::Cycle 0 1.06
Test::More 0.88 1.302191
configure_requires:
Module Need Have
---------------------- ------ --------
Module::Build 0.3601 0.4232
------------------------------
ENVIRONMENT AND OTHER CONTEXT
------------------------------
Environment variables:
AUTOMATED_TESTING = 1
LANG = en_US.UTF-8
LANGUAGE = en_US:en
PATH = /home/sand/bin:/usr/local/bin:/usr/bin:/bin:/usr/games:/usr/local/perl/bin:/usr/X11/bin:/sbin:/usr/sbin
PERL5LIB =
PERL5OPT =
PERL5_CPANPLUS_IS_RUNNING = 2577823
PERL5_CPAN_IS_RUNNING = 2577823
PERL_CANARY_STABILITY_NOPROMPT = 1
PERL_MM_USE_DEFAULT = 1
PERL_USE_UNSAFE_INC = 1
SHELL = /usr/bin/zsh
TERM = screen
Perl special variables (and OS-specific diagnostics, for MSWin32):
$^X = /tmp/basesmoker-reloperl-YVqb/bin/perl
$UID/$EUID = 1005 / 1005
$GID = 1005 1005
$EGID = 1005 1005
Perl module toolchain versions installed:
Module Have
------------------- --------
CPAN 2.34
CPAN::Meta 2.150010
Cwd 3.86
ExtUtils::CBuilder 0.280238
ExtUtils::Command 7.64
ExtUtils::Install 2.20
ExtUtils::MakeMaker 7.64
ExtUtils::Manifest 1.73
ExtUtils::ParseXS 3.48
File::Spec 3.87
JSON 4.10
JSON::PP 4.12
Module::Build 0.4232
Module::Signature 0.88
Parse::CPAN::Meta 2.150010
Test::Harness 3.44
Test::More 1.302191
YAML 1.30
YAML::Syck 1.34
version 0.9929
--
Summary of my perl5 (revision 5 version 37 subversion 6) configuration:
Commit id: d569e7cc1171d70b4ea183bc7c257dcf50f0ab12
Platform:
osname=linux
osvers=5.19.0-2-amd64
archname=x86_64-linux-thread-multi-ld
uname='linux k93msid 5.19.0-2-amd64 #1 smp preempt_dynamic debian 5.19.11-1 (2022-09-24) x86_64 gnulinux '
config_args='-Dprefix=/home/sand/src/perl/repoperls/installed-perls/host/k93msid/v5.37.6/ac75 -Dmyhostname=k93msid -Dinstallusrbinperl=n -Uversiononly -Dusedevel -des -Ui_db -Dlibswanted=cl pthread socket inet nsl gdbm dbm malloc dl ld sun m crypt sec util c cposix posix ucb BSD gdbm_compat -Duseithreads -Duselongdouble -DEBUGGING=both'
hint=recommended
useposix=true
d_sigaction=define
useithreads=define
usemultiplicity=define
use64bitint=define
use64bitall=define
uselongdouble=define
usemymalloc=n
default_inc_excludes_dot=define
Compiler:
cc='cc'
ccflags ='-D_REENTRANT -D_GNU_SOURCE -fwrapv -DDEBUGGING -fno-strict-aliasing -pipe -fstack-protector-strong -I/usr/local/include -D_LARGEFILE_SOURCE -D_FILE_OFFSET_BITS=64 -D_FORTIFY_SOURCE=2'
optimize='-O2 -g'
cppflags='-D_REENTRANT -D_GNU_SOURCE -fwrapv -DDEBUGGING -fno-strict-aliasing -pipe -fstack-protector-strong -I/usr/local/include'
ccversion=''
gccversion='12.2.0'
gccosandvers=''
intsize=4
longsize=8
ptrsize=8
doublesize=8
byteorder=12345678
doublekind=3
d_longlong=define
longlongsize=8
d_longdbl=define
longdblsize=16
longdblkind=3
ivtype='long'
ivsize=8
nvtype='long double'
nvsize=16
Off_t='off_t'
lseeksize=8
alignbytes=16
prototype=define
Linker and Libraries:
ld='cc'
ldflags =' -fstack-protector-strong -L/usr/local/lib'
libpth=/usr/local/lib /usr/lib/x86_64-linux-gnu /usr/lib /usr/lib64
libs=-lpthread -lnsl -ldl -lm -lcrypt -lutil -lc
perllibs=-lpthread -lnsl -ldl -lm -lcrypt -lutil -lc
libc=/lib/x86_64-linux-gnu/libc.so.6
so=so
useshrplib=false
libperl=libperl.a
gnulibc_version='2.35'
Dynamic Linking:
dlsrc=dl_dlopen.xs
dlext=so
d_dlsymun=undef
ccdlflags='-Wl,-E'
cccdlflags='-fPIC'
lddlflags='-shared -O2 -g -L/usr/local/lib -fstack-protector-strong'
Characteristics of this binary (from libperl):
Compile-time options:
DEBUGGING
HAS_TIMES
MULTIPLICITY
PERLIO_LAYERS
PERL_COPY_ON_WRITE
PERL_DONT_CREATE_GVSV
PERL_HASH_FUNC_SIPHASH13
PERL_HASH_USE_SBOX32
PERL_MALLOC_WRAP
PERL_OP_PARENT
PERL_PRESERVE_IVUV
PERL_TRACK_MEMPOOL
PERL_USE_DEVEL
PERL_USE_SAFE_PUTENV
USE_64_BIT_ALL
USE_64_BIT_INT
USE_ITHREADS
USE_LARGE_FILES
USE_LOCALE
USE_LOCALE_COLLATE
USE_LOCALE_CTYPE
USE_LOCALE_NUMERIC
USE_LOCALE_TIME
USE_LONG_DOUBLE
USE_PERLIO
USE_PERL_ATOF
USE_REENTRANT_API
USE_THREAD_SAFE_LOCALE
Built under linux
Compiled at Nov 20 2022 15:24:18
%ENV:
PERL5LIB=""
PERL5OPT=""
PERL5_CPANPLUS_IS_RUNNING="2577823"
PERL5_CPAN_IS_RUNNING="2577823"
PERL_CANARY_STABILITY_NOPROMPT="1"
PERL_MM_USE_DEFAULT="1"
PERL_USE_UNSAFE_INC="1"
@INC:
/home/sand/src/perl/repoperls/installed-perls/host/k93msid/v5.37.6/ac75/lib/site_perl/5.37.6/x86_64-linux-thread-multi-ld
/home/sand/src/perl/repoperls/installed-perls/host/k93msid/v5.37.6/ac75/lib/site_perl/5.37.6
/home/sand/src/perl/repoperls/installed-perls/host/k93msid/v5.37.6/ac75/lib/5.37.6/x86_64-linux-thread-multi-ld
/home/sand/src/perl/repoperls/installed-perls/host/k93msid/v5.37.6/ac75/lib/5.37.6
.