File-TypeCategories vv0.8.2 Perl 5 v5.32.0 amd64-freebsd
- Status
- Fail
- From
- David Cantrell (DCANTRELL)
- Dist
-
File-TypeCategories vv0.8.2
- Platform
- Perl 5 v5.32.0 amd64-freebsd
- Date
- 2022-03-07 14:37:34
- ID
- 208729e2-9e24-11ec-a22b-afbfb84cab99
This distribution has been tested as part of the CPAN Testers
project, supporting the Perl programming language. See
http://wiki.cpantesters.org/ for more information or email
questions to cpan-testers-discuss@perl.org
--
Dear Ivan Wills,
This is a computer-generated report for File-TypeCategories-v0.8.2
on perl 5.32.0, created by CPAN-Reporter-1.2018.
Thank you for uploading your work to CPAN. However, there was a problem
testing your distribution.
If you think this report is invalid, please consult the CPAN Testers Wiki
for suggestions on how to avoid getting FAIL reports for missing library
or binary dependencies, unsupported operating systems, and so on:
http://wiki.cpantesters.org/wiki/CPANAuthorNotes
Sections of this report:
* Tester comments
* Program output
* Prerequisites
* Environment and other context
------------------------------
TESTER COMMENTS
------------------------------
Additional comments from tester:
this report is from an automated smoke testing program
and was not reviewed by a human for accuracy
------------------------------
PROGRAM OUTPUT
------------------------------
Output from './Build test':
# Failed test 'use File::TypeCategories;'
# at t/00-load.t line 9.
# Tried to use 'File::TypeCategories'.
# Error: Can't locate File/TypeCategories/Git.pm in @INC (you may need to install the File::TypeCategories::Git module) (@INC contains: /usr/home/david/cpantesting/perl-5.32.0/.cpan/build/File-TypeCategories-v0.8.2-0/blib/lib /usr/home/david/cpantesting/perl-5.32.0/.cpan/build/File-TypeCategories-v0.8.2-0/blib/arch /home/david/cpantesting/perl-5.32.0/lib/site_perl/5.32.0/amd64-freebsd /home/david/cpantesting/perl-5.32.0/lib/site_perl/5.32.0 /home/david/cpantesting/perl-5.32.0/lib/5.32.0/amd64-freebsd /home/david/cpantesting/perl-5.32.0/lib/5.32.0) at /usr/home/david/cpantesting/perl-5.32.0/.cpan/build/File-TypeCategories-v0.8.2-0/blib/lib/File/TypeCategories.pm line 20.
# BEGIN failed--compilation aborted at /usr/home/david/cpantesting/perl-5.32.0/.cpan/build/File-TypeCategories-v0.8.2-0/blib/lib/File/TypeCategories.pm line 20.
# Compilation failed in require at t/00-load.t line 9.
# BEGIN failed--compilation aborted at t/00-load.t line 9.
# Failed test 'use File::TypeCategories::Git;'
# at t/00-load.t line 10.
# Tried to use 'File::TypeCategories::Git'.
# Error: Can't locate File/TypeCategories/Git.pm in @INC (you may need to install the File::TypeCategories::Git module) (@INC contains: /usr/home/david/cpantesting/perl-5.32.0/.cpan/build/File-TypeCategories-v0.8.2-0/blib/lib /usr/home/david/cpantesting/perl-5.32.0/.cpan/build/File-TypeCategories-v0.8.2-0/blib/arch /home/david/cpantesting/perl-5.32.0/lib/site_perl/5.32.0/amd64-freebsd /home/david/cpantesting/perl-5.32.0/lib/site_perl/5.32.0 /home/david/cpantesting/perl-5.32.0/lib/5.32.0/amd64-freebsd /home/david/cpantesting/perl-5.32.0/lib/5.32.0) at t/00-load.t line 10.
# BEGIN failed--compilation aborted at t/00-load.t line 10.
Use of uninitialized value $File::TypeCategories::VERSION in concatenation (.) or string at t/00-load.t line 13.
# Testing File::TypeCategories , Perl 5.032000, /usr/home/david/cpantesting/perl-5.32.0/bin/perl
# Failed test 'no (unexpected) warnings (via done_testing)'
# at t/00-load.t line 14.
# Looks like you failed 3 tests of 3.
t/00-load.t ...........
Dubious, test returned 3 (wstat 768, 0x300)
Failed 3/3 subtests
couldn't open lib/File/TypeCategories/Git.pm for reading: No such file or directory at t/boilerplate.t line 10.
# Tests were run but no plan was declared and done_testing() was not seen.
# Looks like your test exited with 2 just after 5.
t/boilerplate.t .......
Dubious, test returned 2 (wstat 512, 0x200)
All 5 subtests passed
Can't locate File/TypeCategories/Git.pm in @INC (you may need to install the File::TypeCategories::Git module) (@INC contains: /usr/home/david/cpantesting/perl-5.32.0/.cpan/build/File-TypeCategories-v0.8.2-0/blib/lib /usr/home/david/cpantesting/perl-5.32.0/.cpan/build/File-TypeCategories-v0.8.2-0/blib/arch /home/david/cpantesting/perl-5.32.0/lib/site_perl/5.32.0/amd64-freebsd /home/david/cpantesting/perl-5.32.0/lib/site_perl/5.32.0 /home/david/cpantesting/perl-5.32.0/lib/5.32.0/amd64-freebsd /home/david/cpantesting/perl-5.32.0/lib/5.32.0) at /usr/home/david/cpantesting/perl-5.32.0/.cpan/build/File-TypeCategories-v0.8.2-0/blib/lib/File/TypeCategories.pm line 20.
BEGIN failed--compilation aborted at /usr/home/david/cpantesting/perl-5.32.0/.cpan/build/File-TypeCategories-v0.8.2-0/blib/lib/File/TypeCategories.pm line 20.
Compilation failed in require at t/categories.t line 7.
BEGIN failed--compilation aborted at t/categories.t line 7.
t/categories.t ........
Dubious, test returned 2 (wstat 512, 0x200)
No subtests run
Can't locate File/TypeCategories/Git.pm in @INC (you may need to install the File::TypeCategories::Git module) (@INC contains: /usr/home/david/cpantesting/perl-5.32.0/.cpan/build/File-TypeCategories-v0.8.2-0/blib/lib /usr/home/david/cpantesting/perl-5.32.0/.cpan/build/File-TypeCategories-v0.8.2-0/blib/arch /home/david/cpantesting/perl-5.32.0/lib/site_perl/5.32.0/amd64-freebsd /home/david/cpantesting/perl-5.32.0/lib/site_perl/5.32.0 /home/david/cpantesting/perl-5.32.0/lib/5.32.0/amd64-freebsd /home/david/cpantesting/perl-5.32.0/lib/5.32.0) at /usr/home/david/cpantesting/perl-5.32.0/.cpan/build/File-TypeCategories-v0.8.2-0/blib/lib/File/TypeCategories.pm line 20.
BEGIN failed--compilation aborted at /usr/home/david/cpantesting/perl-5.32.0/.cpan/build/File-TypeCategories-v0.8.2-0/blib/lib/File/TypeCategories.pm line 20.
Compilation failed in require at t/config.t line 7.
BEGIN failed--compilation aborted at t/config.t line 7.
t/config.t ............
Dubious, test returned 2 (wstat 512, 0x200)
No subtests run
t/critic.t ............ skipped: Author test. Set TEST_AUTHOR environment variable to a true value to run.
t/kwalitee.t .......... skipped: Author test. Set TEST_AUTHOR environment variable to a true value to run.
t/manifest.t .......... skipped: Author test. Set TEST_AUTHOR environment variable to a true value to run.
Can't locate File/TypeCategories/Git.pm in @INC (you may need to install the File::TypeCategories::Git module) (@INC contains: /usr/home/david/cpantesting/perl-5.32.0/.cpan/build/File-TypeCategories-v0.8.2-0/blib/lib /usr/home/david/cpantesting/perl-5.32.0/.cpan/build/File-TypeCategories-v0.8.2-0/blib/arch /home/david/cpantesting/perl-5.32.0/lib/site_perl/5.32.0/amd64-freebsd /home/david/cpantesting/perl-5.32.0/lib/site_perl/5.32.0 /home/david/cpantesting/perl-5.32.0/lib/5.32.0/amd64-freebsd /home/david/cpantesting/perl-5.32.0/lib/5.32.0) at /usr/home/david/cpantesting/perl-5.32.0/.cpan/build/File-TypeCategories-v0.8.2-0/blib/lib/File/TypeCategories.pm line 20.
BEGIN failed--compilation aborted at /usr/home/david/cpantesting/perl-5.32.0/.cpan/build/File-TypeCategories-v0.8.2-0/blib/lib/File/TypeCategories.pm line 20.
Compilation failed in require at t/overwrite_config.t line 7.
BEGIN failed--compilation aborted at t/overwrite_config.t line 7.
t/overwrite_config.t ..
Dubious, test returned 2 (wstat 512, 0x200)
No subtests run
t/pod-coverage.t ...... skipped: Author test. Set TEST_AUTHOR environment variable to a true value to run.
t/pod.t ............... ok
t/spelling.t .......... skipped: Author test. Set TEST_AUTHOR environment variable to a true value to run.
Test Summary Report
-------------------
t/00-load.t (Wstat: 768 Tests: 3 Failed: 3)
Failed tests: 1-3
Non-zero exit status: 3
t/boilerplate.t (Wstat: 512 Tests: 5 Failed: 0)
Non-zero exit status: 2
Parse errors: No plan found in TAP output
t/categories.t (Wstat: 512 Tests: 0 Failed: 0)
Non-zero exit status: 2
Parse errors: No plan found in TAP output
t/config.t (Wstat: 512 Tests: 0 Failed: 0)
Non-zero exit status: 2
Parse errors: No plan found in TAP output
t/overwrite_config.t (Wstat: 512 Tests: 0 Failed: 0)
Non-zero exit status: 2
Parse errors: No plan found in TAP output
Files=11, Tests=10, 3 wallclock secs ( 0.05 usr 0.05 sys + 2.02 cusr 0.43 csys = 2.56 CPU)
Result: FAIL
Failed 5/11 test programs. 3/10 subtests failed.
------------------------------
PREREQUISITES
------------------------------
Prerequisite modules loaded:
requires:
Module Need Have
--------------- ----- --------
autodie 0 2.32
File::chdir 0 0.1010
File::ShareDir 1.0 1.118
List::Util 1.55 1.61
Moo 1.0 2.005004
Path::Tiny 0 0.122
perl 5.010 5.032000
Type::Tiny 1.0 1.012004
Types::Standard 1.0 1.012004
version 0 0.9924
YAML 1.0 1.30
build_requires:
Module Need Have
--------------- ----- --------
Test::More 0.88 1.302190
Test::Warnings 0.026 0.031
configure_requires:
Module Need Have
--------------- ----- --------
Module::Build 0.38 0.4231
------------------------------
ENVIRONMENT AND OTHER CONTEXT
------------------------------
Environment variables:
AUTOMATED_TESTING = 1
LANG = en_GB.UTF-8
NONINTERACTIVE_TESTING = 1
PATH = /home/david/perl5/perlbrew/bin:/home/david/perl5/perlbrew/perls/perl-5.30.2/bin:/sbin:/bin:/usr/sbin:/usr/bin:/usr/local/sbin:/usr/local/bin:/home/david/bin
PERL = 5.32.0
PERL5LIB =
PERL5OPT =
PERL5_CPANPLUS_IS_RUNNING = 41824
PERL5_CPAN_IS_RUNNING = 41824
PERLBREW_HOME = /home/david/.perlbrew
PERLBREW_MANPATH = /home/david/perl5/perlbrew/perls/perl-5.30.2/man
PERLBREW_PATH = /home/david/perl5/perlbrew/bin:/home/david/perl5/perlbrew/perls/perl-5.30.2/bin
PERLBREW_PERL = perl-5.30.2
PERLBREW_ROOT = /home/david/perl5/perlbrew
PERLBREW_SHELLRC_VERSION = 0.89
PERLBREW_VERSION = 0.89
PERLVER = 5.32.0
PERL_INLINE_DIRECTORY = /home/david/.Inline-5.32.0
PERL_MM_USE_DEFAULT = 1
PERL_USE_UNSAFE_INC = 0
SHELL = /usr/local/bin/bash
TERM = screen
Perl special variables (and OS-specific diagnostics, for MSWin32):
$^X = /usr/home/david/cpantesting/perl-5.32.0/bin/perl
$UID/$EUID = 1001 / 1001
$GID = 1001 1001 0
$EGID = 1001 1001 0
Perl module toolchain versions installed:
Module Have
------------------- --------
CPAN 2.27
CPAN::Meta 2.150010
Cwd 3.78
ExtUtils::CBuilder 0.280234
ExtUtils::Command 7.44
ExtUtils::Install 2.14
ExtUtils::MakeMaker 7.44
ExtUtils::Manifest 1.72
ExtUtils::ParseXS 3.40
File::Spec 3.78
JSON 4.05
JSON::PP 4.04
Module::Build 0.4231
Module::Signature n/a
Parse::CPAN::Meta 2.150010
Test::Harness 3.42
Test::More 1.302190
YAML 1.30
YAML::Syck n/a
version 0.9924
--
Summary of my perl5 (revision 5 version 32 subversion 0) configuration:
Platform:
osname=freebsd
osvers=13.0-release-p7
archname=amd64-freebsd
uname='freebsd cpantesting-freebsd-utm.local 13.0-release-p7 freebsd 13.0-release-p7 #0: mon jan 31 18:24:03 utc 2022 root@amd64-builder.daemonology.net:usrobjusrsrcamd64.amd64sysgeneric amd64 '
config_args='-de -Dprefix=/home/david/cpantesting/perl-5.32.0'
hint=recommended
useposix=true
d_sigaction=define
useithreads=undef
usemultiplicity=undef
use64bitint=define
use64bitall=define
uselongdouble=undef
usemymalloc=n
default_inc_excludes_dot=define
bincompat5005=undef
Compiler:
cc='cc'
ccflags ='-DHAS_FPSETMASK -DHAS_FLOATINGPOINT_H -fno-strict-aliasing -pipe -fstack-protector-strong -I/usr/local/include'
optimize='-O2'
cppflags='-DHAS_FPSETMASK -DHAS_FLOATINGPOINT_H -fno-strict-aliasing -pipe -fstack-protector-strong -I/usr/local/include'
ccversion=''
gccversion='FreeBSD Clang 11.0.1 (git@github.com:llvm/llvm-project.git llvmorg-11.0.1-0-g43ff75f2c3fe)'
gccosandvers=''
intsize=4
longsize=8
ptrsize=8
doublesize=8
byteorder=12345678
doublekind=3
d_longlong=define
longlongsize=8
d_longdbl=define
longdblsize=16
longdblkind=3
ivtype='long'
ivsize=8
nvtype='double'
nvsize=8
Off_t='off_t'
lseeksize=8
alignbytes=8
prototype=define
Linker and Libraries:
ld='cc'
ldflags ='-Wl,-E -fstack-protector-strong -L/usr/local/lib'
libpth=/usr/lib /usr/local/lib /usr/lib/clang/11.0.1/lib /usr/lib
libs=-lpthread -lgdbm -ldl -lm -lcrypt -lutil -lc
perllibs=-lpthread -ldl -lm -lcrypt -lutil -lc
libc=
so=so
useshrplib=false
libperl=libperl.a
gnulibc_version=''
Dynamic Linking:
dlsrc=dl_dlopen.xs
dlext=so
d_dlsymun=undef
ccdlflags=' '
cccdlflags='-DPIC -fPIC'
lddlflags='-shared -L/usr/local/lib -fstack-protector-strong'
Characteristics of this binary (from libperl):
Compile-time options:
HAS_TIMES
PERLIO_LAYERS
PERL_COPY_ON_WRITE
PERL_DONT_CREATE_GVSV
PERL_MALLOC_WRAP
PERL_OP_PARENT
PERL_PRESERVE_IVUV
USE_64_BIT_ALL
USE_64_BIT_INT
USE_LARGE_FILES
USE_LOCALE
USE_LOCALE_COLLATE
USE_LOCALE_CTYPE
USE_LOCALE_NUMERIC
USE_LOCALE_TIME
USE_PERLIO
USE_PERL_ATOF
Locally applied patches:
Devel::PatchPerl 2.08
Built under freebsd
Compiled at Feb 3 2022 13:37:09
%ENV:
PERL="5.32.0"
PERL5LIB=""
PERL5OPT=""
PERL5_CPANPLUS_IS_RUNNING="41824"
PERL5_CPAN_IS_RUNNING="41824"
PERLBREW_HOME="/home/david/.perlbrew"
PERLBREW_MANPATH="/home/david/perl5/perlbrew/perls/perl-5.30.2/man"
PERLBREW_PATH="/home/david/perl5/perlbrew/bin:/home/david/perl5/perlbrew/perls/perl-5.30.2/bin"
PERLBREW_PERL="perl-5.30.2"
PERLBREW_ROOT="/home/david/perl5/perlbrew"
PERLBREW_SHELLRC_VERSION="0.89"
PERLBREW_VERSION="0.89"
PERLVER="5.32.0"
PERL_INLINE_DIRECTORY="/home/david/.Inline-5.32.0"
PERL_MM_USE_DEFAULT="1"
PERL_USE_UNSAFE_INC="0"
@INC:
/home/david/cpantesting/perl-5.32.0/lib/site_perl/5.32.0/amd64-freebsd
/home/david/cpantesting/perl-5.32.0/lib/site_perl/5.32.0
/home/david/cpantesting/perl-5.32.0/lib/5.32.0/amd64-freebsd
/home/david/cpantesting/perl-5.32.0/lib/5.32.0