Back
From: metabase:user:320bfe00-2aae-11df-837a-5e0a49663a4f
Subject: FAIL Chart-EPS_graph-0.01d v5.10.0 GNU/Linux
Date: 2017-06-04T14:28:50Z
This distribution has been tested as part of the CPAN Testers
project, supporting the Perl programming language. See
http://wiki.cpantesters.org/ for more information or email
questions to cpan-testers-discuss@perl.org
--
Dear Gan Uesli Starling,
This is a computer-generated report for Chart-EPS_graph-0.01d
on perl 5.10.0, created by CPAN-Reporter-1.2018.
Thank you for uploading your work to CPAN. However, there was a problem
testing your distribution.
If you think this report is invalid, please consult the CPAN Testers Wiki
for suggestions on how to avoid getting FAIL reports for missing library
or binary dependencies, unsupported operating systems, and so on:
http://wiki.cpantesters.org/wiki/CPANAuthorNotes
Sections of this report:
* Tester comments
* Program output
* Prerequisites
* Environment and other context
------------------------------
TESTER COMMENTS
------------------------------
Additional comments from tester:
this report is from an automated smoke testing program
and was not reviewed by a human for accuracy
------------------------------
PROGRAM OUTPUT
------------------------------
Output from '/usr/bin/make test':
/home/sand/src/perl/repoperls/installed-perls/host/k93msid/perl-5.10.0/89ad/bin/perl Build --makefile_env_macros 1 test
# Testing Chart::EPS_graph 0.01, Perl 5.010000, /home/sand/src/perl/repoperls/installed-perls/host/k93msid/perl-5.10.0/89ad/bin/perl
# Looks like you planned 1 test but ran 2.
t/00-load.t .......
Dubious, test returned 255 (wstat 65280, 0xff00)
All 1 subtests passed
t/99_try_out.t .... ok
# Failed test 'Pod coverage on Chart::EPS_graph'
# at /home/sand/src/perl/repoperls/installed-perls/host/k93msid/perl-5.10.0/89ad/lib/site_perl/5.10.0/Test/Pod/Coverage.pm line 133.
# Coverage for Chart::EPS_graph is 0.0%, with 18 naked subroutines:
# chans_elect
# chans_pl2ps
# display
# full_test
# gap_free_skip
# new
# ps_defs_insert
# ps_str_esc
# seek_exe
# set
# single_dir
# verbose
# version
# win32_run_gimp
# win32_run_gs
# win32_seek
# write_eps
# y_arrow
# Failed test 'Pod coverage on Chart::EPS_graph::Test'
# at /home/sand/src/perl/repoperls/installed-perls/host/k93msid/perl-5.10.0/89ad/lib/site_perl/5.10.0/Test/Pod/Coverage.pm line 133.
# Coverage for Chart::EPS_graph::Test is 0.0%, with 16 naked subroutines:
# ck_age_size
# clean_up_dir
# curve_gen
# full_test
# home_dir
# is_tainted
# mk_eps_file
# mk_mock_data
# mk_png_file
# new
# pass_judgement
# seek_exe
# test_eps_file
# test_png_file
# win32_seek
# x_axis_switch
# Looks like you failed 2 tests of 3.
t/pod-coverage.t ..
Dubious, test returned 2 (wstat 512, 0x200)
Failed 2/3 subtests
t/pod.t ........... ok
Test Summary Report
-------------------
t/00-load.t (Wstat: 65280 Tests: 2 Failed: 1)
Failed test: 2
Non-zero exit status: 255
Parse errors: Bad plan. You planned 1 tests but ran 2.
t/pod-coverage.t (Wstat: 512 Tests: 3 Failed: 2)
Failed tests: 1-2
Non-zero exit status: 2
Files=4, Tests=9, 1 wallclock secs ( 0.03 usr 0.03 sys + 0.24 cusr 0.08 csys = 0.38 CPU)
Result: FAIL
Failed 2/4 test programs. 3/9 subtests failed.
Makefile:103: recipe for target 'test' failed
make: *** [test] Error 255
------------------------------
PREREQUISITES
------------------------------
Prerequisite modules loaded:
requires:
Module Need Have
---------- ---- --------
Carp 0 1.38
Config 0 0
Cwd 0 3.62
File::Find 1.01 1.12
Test::More 0 1.302085
------------------------------
ENVIRONMENT AND OTHER CONTEXT
------------------------------
Environment variables:
AUTOMATED_TESTING = 1
LANG = en_US.UTF-8
PATH = /home/sand/bin:/usr/local/bin:/usr/bin:/bin:/usr/games:/usr/local/perl/bin:/usr/X11/bin:/sbin:/usr/sbin
PERL5LIB =
PERL5OPT =
PERL5_CPANPLUS_IS_RUNNING = 9985
PERL5_CPAN_IS_RUNNING = 9985
PERL_CANARY_STABILITY_NOPROMPT = 1
PERL_MM_USE_DEFAULT = 1
PERL_USE_UNSAFE_INC = 1
SHELL = /usr/bin/zsh
TERM = screen
Perl special variables (and OS-specific diagnostics, for MSWin32):
$^X = /home/sand/src/perl/repoperls/installed-perls/host/k93msid/perl-5.10.0/89ad/bin/perl
$UID/$EUID = 1005 / 1005
$GID = 1005 1005
$EGID = 1005 1005
Perl module toolchain versions installed:
Module Have
------------------- --------
CPAN 2.18
CPAN::Meta 2.150010
Cwd 3.62
ExtUtils::CBuilder 0.280224
ExtUtils::Command 7.24
ExtUtils::Install 2.14
ExtUtils::MakeMaker 7.24
ExtUtils::Manifest 1.70
ExtUtils::ParseXS 3.30
File::Spec 3.62
JSON 2.90
JSON::PP 2.94
Module::Build 0.4222
Module::Signature 0.81
Parse::CPAN::Meta 2.150010
Test::Harness 3.39
Test::More 1.302085
YAML 1.23
YAML::Syck 1.30
version 0.9917
--
Summary of my perl5 (revision 5 version 10 subversion 0) configuration:
Platform:
osname=linux, osvers=4.9.0-2-amd64, archname=x86_64-linux
uname='linux k93msid 4.9.0-2-amd64 #1 smp debian 4.9.18-1 (2017-03-30) x86_64 gnulinux '
config_args='-Dprefix=/home/sand/src/perl/repoperls/installed-perls/host/k93msid/perl-5.10.0/89ad -Dmyhostname=k93msid -Dinstallusrbinperl=n -Uversiononly -Dusedevel -des -Ui_db -Dlibswanted=cl pthread socket inet nsl gdbm dbm malloc dl ld sun m crypt sec util c cposix posix ucb BSD gdbm_compat -Uuseithreads -Uuselongdouble -DDEBUGGING=-g'
hint=recommended, useposix=true, d_sigaction=define
useithreads=undef, usemultiplicity=undef
useperlio=define, d_sfio=undef, uselargefiles=define, usesocks=undef
use64bitint=define, use64bitall=define, uselongdouble=undef
usemymalloc=n, bincompat5005=undef
Compiler:
cc='cc', ccflags ='-fno-strict-aliasing -pipe -I/usr/local/include -D_LARGEFILE_SOURCE -D_FILE_OFFSET_BITS=64',
optimize='-O2 -g',
cppflags='-fno-strict-aliasing -pipe -I/usr/local/include'
ccversion='', gccversion='6.3.0 20170406', gccosandvers=''
intsize=4, longsize=8, ptrsize=8, doublesize=8, byteorder=12345678
d_longlong=define, longlongsize=8, d_longdbl=define, longdblsize=16
ivtype='long', ivsize=8, nvtype='double', nvsize=8, Off_t='off_t', lseeksize=8
alignbytes=8, prototype=define
Linker and Libraries:
ld='cc', ldflags =' -L/usr/local/lib'
libpth=/usr/local/lib /lib/x86_64-linux-gnu /lib/../lib /usr/lib/x86_64-linux-gnu /usr/lib/../lib /lib /usr/lib
libs=-lpthread -lnsl -ldl -lm -lcrypt -lutil -lc
perllibs=-lpthread -lnsl -ldl -lm -lcrypt -lutil -lc
libc=libc-2.24.so, so=so, useshrplib=false, libperl=libperl.a
gnulibc_version='2.24'
Dynamic Linking:
dlsrc=dl_dlopen.xs, dlext=so, d_dlsymun=undef, ccdlflags='-Wl,-E'
cccdlflags='-fPIC', lddlflags='-shared -O2 -g -L/usr/local/lib'
Characteristics of this binary (from libperl):
Compile-time options: PERL_DONT_CREATE_GVSV PERL_MALLOC_WRAP USE_64_BIT_ALL
USE_64_BIT_INT USE_LARGE_FILES USE_PERLIO
Built under linux
Compiled at Apr 17 2017 09:53:10
%ENV:
PERL5LIB=""
PERL5OPT=""
PERL5_CPANPLUS_IS_RUNNING="9985"
PERL5_CPAN_IS_RUNNING="9985"
PERL_CANARY_STABILITY_NOPROMPT="1"
PERL_MM_USE_DEFAULT="1"
PERL_USE_UNSAFE_INC="1"
@INC:
/home/sand/src/perl/repoperls/installed-perls/host/k93msid/perl-5.10.0/89ad/lib/5.10.0/x86_64-linux
/home/sand/src/perl/repoperls/installed-perls/host/k93msid/perl-5.10.0/89ad/lib/5.10.0
/home/sand/src/perl/repoperls/installed-perls/host/k93msid/perl-5.10.0/89ad/lib/site_perl/5.10.0/x86_64-linux
/home/sand/src/perl/repoperls/installed-perls/host/k93msid/perl-5.10.0/89ad/lib/site_perl/5.10.0
.