Report for AWS-S3-0.040

Back
From: metabase:user:30ae4450-2aae-11df-837a-5e0a49663a4f
Subject: FAIL AWS-S3-0.040 v5.10.0 
Date: 2014-10-25T12:37:58Z

This distribution has been tested as part of the CPAN Testers
project, supporting the Perl programming language.  See
http://wiki.cpantesters.org/ for more information or email
questions to cpan-testers-discuss@perl.org


--
Dear John Drago,

This is a computer-generated report for AWS-S3-0.040
on perl 5.10.0, created by CPAN-Reporter-1.2010_01.

Thank you for uploading your work to CPAN.  However, there was a problem
testing your distribution.

If you think this report is invalid, please consult the CPAN Testers Wiki
for suggestions on how to avoid getting FAIL reports for missing library
or binary dependencies, unsupported operating systems, and so on:

http://wiki.cpantesters.org/wiki/CPANAuthorNotes

Sections of this report:

    * Tester comments
    * Program output
    * Prerequisites
    * Environment and other context

------------------------------
TESTER COMMENTS
------------------------------

Additional comments from tester:

this report is from an automated smoke testing program
and was not reviewed by a human for accuracy

------------------------------
PROGRAM OUTPUT
------------------------------

Output from 'C:\strawberry\c\bin\dmake.EXE test':

C:\strawberry\perl\bin\perl.exe "-MExtUtils::Command::MM" "-MTest::Harness" "-e" "undef *Test::Harness::Switches; test_harness(0, 'inc', 'blib\lib', 'blib\arch')" t/*.t t/010-basic/*.t
$ENV{AWS_ACCESS_KEY_ID} && $ENV{AWS_SECRET_ACCESS_KEY} must both be defined to run these tests.
t/010-basic/010-basic.t .. ok
t/020_endpoint.t ......... ok
Can't locate AWS/S3/Request/GetPreSignedUrl.pm in @INC (@INC contains: C:\strawberry\cpan\build\AWS-S3-0.040-yHfoHS\inc C:\strawberry\cpan\build\AWS-S3-0.040-yHfoHS\blib\lib C:\strawberry\cpan\build\AWS-S3-0.040-yHfoHS\blib\arch C:\strawberry\cpan\build\LWP-UserAgent-Determined-1.07-cHZXMV/blib/arch C:\strawberry\cpan\build\LWP-UserAgent-Determined-1.07-cHZXMV/blib/lib C:\strawberry\cpan\build\Iterator-Paged-1.001-zWJNC5/blib/arch C:\strawberry\cpan\build\Iterator-Paged-1.001-zWJNC5/blib/lib C:\strawberry\cpan\build\LWP-UserAgent-Determined-1.07-cHZXMV/blib/arch C:\strawberry\cpan\build\LWP-UserAgent-Determined-1.07-cHZXMV/blib/lib C:\strawberry\cpan\build\Iterator-Paged-1.001-zWJNC5/blib/arch C:\strawberry\cpan\build\Iterator-Paged-1.001-zWJNC5/blib/lib C:/strawberry/perl/lib C:/strawberry/perl/site/lib .) at t/040_file.t line 73.
 at C:\strawberry\cpan\build\AWS-S3-0.040-yHfoHS\blib\lib/AWS/S3.pm line 44.
	AWS::S3::request(AWS::S3=HASH(0xbe4ae4), "GetPreSignedUrl", "bucket", "maibucket", "key", "040_file.t", "expires", 1406712744) called at C:\strawberry\cpan\build\AWS-S3-0.040-yHfoHS\blib\lib/AWS/S3/File.pm line 167
	AWS::S3::File::signed_url(AWS::S3::File=HASH(0x1f0e8fc), 1406712744) called at t/040_file.t line 73
# Tests were run but no plan was declared and done_testing() was not seen.
# Looks like your test exited with 2 just after 18.
t/040_file.t ............. 
Dubious, test returned 2 (wstat 512, 0x200)
All 18 subtests passed 

Test Summary Report
-------------------
t/040_file.t           (Wstat: 512 Tests: 18 Failed: 0)
  Non-zero exit status: 2
  Parse errors: No plan found in TAP output
Files=3, Tests=21, 23 wallclock secs ( 0.03 usr +  0.04 sys =  0.07 CPU)
Result: FAIL
Failed 1/3 test programs. 0/21 subtests failed.
dmake.EXE:  makefile:  line 466:  Warning: -- Macro `BOOTSTRAP' redefined after use
dmake.EXE:  Error code 130, while making 'test_dynamic'

------------------------------
PREREQUISITES
------------------------------

Prerequisite modules loaded:

requires:

    Module                     Need Have    
    -------------------------- ---- --------
    Carp                       0    1.32    
    Class::Load                0    0.20    
    Digest::HMAC_SHA1          0    1.03    
    ExtUtils::MakeMaker        6.82 6.82    
    HTTP::Date                 0    6.02    
    Iterator::Paged            0    1.001   
    LWP::UserAgent::Determined 0    1.07    
    MIME::Base64               0    3.14    
    Moose                      2.0  2.1005  
    MooseX::Types              0    0.38    
    MooseX::Types::URI         0    0.04    
    Test::Deep                 0    0.110   
    Test::More                 0    1.001002
    URI::Escape                0    3.31    
    XML::LibXML                0    2.0107  
    XML::LibXML::XPathContext  0    2.0107  

build_requires:

    Module                     Need Have    
    -------------------------- ---- --------
    ExtUtils::MakeMaker        0    6.82    


------------------------------
ENVIRONMENT AND OTHER CONTEXT
------------------------------

Environment variables:

    AUTOMATED_TESTING = 1
    COMSPEC = C:\WINDOWS\system32\cmd.exe
    NUMBER_OF_PROCESSORS = 1
    PATH = C:\Program Files\Far Manager\;C:\WINDOWS\system32;C:\WINDOWS;C:\WINDOWS\System32\Wbem;C:\strawberry\c\bin;C:\strawberry\perl\bin
    PERL5LIB = C:\strawberry\cpan\build\LWP-UserAgent-Determined-1.07-cHZXMV/blib/arch;C:\strawberry\cpan\build\LWP-UserAgent-Determined-1.07-cHZXMV/blib/lib;C:\strawberry\cpan\build\Iterator-Paged-1.001-zWJNC5/blib/arch;C:\strawberry\cpan\build\Iterator-Paged-1.001-zWJNC5/blib/lib
    PERL5OPT = 
    PERL5_CPANPLUS_IS_RUNNING = 9148
    PERL5_CPAN_IS_RUNNING = 9148
    PERL5_CPAN_IS_RUNNING_IN_RECURSION = 2804,9148
    PERL_CR_SMOKER_CURRENT = AWS-S3-0.040
    PERL_EXTUTILS_AUTOINSTALL = --defaultdeps
    PERL_MM_USE_DEFAULT = 1
    PROCESSOR_IDENTIFIER = x86 Family 18 Model 1 Stepping 0, AuthenticAMD
    TEMP = C:\DOCUME~1\c\LOCALS~1\Temp
    TERM = dumb

Perl special variables (and OS-specific diagnostics, for MSWin32):

    $^X = C:\strawberry\perl\bin\perl.exe
    $UID/$EUID = 0 / 0
    $GID = 0
    $EGID = 0
    Win32::GetOSName = WinXP/.Net
    Win32::GetOSVersion = Service Pack 3, 5, 1, 2600, 2, 3, 0, 256, 1
    Win32::FsType = NTFS
    Win32::IsAdminUser = 1

Perl module toolchain versions installed:

    Module              Have    
    ------------------- --------
    CPAN                2.00    
    CPAN::Meta          2.132830
    Cwd                 3.40    
    ExtUtils::CBuilder  0.280212
    ExtUtils::Command   1.16    
    ExtUtils::Install   1.54    
    ExtUtils::MakeMaker 6.82    
    ExtUtils::Manifest  1.60    
    ExtUtils::ParseXS   3.22    
    File::Spec          3.40    
    JSON                2.90    
    JSON::PP            2.27203 
    Module::Build       0.4202  
    Module::Signature   0.73    
    Parse::CPAN::Meta   1.4409  
    Test::Harness       3.30    
    Test::More          1.001002
    YAML                0.84    
    YAML::Syck          1.27    
    version             0.9904  


--

Summary of my perl5 (revision 5 version 10 subversion 0) configuration:
  Platform:
    osname=MSWin32, osvers=5.1, archname=MSWin32-x86-multi-thread
    uname='Win32 strawberryperl 5.10.0.6 #1 Wed Jul 29 22:19:01 2009 i386'
    config_args='undef'
    hint=recommended, useposix=true, d_sigaction=undef
    useithreads=define, usemultiplicity=define
    useperlio=define, d_sfio=undef, uselargefiles=define, usesocks=undef
    use64bitint=undef, use64bitall=undef, uselongdouble=undef
    usemymalloc=n, bincompat5005=undef
  Compiler:
    cc='gcc', ccflags =' -s -O2 -DWIN32 -DHAVE_DES_FCRYPT  -DPERL_IMPLICIT_CONTEXT -DPERL_IMPLICIT_SYS -fno-strict-aliasing -DPERL_MSVCRT_READFIX',
    optimize='-s -O2',
    cppflags='-DWIN32'
    ccversion='', gccversion='3.4.5', gccosandvers=''
    intsize=4, longsize=4, ptrsize=4, doublesize=8, byteorder=1234
    d_longlong=undef, longlongsize=8, d_longdbl=define, longdblsize=12
    ivtype='long', ivsize=4, nvtype='double', nvsize=8, Off_t='long long', lseeksize=8
    alignbytes=8, prototype=define
  Linker and Libraries:
    ld='g++', ldflags ='-s -L"C:\strawberry\perl\lib\CORE" -L"C:\strawberry\c\lib"'
    libpth=C:\strawberry\c\lib
    libs= -lmsvcrt -lmoldname -lkernel32 -luser32 -lgdi32 -lwinspool -lcomdlg32 -ladvapi32 -lshell32 -lole32 -loleaut32 -lnetapi32 -luuid -lws2_32 -lmpr -lwinmm -lversion -lodbc32 -lodbccp32
    perllibs= -lmsvcrt -lmoldname -lkernel32 -luser32 -lgdi32 -lwinspool -lcomdlg32 -ladvapi32 -lshell32 -lole32 -loleaut32 -lnetapi32 -luuid -lws2_32 -lmpr -lwinmm -lversion -lodbc32 -lodbccp32
    libc=-lmsvcrt, so=dll, useshrplib=true, libperl=libperl510.a
    gnulibc_version=''
  Dynamic Linking:
    dlsrc=dl_win32.xs, dlext=dll, d_dlsymun=undef, ccdlflags=' '
    cccdlflags=' ', lddlflags='-mdll -s -L"C:\strawberry\perl\lib\CORE" -L"C:\strawberry\c\lib"'


Characteristics of this binary (from libperl): 
  Compile-time options: MULTIPLICITY PERL_DONT_CREATE_GVSV
                        PERL_IMPLICIT_CONTEXT PERL_IMPLICIT_SYS
                        PERL_MALLOC_WRAP PL_OP_SLAB_ALLOC USE_ITHREADS
                        USE_LARGE_FILES USE_PERLIO
  Built under MSWin32
  Compiled at Jul 29 2009 22:37:03
  %ENV:
    PERL5LIB="C:\strawberry\cpan\build\LWP-UserAgent-Determined-1.07-cHZXMV/blib/arch;C:\strawberry\cpan\build\LWP-UserAgent-Determined-1.07-cHZXMV/blib/lib;C:\strawberry\cpan\build\Iterator-Paged-1.001-zWJNC5/blib/arch;C:\strawberry\cpan\build\Iterator-Paged-1.001-zWJNC5/blib/lib"
    PERL5_CPANPLUS_IS_RUNNING="9148"
    PERL5_CPAN_IS_RUNNING="9148"
    PERL5_CPAN_IS_RUNNING_IN_RECURSION="2804,9148"
    PERL_CR_SMOKER_CURRENT="AWS-S3-0.040"
    PERL_EXTUTILS_AUTOINSTALL="--defaultdeps"
    PERL_MM_USE_DEFAULT="1"
  @INC:
    C:\strawberry\cpan\build\LWP-UserAgent-Determined-1.07-cHZXMV/blib/arch
    C:\strawberry\cpan\build\LWP-UserAgent-Determined-1.07-cHZXMV/blib/lib
    C:\strawberry\cpan\build\Iterator-Paged-1.001-zWJNC5/blib/arch
    C:\strawberry\cpan\build\Iterator-Paged-1.001-zWJNC5/blib/lib
    C:/strawberry/perl/lib
    C:/strawberry/perl/site/lib
    .