Back
From: metabase:user:320bfe00-2aae-11df-837a-5e0a49663a4f
Subject: FAIL Geo-Calc-XS-0.32 v5.14.4 GNU/Linux
Date: 2014-10-18T19:58:28Z
This distribution has been tested as part of the CPAN Testers
project, supporting the Perl programming language. See
http://wiki.cpantesters.org/ for more information or email
questions to cpan-testers-discuss@perl.org
--
Dear Sorin Alexandru Pop,
This is a computer-generated report for Geo-Calc-XS-0.32
on perl 5.14.4, created by CPAN-Reporter-1.2011.
Thank you for uploading your work to CPAN. However, there was a problem
testing your distribution.
If you think this report is invalid, please consult the CPAN Testers Wiki
for suggestions on how to avoid getting FAIL reports for missing library
or binary dependencies, unsupported operating systems, and so on:
http://wiki.cpantesters.org/wiki/CPANAuthorNotes
Sections of this report:
* Tester comments
* Program output
* Prerequisites
* Environment and other context
------------------------------
TESTER COMMENTS
------------------------------
Additional comments from tester:
this report is from an automated smoke testing program
and was not reviewed by a human for accuracy
------------------------------
PROGRAM OUTPUT
------------------------------
Output from '/usr/bin/make test':
make: Warning: File 'lib/Geo/Calc/XS.pm' has modification time 2932 s in the future
Skip blib/lib/Geo/Calc/XS.pm (unchanged)
Running Mkbootstrap for Geo::Calc::XS ()
chmod 644 XS.bs
PERL_DL_NONLAZY=1 /home/sand/src/perl/repoperls/installed-perls/perl/v5.14.4/9980/bin/perl "-MExtUtils::Command::MM" "-MTest::Harness" "-e" "undef *Test::Harness::Switches; test_harness(0, 'blib/lib', 'blib/arch')" t/*.t
t/01_use.t ........... ok
t/02_check_module.t .. ok
t/03_properties.t .... ok
t/04_units.t ......... skipped: Scalar::Util, Math::Units are needed
t/05_fuzzy_input.t ... ok
t/06_memory_leak.t ... ok
# Failed test 'Running 02_check_module.t under debugger succeeded'
# at t/07_debugger.t line 37.
# got: '2304'
# expected: '0'
# err:
# >
# > # Failed test 'use Geo::Calc::XS;'
# > # at /tmp/loop_over_bdir-2726-acnx3j/Geo-Calc-XS-0.32-jSTA_h/t/02_check_module.t line 16.
# > # Tried to use 'Geo::Calc::XS'.
# > # Error: Perl API version v5.14.0 of Geo::Calc::XS does not match v5.20.0 at /usr/lib/x86_64-linux-gnu/perl/5.20/DynaLoader.pm line 210.
# > # Compilation failed in require at /tmp/loop_over_bdir-2726-acnx3j/Geo-Calc-XS-0.32-jSTA_h/t/02_check_module.t line 16.
# > # BEGIN failed--compilation aborted at /tmp/loop_over_bdir-2726-acnx3j/Geo-Calc-XS-0.32-jSTA_h/t/02_check_module.t line 16.
# > Can't locate object method "new" via package "Geo::Calc::XS" at /tmp/loop_over_bdir-2726-acnx3j/Geo-Calc-XS-0.32-jSTA_h/t/02_check_module.t line 18.
# > at /tmp/loop_over_bdir-2726-acnx3j/Geo-Calc-XS-0.32-jSTA_h/t/02_check_module.t line 18.
# > # Tests were run but no plan was declared and done_testing() was not seen.
# > # Looks like your test exited with 9 just after 1.
# Looks like you failed 1 test of 6.
t/07_debugger.t ......
Dubious, test returned 1 (wstat 256, 0x100)
Failed 1/6 subtests
t/08_threads.t ....... skipped: skipping as it's failing threadding tests
t/90_benchmark.t ..... ok
t/99_pod.t ........... ok
Test Summary Report
-------------------
t/07_debugger.t (Wstat: 256 Tests: 6 Failed: 1)
Failed test: 6
Non-zero exit status: 1
Files=10, Tests=189, 16 wallclock secs ( 0.05 usr 0.02 sys + 1.08 cusr 0.05 csys = 1.20 CPU)
Result: FAIL
Failed 1/10 test programs. 1/189 subtests failed.
Makefile:1009: recipe for target 'test_dynamic' failed
make: *** [test_dynamic] Error 255
------------------------------
PREREQUISITES
------------------------------
Prerequisite modules loaded:
requires:
Module Need Have
------------------- -------- --------
File::Spec 0 3.47
perl 5.004000 5.014004
Test::More 0 1.001008
build_requires:
Module Need Have
------------------- -------- --------
ExtUtils::MakeMaker 0 6.98
------------------------------
ENVIRONMENT AND OTHER CONTEXT
------------------------------
Environment variables:
AUTOMATED_TESTING = 1
LANG = en_US.UTF-8
LANGUAGE = en_US:en
PATH = /home/sand/bin:/usr/local/bin:/usr/bin:/bin:/usr/games:/usr/local/perl/bin:/usr/X11/bin:/sbin:/usr/sbin
PERL5LIB =
PERL5OPT =
PERL5_CPANPLUS_IS_RUNNING = 2728
PERL5_CPAN_IS_RUNNING = 2728
PERL_MM_USE_DEFAULT = 1
SHELL = /usr/bin/zsh
TERM = screen
Perl special variables (and OS-specific diagnostics, for MSWin32):
$^X = /home/sand/src/perl/repoperls/installed-perls/perl/v5.14.4/9980/bin/perl
$UID/$EUID = 1005 / 1005
$GID = 1005 1005
$EGID = 1005 1005
Perl module toolchain versions installed:
Module Have
------------------- --------
CPAN 2.05
CPAN::Meta 2.142690
Cwd 3.47
ExtUtils::CBuilder 0.280220
ExtUtils::Command 1.17
ExtUtils::Install 1.56
ExtUtils::MakeMaker 6.98
ExtUtils::Manifest 1.60
ExtUtils::ParseXS 3.24
File::Spec 3.47
JSON 2.90
JSON::PP 2.27203
Module::Build 0.4210
Module::Signature n/a
Parse::CPAN::Meta 1.4414
Test::Harness 3.33
Test::More 1.001008
YAML 1.13
YAML::Syck 1.27
version 0.9909
--
Summary of my perl5 (revision 5 version 14 subversion 4) configuration:
Commit id: 26c5c13a4ece9084f310610bb17fb2f24c72a73e
Platform:
osname=linux, osvers=3.16-2-amd64, archname=x86_64-linux-thread-multi
uname='linux k83 3.16-2-amd64 #1 smp debian 3.16.3-2 (2014-09-20) x86_64 gnulinux '
config_args='-Dprefix=/home/sand/src/perl/repoperls/installed-perls/perl/v5.14.4/9980 -Dmyhostname=k83 -Dinstallusrbinperl=n -Uversiononly -Dusedevel -des -Ui_db -Duseithreads -Uuselongdouble -DDEBUGGING=-g'
hint=recommended, useposix=true, d_sigaction=define
useithreads=define, usemultiplicity=define
useperlio=define, d_sfio=undef, uselargefiles=define, usesocks=undef
use64bitint=define, use64bitall=define, uselongdouble=undef
usemymalloc=n, bincompat5005=undef
Compiler:
cc='cc', ccflags ='-D_REENTRANT -D_GNU_SOURCE -fno-strict-aliasing -pipe -fstack-protector -I/usr/local/include -D_LARGEFILE_SOURCE -D_FILE_OFFSET_BITS=64',
optimize='-O2 -g',
cppflags='-D_REENTRANT -D_GNU_SOURCE -fno-strict-aliasing -pipe -fstack-protector -I/usr/local/include'
ccversion='', gccversion='4.9.1', gccosandvers=''
intsize=4, longsize=8, ptrsize=8, doublesize=8, byteorder=12345678
d_longlong=define, longlongsize=8, d_longdbl=define, longdblsize=16
ivtype='long', ivsize=8, nvtype='double', nvsize=8, Off_t='off_t', lseeksize=8
alignbytes=8, prototype=define
Linker and Libraries:
ld='cc', ldflags =' -fstack-protector -L/usr/local/lib'
libpth=/usr/local/lib /lib/x86_64-linux-gnu /lib/../lib /usr/lib/x86_64-linux-gnu /usr/lib/../lib /lib /usr/lib
libs=-lnsl -lgdbm -ldb -ldl -lm -lcrypt -lutil -lpthread -lc -lgdbm_compat
perllibs=-lnsl -ldl -lm -lcrypt -lutil -lpthread -lc
libc=, so=so, useshrplib=false, libperl=libperl.a
gnulibc_version='2.19'
Dynamic Linking:
dlsrc=dl_dlopen.xs, dlext=so, d_dlsymun=undef, ccdlflags='-Wl,-E'
cccdlflags='-fPIC', lddlflags='-shared -O2 -g -L/usr/local/lib -fstack-protector'
Characteristics of this binary (from libperl):
Compile-time options: MULTIPLICITY PERL_DONT_CREATE_GVSV
PERL_IMPLICIT_CONTEXT PERL_MALLOC_WRAP
PERL_PRESERVE_IVUV PERL_USE_DEVEL USE_64_BIT_ALL
USE_64_BIT_INT USE_ITHREADS USE_LARGE_FILES
USE_PERLIO USE_PERL_ATOF USE_REENTRANT_API
Built under linux
Compiled at Oct 17 2014 06:09:13
%ENV:
PERL5LIB=""
PERL5OPT=""
PERL5_CPANPLUS_IS_RUNNING="2728"
PERL5_CPAN_IS_RUNNING="2728"
PERL_MM_USE_DEFAULT="1"
@INC:
/home/sand/src/perl/repoperls/installed-perls/perl/v5.14.4/9980/lib/site_perl/5.14.4/x86_64-linux-thread-multi
/home/sand/src/perl/repoperls/installed-perls/perl/v5.14.4/9980/lib/site_perl/5.14.4
/home/sand/src/perl/repoperls/installed-perls/perl/v5.14.4/9980/lib/5.14.4/x86_64-linux-thread-multi
/home/sand/src/perl/repoperls/installed-perls/perl/v5.14.4/9980/lib/5.14.4
.