Report for Net-IP-Identifier-0.106

Back
From: metabase:user:314402c4-2aae-11df-837a-5e0a49663a4f
Subject: FAIL Net-IP-Identifier-0.106 v5.10.1 FreeBSD
Date: 2015-05-26T05:57:46Z

This distribution has been tested as part of the CPAN Testers
project, supporting the Perl programming language.  See
http://wiki.cpantesters.org/ for more information or email
questions to cpan-testers-discuss@perl.org


--
Dear Reid Augustin,

This is a computer-generated report for Net-IP-Identifier-0.106
on perl 5.10.1, created by CPAN-Reporter-1.2014.

Thank you for uploading your work to CPAN.  However, there was a problem
testing your distribution.

If you think this report is invalid, please consult the CPAN Testers Wiki
for suggestions on how to avoid getting FAIL reports for missing library
or binary dependencies, unsupported operating systems, and so on:

http://wiki.cpantesters.org/wiki/CPANAuthorNotes

Sections of this report:

    * Tester comments
    * Program output
    * Prerequisites
    * Environment and other context

------------------------------
TESTER COMMENTS
------------------------------

Additional comments from tester:

none provided

------------------------------
PROGRAM OUTPUT
------------------------------

Output from '/usr/bin/make test':

PERL_DL_NONLAZY=1 "/usr/perl5.10.1/bin/perl" "-MExtUtils::Command::MM" "-MTest::Harness" "-e" "undef *Test::Harness::Switches; test_harness(0, 'blib/lib', 'blib/arch')" t/*.t
t/010node.t ........ ok

#   Failed test 'use Net::IP::Identifier;'
#   at t/100base.t line 18.
#     Tried to use 'Net::IP::Identifier'.
#     Error:  Type of arg 1 to shift must be array (not concatenation (.) or string) at /usr/home/eserte/.cpan/build/Net-IP-Identifier-0.106-CMoNpD/blib/lib/Net/IP/Identifier.pm line 133, near "@ARGV;"
# Compilation failed in require at t/100base.t line 18.
# BEGIN failed--compilation aborted at t/100base.t line 18.
Undefined subroutine &Net::IP::Identifier::identify called at t/100base.t line 23.
# Looks like you planned 14 tests but ran 2.
# Looks like you failed 1 test of 2 run.
# Looks like your test exited with 255 just after 2.
t/100base.t ........ 
Dubious, test returned 255 (wstat 65280, 0xff00)
Failed 13/14 subtests 

#   Failed test 'use Net::IP::Identifier;'
#   at t/103overlap.t line 91.
#     Tried to use 'Net::IP::Identifier'.
#     Error:  Type of arg 1 to shift must be array (not concatenation (.) or string) at /usr/home/eserte/.cpan/build/Net-IP-Identifier-0.106-CMoNpD/blib/lib/Net/IP/Identifier.pm line 133, near "@ARGV;"
# Compilation failed in require at t/103overlap.t line 91.
# BEGIN failed--compilation aborted at t/103overlap.t line 91.
Undefined subroutine &Net::IP::Identifier::identify called at t/103overlap.t line 148.
# Looks like you planned 13 tests but ran 2.
# Looks like you failed 1 test of 2 run.
# Looks like your test exited with 9 just after 2.
t/103overlap.t ..... 
Dubious, test returned 9 (wstat 2304, 0x900)
Failed 12/13 subtests 

#   Failed test 'use Net::IP::Identifier;'
#   at t/120range.t line 48.
#     Tried to use 'Net::IP::Identifier'.
#     Error:  Type of arg 1 to shift must be array (not concatenation (.) or string) at /usr/home/eserte/.cpan/build/Net-IP-Identifier-0.106-CMoNpD/blib/lib/Net/IP/Identifier.pm line 133, near "@ARGV;"
# Compilation failed in require at t/120range.t line 48.
# BEGIN failed--compilation aborted at t/120range.t line 48.
Undefined subroutine &Net::IP::Identifier::identify called at t/120range.t line 65.
# Looks like you planned 25 tests but ran 2.
# Looks like you failed 1 test of 2 run.
# Looks like your test exited with 9 just after 2.
t/120range.t ....... 
Dubious, test returned 9 (wstat 2304, 0x900)
Failed 24/25 subtests 
t/author-critic.t .. skipped: these tests are for testing by the author

Test Summary Report
-------------------
t/100base.t      (Wstat: 65280 Tests: 2 Failed: 1)
  Failed test:  1
  Non-zero exit status: 255
  Parse errors: Bad plan.  You planned 14 tests but ran 2.
t/103overlap.t   (Wstat: 2304 Tests: 2 Failed: 1)
  Failed test:  1
  Non-zero exit status: 9
  Parse errors: Bad plan.  You planned 13 tests but ran 2.
t/120range.t     (Wstat: 2304 Tests: 2 Failed: 1)
  Failed test:  1
  Non-zero exit status: 9
  Parse errors: Bad plan.  You planned 25 tests but ran 2.
Files=5, Tests=22,  2 wallclock secs ( 0.07 usr  0.01 sys +  1.10 cusr  0.11 csys =  1.29 CPU)
Result: FAIL
Failed 3/5 test programs. 3/22 subtests failed.
*** [test_dynamic] Error code 255

Stop in /usr/home/eserte/.cpan/build/Net-IP-Identifier-0.106-CMoNpD.

------------------------------
PREREQUISITES
------------------------------

Prerequisite modules loaded:

requires:

    Module              Need Have      
    ------------------- ---- ----------
    Carp                0    1.36      
    DBI                 0    1.633     
    File::Spec          0    3.47      
    Getopt::Long        0    2.45      
    IPC::Run            0    0.94      
    Math::BigInt        0    1.9993    
    Module::Pluggable   0    5.1       
    Moo                 0    2.000001  
    namespace::clean    0    0.25      
    Net::IP             0    1.26      
    overload            0    1.07      
    parent              0    0.233     
    Regexp::Common      0    2013031301
    Role::Tiny          0    2.000001  
    Role::Tiny::With    0    2.000001  
    strict              0    1.04      
    Try::Tiny           0    0.22      
    warnings            0    1.06      

build_requires:

    Module              Need Have      
    ------------------- ---- ----------
    ExtUtils::MakeMaker 0    7.04      
    Test::More          0    1.001014  

configure_requires:

    Module              Need Have      
    ------------------- ---- ----------
    ExtUtils::MakeMaker 0    7.04      


------------------------------
ENVIRONMENT AND OTHER CONTEXT
------------------------------

Environment variables:

    DBIC_NO_WARN_BAD_PERL = 1
    LC_ALL = de_DE.ISO8859-1
    PATH = /usr/local/bin:/usr/bin:/bin:/usr/local/sbin:/usr/sbin:/sbin:/home/cpansand/bin/freebsd9.1:/home/cpansand/bin/sh:/home/cpansand/bin:/usr/games:/home/cpansand/devel:/usr/home/eserte/src/srezic-misc/scripts
    PERL5LIB = 
    PERL5OPT = 
    PERL5_CPANPLUS_IS_RUNNING = 65527
    PERL5_CPAN_IS_RUNNING = 65527
    PERL5_CPAN_IS_RUNNING_IN_RECURSION = 65255,65527
    PERLDOC = -MPod::Perldoc::ToTextOverstrike
    PERL_BATCH = yes
    PERL_CPAN_REPORTER_CONFIG = /var/tmp/cpansmoker-1023/cpanreporter_000_config.ini
    PERL_EXTUTILS_AUTOINSTALL = --defaultdeps
    PERL_HTML_DISPLAY_CLASS = HTML::Display::Mozilla
    SHELL = /usr/local/bin/zsh
    TERM = screen
    TMPDIR = /var/tmp/cpansmoker-1023

Perl special variables (and OS-specific diagnostics, for MSWin32):

    $^X = /usr/perl5.10.1/bin/perl
    $UID/$EUID = 1023 / 1023
    $GID = 1023 1023
    $EGID = 1023 1023

Perl module toolchain versions installed:

    Module              Have    
    ------------------- --------
    CPAN                2.10    
    CPAN::Meta          2.150001
    Cwd                 3.47    
    ExtUtils::CBuilder  0.280220
    ExtUtils::Command   1.20    
    ExtUtils::Install   2.04    
    ExtUtils::MakeMaker 7.04    
    ExtUtils::Manifest  1.69    
    ExtUtils::ParseXS   3.24    
    File::Spec          3.47    
    JSON                2.90    
    JSON::PP            2.27203 
    Module::Build       0.4212  
    Module::Signature   0.79    
    Parse::CPAN::Meta   1.4414  
    Test::Harness       3.34    
    Test::More          1.001014
    YAML                1.15    
    YAML::Syck          1.29    
    version             0.9912  


--

Summary of my perl5 (revision 5 version 10 subversion 1) configuration:
   
  Platform:
    osname=freebsd, osvers=9.2-release-p4, archname=amd64-freebsd
    uname='freebsd cvrsnica-freebsd-92 9.2-release-p4 freebsd 9.2-release-p4 #0: tue apr 8 18:08:22 utc 2014 root@amd64-builder.daemonology.net:usrobjusrsrcsysgeneric amd64 '
    config_args='-ds -e -Dprefix=/usr/perl5.10.1'
    hint=recommended, useposix=true, d_sigaction=define
    useithreads=undef, usemultiplicity=undef
    useperlio=define, d_sfio=undef, uselargefiles=define, usesocks=undef
    use64bitint=define, use64bitall=define, uselongdouble=undef
    usemymalloc=n, bincompat5005=undef
  Compiler:
    cc='cc', ccflags ='-DHAS_FPSETMASK -DHAS_FLOATINGPOINT_H -fno-strict-aliasing -pipe -fstack-protector -I/usr/local/include',
    optimize='-O',
    cppflags='-DHAS_FPSETMASK -DHAS_FLOATINGPOINT_H -fno-strict-aliasing -pipe -fstack-protector -I/usr/local/include'
    ccversion='', gccversion='4.2.1 20070831 patched [FreeBSD]', gccosandvers=''
    intsize=4, longsize=8, ptrsize=8, doublesize=8, byteorder=12345678
    d_longlong=define, longlongsize=8, d_longdbl=define, longdblsize=16
    ivtype='long', ivsize=8, nvtype='double', nvsize=8, Off_t='off_t', lseeksize=8
    alignbytes=8, prototype=define
  Linker and Libraries:
    ld='cc', ldflags ='-Wl,-E  -fstack-protector -L/usr/local/lib'
    libpth=/usr/lib /usr/local/lib
    libs=-lgdbm -lm -lcrypt -lutil -lc
    perllibs=-lm -lcrypt -lutil -lc
    libc=, so=so, useshrplib=false, libperl=libperl.a
    gnulibc_version=''
  Dynamic Linking:
    dlsrc=dl_dlopen.xs, dlext=so, d_dlsymun=undef, ccdlflags=' '
    cccdlflags='-DPIC -fPIC', lddlflags='-shared  -L/usr/local/lib -fstack-protector'


Characteristics of this binary (from libperl): 
  Compile-time options: PERL_DONT_CREATE_GVSV PERL_MALLOC_WRAP USE_64_BIT_ALL
                        USE_64_BIT_INT USE_LARGE_FILES USE_PERLIO
  Built under freebsd
  Compiled at May 15 2014 23:30:26
  %ENV:
    PERL5LIB=""
    PERL5OPT=""
    PERL5_CPANPLUS_IS_RUNNING="65527"
    PERL5_CPAN_IS_RUNNING="65527"
    PERL5_CPAN_IS_RUNNING_IN_RECURSION="65255,65527"
    PERLDOC="-MPod::Perldoc::ToTextOverstrike"
    PERL_BATCH="yes"
    PERL_CPAN_REPORTER_CONFIG="/var/tmp/cpansmoker-1023/cpanreporter_000_config.ini"
    PERL_EXTUTILS_AUTOINSTALL="--defaultdeps"
    PERL_HTML_DISPLAY_CLASS="HTML::Display::Mozilla"
  @INC:
    /usr/perl5.10.1/lib/5.10.1/amd64-freebsd
    /usr/perl5.10.1/lib/5.10.1
    /usr/perl5.10.1/lib/site_perl/5.10.1/amd64-freebsd
    /usr/perl5.10.1/lib/site_perl/5.10.1
    .