Back
From: metabase:user:9820532a-708b-1014-9a05-b18a96298da1
Subject: FAIL App-Rad-1.05_01 v5.10.1 GNU/Linux
Date: 2012-02-13T00:46:15Z
This distribution has been tested as part of the CPAN Testers
project, supporting the Perl programming language. See
http://wiki.cpantesters.org/ for more information or email
questions to cpan-testers-discuss@perl.org
--
Dear Breno G. de Oliveira,
This is a computer-generated report for App-Rad-1.05_01
on perl 5.10.1, created by CPAN-Reporter-1.2003.
Thank you for uploading your work to CPAN. However, there was a problem
testing your distribution.
If you think this report is invalid, please consult the CPAN Testers Wiki
for suggestions on how to avoid getting FAIL reports for missing library
or binary dependencies, unsupported operating systems, and so on:
http://wiki.cpantesters.org/wiki/CPANAuthorNotes
Sections of this report:
* Tester comments
* Program output
* Prerequisites
* Environment and other context
------------------------------
TESTER COMMENTS
------------------------------
Additional comments from tester:
this report is from an automated smoke testing program
and was not reviewed by a human for accuracy
------------------------------
PROGRAM OUTPUT
------------------------------
Output from '/usr/bin/make test':
PERL_DL_NONLAZY=1 /home/test/perl5/perlbrew/perls/perl-5.10.1-ld/bin/perl "-MExtUtils::Command::MM" "-e" "test_harness(0, 'blib/lib', 'blib/arch')" t/*.t
# Failed test 'use App::Rad;'
# at t/00-load.t line 6.
# Tried to use 'App::Rad'.
# Error: Can't locate App/Rad/Parser.pm in @INC (@INC contains: /home/test/.cpan/build/App-Rad-1.05_01-KIdXEG/blib/lib /home/test/.cpan/build/App-Rad-1.05_01-KIdXEG/blib/arch /home/test/perl5/perlbrew/perls/perl-5.10.1-ld/lib/5.10.1/x86_64-linux-ld /home/test/perl5/perlbrew/perls/perl-5.10.1-ld/lib/5.10.1 /home/test/perl5/perlbrew/perls/perl-5.10.1-ld/lib/site_perl/5.10.1/x86_64-linux-ld /home/test/perl5/perlbrew/perls/perl-5.10.1-ld/lib/site_perl/5.10.1) at /home/test/.cpan/build/App-Rad-1.05_01-KIdXEG/blib/lib/App/Rad.pm line 3.
# BEGIN failed--compilation aborted at /home/test/.cpan/build/App-Rad-1.05_01-KIdXEG/blib/lib/App/Rad.pm line 3.
# Compilation failed in require at (eval 4) line 2.
# BEGIN failed--compilation aborted at (eval 4) line 2.
Use of uninitialized value $App::Rad::VERSION in concatenation (.) or string at t/00-load.t line 12.
# Testing App::Rad , Perl 5.010001, /home/test/perl5/perlbrew/perls/perl-5.10.1-ld/bin/perl
# Looks like you failed 1 test of 4.
t/00-load.t ...................
Dubious, test returned 1 (wstat 256, 0x100)
Failed 1/4 subtests
Can't locate App/Rad/Parser.pm in @INC (@INC contains: /home/test/.cpan/build/App-Rad-1.05_01-KIdXEG/blib/lib /home/test/.cpan/build/App-Rad-1.05_01-KIdXEG/blib/arch /home/test/perl5/perlbrew/perls/perl-5.10.1-ld/lib/5.10.1/x86_64-linux-ld /home/test/perl5/perlbrew/perls/perl-5.10.1-ld/lib/5.10.1 /home/test/perl5/perlbrew/perls/perl-5.10.1-ld/lib/site_perl/5.10.1/x86_64-linux-ld /home/test/perl5/perlbrew/perls/perl-5.10.1-ld/lib/site_perl/5.10.1 .) at /home/test/.cpan/build/App-Rad-1.05_01-KIdXEG/blib/lib/App/Rad.pm line 3.
BEGIN failed--compilation aborted at /home/test/.cpan/build/App-Rad-1.05_01-KIdXEG/blib/lib/App/Rad.pm line 3.
Compilation failed in require at t/01-standard.t line 3.
BEGIN failed--compilation aborted at t/01-standard.t line 3.
# Looks like your test exited with 2 before it could output anything.
t/01-standard.t ...............
Dubious, test returned 2 (wstat 512, 0x200)
Failed 14/14 subtests
Can't locate App/Rad/Parser.pm in @INC (@INC contains: /home/test/.cpan/build/App-Rad-1.05_01-KIdXEG/blib/lib /home/test/.cpan/build/App-Rad-1.05_01-KIdXEG/blib/arch /home/test/perl5/perlbrew/perls/perl-5.10.1-ld/lib/5.10.1/x86_64-linux-ld /home/test/perl5/perlbrew/perls/perl-5.10.1-ld/lib/5.10.1 /home/test/perl5/perlbrew/perls/perl-5.10.1-ld/lib/site_perl/5.10.1/x86_64-linux-ld /home/test/perl5/perlbrew/perls/perl-5.10.1-ld/lib/site_perl/5.10.1 .) at /home/test/.cpan/build/App-Rad-1.05_01-KIdXEG/blib/lib/App/Rad.pm line 3.
BEGIN failed--compilation aborted at /home/test/.cpan/build/App-Rad-1.05_01-KIdXEG/blib/lib/App/Rad.pm line 3.
Compilation failed in require at /tmp/G6HPtSijyD line 1.
BEGIN failed--compilation aborted at /tmp/G6HPtSijyD line 1.
# Failed test at t/02-defaultprogram.t line 14.
# got: ''
# expected: 'Usage: /tmp/G6HPtSijyD command [arguments]
#
# Available Commands:
# help show syntax and available commands
#
# '
Can't locate App/Rad/Parser.pm in @INC (@INC contains: /home/test/.cpan/build/App-Rad-1.05_01-KIdXEG/blib/lib /home/test/.cpan/build/App-Rad-1.05_01-KIdXEG/blib/arch /home/test/perl5/perlbrew/perls/perl-5.10.1-ld/lib/5.10.1/x86_64-linux-ld /home/test/perl5/perlbrew/perls/perl-5.10.1-ld/lib/5.10.1 /home/test/perl5/perlbrew/perls/perl-5.10.1-ld/lib/site_perl/5.10.1/x86_64-linux-ld /home/test/perl5/perlbrew/perls/perl-5.10.1-ld/lib/site_perl/5.10.1 .) at /home/test/.cpan/build/App-Rad-1.05_01-KIdXEG/blib/lib/App/Rad.pm line 3.
BEGIN failed--compilation aborted at /home/test/.cpan/build/App-Rad-1.05_01-KIdXEG/blib/lib/App/Rad.pm line 3.
Compilation failed in require at /tmp/G6HPtSijyD line 1.
BEGIN failed--compilation aborted at /tmp/G6HPtSijyD line 1.
# Failed test at t/02-defaultprogram.t line 17.
# got: ''
# expected: 'Usage: /tmp/G6HPtSijyD command [arguments]
#
# Available Commands:
# help show syntax and available commands
#
# '
# Looks like you failed 2 tests of 2.
t/02-defaultprogram.t .........
Dubious, test returned 2 (wstat 512, 0x200)
Failed 2/2 subtests
# using temporary program file '/tmp/oGEWyYMytc' to test functionality
Can't locate App/Rad/Parser.pm in @INC (@INC contains: /home/test/.cpan/build/App-Rad-1.05_01-KIdXEG/blib/lib /home/test/.cpan/build/App-Rad-1.05_01-KIdXEG/blib/arch /home/test/perl5/perlbrew/perls/perl-5.10.1-ld/lib/5.10.1/x86_64-linux-ld /home/test/perl5/perlbrew/perls/perl-5.10.1-ld/lib/5.10.1 /home/test/perl5/perlbrew/perls/perl-5.10.1-ld/lib/site_perl/5.10.1/x86_64-linux-ld /home/test/perl5/perlbrew/perls/perl-5.10.1-ld/lib/site_perl/5.10.1 .) at /home/test/.cpan/build/App-Rad-1.05_01-KIdXEG/blib/lib/App/Rad.pm line 3.
BEGIN failed--compilation aborted at /home/test/.cpan/build/App-Rad-1.05_01-KIdXEG/blib/lib/App/Rad.pm line 3.
Compilation failed in require at /tmp/oGEWyYMytc line 1.
BEGIN failed--compilation aborted at /tmp/oGEWyYMytc line 1.
# Failed test at t/02.5-default_with_args.t line 30.
# got: ''
# expected: 'Usage: /tmp/oGEWyYMytc command [arguments]
#
# Available Commands:
# exclude completely erase command from your program
# help show syntax and available commands
# include include one-liner as a command
#
# '
Can't locate App/Rad/Parser.pm in @INC (@INC contains: /home/test/.cpan/build/App-Rad-1.05_01-KIdXEG/blib/lib /home/test/.cpan/build/App-Rad-1.05_01-KIdXEG/blib/arch /home/test/perl5/perlbrew/perls/perl-5.10.1-ld/lib/5.10.1/x86_64-linux-ld /home/test/perl5/perlbrew/perls/perl-5.10.1-ld/lib/5.10.1 /home/test/perl5/perlbrew/perls/perl-5.10.1-ld/lib/site_perl/5.10.1/x86_64-linux-ld /home/test/perl5/perlbrew/perls/perl-5.10.1-ld/lib/site_perl/5.10.1 .) at /home/test/.cpan/build/App-Rad-1.05_01-KIdXEG/blib/lib/App/Rad.pm line 3.
BEGIN failed--compilation aborted at /home/test/.cpan/build/App-Rad-1.05_01-KIdXEG/blib/lib/App/Rad.pm line 3.
Compilation failed in require at /tmp/oGEWyYMytc line 1.
BEGIN failed--compilation aborted at /tmp/oGEWyYMytc line 1.
# Failed test at t/02.5-default_with_args.t line 34.
# got: ''
# expected: 'Usage: /tmp/oGEWyYMytc command [arguments]
#
# Available Commands:
# exclude completely erase command from your program
# help show syntax and available commands
# include include one-liner as a command
#
# '
# Looks like you failed 2 tests of 2.
t/02.5-default_with_args.t ....
Dubious, test returned 2 (wstat 512, 0x200)
Failed 2/2 subtests
# using temporary program file '/tmp/UvaHpFSvwZ' to test functionality
Can't locate App/Rad/Parser.pm in @INC (@INC contains: /home/test/.cpan/build/App-Rad-1.05_01-KIdXEG/blib/lib /home/test/.cpan/build/App-Rad-1.05_01-KIdXEG/blib/arch /home/test/perl5/perlbrew/perls/perl-5.10.1-ld/lib/5.10.1/x86_64-linux-ld /home/test/perl5/perlbrew/perls/perl-5.10.1-ld/lib/5.10.1 /home/test/perl5/perlbrew/perls/perl-5.10.1-ld/lib/site_perl/5.10.1/x86_64-linux-ld /home/test/perl5/perlbrew/perls/perl-5.10.1-ld/lib/site_perl/5.10.1 .) at /home/test/.cpan/build/App-Rad-1.05_01-KIdXEG/blib/lib/App/Rad.pm line 3.
BEGIN failed--compilation aborted at /home/test/.cpan/build/App-Rad-1.05_01-KIdXEG/blib/lib/App/Rad.pm line 3.
Compilation failed in require at /tmp/UvaHpFSvwZ line 1.
BEGIN failed--compilation aborted at /tmp/UvaHpFSvwZ line 1.
# Failed test at t/03-default_override.t line 23.
# got: ''
# expected: 'this is an override of the default command
# '
Can't locate App/Rad/Parser.pm in @INC (@INC contains: /home/test/.cpan/build/App-Rad-1.05_01-KIdXEG/blib/lib /home/test/.cpan/build/App-Rad-1.05_01-KIdXEG/blib/arch /home/test/perl5/perlbrew/perls/perl-5.10.1-ld/lib/5.10.1/x86_64-linux-ld /home/test/perl5/perlbrew/perls/perl-5.10.1-ld/lib/5.10.1 /home/test/perl5/perlbrew/perls/perl-5.10.1-ld/lib/site_perl/5.10.1/x86_64-linux-ld /home/test/perl5/perlbrew/perls/perl-5.10.1-ld/lib/site_perl/5.10.1 .) at /home/test/.cpan/build/App-Rad-1.05_01-KIdXEG/blib/lib/App/Rad.pm line 3.
BEGIN failed--compilation aborted at /home/test/.cpan/build/App-Rad-1.05_01-KIdXEG/blib/lib/App/Rad.pm line 3.
Compilation failed in require at /tmp/UvaHpFSvwZ line 1.
BEGIN failed--compilation aborted at /tmp/UvaHpFSvwZ line 1.
# Failed test at t/03-default_override.t line 27.
# got: ''
# expected: 'this is an override of the default command
# '
Can't locate App/Rad/Parser.pm in @INC (@INC contains: /home/test/.cpan/build/App-Rad-1.05_01-KIdXEG/blib/lib /home/test/.cpan/build/App-Rad-1.05_01-KIdXEG/blib/arch /home/test/perl5/perlbrew/perls/perl-5.10.1-ld/lib/5.10.1/x86_64-linux-ld /home/test/perl5/perlbrew/perls/perl-5.10.1-ld/lib/5.10.1 /home/test/perl5/perlbrew/perls/perl-5.10.1-ld/lib/site_perl/5.10.1/x86_64-linux-ld /home/test/perl5/perlbrew/perls/perl-5.10.1-ld/lib/site_perl/5.10.1 .) at /home/test/.cpan/build/App-Rad-1.05_01-KIdXEG/blib/lib/App/Rad.pm line 3.
BEGIN failed--compilation aborted at /home/test/.cpan/build/App-Rad-1.05_01-KIdXEG/blib/lib/App/Rad.pm line 3.
Compilation failed in require at /tmp/UvaHpFSvwZ line 1.
BEGIN failed--compilation aborted at /tmp/UvaHpFSvwZ line 1.
# Failed test at t/03-default_override.t line 39.
# got: ''
# expected: 'Usage: /tmp/UvaHpFSvwZ command [arguments]
#
# Available Commands:
# help show syntax and available commands
#
# '
# Looks like you failed 3 tests of 3.
t/03-default_override.t .......
Dubious, test returned 3 (wstat 768, 0x300)
Failed 3/3 subtests
# using temporary program file '/tmp/VL6LkgcsAz' to test functionality
Can't locate App/Rad/Parser.pm in @INC (@INC contains: /home/test/.cpan/build/App-Rad-1.05_01-KIdXEG/blib/lib /home/test/.cpan/build/App-Rad-1.05_01-KIdXEG/blib/arch /home/test/perl5/perlbrew/perls/perl-5.10.1-ld/lib/5.10.1/x86_64-linux-ld /home/test/perl5/perlbrew/perls/perl-5.10.1-ld/lib/5.10.1 /home/test/perl5/perlbrew/perls/perl-5.10.1-ld/lib/site_perl/5.10.1/x86_64-linux-ld /home/test/perl5/perlbrew/perls/perl-5.10.1-ld/lib/site_perl/5.10.1 .) at /home/test/.cpan/build/App-Rad-1.05_01-KIdXEG/blib/lib/App/Rad.pm line 3.
BEGIN failed--compilation aborted at /home/test/.cpan/build/App-Rad-1.05_01-KIdXEG/blib/lib/App/Rad.pm line 3.
Compilation failed in require at /tmp/VL6LkgcsAz line 1.
BEGIN failed--compilation aborted at /tmp/VL6LkgcsAz line 1.
# Failed test 'no command (should fall to default)'
# at t/03.5-default_and_invalid.t line 36.
# got: ''
# expected: 'keys: 0
# '
Can't locate App/Rad/Parser.pm in @INC (@INC contains: /home/test/.cpan/build/App-Rad-1.05_01-KIdXEG/blib/lib /home/test/.cpan/build/App-Rad-1.05_01-KIdXEG/blib/arch /home/test/perl5/perlbrew/perls/perl-5.10.1-ld/lib/5.10.1/x86_64-linux-ld /home/test/perl5/perlbrew/perls/perl-5.10.1-ld/lib/5.10.1 /home/test/perl5/perlbrew/perls/perl-5.10.1-ld/lib/site_perl/5.10.1/x86_64-linux-ld /home/test/perl5/perlbrew/perls/perl-5.10.1-ld/lib/site_perl/5.10.1 .) at /home/test/.cpan/build/App-Rad-1.05_01-KIdXEG/blib/lib/App/Rad.pm line 3.
BEGIN failed--compilation aborted at /home/test/.cpan/build/App-Rad-1.05_01-KIdXEG/blib/lib/App/Rad.pm line 3.
Compilation failed in require at /tmp/VL6LkgcsAz line 1.
BEGIN failed--compilation aborted at /tmp/VL6LkgcsAz line 1.
# Failed test 'no command, with parameters (should fall to default)'
# at t/03.5-default_and_invalid.t line 39.
# got: ''
# expected: 'keys: 1
# '
Can't locate App/Rad/Parser.pm in @INC (@INC contains: /home/test/.cpan/build/App-Rad-1.05_01-KIdXEG/blib/lib /home/test/.cpan/build/App-Rad-1.05_01-KIdXEG/blib/arch /home/test/perl5/perlbrew/perls/perl-5.10.1-ld/lib/5.10.1/x86_64-linux-ld /home/test/perl5/perlbrew/perls/perl-5.10.1-ld/lib/5.10.1 /home/test/perl5/perlbrew/perls/perl-5.10.1-ld/lib/site_perl/5.10.1/x86_64-linux-ld /home/test/perl5/perlbrew/perls/perl-5.10.1-ld/lib/site_perl/5.10.1 .) at /home/test/.cpan/build/App-Rad-1.05_01-KIdXEG/blib/lib/App/Rad.pm line 3.
BEGIN failed--compilation aborted at /home/test/.cpan/build/App-Rad-1.05_01-KIdXEG/blib/lib/App/Rad.pm line 3.
Compilation failed in require at /tmp/VL6LkgcsAz line 1.
BEGIN failed--compilation aborted at /tmp/VL6LkgcsAz line 1.
# Failed test 'invalid command (should fall to invalid)'
# at t/03.5-default_and_invalid.t line 42.
# got: ''
# expected: 'invalid command
# '
Can't locate App/Rad/Parser.pm in @INC (@INC contains: /home/test/.cpan/build/App-Rad-1.05_01-KIdXEG/blib/lib /home/test/.cpan/build/App-Rad-1.05_01-KIdXEG/blib/arch /home/test/perl5/perlbrew/perls/perl-5.10.1-ld/lib/5.10.1/x86_64-linux-ld /home/test/perl5/perlbrew/perls/perl-5.10.1-ld/lib/5.10.1 /home/test/perl5/perlbrew/perls/perl-5.10.1-ld/lib/site_perl/5.10.1/x86_64-linux-ld /home/test/perl5/perlbrew/perls/perl-5.10.1-ld/lib/site_perl/5.10.1 .) at /home/test/.cpan/build/App-Rad-1.05_01-KIdXEG/blib/lib/App/Rad.pm line 3.
BEGIN failed--compilation aborted at /home/test/.cpan/build/App-Rad-1.05_01-KIdXEG/blib/lib/App/Rad.pm line 3.
Compilation failed in require at /tmp/VL6LkgcsAz line 1.
BEGIN failed--compilation aborted at /tmp/VL6LkgcsAz line 1.
# Failed test 'invalid command, with parameters (should fall to invalid)'
# at t/03.5-default_and_invalid.t line 45.
# got: ''
# expected: 'invalid command
# '
Can't locate App/Rad/Parser.pm in @INC (@INC contains: /home/test/.cpan/build/App-Rad-1.05_01-KIdXEG/blib/lib /home/test/.cpan/build/App-Rad-1.05_01-KIdXEG/blib/arch /home/test/perl5/perlbrew/perls/perl-5.10.1-ld/lib/5.10.1/x86_64-linux-ld /home/test/perl5/perlbrew/perls/perl-5.10.1-ld/lib/5.10.1 /home/test/perl5/perlbrew/perls/perl-5.10.1-ld/lib/site_perl/5.10.1/x86_64-linux-ld /home/test/perl5/perlbrew/perls/perl-5.10.1-ld/lib/site_perl/5.10.1 .) at /home/test/.cpan/build/App-Rad-1.05_01-KIdXEG/blib/lib/App/Rad.pm line 3.
BEGIN failed--compilation aborted at /home/test/.cpan/build/App-Rad-1.05_01-KIdXEG/blib/lib/App/Rad.pm line 3.
Compilation failed in require at /tmp/VL6LkgcsAz line 1.
BEGIN failed--compilation aborted at /tmp/VL6LkgcsAz line 1.
# Failed test at t/03.5-default_and_invalid.t line 59.
# got: ''
# expected: 'Usage: /tmp/VL6LkgcsAz command [arguments]
#
# Available Commands:
# help show syntax and available commands
#
# '
# Looks like you failed 5 tests of 5.
t/03.5-default_and_invalid.t ..
Dubious, test returned 5 (wstat 1280, 0x500)
Failed 5/5 subtests
# using temporary program file '/tmp/ythj7dodmx' to test functionality
Can't locate App/Rad/Parser.pm in @INC (@INC contains: /home/test/.cpan/build/App-Rad-1.05_01-KIdXEG/blib/lib /home/test/.cpan/build/App-Rad-1.05_01-KIdXEG/blib/arch /home/test/perl5/perlbrew/perls/perl-5.10.1-ld/lib/5.10.1/x86_64-linux-ld /home/test/perl5/perlbrew/perls/perl-5.10.1-ld/lib/5.10.1 /home/test/perl5/perlbrew/perls/perl-5.10.1-ld/lib/site_perl/5.10.1/x86_64-linux-ld /home/test/perl5/perlbrew/perls/perl-5.10.1-ld/lib/site_perl/5.10.1 .) at /home/test/.cpan/build/App-Rad-1.05_01-KIdXEG/blib/lib/App/Rad.pm line 3.
BEGIN failed--compilation aborted at /home/test/.cpan/build/App-Rad-1.05_01-KIdXEG/blib/lib/App/Rad.pm line 3.
Compilation failed in require at /tmp/ythj7dodmx line 1.
BEGIN failed--compilation aborted at /tmp/ythj7dodmx line 1.
# Failed test at t/04-help_override.t line 28.
# got: ''
# expected: 'this is an override of the default command
# '
Can't locate App/Rad/Parser.pm in @INC (@INC contains: /home/test/.cpan/build/App-Rad-1.05_01-KIdXEG/blib/lib /home/test/.cpan/build/App-Rad-1.05_01-KIdXEG/blib/arch /home/test/perl5/perlbrew/perls/perl-5.10.1-ld/lib/5.10.1/x86_64-linux-ld /home/test/perl5/perlbrew/perls/perl-5.10.1-ld/lib/5.10.1 /home/test/perl5/perlbrew/perls/perl-5.10.1-ld/lib/site_perl/5.10.1/x86_64-linux-ld /home/test/perl5/perlbrew/perls/perl-5.10.1-ld/lib/site_perl/5.10.1 .) at /home/test/.cpan/build/App-Rad-1.05_01-KIdXEG/blib/lib/App/Rad.pm line 3.
BEGIN failed--compilation aborted at /home/test/.cpan/build/App-Rad-1.05_01-KIdXEG/blib/lib/App/Rad.pm line 3.
Compilation failed in require at /tmp/ythj7dodmx line 1.
BEGIN failed--compilation aborted at /tmp/ythj7dodmx line 1.
# Failed test at t/04-help_override.t line 32.
# got: ''
# expected: 'this is an override of the help command
# '
# Looks like you failed 2 tests of 2.
t/04-help_override.t ..........
Dubious, test returned 2 (wstat 512, 0x200)
Failed 2/2 subtests
Can't locate App/Rad/Parser.pm in @INC (@INC contains: /home/test/.cpan/build/App-Rad-1.05_01-KIdXEG/blib/lib /home/test/.cpan/build/App-Rad-1.05_01-KIdXEG/blib/arch /home/test/perl5/perlbrew/perls/perl-5.10.1-ld/lib/5.10.1/x86_64-linux-ld /home/test/perl5/perlbrew/perls/perl-5.10.1-ld/lib/5.10.1 /home/test/perl5/perlbrew/perls/perl-5.10.1-ld/lib/site_perl/5.10.1/x86_64-linux-ld /home/test/perl5/perlbrew/perls/perl-5.10.1-ld/lib/site_perl/5.10.1 .) at /home/test/.cpan/build/App-Rad-1.05_01-KIdXEG/blib/lib/App/Rad.pm line 3.
BEGIN failed--compilation aborted at /home/test/.cpan/build/App-Rad-1.05_01-KIdXEG/blib/lib/App/Rad.pm line 3.
Compilation failed in require at /home/test/perl5/perlbrew/perls/perl-5.10.1-ld/lib/site_perl/5.10.1/App/Rad/Tester.pm line 10.
# Looks like your test exited with 2 before it could output anything.
t/05-commands-set.t ...........
Dubious, test returned 2 (wstat 512, 0x200)
Failed 3/3 subtests
# using temporary program file '/tmp/00neGhsr_J' to test functionality
Can't locate App/Rad/Parser.pm in @INC (@INC contains: /home/test/.cpan/build/App-Rad-1.05_01-KIdXEG/blib/lib /home/test/.cpan/build/App-Rad-1.05_01-KIdXEG/blib/arch /home/test/perl5/perlbrew/perls/perl-5.10.1-ld/lib/5.10.1/x86_64-linux-ld /home/test/perl5/perlbrew/perls/perl-5.10.1-ld/lib/5.10.1 /home/test/perl5/perlbrew/perls/perl-5.10.1-ld/lib/site_perl/5.10.1/x86_64-linux-ld /home/test/perl5/perlbrew/perls/perl-5.10.1-ld/lib/site_perl/5.10.1 .) at /home/test/.cpan/build/App-Rad-1.05_01-KIdXEG/blib/lib/App/Rad.pm line 3.
BEGIN failed--compilation aborted at /home/test/.cpan/build/App-Rad-1.05_01-KIdXEG/blib/lib/App/Rad.pm line 3.
Compilation failed in require at /tmp/00neGhsr_J line 1.
BEGIN failed--compilation aborted at /tmp/00neGhsr_J line 1.
# Failed test at t/05-commands.t line 40.
# got: ''
# expected: 'Usage: /tmp/00neGhsr_J command [arguments]
#
# Available Commands:
# help show syntax and available commands
# test1
#
# '
Can't locate App/Rad/Parser.pm in @INC (@INC contains: /home/test/.cpan/build/App-Rad-1.05_01-KIdXEG/blib/lib /home/test/.cpan/build/App-Rad-1.05_01-KIdXEG/blib/arch /home/test/perl5/perlbrew/perls/perl-5.10.1-ld/lib/5.10.1/x86_64-linux-ld /home/test/perl5/perlbrew/perls/perl-5.10.1-ld/lib/5.10.1 /home/test/perl5/perlbrew/perls/perl-5.10.1-ld/lib/site_perl/5.10.1/x86_64-linux-ld /home/test/perl5/perlbrew/perls/perl-5.10.1-ld/lib/site_perl/5.10.1 .) at /home/test/.cpan/build/App-Rad-1.05_01-KIdXEG/blib/lib/App/Rad.pm line 3.
BEGIN failed--compilation aborted at /home/test/.cpan/build/App-Rad-1.05_01-KIdXEG/blib/lib/App/Rad.pm line 3.
Compilation failed in require at /tmp/00neGhsr_J line 1.
BEGIN failed--compilation aborted at /tmp/00neGhsr_J line 1.
# Failed test at t/05-commands.t line 45.
# got: ''
# expected: 'my test #1
# '
Can't locate App/Rad/Parser.pm in @INC (@INC contains: /home/test/.cpan/build/App-Rad-1.05_01-KIdXEG/blib/lib /home/test/.cpan/build/App-Rad-1.05_01-KIdXEG/blib/arch /home/test/perl5/perlbrew/perls/perl-5.10.1-ld/lib/5.10.1/x86_64-linux-ld /home/test/perl5/perlbrew/perls/perl-5.10.1-ld/lib/5.10.1 /home/test/perl5/perlbrew/perls/perl-5.10.1-ld/lib/site_perl/5.10.1/x86_64-linux-ld /home/test/perl5/perlbrew/perls/perl-5.10.1-ld/lib/site_perl/5.10.1 .) at /home/test/.cpan/build/App-Rad-1.05_01-KIdXEG/blib/lib/App/Rad.pm line 3.
BEGIN failed--compilation aborted at /home/test/.cpan/build/App-Rad-1.05_01-KIdXEG/blib/lib/App/Rad.pm line 3.
Compilation failed in require at /tmp/00neGhsr_J line 1.
BEGIN failed--compilation aborted at /tmp/00neGhsr_J line 1.
# Failed test at t/05-commands.t line 49.
# got: ''
# expected: 'got tested
# '
# Looks like you failed 3 tests of 3.
t/05-commands.t ...............
Dubious, test returned 3 (wstat 768, 0x300)
Failed 3/3 subtests
# using temporary program file '/tmp/wA4zXcyf9Q' to test functionality
Can't locate App/Rad/Parser.pm in @INC (@INC contains: /home/test/.cpan/build/App-Rad-1.05_01-KIdXEG/blib/lib /home/test/.cpan/build/App-Rad-1.05_01-KIdXEG/blib/arch /home/test/perl5/perlbrew/perls/perl-5.10.1-ld/lib/5.10.1/x86_64-linux-ld /home/test/perl5/perlbrew/perls/perl-5.10.1-ld/lib/5.10.1 /home/test/perl5/perlbrew/perls/perl-5.10.1-ld/lib/site_perl/5.10.1/x86_64-linux-ld /home/test/perl5/perlbrew/perls/perl-5.10.1-ld/lib/site_perl/5.10.1 .) at /home/test/.cpan/build/App-Rad-1.05_01-KIdXEG/blib/lib/App/Rad.pm line 3.
BEGIN failed--compilation aborted at /home/test/.cpan/build/App-Rad-1.05_01-KIdXEG/blib/lib/App/Rad.pm line 3.
Compilation failed in require at /tmp/wA4zXcyf9Q line 1.
BEGIN failed--compilation aborted at /tmp/wA4zXcyf9Q line 1.
# Failed test at t/05.5-commands_with_args.t line 42.
# got: ''
# expected: 'Usage: /tmp/wA4zXcyf9Q command [arguments]
#
# Available Commands:
# exclude completely erase command from your program
# help show syntax and available commands
# include include one-liner as a command
# test1
#
# '
Can't locate App/Rad/Parser.pm in @INC (@INC contains: /home/test/.cpan/build/App-Rad-1.05_01-KIdXEG/blib/lib /home/test/.cpan/build/App-Rad-1.05_01-KIdXEG/blib/arch /home/test/perl5/perlbrew/perls/perl-5.10.1-ld/lib/5.10.1/x86_64-linux-ld /home/test/perl5/perlbrew/perls/perl-5.10.1-ld/lib/5.10.1 /home/test/perl5/perlbrew/perls/perl-5.10.1-ld/lib/site_perl/5.10.1/x86_64-linux-ld /home/test/perl5/perlbrew/perls/perl-5.10.1-ld/lib/site_perl/5.10.1 .) at /home/test/.cpan/build/App-Rad-1.05_01-KIdXEG/blib/lib/App/Rad.pm line 3.
BEGIN failed--compilation aborted at /home/test/.cpan/build/App-Rad-1.05_01-KIdXEG/blib/lib/App/Rad.pm line 3.
Compilation failed in require at /tmp/wA4zXcyf9Q line 1.
BEGIN failed--compilation aborted at /tmp/wA4zXcyf9Q line 1.
# Failed test at t/05.5-commands_with_args.t line 47.
# got: ''
# expected: 'my test #1
# '
Can't locate App/Rad/Parser.pm in @INC (@INC contains: /home/test/.cpan/build/App-Rad-1.05_01-KIdXEG/blib/lib /home/test/.cpan/build/App-Rad-1.05_01-KIdXEG/blib/arch /home/test/perl5/perlbrew/perls/perl-5.10.1-ld/lib/5.10.1/x86_64-linux-ld /home/test/perl5/perlbrew/perls/perl-5.10.1-ld/lib/5.10.1 /home/test/perl5/perlbrew/perls/perl-5.10.1-ld/lib/site_perl/5.10.1/x86_64-linux-ld /home/test/perl5/perlbrew/perls/perl-5.10.1-ld/lib/site_perl/5.10.1 .) at /home/test/.cpan/build/App-Rad-1.05_01-KIdXEG/blib/lib/App/Rad.pm line 3.
BEGIN failed--compilation aborted at /home/test/.cpan/build/App-Rad-1.05_01-KIdXEG/blib/lib/App/Rad.pm line 3.
Compilation failed in require at /tmp/wA4zXcyf9Q line 1.
BEGIN failed--compilation aborted at /tmp/wA4zXcyf9Q line 1.
# Failed test at t/05.5-commands_with_args.t line 51.
# got: ''
# expected: 'got tested
# '
# Looks like you failed 3 tests of 3.
t/05.5-commands_with_args.t ...
Dubious, test returned 3 (wstat 768, 0x300)
Failed 3/3 subtests
# using temporary program file '/tmp/wm913O9Piw' to test functionality
Can't locate App/Rad/Parser.pm in @INC (@INC contains: /home/test/.cpan/build/App-Rad-1.05_01-KIdXEG/blib/lib /home/test/.cpan/build/App-Rad-1.05_01-KIdXEG/blib/arch /home/test/perl5/perlbrew/perls/perl-5.10.1-ld/lib/5.10.1/x86_64-linux-ld /home/test/perl5/perlbrew/perls/perl-5.10.1-ld/lib/5.10.1 /home/test/perl5/perlbrew/perls/perl-5.10.1-ld/lib/site_perl/5.10.1/x86_64-linux-ld /home/test/perl5/perlbrew/perls/perl-5.10.1-ld/lib/site_perl/5.10.1 .) at /home/test/.cpan/build/App-Rad-1.05_01-KIdXEG/blib/lib/App/Rad.pm line 3.
BEGIN failed--compilation aborted at /home/test/.cpan/build/App-Rad-1.05_01-KIdXEG/blib/lib/App/Rad.pm line 3.
Compilation failed in require at /tmp/wm913O9Piw line 1.
BEGIN failed--compilation aborted at /tmp/wm913O9Piw line 1.
# Failed test at t/06-pre_post_tear.t line 59.
# got: ''
# expected: 'Usage: /tmp/wm913O9Piw command [arguments]
#
# Available Commands:
# help show syntax and available commands
# test1
# [NARF!]
# tearing down...'
Can't locate App/Rad/Parser.pm in @INC (@INC contains: /home/test/.cpan/build/App-Rad-1.05_01-KIdXEG/blib/lib /home/test/.cpan/build/App-Rad-1.05_01-KIdXEG/blib/arch /home/test/perl5/perlbrew/perls/perl-5.10.1-ld/lib/5.10.1/x86_64-linux-ld /home/test/perl5/perlbrew/perls/perl-5.10.1-ld/lib/5.10.1 /home/test/perl5/perlbrew/perls/perl-5.10.1-ld/lib/site_perl/5.10.1/x86_64-linux-ld /home/test/perl5/perlbrew/perls/perl-5.10.1-ld/lib/site_perl/5.10.1 .) at /home/test/.cpan/build/App-Rad-1.05_01-KIdXEG/blib/lib/App/Rad.pm line 3.
BEGIN failed--compilation aborted at /home/test/.cpan/build/App-Rad-1.05_01-KIdXEG/blib/lib/App/Rad.pm line 3.
Compilation failed in require at /tmp/wm913O9Piw line 1.
BEGIN failed--compilation aborted at /tmp/wm913O9Piw line 1.
# Failed test at t/06-pre_post_tear.t line 63.
# got: ''
# expected: 'my test #1 [NARF!]
# tearing down...'
Can't locate App/Rad/Parser.pm in @INC (@INC contains: /home/test/.cpan/build/App-Rad-1.05_01-KIdXEG/blib/lib /home/test/.cpan/build/App-Rad-1.05_01-KIdXEG/blib/arch /home/test/perl5/perlbrew/perls/perl-5.10.1-ld/lib/5.10.1/x86_64-linux-ld /home/test/perl5/perlbrew/perls/perl-5.10.1-ld/lib/5.10.1 /home/test/perl5/perlbrew/perls/perl-5.10.1-ld/lib/site_perl/5.10.1/x86_64-linux-ld /home/test/perl5/perlbrew/perls/perl-5.10.1-ld/lib/site_perl/5.10.1 .) at /home/test/.cpan/build/App-Rad-1.05_01-KIdXEG/blib/lib/App/Rad.pm line 3.
BEGIN failed--compilation aborted at /home/test/.cpan/build/App-Rad-1.05_01-KIdXEG/blib/lib/App/Rad.pm line 3.
Compilation failed in require at /tmp/wm913O9Piw line 1.
BEGIN failed--compilation aborted at /tmp/wm913O9Piw line 1.
# Failed test at t/06-pre_post_tear.t line 67.
# got: ''
# expected: 'got tested again [NARF!]
# tearing down...'
# Looks like you failed 3 tests of 3.
t/06-pre_post_tear.t ..........
Dubious, test returned 3 (wstat 768, 0x300)
Failed 3/3 subtests
Unquoted string "commandname" may clash with future reserved word at t/07-argv_and_opt.t line 41.
Can't locate App/Rad/Parser.pm in @INC (@INC contains: /home/test/.cpan/build/App-Rad-1.05_01-KIdXEG/blib/lib /home/test/.cpan/build/App-Rad-1.05_01-KIdXEG/blib/arch /home/test/perl5/perlbrew/perls/perl-5.10.1-ld/lib/5.10.1/x86_64-linux-ld /home/test/perl5/perlbrew/perls/perl-5.10.1-ld/lib/5.10.1 /home/test/perl5/perlbrew/perls/perl-5.10.1-ld/lib/site_perl/5.10.1/x86_64-linux-ld /home/test/perl5/perlbrew/perls/perl-5.10.1-ld/lib/site_perl/5.10.1 .) at /home/test/.cpan/build/App-Rad-1.05_01-KIdXEG/blib/lib/App/Rad.pm line 3.
BEGIN failed--compilation aborted at /home/test/.cpan/build/App-Rad-1.05_01-KIdXEG/blib/lib/App/Rad.pm line 3.
Compilation failed in require at /home/test/perl5/perlbrew/perls/perl-5.10.1-ld/lib/site_perl/5.10.1/App/Rad/Tester.pm line 10.
# Looks like your test exited with 2 before it could output anything.
t/07-argv_and_opt.t ...........
Dubious, test returned 2 (wstat 512, 0x200)
Failed 36/36 subtests
t/08-getopt_long.t ............ ok
# using temporary program file '/tmp/ETOHcwQTQg' to test functionality
Can't locate App/Rad/Parser.pm in @INC (@INC contains: /home/test/.cpan/build/App-Rad-1.05_01-KIdXEG/blib/lib /home/test/.cpan/build/App-Rad-1.05_01-KIdXEG/blib/arch /home/test/perl5/perlbrew/perls/perl-5.10.1-ld/lib/5.10.1/x86_64-linux-ld /home/test/perl5/perlbrew/perls/perl-5.10.1-ld/lib/5.10.1 /home/test/perl5/perlbrew/perls/perl-5.10.1-ld/lib/site_perl/5.10.1/x86_64-linux-ld /home/test/perl5/perlbrew/perls/perl-5.10.1-ld/lib/site_perl/5.10.1 .) at /home/test/.cpan/build/App-Rad-1.05_01-KIdXEG/blib/lib/App/Rad.pm line 3.
BEGIN failed--compilation aborted at /home/test/.cpan/build/App-Rad-1.05_01-KIdXEG/blib/lib/App/Rad.pm line 3.
Compilation failed in require at /tmp/ETOHcwQTQg line 1.
BEGIN failed--compilation aborted at /tmp/ETOHcwQTQg line 1.
# Failed test at t/09-stash.t line 52.
# got: undef
# expected: 'arrayref:onetwothree'
# Failed test at t/09-stash.t line 53.
# got: undef
# expected: 'hashref:keyvalue'
# Failed test at t/09-stash.t line 54.
# got: undef
# expected: 'num:1'
# Failed test at t/09-stash.t line 55.
# got: undef
# expected: 'string:foo'
# Looks like you failed 4 tests of 4.
t/09-stash.t ..................
Dubious, test returned 4 (wstat 1024, 0x400)
Failed 4/4 subtests
# using temporary program file '/tmp/vKDTkgDxA9' to test functionality
Can't locate App/Rad/Parser.pm in @INC (@INC contains: /home/test/.cpan/build/App-Rad-1.05_01-KIdXEG/blib/lib /home/test/.cpan/build/App-Rad-1.05_01-KIdXEG/blib/arch /home/test/perl5/perlbrew/perls/perl-5.10.1-ld/lib/5.10.1/x86_64-linux-ld /home/test/perl5/perlbrew/perls/perl-5.10.1-ld/lib/5.10.1 /home/test/perl5/perlbrew/perls/perl-5.10.1-ld/lib/site_perl/5.10.1/x86_64-linux-ld /home/test/perl5/perlbrew/perls/perl-5.10.1-ld/lib/site_perl/5.10.1 .) at /home/test/.cpan/build/App-Rad-1.05_01-KIdXEG/blib/lib/App/Rad.pm line 3.
BEGIN failed--compilation aborted at /home/test/.cpan/build/App-Rad-1.05_01-KIdXEG/blib/lib/App/Rad.pm line 3.
Compilation failed in require at /tmp/vKDTkgDxA9 line 1.
BEGIN failed--compilation aborted at /tmp/vKDTkgDxA9 line 1.
# Failed test at t/10-controller_methods.t line 69.
# got: '0'
# expected: '23'
# Failed test at t/10-controller_methods.t line 70.
# got: undef
# expected: 'Available: 6'
# Failed test at t/10-controller_methods.t line 71.
# got: undef
# expected: 'andanotherone:ok'
# Failed test at t/10-controller_methods.t line 72.
# got: undef
# expected: 'anothercommand:ok'
# Failed test at t/10-controller_methods.t line 73.
# got: undef
# expected: 'command:ok'
# Failed test at t/10-controller_methods.t line 74.
# got: undef
# expected: 'help:ok'
# Failed test at t/10-controller_methods.t line 75.
# got: undef
# expected: 'list_commands:ok'
# Failed test at t/10-controller_methods.t line 76.
# got: undef
# expected: 'yetanothercommand:ok'
# Failed test at t/10-controller_methods.t line 77.
# got: undef
# expected: ''
# Failed test at t/10-controller_methods.t line 78.
# got: undef
# expected: 'Available: 6'
# Failed test at t/10-controller_methods.t line 79.
# got: undef
# expected: 'alias:ok'
# Failed test at t/10-controller_methods.t line 80.
# got: undef
# expected: 'anothercommand:ok'
# Failed test at t/10-controller_methods.t line 81.
# got: undef
# expected: 'cmd1:ok'
# Failed test at t/10-controller_methods.t line 82.
# got: undef
# expected: 'command:ok'
# Failed test at t/10-controller_methods.t line 83.
# got: undef
# expected: 'help:ok'
# Failed test at t/10-controller_methods.t line 84.
# got: undef
# expected: 'list_commands:ok'
# Failed test at t/10-controller_methods.t line 85.
# got: undef
# expected: ''
# Failed test at t/10-controller_methods.t line 86.
# got: undef
# expected: 'this is an alias, over'
# Failed test at t/10-controller_methods.t line 87.
# got: undef
# expected: 'test'
# Failed test at t/10-controller_methods.t line 88.
# got: undef
# expected: 'Called: command (command)'
# Failed test at t/10-controller_methods.t line 89.
# got: undef
# expected: 'Called: list_commands (list_commands)'
# Failed test at t/10-controller_methods.t line 90.
# got: undef
# expected: 'Called: list_commands (list_commands)'
# Failed test at t/10-controller_methods.t line 91.
# got: undef
# expected: 'Called: alias (alias)'
# Failed test at t/10-controller_methods.t line 92.
# got: undef
# expected: 'Called: cmd1 (cmd1)'
# Looks like you failed 24 tests of 24.
t/10-controller_methods.t .....
Dubious, test returned 24 (wstat 6144, 0x1800)
Failed 24/24 subtests
Can't locate App/Rad/Parser.pm in @INC (@INC contains: /home/test/.cpan/build/App-Rad-1.05_01-KIdXEG/blib/lib /home/test/.cpan/build/App-Rad-1.05_01-KIdXEG/blib/arch /home/test/perl5/perlbrew/perls/perl-5.10.1-ld/lib/5.10.1/x86_64-linux-ld /home/test/perl5/perlbrew/perls/perl-5.10.1-ld/lib/5.10.1 /home/test/perl5/perlbrew/perls/perl-5.10.1-ld/lib/site_perl/5.10.1/x86_64-linux-ld /home/test/perl5/perlbrew/perls/perl-5.10.1-ld/lib/site_perl/5.10.1 .) at /home/test/.cpan/build/App-Rad-1.05_01-KIdXEG/blib/lib/App/Rad.pm line 3.
BEGIN failed--compilation aborted at /home/test/.cpan/build/App-Rad-1.05_01-KIdXEG/blib/lib/App/Rad.pm line 3.
Compilation failed in require at /home/test/perl5/perlbrew/perls/perl-5.10.1-ld/lib/site_perl/5.10.1/App/Rad/Tester.pm line 10.
# Looks like your test exited with 2 before it could output anything.
t/11-config.t .................
Dubious, test returned 2 (wstat 512, 0x200)
Failed 10/10 subtests
Can't locate App/Rad/Parser.pm in @INC (@INC contains: /home/test/.cpan/build/App-Rad-1.05_01-KIdXEG/blib/lib /home/test/.cpan/build/App-Rad-1.05_01-KIdXEG/blib/arch /home/test/perl5/perlbrew/perls/perl-5.10.1-ld/lib/5.10.1/x86_64-linux-ld /home/test/perl5/perlbrew/perls/perl-5.10.1-ld/lib/5.10.1 /home/test/perl5/perlbrew/perls/perl-5.10.1-ld/lib/site_perl/5.10.1/x86_64-linux-ld /home/test/perl5/perlbrew/perls/perl-5.10.1-ld/lib/site_perl/5.10.1 .) at /home/test/.cpan/build/App-Rad-1.05_01-KIdXEG/blib/lib/App/Rad.pm line 3.
BEGIN failed--compilation aborted at /home/test/.cpan/build/App-Rad-1.05_01-KIdXEG/blib/lib/App/Rad.pm line 3.
Compilation failed in require at /home/test/perl5/perlbrew/perls/perl-5.10.1-ld/lib/site_perl/5.10.1/App/Rad/Tester.pm line 10.
# Looks like your test exited with 2 before it could output anything.
t/12-register_commands-alt.t ..
Dubious, test returned 2 (wstat 512, 0x200)
Failed 7/7 subtests
# using temporary program file '/tmp/I5pd4g1HOd' to test functionality
Can't locate App/Rad/Parser.pm in @INC (@INC contains: /home/test/.cpan/build/App-Rad-1.05_01-KIdXEG/blib/lib /home/test/.cpan/build/App-Rad-1.05_01-KIdXEG/blib/arch /home/test/perl5/perlbrew/perls/perl-5.10.1-ld/lib/5.10.1/x86_64-linux-ld /home/test/perl5/perlbrew/perls/perl-5.10.1-ld/lib/5.10.1 /home/test/perl5/perlbrew/perls/perl-5.10.1-ld/lib/site_perl/5.10.1/x86_64-linux-ld /home/test/perl5/perlbrew/perls/perl-5.10.1-ld/lib/site_perl/5.10.1 .) at /home/test/.cpan/build/App-Rad-1.05_01-KIdXEG/blib/lib/App/Rad.pm line 3.
BEGIN failed--compilation aborted at /home/test/.cpan/build/App-Rad-1.05_01-KIdXEG/blib/lib/App/Rad.pm line 3.
Compilation failed in require at /tmp/I5pd4g1HOd line 1.
BEGIN failed--compilation aborted at /tmp/I5pd4g1HOd line 1.
# Failed test at t/12-register_commands.t line 42.
# got: ''
# expected: 'This is default. Over and out.
# '
Can't locate App/Rad/Parser.pm in @INC (@INC contains: /home/test/.cpan/build/App-Rad-1.05_01-KIdXEG/blib/lib /home/test/.cpan/build/App-Rad-1.05_01-KIdXEG/blib/arch /home/test/perl5/perlbrew/perls/perl-5.10.1-ld/lib/5.10.1/x86_64-linux-ld /home/test/perl5/perlbrew/perls/perl-5.10.1-ld/lib/5.10.1 /home/test/perl5/perlbrew/perls/perl-5.10.1-ld/lib/site_perl/5.10.1/x86_64-linux-ld /home/test/perl5/perlbrew/perls/perl-5.10.1-ld/lib/site_perl/5.10.1 .) at /home/test/.cpan/build/App-Rad-1.05_01-KIdXEG/blib/lib/App/Rad.pm line 3.
BEGIN failed--compilation aborted at /home/test/.cpan/build/App-Rad-1.05_01-KIdXEG/blib/lib/App/Rad.pm line 3.
Compilation failed in require at /tmp/I5pd4g1HOd line 1.
BEGIN failed--compilation aborted at /tmp/I5pd4g1HOd line 1.
# Failed test at t/12-register_commands.t line 56.
# got: ''
# expected: 'Usage: /tmp/I5pd4g1HOd command [arguments]
#
# Available Commands:
# bar
# foo
# help show syntax and available commands
#
# '
Can't locate App/Rad/Parser.pm in @INC (@INC contains: /home/test/.cpan/build/App-Rad-1.05_01-KIdXEG/blib/lib /home/test/.cpan/build/App-Rad-1.05_01-KIdXEG/blib/arch /home/test/perl5/perlbrew/perls/perl-5.10.1-ld/lib/5.10.1/x86_64-linux-ld /home/test/perl5/perlbrew/perls/perl-5.10.1-ld/lib/5.10.1 /home/test/perl5/perlbrew/perls/perl-5.10.1-ld/lib/site_perl/5.10.1/x86_64-linux-ld /home/test/perl5/perlbrew/perls/perl-5.10.1-ld/lib/site_perl/5.10.1 .) at /home/test/.cpan/build/App-Rad-1.05_01-KIdXEG/blib/lib/App/Rad.pm line 3.
BEGIN failed--compilation aborted at /home/test/.cpan/build/App-Rad-1.05_01-KIdXEG/blib/lib/App/Rad.pm line 3.
Compilation failed in require at /tmp/I5pd4g1HOd line 1.
BEGIN failed--compilation aborted at /tmp/I5pd4g1HOd line 1.
# Failed test at t/12-register_commands.t line 59.
# got: ''
# expected: 'hello
# '
Can't locate App/Rad/Parser.pm in @INC (@INC contains: /home/test/.cpan/build/App-Rad-1.05_01-KIdXEG/blib/lib /home/test/.cpan/build/App-Rad-1.05_01-KIdXEG/blib/arch /home/test/perl5/perlbrew/perls/perl-5.10.1-ld/lib/5.10.1/x86_64-linux-ld /home/test/perl5/perlbrew/perls/perl-5.10.1-ld/lib/5.10.1 /home/test/perl5/perlbrew/perls/perl-5.10.1-ld/lib/site_perl/5.10.1/x86_64-linux-ld /home/test/perl5/perlbrew/perls/perl-5.10.1-ld/lib/site_perl/5.10.1 .) at /home/test/.cpan/build/App-Rad-1.05_01-KIdXEG/blib/lib/App/Rad.pm line 3.
BEGIN failed--compilation aborted at /home/test/.cpan/build/App-Rad-1.05_01-KIdXEG/blib/lib/App/Rad.pm line 3.
Compilation failed in require at /tmp/I5pd4g1HOd line 1.
BEGIN failed--compilation aborted at /tmp/I5pd4g1HOd line 1.
# Failed test at t/12-register_commands.t line 62.
# got: ''
# expected: 'This is default. Over and out.
# '
Can't locate App/Rad/Parser.pm in @INC (@INC contains: /home/test/.cpan/build/App-Rad-1.05_01-KIdXEG/blib/lib /home/test/.cpan/build/App-Rad-1.05_01-KIdXEG/blib/arch /home/test/perl5/perlbrew/perls/perl-5.10.1-ld/lib/5.10.1/x86_64-linux-ld /home/test/perl5/perlbrew/perls/perl-5.10.1-ld/lib/5.10.1 /home/test/perl5/perlbrew/perls/perl-5.10.1-ld/lib/site_perl/5.10.1/x86_64-linux-ld /home/test/perl5/perlbrew/perls/perl-5.10.1-ld/lib/site_perl/5.10.1 .) at /home/test/.cpan/build/App-Rad-1.05_01-KIdXEG/blib/lib/App/Rad.pm line 3.
BEGIN failed--compilation aborted at /home/test/.cpan/build/App-Rad-1.05_01-KIdXEG/blib/lib/App/Rad.pm line 3.
Compilation failed in require at /tmp/I5pd4g1HOd line 1.
BEGIN failed--compilation aborted at /tmp/I5pd4g1HOd line 1.
# Failed test at t/12-register_commands.t line 65.
# got: ''
# expected: 'This is default. Over and out.
# '
Can't locate App/Rad/Parser.pm in @INC (@INC contains: /home/test/.cpan/build/App-Rad-1.05_01-KIdXEG/blib/lib /home/test/.cpan/build/App-Rad-1.05_01-KIdXEG/blib/arch /home/test/perl5/perlbrew/perls/perl-5.10.1-ld/lib/5.10.1/x86_64-linux-ld /home/test/perl5/perlbrew/perls/perl-5.10.1-ld/lib/5.10.1 /home/test/perl5/perlbrew/perls/perl-5.10.1-ld/lib/site_perl/5.10.1/x86_64-linux-ld /home/test/perl5/perlbrew/perls/perl-5.10.1-ld/lib/site_perl/5.10.1 .) at /home/test/.cpan/build/App-Rad-1.05_01-KIdXEG/blib/lib/App/Rad.pm line 3.
BEGIN failed--compilation aborted at /home/test/.cpan/build/App-Rad-1.05_01-KIdXEG/blib/lib/App/Rad.pm line 3.
Compilation failed in require at /tmp/I5pd4g1HOd line 1.
BEGIN failed--compilation aborted at /tmp/I5pd4g1HOd line 1.
# Failed test at t/12-register_commands.t line 68.
# got: ''
# expected: 'This is default. Over and out.
# '
Can't locate App/Rad/Parser.pm in @INC (@INC contains: /home/test/.cpan/build/App-Rad-1.05_01-KIdXEG/blib/lib /home/test/.cpan/build/App-Rad-1.05_01-KIdXEG/blib/arch /home/test/perl5/perlbrew/perls/perl-5.10.1-ld/lib/5.10.1/x86_64-linux-ld /home/test/perl5/perlbrew/perls/perl-5.10.1-ld/lib/5.10.1 /home/test/perl5/perlbrew/perls/perl-5.10.1-ld/lib/site_perl/5.10.1/x86_64-linux-ld /home/test/perl5/perlbrew/perls/perl-5.10.1-ld/lib/site_perl/5.10.1 .) at /home/test/.cpan/build/App-Rad-1.05_01-KIdXEG/blib/lib/App/Rad.pm line 3.
BEGIN failed--compilation aborted at /home/test/.cpan/build/App-Rad-1.05_01-KIdXEG/blib/lib/App/Rad.pm line 3.
Compilation failed in require at /tmp/I5pd4g1HOd line 1.
BEGIN failed--compilation aborted at /tmp/I5pd4g1HOd line 1.
# Failed test at t/12-register_commands.t line 71.
# got: ''
# expected: 'hi
# '
# Looks like you failed 7 tests of 7.
t/12-register_commands.t ......
Dubious, test returned 7 (wstat 1792, 0x700)
Failed 7/7 subtests
# using temporary program file '/tmp/bq0fNB8gd7' to test functionality
Can't locate App/Rad/Parser.pm in @INC (@INC contains: /home/test/.cpan/build/App-Rad-1.05_01-KIdXEG/blib/lib /home/test/.cpan/build/App-Rad-1.05_01-KIdXEG/blib/arch /home/test/perl5/perlbrew/perls/perl-5.10.1-ld/lib/5.10.1/x86_64-linux-ld /home/test/perl5/perlbrew/perls/perl-5.10.1-ld/lib/5.10.1 /home/test/perl5/perlbrew/perls/perl-5.10.1-ld/lib/site_perl/5.10.1/x86_64-linux-ld /home/test/perl5/perlbrew/perls/perl-5.10.1-ld/lib/site_perl/5.10.1 .) at /home/test/.cpan/build/App-Rad-1.05_01-KIdXEG/blib/lib/App/Rad.pm line 3.
BEGIN failed--compilation aborted at /home/test/.cpan/build/App-Rad-1.05_01-KIdXEG/blib/lib/App/Rad.pm line 3.
Compilation failed in require at /tmp/bq0fNB8gd7 line 1.
BEGIN failed--compilation aborted at /tmp/bq0fNB8gd7 line 1.
# Failed test at t/13-register_commands2.t line 49.
# got: ''
# expected: 'Usage: /tmp/bq0fNB8gd7 command [arguments]
#
# Available Commands:
# help show syntax and available commands
# ignore_prefix this is a command
# ignore_regexp this is another command
# ignore_suffix this too, since none of us start with a dash
#
# '
Can't locate App/Rad/Parser.pm in @INC (@INC contains: /home/test/.cpan/build/App-Rad-1.05_01-KIdXEG/blib/lib /home/test/.cpan/build/App-Rad-1.05_01-KIdXEG/blib/arch /home/test/perl5/perlbrew/perls/perl-5.10.1-ld/lib/5.10.1/x86_64-linux-ld /home/test/perl5/perlbrew/perls/perl-5.10.1-ld/lib/5.10.1 /home/test/perl5/perlbrew/perls/perl-5.10.1-ld/lib/site_perl/5.10.1/x86_64-linux-ld /home/test/perl5/perlbrew/perls/perl-5.10.1-ld/lib/site_perl/5.10.1 .) at /home/test/.cpan/build/App-Rad-1.05_01-KIdXEG/blib/lib/App/Rad.pm line 3.
BEGIN failed--compilation aborted at /home/test/.cpan/build/App-Rad-1.05_01-KIdXEG/blib/lib/App/Rad.pm line 3.
Compilation failed in require at /tmp/bq0fNB8gd7 line 1.
BEGIN failed--compilation aborted at /tmp/bq0fNB8gd7 line 1.
# Failed test at t/13-register_commands2.t line 52.
# got: ''
# expected: 'Usage: /tmp/bq0fNB8gd7 command [arguments]
#
# Available Commands:
# help show syntax and available commands
# ignore_prefix this is a command
# ignore_regexp this is another command
# ignore_suffix this too, since none of us start with a dash
#
# '
Can't locate App/Rad/Parser.pm in @INC (@INC contains: /home/test/.cpan/build/App-Rad-1.05_01-KIdXEG/blib/lib /home/test/.cpan/build/App-Rad-1.05_01-KIdXEG/blib/arch /home/test/perl5/perlbrew/perls/perl-5.10.1-ld/lib/5.10.1/x86_64-linux-ld /home/test/perl5/perlbrew/perls/perl-5.10.1-ld/lib/5.10.1 /home/test/perl5/perlbrew/perls/perl-5.10.1-ld/lib/site_perl/5.10.1/x86_64-linux-ld /home/test/perl5/perlbrew/perls/perl-5.10.1-ld/lib/site_perl/5.10.1 .) at /home/test/.cpan/build/App-Rad-1.05_01-KIdXEG/blib/lib/App/Rad.pm line 3.
BEGIN failed--compilation aborted at /home/test/.cpan/build/App-Rad-1.05_01-KIdXEG/blib/lib/App/Rad.pm line 3.
Compilation failed in require at /tmp/bq0fNB8gd7 line 1.
BEGIN failed--compilation aborted at /tmp/bq0fNB8gd7 line 1.
# Failed test at t/13-register_commands2.t line 55.
# got: ''
# expected: '1
# '
Can't locate App/Rad/Parser.pm in @INC (@INC contains: /home/test/.cpan/build/App-Rad-1.05_01-KIdXEG/blib/lib /home/test/.cpan/build/App-Rad-1.05_01-KIdXEG/blib/arch /home/test/perl5/perlbrew/perls/perl-5.10.1-ld/lib/5.10.1/x86_64-linux-ld /home/test/perl5/perlbrew/perls/perl-5.10.1-ld/lib/5.10.1 /home/test/perl5/perlbrew/perls/perl-5.10.1-ld/lib/site_perl/5.10.1/x86_64-linux-ld /home/test/perl5/perlbrew/perls/perl-5.10.1-ld/lib/site_perl/5.10.1 .) at /home/test/.cpan/build/App-Rad-1.05_01-KIdXEG/blib/lib/App/Rad.pm line 3.
BEGIN failed--compilation aborted at /home/test/.cpan/build/App-Rad-1.05_01-KIdXEG/blib/lib/App/Rad.pm line 3.
Compilation failed in require at /tmp/bq0fNB8gd7 line 1.
BEGIN failed--compilation aborted at /tmp/bq0fNB8gd7 line 1.
# Failed test at t/13-register_commands2.t line 58.
# got: ''
# expected: '2
# '
Can't locate App/Rad/Parser.pm in @INC (@INC contains: /home/test/.cpan/build/App-Rad-1.05_01-KIdXEG/blib/lib /home/test/.cpan/build/App-Rad-1.05_01-KIdXEG/blib/arch /home/test/perl5/perlbrew/perls/perl-5.10.1-ld/lib/5.10.1/x86_64-linux-ld /home/test/perl5/perlbrew/perls/perl-5.10.1-ld/lib/5.10.1 /home/test/perl5/perlbrew/perls/perl-5.10.1-ld/lib/site_perl/5.10.1/x86_64-linux-ld /home/test/perl5/perlbrew/perls/perl-5.10.1-ld/lib/site_perl/5.10.1 .) at /home/test/.cpan/build/App-Rad-1.05_01-KIdXEG/blib/lib/App/Rad.pm line 3.
BEGIN failed--compilation aborted at /home/test/.cpan/build/App-Rad-1.05_01-KIdXEG/blib/lib/App/Rad.pm line 3.
Compilation failed in require at /tmp/bq0fNB8gd7 line 1.
BEGIN failed--compilation aborted at /tmp/bq0fNB8gd7 line 1.
# Failed test at t/13-register_commands2.t line 61.
# got: ''
# expected: '3
# '
# Looks like you failed 5 tests of 5.
t/13-register_commands2.t .....
Dubious, test returned 5 (wstat 1280, 0x500)
Failed 5/5 subtests
# using temporary program file '/tmp/zpGXodJOuL' to test functionality
Can't locate App/Rad/Parser.pm in @INC (@INC contains: /home/test/.cpan/build/App-Rad-1.05_01-KIdXEG/blib/lib /home/test/.cpan/build/App-Rad-1.05_01-KIdXEG/blib/arch /home/test/perl5/perlbrew/perls/perl-5.10.1-ld/lib/5.10.1/x86_64-linux-ld /home/test/perl5/perlbrew/perls/perl-5.10.1-ld/lib/5.10.1 /home/test/perl5/perlbrew/perls/perl-5.10.1-ld/lib/site_perl/5.10.1/x86_64-linux-ld /home/test/perl5/perlbrew/perls/perl-5.10.1-ld/lib/site_perl/5.10.1 .) at /home/test/.cpan/build/App-Rad-1.05_01-KIdXEG/blib/lib/App/Rad.pm line 3.
BEGIN failed--compilation aborted at /home/test/.cpan/build/App-Rad-1.05_01-KIdXEG/blib/lib/App/Rad.pm line 3.
Compilation failed in require at /tmp/zpGXodJOuL line 1.
BEGIN failed--compilation aborted at /tmp/zpGXodJOuL line 1.
# Failed test at t/14-register_commands3.t line 38.
# got: ''
# expected: 'This is default. Over and out.
# '
Can't locate App/Rad/Parser.pm in @INC (@INC contains: /home/test/.cpan/build/App-Rad-1.05_01-KIdXEG/blib/lib /home/test/.cpan/build/App-Rad-1.05_01-KIdXEG/blib/arch /home/test/perl5/perlbrew/perls/perl-5.10.1-ld/lib/5.10.1/x86_64-linux-ld /home/test/perl5/perlbrew/perls/perl-5.10.1-ld/lib/5.10.1 /home/test/perl5/perlbrew/perls/perl-5.10.1-ld/lib/site_perl/5.10.1/x86_64-linux-ld /home/test/perl5/perlbrew/perls/perl-5.10.1-ld/lib/site_perl/5.10.1 .) at /home/test/.cpan/build/App-Rad-1.05_01-KIdXEG/blib/lib/App/Rad.pm line 3.
BEGIN failed--compilation aborted at /home/test/.cpan/build/App-Rad-1.05_01-KIdXEG/blib/lib/App/Rad.pm line 3.
Compilation failed in require at /tmp/zpGXodJOuL line 1.
BEGIN failed--compilation aborted at /tmp/zpGXodJOuL line 1.
# Failed test at t/14-register_commands3.t line 52.
# got: ''
# expected: 'Usage: /tmp/zpGXodJOuL command [arguments]
#
# Available Commands:
# bar
# foo
# help show syntax and available commands
#
# '
Can't locate App/Rad/Parser.pm in @INC (@INC contains: /home/test/.cpan/build/App-Rad-1.05_01-KIdXEG/blib/lib /home/test/.cpan/build/App-Rad-1.05_01-KIdXEG/blib/arch /home/test/perl5/perlbrew/perls/perl-5.10.1-ld/lib/5.10.1/x86_64-linux-ld /home/test/perl5/perlbrew/perls/perl-5.10.1-ld/lib/5.10.1 /home/test/perl5/perlbrew/perls/perl-5.10.1-ld/lib/site_perl/5.10.1/x86_64-linux-ld /home/test/perl5/perlbrew/perls/perl-5.10.1-ld/lib/site_perl/5.10.1 .) at /home/test/.cpan/build/App-Rad-1.05_01-KIdXEG/blib/lib/App/Rad.pm line 3.
BEGIN failed--compilation aborted at /home/test/.cpan/build/App-Rad-1.05_01-KIdXEG/blib/lib/App/Rad.pm line 3.
Compilation failed in require at /tmp/zpGXodJOuL line 1.
BEGIN failed--compilation aborted at /tmp/zpGXodJOuL line 1.
# Failed test at t/14-register_commands3.t line 55.
# got: ''
# expected: 'hello
# '
Can't locate App/Rad/Parser.pm in @INC (@INC contains: /home/test/.cpan/build/App-Rad-1.05_01-KIdXEG/blib/lib /home/test/.cpan/build/App-Rad-1.05_01-KIdXEG/blib/arch /home/test/perl5/perlbrew/perls/perl-5.10.1-ld/lib/5.10.1/x86_64-linux-ld /home/test/perl5/perlbrew/perls/perl-5.10.1-ld/lib/5.10.1 /home/test/perl5/perlbrew/perls/perl-5.10.1-ld/lib/site_perl/5.10.1/x86_64-linux-ld /home/test/perl5/perlbrew/perls/perl-5.10.1-ld/lib/site_perl/5.10.1 .) at /home/test/.cpan/build/App-Rad-1.05_01-KIdXEG/blib/lib/App/Rad.pm line 3.
BEGIN failed--compilation aborted at /home/test/.cpan/build/App-Rad-1.05_01-KIdXEG/blib/lib/App/Rad.pm line 3.
Compilation failed in require at /tmp/zpGXodJOuL line 1.
BEGIN failed--compilation aborted at /tmp/zpGXodJOuL line 1.
# Failed test at t/14-register_commands3.t line 58.
# got: ''
# expected: 'This is default. Over and out.
# '
Can't locate App/Rad/Parser.pm in @INC (@INC contains: /home/test/.cpan/build/App-Rad-1.05_01-KIdXEG/blib/lib /home/test/.cpan/build/App-Rad-1.05_01-KIdXEG/blib/arch /home/test/perl5/perlbrew/perls/perl-5.10.1-ld/lib/5.10.1/x86_64-linux-ld /home/test/perl5/perlbrew/perls/perl-5.10.1-ld/lib/5.10.1 /home/test/perl5/perlbrew/perls/perl-5.10.1-ld/lib/site_perl/5.10.1/x86_64-linux-ld /home/test/perl5/perlbrew/perls/perl-5.10.1-ld/lib/site_perl/5.10.1 .) at /home/test/.cpan/build/App-Rad-1.05_01-KIdXEG/blib/lib/App/Rad.pm line 3.
BEGIN failed--compilation aborted at /home/test/.cpan/build/App-Rad-1.05_01-KIdXEG/blib/lib/App/Rad.pm line 3.
Compilation failed in require at /tmp/zpGXodJOuL line 1.
BEGIN failed--compilation aborted at /tmp/zpGXodJOuL line 1.
# Failed test at t/14-register_commands3.t line 61.
# got: ''
# expected: 'This is default. Over and out.
# '
Can't locate App/Rad/Parser.pm in @INC (@INC contains: /home/test/.cpan/build/App-Rad-1.05_01-KIdXEG/blib/lib /home/test/.cpan/build/App-Rad-1.05_01-KIdXEG/blib/arch /home/test/perl5/perlbrew/perls/perl-5.10.1-ld/lib/5.10.1/x86_64-linux-ld /home/test/perl5/perlbrew/perls/perl-5.10.1-ld/lib/5.10.1 /home/test/perl5/perlbrew/perls/perl-5.10.1-ld/lib/site_perl/5.10.1/x86_64-linux-ld /home/test/perl5/perlbrew/perls/perl-5.10.1-ld/lib/site_perl/5.10.1 .) at /home/test/.cpan/build/App-Rad-1.05_01-KIdXEG/blib/lib/App/Rad.pm line 3.
BEGIN failed--compilation aborted at /home/test/.cpan/build/App-Rad-1.05_01-KIdXEG/blib/lib/App/Rad.pm line 3.
Compilation failed in require at /tmp/zpGXodJOuL line 1.
BEGIN failed--compilation aborted at /tmp/zpGXodJOuL line 1.
# Failed test at t/14-register_commands3.t line 64.
# got: ''
# expected: 'This is default. Over and out.
# '
Can't locate App/Rad/Parser.pm in @INC (@INC contains: /home/test/.cpan/build/App-Rad-1.05_01-KIdXEG/blib/lib /home/test/.cpan/build/App-Rad-1.05_01-KIdXEG/blib/arch /home/test/perl5/perlbrew/perls/perl-5.10.1-ld/lib/5.10.1/x86_64-linux-ld /home/test/perl5/perlbrew/perls/perl-5.10.1-ld/lib/5.10.1 /home/test/perl5/perlbrew/perls/perl-5.10.1-ld/lib/site_perl/5.10.1/x86_64-linux-ld /home/test/perl5/perlbrew/perls/perl-5.10.1-ld/lib/site_perl/5.10.1 .) at /home/test/.cpan/build/App-Rad-1.05_01-KIdXEG/blib/lib/App/Rad.pm line 3.
BEGIN failed--compilation aborted at /home/test/.cpan/build/App-Rad-1.05_01-KIdXEG/blib/lib/App/Rad.pm line 3.
Compilation failed in require at /tmp/zpGXodJOuL line 1.
BEGIN failed--compilation aborted at /tmp/zpGXodJOuL line 1.
# Failed test at t/14-register_commands3.t line 67.
# got: ''
# expected: 'hi
# '
# Looks like you failed 7 tests of 7.
t/14-register_commands3.t .....
Dubious, test returned 7 (wstat 1792, 0x700)
Failed 7/7 subtests
# using temporary program file '/tmp/ZufKMtGAU4' to test functionality
Can't locate App/Rad/Parser.pm in @INC (@INC contains: /home/test/.cpan/build/App-Rad-1.05_01-KIdXEG/blib/lib /home/test/.cpan/build/App-Rad-1.05_01-KIdXEG/blib/arch /home/test/perl5/perlbrew/perls/perl-5.10.1-ld/lib/5.10.1/x86_64-linux-ld /home/test/perl5/perlbrew/perls/perl-5.10.1-ld/lib/5.10.1 /home/test/perl5/perlbrew/perls/perl-5.10.1-ld/lib/site_perl/5.10.1/x86_64-linux-ld /home/test/perl5/perlbrew/perls/perl-5.10.1-ld/lib/site_perl/5.10.1 .) at /home/test/.cpan/build/App-Rad-1.05_01-KIdXEG/blib/lib/App/Rad.pm line 3.
BEGIN failed--compilation aborted at /home/test/.cpan/build/App-Rad-1.05_01-KIdXEG/blib/lib/App/Rad.pm line 3.
Compilation failed in require at /tmp/ZufKMtGAU4 line 1.
BEGIN failed--compilation aborted at /tmp/ZufKMtGAU4 line 1.
# Failed test at t/15-register_commands4.t line 41.
# got: ''
# expected: 'This is default. Over and out.
# '
Can't locate App/Rad/Parser.pm in @INC (@INC contains: /home/test/.cpan/build/App-Rad-1.05_01-KIdXEG/blib/lib /home/test/.cpan/build/App-Rad-1.05_01-KIdXEG/blib/arch /home/test/perl5/perlbrew/perls/perl-5.10.1-ld/lib/5.10.1/x86_64-linux-ld /home/test/perl5/perlbrew/perls/perl-5.10.1-ld/lib/5.10.1 /home/test/perl5/perlbrew/perls/perl-5.10.1-ld/lib/site_perl/5.10.1/x86_64-linux-ld /home/test/perl5/perlbrew/perls/perl-5.10.1-ld/lib/site_perl/5.10.1 .) at /home/test/.cpan/build/App-Rad-1.05_01-KIdXEG/blib/lib/App/Rad.pm line 3.
BEGIN failed--compilation aborted at /home/test/.cpan/build/App-Rad-1.05_01-KIdXEG/blib/lib/App/Rad.pm line 3.
Compilation failed in require at /tmp/ZufKMtGAU4 line 1.
BEGIN failed--compilation aborted at /tmp/ZufKMtGAU4 line 1.
# Failed test at t/15-register_commands4.t line 56.
# got: ''
# expected: 'Usage: /tmp/ZufKMtGAU4 command [arguments]
#
# Available Commands:
# bar
# foo
# foocmd
# help show syntax and available commands
#
# '
Can't locate App/Rad/Parser.pm in @INC (@INC contains: /home/test/.cpan/build/App-Rad-1.05_01-KIdXEG/blib/lib /home/test/.cpan/build/App-Rad-1.05_01-KIdXEG/blib/arch /home/test/perl5/perlbrew/perls/perl-5.10.1-ld/lib/5.10.1/x86_64-linux-ld /home/test/perl5/perlbrew/perls/perl-5.10.1-ld/lib/5.10.1 /home/test/perl5/perlbrew/perls/perl-5.10.1-ld/lib/site_perl/5.10.1/x86_64-linux-ld /home/test/perl5/perlbrew/perls/perl-5.10.1-ld/lib/site_perl/5.10.1 .) at /home/test/.cpan/build/App-Rad-1.05_01-KIdXEG/blib/lib/App/Rad.pm line 3.
BEGIN failed--compilation aborted at /home/test/.cpan/build/App-Rad-1.05_01-KIdXEG/blib/lib/App/Rad.pm line 3.
Compilation failed in require at /tmp/ZufKMtGAU4 line 1.
BEGIN failed--compilation aborted at /tmp/ZufKMtGAU4 line 1.
# Failed test at t/15-register_commands4.t line 59.
# got: ''
# expected: 'hello
# '
Can't locate App/Rad/Parser.pm in @INC (@INC contains: /home/test/.cpan/build/App-Rad-1.05_01-KIdXEG/blib/lib /home/test/.cpan/build/App-Rad-1.05_01-KIdXEG/blib/arch /home/test/perl5/perlbrew/perls/perl-5.10.1-ld/lib/5.10.1/x86_64-linux-ld /home/test/perl5/perlbrew/perls/perl-5.10.1-ld/lib/5.10.1 /home/test/perl5/perlbrew/perls/perl-5.10.1-ld/lib/site_perl/5.10.1/x86_64-linux-ld /home/test/perl5/perlbrew/perls/perl-5.10.1-ld/lib/site_perl/5.10.1 .) at /home/test/.cpan/build/App-Rad-1.05_01-KIdXEG/blib/lib/App/Rad.pm line 3.
BEGIN failed--compilation aborted at /home/test/.cpan/build/App-Rad-1.05_01-KIdXEG/blib/lib/App/Rad.pm line 3.
Compilation failed in require at /tmp/ZufKMtGAU4 line 1.
BEGIN failed--compilation aborted at /tmp/ZufKMtGAU4 line 1.
# Failed test at t/15-register_commands4.t line 62.
# got: ''
# expected: 'This is default. Over and out.
# '
Can't locate App/Rad/Parser.pm in @INC (@INC contains: /home/test/.cpan/build/App-Rad-1.05_01-KIdXEG/blib/lib /home/test/.cpan/build/App-Rad-1.05_01-KIdXEG/blib/arch /home/test/perl5/perlbrew/perls/perl-5.10.1-ld/lib/5.10.1/x86_64-linux-ld /home/test/perl5/perlbrew/perls/perl-5.10.1-ld/lib/5.10.1 /home/test/perl5/perlbrew/perls/perl-5.10.1-ld/lib/site_perl/5.10.1/x86_64-linux-ld /home/test/perl5/perlbrew/perls/perl-5.10.1-ld/lib/site_perl/5.10.1 .) at /home/test/.cpan/build/App-Rad-1.05_01-KIdXEG/blib/lib/App/Rad.pm line 3.
BEGIN failed--compilation aborted at /home/test/.cpan/build/App-Rad-1.05_01-KIdXEG/blib/lib/App/Rad.pm line 3.
Compilation failed in require at /tmp/ZufKMtGAU4 line 1.
BEGIN failed--compilation aborted at /tmp/ZufKMtGAU4 line 1.
# Failed test at t/15-register_commands4.t line 65.
# got: ''
# expected: 'yo
# '
Can't locate App/Rad/Parser.pm in @INC (@INC contains: /home/test/.cpan/build/App-Rad-1.05_01-KIdXEG/blib/lib /home/test/.cpan/build/App-Rad-1.05_01-KIdXEG/blib/arch /home/test/perl5/perlbrew/perls/perl-5.10.1-ld/lib/5.10.1/x86_64-linux-ld /home/test/perl5/perlbrew/perls/perl-5.10.1-ld/lib/5.10.1 /home/test/perl5/perlbrew/perls/perl-5.10.1-ld/lib/site_perl/5.10.1/x86_64-linux-ld /home/test/perl5/perlbrew/perls/perl-5.10.1-ld/lib/site_perl/5.10.1 .) at /home/test/.cpan/build/App-Rad-1.05_01-KIdXEG/blib/lib/App/Rad.pm line 3.
BEGIN failed--compilation aborted at /home/test/.cpan/build/App-Rad-1.05_01-KIdXEG/blib/lib/App/Rad.pm line 3.
Compilation failed in require at /tmp/ZufKMtGAU4 line 1.
BEGIN failed--compilation aborted at /tmp/ZufKMtGAU4 line 1.
# Failed test at t/15-register_commands4.t line 68.
# got: ''
# expected: 'This is default. Over and out.
# '
Can't locate App/Rad/Parser.pm in @INC (@INC contains: /home/test/.cpan/build/App-Rad-1.05_01-KIdXEG/blib/lib /home/test/.cpan/build/App-Rad-1.05_01-KIdXEG/blib/arch /home/test/perl5/perlbrew/perls/perl-5.10.1-ld/lib/5.10.1/x86_64-linux-ld /home/test/perl5/perlbrew/perls/perl-5.10.1-ld/lib/5.10.1 /home/test/perl5/perlbrew/perls/perl-5.10.1-ld/lib/site_perl/5.10.1/x86_64-linux-ld /home/test/perl5/perlbrew/perls/perl-5.10.1-ld/lib/site_perl/5.10.1 .) at /home/test/.cpan/build/App-Rad-1.05_01-KIdXEG/blib/lib/App/Rad.pm line 3.
BEGIN failed--compilation aborted at /home/test/.cpan/build/App-Rad-1.05_01-KIdXEG/blib/lib/App/Rad.pm line 3.
Compilation failed in require at /tmp/ZufKMtGAU4 line 1.
BEGIN failed--compilation aborted at /tmp/ZufKMtGAU4 line 1.
# Failed test at t/15-register_commands4.t line 71.
# got: ''
# expected: 'hi
# '
# Looks like you failed 7 tests of 7.
t/15-register_commands4.t .....
Dubious, test returned 7 (wstat 1792, 0x700)
Failed 7/7 subtests
# using temporary program file '/tmp/RsB0Z3p6ha' to test functionality
Can't locate App/Rad/Parser.pm in @INC (@INC contains: /home/test/.cpan/build/App-Rad-1.05_01-KIdXEG/blib/lib /home/test/.cpan/build/App-Rad-1.05_01-KIdXEG/blib/arch /home/test/perl5/perlbrew/perls/perl-5.10.1-ld/lib/5.10.1/x86_64-linux-ld /home/test/perl5/perlbrew/perls/perl-5.10.1-ld/lib/5.10.1 /home/test/perl5/perlbrew/perls/perl-5.10.1-ld/lib/site_perl/5.10.1/x86_64-linux-ld /home/test/perl5/perlbrew/perls/perl-5.10.1-ld/lib/site_perl/5.10.1 .) at /home/test/.cpan/build/App-Rad-1.05_01-KIdXEG/blib/lib/App/Rad.pm line 3.
BEGIN failed--compilation aborted at /home/test/.cpan/build/App-Rad-1.05_01-KIdXEG/blib/lib/App/Rad.pm line 3.
Compilation failed in require at /tmp/RsB0Z3p6ha line 1.
BEGIN failed--compilation aborted at /tmp/RsB0Z3p6ha line 1.
# Failed test at t/16-register_commands5.t line 43.
# got: ''
# expected: 'This is default. Over and out.
# '
Can't locate App/Rad/Parser.pm in @INC (@INC contains: /home/test/.cpan/build/App-Rad-1.05_01-KIdXEG/blib/lib /home/test/.cpan/build/App-Rad-1.05_01-KIdXEG/blib/arch /home/test/perl5/perlbrew/perls/perl-5.10.1-ld/lib/5.10.1/x86_64-linux-ld /home/test/perl5/perlbrew/perls/perl-5.10.1-ld/lib/5.10.1 /home/test/perl5/perlbrew/perls/perl-5.10.1-ld/lib/site_perl/5.10.1/x86_64-linux-ld /home/test/perl5/perlbrew/perls/perl-5.10.1-ld/lib/site_perl/5.10.1 .) at /home/test/.cpan/build/App-Rad-1.05_01-KIdXEG/blib/lib/App/Rad.pm line 3.
BEGIN failed--compilation aborted at /home/test/.cpan/build/App-Rad-1.05_01-KIdXEG/blib/lib/App/Rad.pm line 3.
Compilation failed in require at /tmp/RsB0Z3p6ha line 1.
BEGIN failed--compilation aborted at /tmp/RsB0Z3p6ha line 1.
# Failed test at t/16-register_commands5.t line 58.
# got: ''
# expected: 'Usage: /tmp/RsB0Z3p6ha command [arguments]
#
# Available Commands:
# bar help your bar
# foo help your foo
# foocmd
# help show syntax and available commands
#
# '
Can't locate App/Rad/Parser.pm in @INC (@INC contains: /home/test/.cpan/build/App-Rad-1.05_01-KIdXEG/blib/lib /home/test/.cpan/build/App-Rad-1.05_01-KIdXEG/blib/arch /home/test/perl5/perlbrew/perls/perl-5.10.1-ld/lib/5.10.1/x86_64-linux-ld /home/test/perl5/perlbrew/perls/perl-5.10.1-ld/lib/5.10.1 /home/test/perl5/perlbrew/perls/perl-5.10.1-ld/lib/site_perl/5.10.1/x86_64-linux-ld /home/test/perl5/perlbrew/perls/perl-5.10.1-ld/lib/site_perl/5.10.1 .) at /home/test/.cpan/build/App-Rad-1.05_01-KIdXEG/blib/lib/App/Rad.pm line 3.
BEGIN failed--compilation aborted at /home/test/.cpan/build/App-Rad-1.05_01-KIdXEG/blib/lib/App/Rad.pm line 3.
Compilation failed in require at /tmp/RsB0Z3p6ha line 1.
BEGIN failed--compilation aborted at /tmp/RsB0Z3p6ha line 1.
# Failed test at t/16-register_commands5.t line 61.
# got: ''
# expected: 'hello
# '
Can't locate App/Rad/Parser.pm in @INC (@INC contains: /home/test/.cpan/build/App-Rad-1.05_01-KIdXEG/blib/lib /home/test/.cpan/build/App-Rad-1.05_01-KIdXEG/blib/arch /home/test/perl5/perlbrew/perls/perl-5.10.1-ld/lib/5.10.1/x86_64-linux-ld /home/test/perl5/perlbrew/perls/perl-5.10.1-ld/lib/5.10.1 /home/test/perl5/perlbrew/perls/perl-5.10.1-ld/lib/site_perl/5.10.1/x86_64-linux-ld /home/test/perl5/perlbrew/perls/perl-5.10.1-ld/lib/site_perl/5.10.1 .) at /home/test/.cpan/build/App-Rad-1.05_01-KIdXEG/blib/lib/App/Rad.pm line 3.
BEGIN failed--compilation aborted at /home/test/.cpan/build/App-Rad-1.05_01-KIdXEG/blib/lib/App/Rad.pm line 3.
Compilation failed in require at /tmp/RsB0Z3p6ha line 1.
BEGIN failed--compilation aborted at /tmp/RsB0Z3p6ha line 1.
# Failed test at t/16-register_commands5.t line 64.
# got: ''
# expected: 'This is default. Over and out.
# '
Can't locate App/Rad/Parser.pm in @INC (@INC contains: /home/test/.cpan/build/App-Rad-1.05_01-KIdXEG/blib/lib /home/test/.cpan/build/App-Rad-1.05_01-KIdXEG/blib/arch /home/test/perl5/perlbrew/perls/perl-5.10.1-ld/lib/5.10.1/x86_64-linux-ld /home/test/perl5/perlbrew/perls/perl-5.10.1-ld/lib/5.10.1 /home/test/perl5/perlbrew/perls/perl-5.10.1-ld/lib/site_perl/5.10.1/x86_64-linux-ld /home/test/perl5/perlbrew/perls/perl-5.10.1-ld/lib/site_perl/5.10.1 .) at /home/test/.cpan/build/App-Rad-1.05_01-KIdXEG/blib/lib/App/Rad.pm line 3.
BEGIN failed--compilation aborted at /home/test/.cpan/build/App-Rad-1.05_01-KIdXEG/blib/lib/App/Rad.pm line 3.
Compilation failed in require at /tmp/RsB0Z3p6ha line 1.
BEGIN failed--compilation aborted at /tmp/RsB0Z3p6ha line 1.
# Failed test at t/16-register_commands5.t line 67.
# got: ''
# expected: 'yo
# '
Can't locate App/Rad/Parser.pm in @INC (@INC contains: /home/test/.cpan/build/App-Rad-1.05_01-KIdXEG/blib/lib /home/test/.cpan/build/App-Rad-1.05_01-KIdXEG/blib/arch /home/test/perl5/perlbrew/perls/perl-5.10.1-ld/lib/5.10.1/x86_64-linux-ld /home/test/perl5/perlbrew/perls/perl-5.10.1-ld/lib/5.10.1 /home/test/perl5/perlbrew/perls/perl-5.10.1-ld/lib/site_perl/5.10.1/x86_64-linux-ld /home/test/perl5/perlbrew/perls/perl-5.10.1-ld/lib/site_perl/5.10.1 .) at /home/test/.cpan/build/App-Rad-1.05_01-KIdXEG/blib/lib/App/Rad.pm line 3.
BEGIN failed--compilation aborted at /home/test/.cpan/build/App-Rad-1.05_01-KIdXEG/blib/lib/App/Rad.pm line 3.
Compilation failed in require at /tmp/RsB0Z3p6ha line 1.
BEGIN failed--compilation aborted at /tmp/RsB0Z3p6ha line 1.
# Failed test at t/16-register_commands5.t line 70.
# got: ''
# expected: 'This is default. Over and out.
# '
Can't locate App/Rad/Parser.pm in @INC (@INC contains: /home/test/.cpan/build/App-Rad-1.05_01-KIdXEG/blib/lib /home/test/.cpan/build/App-Rad-1.05_01-KIdXEG/blib/arch /home/test/perl5/perlbrew/perls/perl-5.10.1-ld/lib/5.10.1/x86_64-linux-ld /home/test/perl5/perlbrew/perls/perl-5.10.1-ld/lib/5.10.1 /home/test/perl5/perlbrew/perls/perl-5.10.1-ld/lib/site_perl/5.10.1/x86_64-linux-ld /home/test/perl5/perlbrew/perls/perl-5.10.1-ld/lib/site_perl/5.10.1 .) at /home/test/.cpan/build/App-Rad-1.05_01-KIdXEG/blib/lib/App/Rad.pm line 3.
BEGIN failed--compilation aborted at /home/test/.cpan/build/App-Rad-1.05_01-KIdXEG/blib/lib/App/Rad.pm line 3.
Compilation failed in require at /tmp/RsB0Z3p6ha line 1.
BEGIN failed--compilation aborted at /tmp/RsB0Z3p6ha line 1.
# Failed test at t/16-register_commands5.t line 73.
# got: ''
# expected: 'hi
# '
# Looks like you failed 7 tests of 7.
t/16-register_commands5.t .....
Dubious, test returned 7 (wstat 1792, 0x700)
Failed 7/7 subtests
# using temporary program file '/tmp/cxXgo6oALi' to test functionality
Can't locate App/Rad/Parser.pm in @INC (@INC contains: /home/test/.cpan/build/App-Rad-1.05_01-KIdXEG/blib/lib /home/test/.cpan/build/App-Rad-1.05_01-KIdXEG/blib/arch /home/test/perl5/perlbrew/perls/perl-5.10.1-ld/lib/5.10.1/x86_64-linux-ld /home/test/perl5/perlbrew/perls/perl-5.10.1-ld/lib/5.10.1 /home/test/perl5/perlbrew/perls/perl-5.10.1-ld/lib/site_perl/5.10.1/x86_64-linux-ld /home/test/perl5/perlbrew/perls/perl-5.10.1-ld/lib/site_perl/5.10.1 .) at /home/test/.cpan/build/App-Rad-1.05_01-KIdXEG/blib/lib/App/Rad.pm line 3.
BEGIN failed--compilation aborted at /home/test/.cpan/build/App-Rad-1.05_01-KIdXEG/blib/lib/App/Rad.pm line 3.
Compilation failed in require at /tmp/cxXgo6oALi line 1.
BEGIN failed--compilation aborted at /tmp/cxXgo6oALi line 1.
# Failed test at t/17-register_commands6.t line 46.
# got: ''
# expected: 'This is default. Over and out.
# '
Can't locate App/Rad/Parser.pm in @INC (@INC contains: /home/test/.cpan/build/App-Rad-1.05_01-KIdXEG/blib/lib /home/test/.cpan/build/App-Rad-1.05_01-KIdXEG/blib/arch /home/test/perl5/perlbrew/perls/perl-5.10.1-ld/lib/5.10.1/x86_64-linux-ld /home/test/perl5/perlbrew/perls/perl-5.10.1-ld/lib/5.10.1 /home/test/perl5/perlbrew/perls/perl-5.10.1-ld/lib/site_perl/5.10.1/x86_64-linux-ld /home/test/perl5/perlbrew/perls/perl-5.10.1-ld/lib/site_perl/5.10.1 .) at /home/test/.cpan/build/App-Rad-1.05_01-KIdXEG/blib/lib/App/Rad.pm line 3.
BEGIN failed--compilation aborted at /home/test/.cpan/build/App-Rad-1.05_01-KIdXEG/blib/lib/App/Rad.pm line 3.
Compilation failed in require at /tmp/cxXgo6oALi line 1.
BEGIN failed--compilation aborted at /tmp/cxXgo6oALi line 1.
# Failed test at t/17-register_commands6.t line 62.
# got: ''
# expected: 'Usage: /tmp/cxXgo6oALi command [arguments]
#
# Available Commands:
# bar
# baz help your baz
# foo
# foocmd
# help show syntax and available commands
#
# '
Can't locate App/Rad/Parser.pm in @INC (@INC contains: /home/test/.cpan/build/App-Rad-1.05_01-KIdXEG/blib/lib /home/test/.cpan/build/App-Rad-1.05_01-KIdXEG/blib/arch /home/test/perl5/perlbrew/perls/perl-5.10.1-ld/lib/5.10.1/x86_64-linux-ld /home/test/perl5/perlbrew/perls/perl-5.10.1-ld/lib/5.10.1 /home/test/perl5/perlbrew/perls/perl-5.10.1-ld/lib/site_perl/5.10.1/x86_64-linux-ld /home/test/perl5/perlbrew/perls/perl-5.10.1-ld/lib/site_perl/5.10.1 .) at /home/test/.cpan/build/App-Rad-1.05_01-KIdXEG/blib/lib/App/Rad.pm line 3.
BEGIN failed--compilation aborted at /home/test/.cpan/build/App-Rad-1.05_01-KIdXEG/blib/lib/App/Rad.pm line 3.
Compilation failed in require at /tmp/cxXgo6oALi line 1.
BEGIN failed--compilation aborted at /tmp/cxXgo6oALi line 1.
# Failed test at t/17-register_commands6.t line 65.
# got: ''
# expected: 'hello
# '
Can't locate App/Rad/Parser.pm in @INC (@INC contains: /home/test/.cpan/build/App-Rad-1.05_01-KIdXEG/blib/lib /home/test/.cpan/build/App-Rad-1.05_01-KIdXEG/blib/arch /home/test/perl5/perlbrew/perls/perl-5.10.1-ld/lib/5.10.1/x86_64-linux-ld /home/test/perl5/perlbrew/perls/perl-5.10.1-ld/lib/5.10.1 /home/test/perl5/perlbrew/perls/perl-5.10.1-ld/lib/site_perl/5.10.1/x86_64-linux-ld /home/test/perl5/perlbrew/perls/perl-5.10.1-ld/lib/site_perl/5.10.1 .) at /home/test/.cpan/build/App-Rad-1.05_01-KIdXEG/blib/lib/App/Rad.pm line 3.
BEGIN failed--compilation aborted at /home/test/.cpan/build/App-Rad-1.05_01-KIdXEG/blib/lib/App/Rad.pm line 3.
Compilation failed in require at /tmp/cxXgo6oALi line 1.
BEGIN failed--compilation aborted at /tmp/cxXgo6oALi line 1.
# Failed test at t/17-register_commands6.t line 68.
# got: ''
# expected: 'This is default. Over and out.
# '
Can't locate App/Rad/Parser.pm in @INC (@INC contains: /home/test/.cpan/build/App-Rad-1.05_01-KIdXEG/blib/lib /home/test/.cpan/build/App-Rad-1.05_01-KIdXEG/blib/arch /home/test/perl5/perlbrew/perls/perl-5.10.1-ld/lib/5.10.1/x86_64-linux-ld /home/test/perl5/perlbrew/perls/perl-5.10.1-ld/lib/5.10.1 /home/test/perl5/perlbrew/perls/perl-5.10.1-ld/lib/site_perl/5.10.1/x86_64-linux-ld /home/test/perl5/perlbrew/perls/perl-5.10.1-ld/lib/site_perl/5.10.1 .) at /home/test/.cpan/build/App-Rad-1.05_01-KIdXEG/blib/lib/App/Rad.pm line 3.
BEGIN failed--compilation aborted at /home/test/.cpan/build/App-Rad-1.05_01-KIdXEG/blib/lib/App/Rad.pm line 3.
Compilation failed in require at /tmp/cxXgo6oALi line 1.
BEGIN failed--compilation aborted at /tmp/cxXgo6oALi line 1.
# Failed test at t/17-register_commands6.t line 71.
# got: ''
# expected: 'yo
# '
Can't locate App/Rad/Parser.pm in @INC (@INC contains: /home/test/.cpan/build/App-Rad-1.05_01-KIdXEG/blib/lib /home/test/.cpan/build/App-Rad-1.05_01-KIdXEG/blib/arch /home/test/perl5/perlbrew/perls/perl-5.10.1-ld/lib/5.10.1/x86_64-linux-ld /home/test/perl5/perlbrew/perls/perl-5.10.1-ld/lib/5.10.1 /home/test/perl5/perlbrew/perls/perl-5.10.1-ld/lib/site_perl/5.10.1/x86_64-linux-ld /home/test/perl5/perlbrew/perls/perl-5.10.1-ld/lib/site_perl/5.10.1 .) at /home/test/.cpan/build/App-Rad-1.05_01-KIdXEG/blib/lib/App/Rad.pm line 3.
BEGIN failed--compilation aborted at /home/test/.cpan/build/App-Rad-1.05_01-KIdXEG/blib/lib/App/Rad.pm line 3.
Compilation failed in require at /tmp/cxXgo6oALi line 1.
BEGIN failed--compilation aborted at /tmp/cxXgo6oALi line 1.
# Failed test at t/17-register_commands6.t line 74.
# got: ''
# expected: 'This is default. Over and out.
# '
Can't locate App/Rad/Parser.pm in @INC (@INC contains: /home/test/.cpan/build/App-Rad-1.05_01-KIdXEG/blib/lib /home/test/.cpan/build/App-Rad-1.05_01-KIdXEG/blib/arch /home/test/perl5/perlbrew/perls/perl-5.10.1-ld/lib/5.10.1/x86_64-linux-ld /home/test/perl5/perlbrew/perls/perl-5.10.1-ld/lib/5.10.1 /home/test/perl5/perlbrew/perls/perl-5.10.1-ld/lib/site_perl/5.10.1/x86_64-linux-ld /home/test/perl5/perlbrew/perls/perl-5.10.1-ld/lib/site_perl/5.10.1 .) at /home/test/.cpan/build/App-Rad-1.05_01-KIdXEG/blib/lib/App/Rad.pm line 3.
BEGIN failed--compilation aborted at /home/test/.cpan/build/App-Rad-1.05_01-KIdXEG/blib/lib/App/Rad.pm line 3.
Compilation failed in require at /tmp/cxXgo6oALi line 1.
BEGIN failed--compilation aborted at /tmp/cxXgo6oALi line 1.
# Failed test at t/17-register_commands6.t line 77.
# got: ''
# expected: 'hi
# '
Can't locate App/Rad/Parser.pm in @INC (@INC contains: /home/test/.cpan/build/App-Rad-1.05_01-KIdXEG/blib/lib /home/test/.cpan/build/App-Rad-1.05_01-KIdXEG/blib/arch /home/test/perl5/perlbrew/perls/perl-5.10.1-ld/lib/5.10.1/x86_64-linux-ld /home/test/perl5/perlbrew/perls/perl-5.10.1-ld/lib/5.10.1 /home/test/perl5/perlbrew/perls/perl-5.10.1-ld/lib/site_perl/5.10.1/x86_64-linux-ld /home/test/perl5/perlbrew/perls/perl-5.10.1-ld/lib/site_perl/5.10.1 .) at /home/test/.cpan/build/App-Rad-1.05_01-KIdXEG/blib/lib/App/Rad.pm line 3.
BEGIN failed--compilation aborted at /home/test/.cpan/build/App-Rad-1.05_01-KIdXEG/blib/lib/App/Rad.pm line 3.
Compilation failed in require at /tmp/cxXgo6oALi line 1.
BEGIN failed--compilation aborted at /tmp/cxXgo6oALi line 1.
# Failed test at t/17-register_commands6.t line 80.
# got: ''
# expected: 'waza
# '
# Looks like you failed 8 tests of 8.
t/17-register_commands6.t .....
Dubious, test returned 8 (wstat 2048, 0x800)
Failed 8/8 subtests
# using temporary program file '/tmp/xHP2y8CDvj' to test functionality
Can't locate App/Rad/Parser.pm in @INC (@INC contains: /home/test/.cpan/build/App-Rad-1.05_01-KIdXEG/blib/lib /home/test/.cpan/build/App-Rad-1.05_01-KIdXEG/blib/arch /home/test/perl5/perlbrew/perls/perl-5.10.1-ld/lib/5.10.1/x86_64-linux-ld /home/test/perl5/perlbrew/perls/perl-5.10.1-ld/lib/5.10.1 /home/test/perl5/perlbrew/perls/perl-5.10.1-ld/lib/site_perl/5.10.1/x86_64-linux-ld /home/test/perl5/perlbrew/perls/perl-5.10.1-ld/lib/site_perl/5.10.1 .) at /home/test/.cpan/build/App-Rad-1.05_01-KIdXEG/blib/lib/App/Rad.pm line 3.
BEGIN failed--compilation aborted at /home/test/.cpan/build/App-Rad-1.05_01-KIdXEG/blib/lib/App/Rad.pm line 3.
Compilation failed in require at /tmp/xHP2y8CDvj line 1.
BEGIN failed--compilation aborted at /tmp/xHP2y8CDvj line 1.
# Failed test at t/18-help_by_attribute.t line 43.
# got: ''
# expected: 'Usage: /tmp/xHP2y8CDvj command [arguments]
#
# Available Commands:
# bar help for bar
# baz yet another help
# foo help for foo
# help show syntax and available commands
# singleword single
#
# '
# Looks like you failed 1 test of 1.
t/18-help_by_attribute.t ......
Dubious, test returned 1 (wstat 256, 0x100)
Failed 1/1 subtests
Can't locate App/Rad/Parser.pm in @INC (@INC contains: /home/test/.cpan/build/App-Rad-1.05_01-KIdXEG/t/lib /home/test/.cpan/build/App-Rad-1.05_01-KIdXEG/blib/lib /home/test/.cpan/build/App-Rad-1.05_01-KIdXEG/blib/arch /home/test/perl5/perlbrew/perls/perl-5.10.1-ld/lib/5.10.1/x86_64-linux-ld /home/test/perl5/perlbrew/perls/perl-5.10.1-ld/lib/5.10.1 /home/test/perl5/perlbrew/perls/perl-5.10.1-ld/lib/site_perl/5.10.1/x86_64-linux-ld /home/test/perl5/perlbrew/perls/perl-5.10.1-ld/lib/site_perl/5.10.1 .) at /home/test/.cpan/build/App-Rad-1.05_01-KIdXEG/blib/lib/App/Rad.pm line 3.
BEGIN failed--compilation aborted at /home/test/.cpan/build/App-Rad-1.05_01-KIdXEG/blib/lib/App/Rad.pm line 3.
Compilation failed in require at t/19-plugins.t line 5.
BEGIN failed--compilation aborted at t/19-plugins.t line 5.
# Looks like your test exited with 2 before it could output anything.
t/19-plugins.t ................
Dubious, test returned 2 (wstat 512, 0x200)
Failed 4/4 subtests
Can't locate App/Rad/Parser.pm in @INC (@INC contains: /home/test/.cpan/build/App-Rad-1.05_01-KIdXEG/t/lib /home/test/.cpan/build/App-Rad-1.05_01-KIdXEG/blib/lib /home/test/.cpan/build/App-Rad-1.05_01-KIdXEG/blib/arch /home/test/perl5/perlbrew/perls/perl-5.10.1-ld/lib/5.10.1/x86_64-linux-ld /home/test/perl5/perlbrew/perls/perl-5.10.1-ld/lib/5.10.1 /home/test/perl5/perlbrew/perls/perl-5.10.1-ld/lib/site_perl/5.10.1/x86_64-linux-ld /home/test/perl5/perlbrew/perls/perl-5.10.1-ld/lib/site_perl/5.10.1 .) at /home/test/.cpan/build/App-Rad-1.05_01-KIdXEG/blib/lib/App/Rad.pm line 3.
BEGIN failed--compilation aborted at /home/test/.cpan/build/App-Rad-1.05_01-KIdXEG/blib/lib/App/Rad.pm line 3.
Compilation failed in require at t/20-plugins2.t line 5.
BEGIN failed--compilation aborted at t/20-plugins2.t line 5.
# Looks like your test exited with 2 before it could output anything.
t/20-plugins2.t ...............
Dubious, test returned 2 (wstat 512, 0x200)
Failed 4/4 subtests
# Failed test at t/21-named_arguments.t line 66.
# 'Can't locate App/Rad/Parser.pm in @INC (@INC contains: /home/test/.cpan/build/App-Rad-1.05_01-KIdXEG/blib/lib /home/test/.cpan/build/App-Rad-1.05_01-KIdXEG/blib/arch /home/test/perl5/perlbrew/perls/perl-5.10.1-ld/lib/5.10.1/x86_64-linux-ld /home/test/perl5/perlbrew/perls/perl-5.10.1-ld/lib/5.10.1 /home/test/perl5/perlbrew/perls/perl-5.10.1-ld/lib/site_perl/5.10.1/x86_64-linux-ld /home/test/perl5/perlbrew/perls/perl-5.10.1-ld/lib/site_perl/5.10.1 .) at /home/test/.cpan/build/App-Rad-1.05_01-KIdXEG/blib/lib/App/Rad.pm line 3.
# BEGIN failed--compilation aborted at /home/test/.cpan/build/App-Rad-1.05_01-KIdXEG/blib/lib/App/Rad.pm line 3.
# Compilation failed in require at /home/test/perl5/perlbrew/perls/perl-5.10.1-ld/lib/site_perl/5.10.1/App/Rad/Tester.pm line 10.
# '
# doesn't match '(?-xism:^option 'opt4' is required for command cmd1 at )'
# Failed test at t/21-named_arguments.t line 72.
# 'Attempt to reload App/Rad.pm aborted.
# Compilation failed in require at /home/test/perl5/perlbrew/perls/perl-5.10.1-ld/lib/site_perl/5.10.1/App/Rad/Tester.pm line 10.
# '
# doesn't match '(?-xism:^missing 1 argument\(s\) for option 'opt4' at )'
# Failed test at t/21-named_arguments.t line 78.
# got: 'Attempt to reload App/Rad.pm aborted.
# Compilation failed in require at /home/test/perl5/perlbrew/perls/perl-5.10.1-ld/lib/site_perl/5.10.1/App/Rad/Tester.pm line 10.
# '
# expected: 'option 'opt7' requires a value of type 'num'
# '
# Failed test at t/21-named_arguments.t line 84.
# got: 'Attempt to reload App/Rad.pm aborted.
# Compilation failed in require at /home/test/perl5/perlbrew/perls/perl-5.10.1-ld/lib/site_perl/5.10.1/App/Rad/Tester.pm line 10.
# '
# expected: 'incorrect value for option 'opt1': number must be below 42
# '
# Failed test at t/21-named_arguments.t line 90.
# 'Attempt to reload App/Rad.pm aborted.
# Compilation failed in require at /home/test/perl5/perlbrew/perls/perl-5.10.1-ld/lib/site_perl/5.10.1/App/Rad/Tester.pm line 10.
# '
# doesn't match '(?-xism:^options 'opt2' and 'opt1' conflict and can not be used together at )'
# Failed test at t/21-named_arguments.t line 95.
# got: 'Attempt to reload App/Rad.pm aborted.
# Compilation failed in require at /home/test/perl5/perlbrew/perls/perl-5.10.1-ld/lib/site_perl/5.10.1/App/Rad/Tester.pm line 10.
# '
# expected: 'incorrect value for option 'opt1': number must be below 42
# '
# Failed test at t/21-named_arguments.t line 100.
# 'Attempt to reload App/Rad.pm aborted.
# Compilation failed in require at /home/test/perl5/perlbrew/perls/perl-5.10.1-ld/lib/site_perl/5.10.1/App/Rad/Tester.pm line 10.
# '
# doesn't match '(?-xism:options 'opt2' and 'opt1' conflict and can not be used together at )'
# Failed test at t/21-named_arguments.t line 105.
# 'Attempt to reload App/Rad.pm aborted.
# Compilation failed in require at /home/test/perl5/perlbrew/perls/perl-5.10.1-ld/lib/site_perl/5.10.1/App/Rad/Tester.pm line 10.
# '
# doesn't match '(?-xism:options 'opt2' and 'opt1' conflict and can not be used together at )'
# Failed test at t/21-named_arguments.t line 110.
# got: 'Attempt to reload App/Rad.pm aborted.
# Compilation failed in require at /home/test/perl5/perlbrew/perls/perl-5.10.1-ld/lib/site_perl/5.10.1/App/Rad/Tester.pm line 10.
# '
# expected: 'invalid option 'baz'
# '
Attempt to reload App/Rad.pm aborted.
Compilation failed in require at /home/test/perl5/perlbrew/perls/perl-5.10.1-ld/lib/site_perl/5.10.1/App/Rad/Tester.pm line 10.
# Tests were run but no plan was declared and done_testing() was not seen.
t/21-named_arguments.t ........
Dubious, test returned 2 (wstat 512, 0x200)
Failed 9/9 subtests
t/22-command_with_args.t ...... ok
t/pod.t ....................... ok
Test Summary Report
-------------------
t/00-load.t (Wstat: 256 Tests: 4 Failed: 1)
Failed test: 1
Non-zero exit status: 1
t/01-standard.t (Wstat: 512 Tests: 0 Failed: 0)
Non-zero exit status: 2
Parse errors: Bad plan. You planned 14 tests but ran 0.
t/02-defaultprogram.t (Wstat: 512 Tests: 2 Failed: 2)
Failed tests: 1-2
Non-zero exit status: 2
t/02.5-default_with_args.t (Wstat: 512 Tests: 2 Failed: 2)
Failed tests: 1-2
Non-zero exit status: 2
t/03-default_override.t (Wstat: 768 Tests: 3 Failed: 3)
Failed tests: 1-3
Non-zero exit status: 3
t/03.5-default_and_invalid.t (Wstat: 1280 Tests: 5 Failed: 5)
Failed tests: 1-5
Non-zero exit status: 5
t/04-help_override.t (Wstat: 512 Tests: 2 Failed: 2)
Failed tests: 1-2
Non-zero exit status: 2
t/05-commands-set.t (Wstat: 512 Tests: 0 Failed: 0)
Non-zero exit status: 2
Parse errors: Bad plan. You planned 3 tests but ran 0.
t/05-commands.t (Wstat: 768 Tests: 3 Failed: 3)
Failed tests: 1-3
Non-zero exit status: 3
t/05.5-commands_with_args.t (Wstat: 768 Tests: 3 Failed: 3)
Failed tests: 1-3
Non-zero exit status: 3
t/06-pre_post_tear.t (Wstat: 768 Tests: 3 Failed: 3)
Failed tests: 1-3
Non-zero exit status: 3
t/07-argv_and_opt.t (Wstat: 512 Tests: 0 Failed: 0)
Non-zero exit status: 2
Parse errors: Bad plan. You planned 36 tests but ran 0.
t/09-stash.t (Wstat: 1024 Tests: 4 Failed: 4)
Failed tests: 1-4
Non-zero exit status: 4
t/10-controller_methods.t (Wstat: 6144 Tests: 24 Failed: 24)
Failed tests: 1-24
Non-zero exit status: 24
t/11-config.t (Wstat: 512 Tests: 0 Failed: 0)
Non-zero exit status: 2
Parse errors: Bad plan. You planned 10 tests but ran 0.
t/12-register_commands-alt.t (Wstat: 512 Tests: 0 Failed: 0)
Non-zero exit status: 2
Parse errors: Bad plan. You planned 7 tests but ran 0.
t/12-register_commands.t (Wstat: 1792 Tests: 7 Failed: 7)
Failed tests: 1-7
Non-zero exit status: 7
t/13-register_commands2.t (Wstat: 1280 Tests: 5 Failed: 5)
Failed tests: 1-5
Non-zero exit status: 5
t/14-register_commands3.t (Wstat: 1792 Tests: 7 Failed: 7)
Failed tests: 1-7
Non-zero exit status: 7
t/15-register_commands4.t (Wstat: 1792 Tests: 7 Failed: 7)
Failed tests: 1-7
Non-zero exit status: 7
t/16-register_commands5.t (Wstat: 1792 Tests: 7 Failed: 7)
Failed tests: 1-7
Non-zero exit status: 7
t/17-register_commands6.t (Wstat: 2048 Tests: 8 Failed: 8)
Failed tests: 1-8
Non-zero exit status: 8
t/18-help_by_attribute.t (Wstat: 256 Tests: 1 Failed: 1)
Failed test: 1
Non-zero exit status: 1
t/19-plugins.t (Wstat: 512 Tests: 0 Failed: 0)
Non-zero exit status: 2
Parse errors: Bad plan. You planned 4 tests but ran 0.
t/20-plugins2.t (Wstat: 512 Tests: 0 Failed: 0)
Non-zero exit status: 2
Parse errors: Bad plan. You planned 4 tests but ran 0.
t/21-named_arguments.t (Wstat: 512 Tests: 9 Failed: 9)
Failed tests: 1-9
Non-zero exit status: 2
Parse errors: No plan found in TAP output
Files=29, Tests=160, 3 wallclock secs ( 0.11 usr 0.09 sys + 1.08 cusr 0.23 csys = 1.51 CPU)
Result: FAIL
Failed 26/29 test programs. 103/160 subtests failed.
make: *** [test_dynamic] Error 255
------------------------------
PREREQUISITES
------------------------------
Prerequisite modules loaded:
requires:
Module Need Have
------------------- ---- -------
Attribute::Handlers 0 0.93
B::Deparse 0 0.89
Carp 0 1.24
File::Temp 0 0.22
FindBin 0 1.50
Getopt::Long 2.36 2.38
Test::More 0 0.98
build_requires:
Module Need Have
------------------- ---- -------
ExtUtils::MakeMaker 0 6.63_02
configure_requires:
Module Need Have
------------------- ---- -------
ExtUtils::MakeMaker 0 6.63_02
------------------------------
ENVIRONMENT AND OTHER CONTEXT
------------------------------
Environment variables:
AUTOMATED_TESTING = 1
LANG = C
LC_ALL = C
MANPATH_WITHOUT_PERLBREW =
PATH = /home/test/perl5/perlbrew/bin:/home/test/perl5/perlbrew/perls/perl-5.10.1-ld/bin:/home/test/bin:~/bin:/usr/bin:/bin
PATH_WITHOUT_PERLBREW = /home/test/bin:~/bin:/usr/bin:/bin
PERL5LIB =
PERL5OPT =
PERL5_CPANPLUS_IS_RUNNING = 19217
PERL5_CPAN_IS_RUNNING = 19217
PERL5_CPAN_IS_RUNNING_IN_RECURSION = 18875,19217
PERLBREW_BASHRC_VERSION = 0.41
PERLBREW_HOME = /home/test/.perlbrew
PERLBREW_MANPATH = /home/test/perl5/perlbrew/perls/perl-5.10.1-ld/man
PERLBREW_PATH = /home/test/perl5/perlbrew/bin:/home/test/perl5/perlbrew/perls/perl-5.10.1-ld/bin
PERLBREW_PERL = perl-5.10.1-ld
PERLBREW_ROOT = /home/test/perl5/perlbrew
PERLBREW_VERSION = 0.41
PERL_CPANM_OPT = --prompt --mirror file:///mirrors/cpan/
PERL_CR_SMOKER_CURRENT = App-Rad-1.05_01
PERL_EXTUTILS_AUTOINSTALL = --defaultdeps
PERL_MM_USE_DEFAULT = 1
SHELL = /bin/bash
TERM = linux
Perl special variables (and OS-specific diagnostics, for MSWin32):
$^X = /home/test/perl5/perlbrew/perls/perl-5.10.1-ld/bin/perl
$UID/$EUID = 1001 / 1001
$GID = 1001 1001
$EGID = 1001 1001
Perl module toolchain versions installed:
Module Have
------------------- --------
CPAN 1.9800
CPAN::Meta 2.120351
Cwd 3.39_01
ExtUtils::CBuilder 0.280202
ExtUtils::Command 1.17
ExtUtils::Install 1.54
ExtUtils::MakeMaker 6.63_02
ExtUtils::Manifest 1.60
ExtUtils::ParseXS 3.15
File::Spec 3.39_01
JSON 2.27
JSON::PP 2.27008
Module::Build 0.3800
Module::Signature n/a
Parse::CPAN::Meta 1.4402
Test::Harness 3.23
Test::More 0.98
YAML 0.73
YAML::Syck 1.19
version 0.96
--
Summary of my perl5 (revision 5 version 10 subversion 1) configuration:
Platform:
osname=linux, osvers=2.6.35-28-generic, archname=x86_64-linux-ld
uname='linux zippy 2.6.35-28-generic #50-ubuntu smp fri mar 18 18:42:20 utc 2011 x86_64 gnulinux '
config_args='-de -Dprefix=/home/test/perl5/perlbrew/perls/perl-5.10.1-ld -Duselongdouble'
hint=recommended, useposix=true, d_sigaction=define
useithreads=undef, usemultiplicity=undef
useperlio=define, d_sfio=undef, uselargefiles=define, usesocks=undef
use64bitint=define, use64bitall=define, uselongdouble=define
usemymalloc=n, bincompat5005=undef
Compiler:
cc='cc', ccflags ='-fno-strict-aliasing -pipe -fstack-protector -I/usr/local/include -D_LARGEFILE_SOURCE -D_FILE_OFFSET_BITS=64',
optimize='-O2',
cppflags='-fno-strict-aliasing -pipe -fstack-protector -I/usr/local/include'
ccversion='', gccversion='4.4.5', gccosandvers=''
intsize=4, longsize=8, ptrsize=8, doublesize=8, byteorder=12345678
d_longlong=define, longlongsize=8, d_longdbl=define, longdblsize=16
ivtype='long', ivsize=8, nvtype='long double', nvsize=16, Off_t='off_t', lseeksize=8
alignbytes=16, prototype=define
Linker and Libraries:
ld='cc', ldflags =' -fstack-protector -L/usr/local/lib'
libpth=/usr/local/lib /lib/../lib /usr/lib/../lib /lib /usr/lib /usr/lib/x86_64-linux-gnu /lib64 /usr/lib64
libs=-lnsl -ldl -lm -lcrypt -lutil -lc
perllibs=-lnsl -ldl -lm -lcrypt -lutil -lc
libc=/lib/libc-2.12.1.so, so=so, useshrplib=false, libperl=libperl.a
gnulibc_version='2.12.1'
Dynamic Linking:
dlsrc=dl_dlopen.xs, dlext=so, d_dlsymun=undef, ccdlflags='-Wl,-E'
cccdlflags='-fPIC', lddlflags='-shared -O2 -L/usr/local/lib -fstack-protector'
Characteristics of this binary (from libperl):
Compile-time options: PERL_DONT_CREATE_GVSV PERL_MALLOC_WRAP USE_64_BIT_ALL
USE_64_BIT_INT USE_LARGE_FILES USE_LONG_DOUBLE
USE_PERLIO
Built under linux
Compiled at Feb 10 2012 00:19:07
%ENV:
PERL5LIB=""
PERL5OPT=""
PERL5_CPANPLUS_IS_RUNNING="19217"
PERL5_CPAN_IS_RUNNING="19217"
PERL5_CPAN_IS_RUNNING_IN_RECURSION="18875,19217"
PERLBREW_BASHRC_VERSION="0.41"
PERLBREW_HOME="/home/test/.perlbrew"
PERLBREW_MANPATH="/home/test/perl5/perlbrew/perls/perl-5.10.1-ld/man"
PERLBREW_PATH="/home/test/perl5/perlbrew/bin:/home/test/perl5/perlbrew/perls/perl-5.10.1-ld/bin"
PERLBREW_PERL="perl-5.10.1-ld"
PERLBREW_ROOT="/home/test/perl5/perlbrew"
PERLBREW_VERSION="0.41"
PERL_CPANM_OPT="--prompt --mirror file:///mirrors/cpan/"
PERL_CR_SMOKER_CURRENT="App-Rad-1.05_01"
PERL_EXTUTILS_AUTOINSTALL="--defaultdeps"
PERL_MM_USE_DEFAULT="1"
@INC:
/home/test/perl5/perlbrew/perls/perl-5.10.1-ld/lib/5.10.1/x86_64-linux-ld
/home/test/perl5/perlbrew/perls/perl-5.10.1-ld/lib/5.10.1
/home/test/perl5/perlbrew/perls/perl-5.10.1-ld/lib/site_perl/5.10.1/x86_64-linux-ld
/home/test/perl5/perlbrew/perls/perl-5.10.1-ld/lib/site_perl/5.10.1
.