CPAN-Checksums v2.14 Perl 5 v5.18.4 MSWin32-x86-multi-thread-64int
- Status
- Fail
- From
- NONAME
- Dist
-
CPAN-Checksums v2.14
- Platform
- Perl 5 v5.18.4 MSWin32-x86-multi-thread-64int
- Date
- 2023-06-06 15:02:05
- ID
- 22c240b4-6c51-1014-b426-32c9e3396204
This distribution has been tested as part of the CPAN Testers
project, supporting the Perl programming language. See
http://wiki.cpantesters.org/ for more information or email
questions to cpan-testers-discuss@perl.org
--
Dear Andreas J. Koenig,
This is a computer-generated report for CPAN-Checksums-2.14
on perl 5.18.4, created by CPAN-Reporter-1.2018.
Thank you for uploading your work to CPAN. However, there was a problem
testing your distribution.
If you think this report is invalid, please consult the CPAN Testers Wiki
for suggestions on how to avoid getting FAIL reports for missing library
or binary dependencies, unsupported operating systems, and so on:
http://wiki.cpantesters.org/wiki/CPANAuthorNotes
Sections of this report:
* Tester comments
* Program output
* Prerequisites
* Environment and other context
------------------------------
TESTER COMMENTS
------------------------------
Additional comments from tester:
none provided
------------------------------
PROGRAM OUTPUT
------------------------------
Output from 'C:\Strawberry\c\bin\dmake.exe test':
C:\"Strawberry\perl\bin\perl.exe" "-MExtUtils::Command::MM" "-MTest::Harness" "-e" "undef *Test::Harness::Switches; test_harness(0, 'blib\lib', 'blib\arch')" t/*.t
t/00signature.t .. skipped: Cannot connect to the keyserver
t/52podcover.t ... ok
t/pod.t .......... ok
# Failed test 'cpan_path is as expected'
# at t/updatedir.t line 85.
# 't\tdir'
# doesn't match '(?^:t/tdir$)'
# {
# '1' => {
# 'cpan_path' => 't\\tdir',
# 'md5' => 'c4ca4238a0b923820dcc509a6f75849b',
# 'mtime' => '2023-06-06',
# 'sha256' => '6b86b273ff34fce19d6b804eff5a3f5747ada4eaa22f1d49c01e52ddb7875b4b',
# 'size' => 1
# },
# '2' => {
# 'cpan_path' => 't\\tdir',
# 'md5' => '10400c6faf166902b52fb97042f1e0eb',
# 'mtime' => '2023-06-06',
# 'sha256' => 'df4e26a04a444901b95afef44e4a96cfae34690fff2ad2c66389c70079cdff2b',
# 'size' => 3
# }
# }
# Failed test 'size of file 2 is 2'
# at t/updatedir.t line 88.
# got: '3'
# expected: '2'
Could not rename: Permission denied at C:\Strawberry\cpan\build\CPAN-Checksums-2.14-0\blib\lib/CPAN/Checksums.pm line 224.
# Tests were run but no plan was declared and done_testing() was not seen.
# Looks like your test exited with 13 just after 29.
t/updatedir.t ....
Dubious, test returned 13 (wstat 3328, 0xd00)
Failed 2/29 subtests
Test Summary Report
-------------------
t/updatedir.t (Wstat: 3328 (exited 13) Tests: 29 Failed: 2)
Failed tests: 26, 28
Non-zero exit status: 13
Parse errors: No plan found in TAP output
Files=4, Tests=31, 6 wallclock secs ( 0.12 usr + 0.03 sys = 0.16 CPU)
Result: FAIL
Failed 1/4 test programs. 2/31 subtests failed.
dmake.exe: Error code 141, while making 'test_dynamic'
------------------------------
PREREQUISITES
------------------------------
Prerequisite modules loaded:
requires:
Module Need Have
------------------- ---- ------
Compress::Bzip2 0 2.28
Compress::Zlib 0 2.204
Data::Compare 0 1.29
Data::Dumper 0 2.183
Digest::MD5 2.36 2.58
Digest::SHA 0 6.04
DirHandle 0 1.04
File::Spec 0 3.75
File::Temp 0 0.2311
IO::File 1.14 1.51
Module::Signature 0 0.88
build_requires:
Module Need Have
------------------- ---- ------
ExtUtils::MakeMaker 0 7.70
configure_requires:
Module Need Have
------------------- ---- ------
ExtUtils::MakeMaker 0 7.70
------------------------------
ENVIRONMENT AND OTHER CONTEXT
------------------------------
Environment variables:
COMSPEC = C:\windows\system32\cmd.exe
NONINTERACTIVE_TESTING = 1
NUMBER_OF_PROCESSORS = 4
PATH = C:\home\journey\perl5\bin;C:\windows\system32;C:\windows;C:\windows\System32\Wbem;C:\windows\System32\WindowsPowerShell\v1.0\;C:\Strawberry\c\bin;C:\Strawberry\perl\site\bin;C:\Strawberry\perl\bin
PERL5LIB = C:\home\journey\perl5\lib\perl5
PERL5OPT =
PERL5_CPANPLUS_IS_RUNNING = 8040
PERL5_CPAN_IS_RUNNING = 8040
PERL_LOCAL_LIB_ROOT = C:\home\journey\perl5
PERL_MB_OPT = --install_base "C:\\home\\journey\\perl5"
PERL_MM_OPT = INSTALL_BASE=C:\\home\\journey\\perl5
PERL_MM_USE_DEFAULT = 1
PERL_USE_UNSAFE_INC = 1
PROCESSOR_IDENTIFIER = x86 Family 6 Model 37 Stepping 5, GenuineIntel
TEMP = C:\Users\user\AppData\Local\Temp
TERM = dumb
Perl special variables (and OS-specific diagnostics, for MSWin32):
$^X = C:\Strawberry\perl\bin\perl.exe
$UID/$EUID = 0 / 0
$GID = 0
$EGID = 0
Win32::GetOSName = Win7
Win32::GetOSVersion = Service Pack 1, 6, 1, 7601, 2, 1, 0, 256, 1
Win32::FsType = NTFS
Win32::IsAdminUser = 0
Perl module toolchain versions installed:
Module Have
------------------- --------
CPAN 2.34
CPAN::Meta 2.150010
Cwd 3.75
ExtUtils::CBuilder 0.280236
ExtUtils::Command 7.70
ExtUtils::Install 2.22
ExtUtils::MakeMaker 7.70
ExtUtils::Manifest 1.73
ExtUtils::ParseXS 3.44
File::Spec 3.75
JSON 4.10
JSON::PP 4.16
Module::Build 0.4232
Module::Signature 0.88
Parse::CPAN::Meta 2.150010
Test::Harness 3.45_02
Test::More 1.302195
YAML 1.27
YAML::Syck 1.34
version 0.9929
--
Summary of my perl5 (revision 5 version 18 subversion 4) configuration:
Platform:
osname=MSWin32, osvers=6.3, archname=MSWin32-x86-multi-thread-64int
uname='Win32 strawberry-perl 5.18.4.1 #1 Thu Oct 2 12:10:29 2014 i386'
config_args='undef'
hint=recommended, useposix=true, d_sigaction=undef
useithreads=define, usemultiplicity=define
useperlio=define, d_sfio=undef, uselargefiles=define, usesocks=undef
use64bitint=define, use64bitall=undef, uselongdouble=undef
usemymalloc=n, bincompat5005=undef
Compiler:
cc='gcc', ccflags =' -s -O2 -DWIN32 -DPERL_TEXTMODE_SCRIPTS -DPERL_IMPLICIT_CONTEXT -DPERL_IMPLICIT_SYS -DUSE_PERLIO -fno-strict-aliasing -mms-bitfields',
optimize='-s -O2',
cppflags='-DWIN32'
ccversion='', gccversion='4.7.3', gccosandvers=''
intsize=4, longsize=4, ptrsize=4, doublesize=8, byteorder=12345678
d_longlong=define, longlongsize=8, d_longdbl=define, longdblsize=12
ivtype='long long', ivsize=8, nvtype='double', nvsize=8, Off_t='long long', lseeksize=8
alignbytes=8, prototype=define
Linker and Libraries:
ld='g++', ldflags ='-s -L"C:\Strawberry\perl\lib\CORE" -L"C:\Strawberry\c\lib"'
libpth=C:\Strawberry\c\lib C:\Strawberry\c\i686-w64-mingw32\lib C:\Strawberry\c\lib\gcc\i686-w64-mingw32\4.7.3
libs=-lmoldname -lkernel32 -luser32 -lgdi32 -lwinspool -lcomdlg32 -ladvapi32 -lshell32 -lole32 -loleaut32 -lnetapi32 -luuid -lws2_32 -lmpr -lwinmm -lversion -lodbc32 -lodbccp32 -lcomctl32
perllibs=-lmoldname -lkernel32 -luser32 -lgdi32 -lwinspool -lcomdlg32 -ladvapi32 -lshell32 -lole32 -loleaut32 -lnetapi32 -luuid -lws2_32 -lmpr -lwinmm -lversion -lodbc32 -lodbccp32 -lcomctl32
libc=, so=dll, useshrplib=true, libperl=libperl518.a
gnulibc_version=''
Dynamic Linking:
dlsrc=dl_win32.xs, dlext=dll, d_dlsymun=undef, ccdlflags=' '
cccdlflags=' ', lddlflags='-mdll -s -L"C:\Strawberry\perl\lib\CORE" -L"C:\Strawberry\c\lib"'
Characteristics of this binary (from libperl):
Compile-time options: HAS_TIMES HAVE_INTERP_INTERN MULTIPLICITY
PERLIO_LAYERS PERL_DONT_CREATE_GVSV
PERL_HASH_FUNC_ONE_AT_A_TIME_HARD
PERL_IMPLICIT_CONTEXT PERL_IMPLICIT_SYS
PERL_MALLOC_WRAP PERL_PRESERVE_IVUV PERL_SAWAMPERSAND
USE_64_BIT_INT USE_ITHREADS USE_LARGE_FILES
USE_LOCALE USE_LOCALE_COLLATE USE_LOCALE_CTYPE
USE_LOCALE_NUMERIC USE_PERLIO USE_PERL_ATOF
Built under MSWin32
Compiled at Oct 2 2014 12:19:54
%ENV:
PERL5LIB="C:\home\journey\perl5\lib\perl5"
PERL5_CPANPLUS_IS_RUNNING="8040"
PERL5_CPAN_IS_RUNNING="8040"
PERL_LOCAL_LIB_ROOT="C:\home\journey\perl5"
PERL_MB_OPT="--install_base "C:\\home\\journey\\perl5""
PERL_MM_OPT="INSTALL_BASE=C:\\home\\journey\\perl5"
PERL_MM_USE_DEFAULT="1"
PERL_USE_UNSAFE_INC="1"
@INC:
C:\home\journey\perl5\lib\perl5/MSWin32-x86-multi-thread-64int
C:\home\journey\perl5\lib\perl5
C:/Strawberry/perl/site/lib
C:/Strawberry/perl/vendor/lib
C:/Strawberry/perl/lib
.