SQL-Translator-Producer-GraphQL v0.04 Perl 5 v5.24.1 x86_64-linux-thread-multi

Status
Fail
From
Slaven Rezić (SREZIC)
Dist
SQL-Translator-Producer-GraphQL v0.04
Platform
Perl 5 v5.24.1 x86_64-linux-thread-multi
Date
2018-12-04 22:08:31
ID
22d0097e-f811-11e8-968b-a13d3f7f332c
This distribution has been tested as part of the CPAN Testers
project, supporting the Perl programming language.  See
http://wiki.cpantesters.org/ for more information or email
questions to cpan-testers-discuss@perl.org


--
Dear Ed J,

This is a computer-generated report for SQL-Translator-Producer-GraphQL-0.04
on perl 5.24.1, created by CPAN-Reporter-1.2018.

Thank you for uploading your work to CPAN.  However, there was a problem
testing your distribution.

If you think this report is invalid, please consult the CPAN Testers Wiki
for suggestions on how to avoid getting FAIL reports for missing library
or binary dependencies, unsupported operating systems, and so on:

http://wiki.cpantesters.org/wiki/CPANAuthorNotes

Sections of this report:

    * Tester comments
    * Program output
    * Prerequisites
    * Environment and other context

------------------------------
TESTER COMMENTS
------------------------------

Additional comments from tester:

none provided

------------------------------
PROGRAM OUTPUT
------------------------------

Output from '/usr/bin/make test':

PERL_DL_NONLAZY=1 "/opt/perl-5.24.1t/bin/perl" "-MExtUtils::Command::MM" "-MTest::Harness" "-e" "undef *Test::Harness::Switches; test_harness(0, 'blib/lib', 'blib/arch')" t/*.t
t/00-compile.t ......... ok
# 
# Versions for all modules listed in MYMETA.json (including optional ones):
# 
# === Configure Requires ===
# 
#     Module              Want    Have Where                        Howbig
#     ------------------- ---- ------- ---------------------------- ------
#     ExtUtils::MakeMaker  any 7.10_02 /opt/perl-5.24.1t/lib/5.24.1 101810
# 
# === Build Requires ===
# 
#     Module              Want    Have Where                        Howbig
#     ------------------- ---- ------- ---------------------------- ------
#     ExtUtils::MakeMaker  any 7.10_02 /opt/perl-5.24.1t/lib/5.24.1 101810
# 
# === Test Requires ===
# 
#     Module     Want     Have Where                                  Howbig
#     ---------- ---- -------- -------------------------------------- ------
#     Test::More 0.98 1.302086 /opt/perl-5.24.1t/lib/site_perl/5.24.1  52999
# 
# === Runtime Requires ===
# 
#     Module                                       Want    Have Where                                                                                  Howbig
#     -------------------------------------------- ---- ------- -------------------------------------------------------------------------------------- ------
#     GraphQL                                      0.21    0.31 /home/cpansand/.cpan/build/2018120421/GraphQL-0.31-uSBpxl/blib/lib                       6103
#     GraphQL::Plugin::Convert::DBIC               0.03    0.07 /home/cpansand/.cpan/build/2018120421/GraphQL-Plugin-Convert-DBIC-0.07-T4IhgZ/blib/lib  18618
#     SQL::Translator                               any 0.11023 /opt/perl-5.24.1t/lib/site_perl/5.24.1                                                  34465
#     SQL::Translator::Producer::DBIx::Class::File  any     0.1 /opt/perl-5.24.1t/lib/site_perl/5.24.1                                                   5078
# 
t/00-report-prereqs.t .. ok
t/01-schema.t .......... ok

#   Failed test at t/02-dbicschema.t line 17.
#          got: 'type Blog {
#   content: String!
#   created_time: String!
#   get_blog_tags: [BlogTag]
#   id: Int!
#   location: String
#   subtitle: String
#   timestamp: DateTime!
#   title: String!
# }
# 
# input BlogCreateInput {
#   content: String!
#   created_time: String!
#   location: String
#   subtitle: String
#   timestamp: DateTime!
#   title: String!
# }
# 
# input BlogMutateInput {
#   content: String
#   created_time: String
#   id: Int!
#   location: String
#   subtitle: String
#   timestamp: DateTime
#   title: String
# }
# 
# input BlogSearchInput {
#   content: String
#   created_time: String
#   location: String
#   subtitle: String
#   timestamp: DateTime
#   title: String
# }
# 
# type BlogTag {
#   blog: Blog!
#   id: Int!
#   name: String!
# }
# 
# input BlogTagCreateInput {
#   blog: BlogMutateInput!
#   name: String!
# }
# 
# input BlogTagMutateInput {
#   id: Int!
#   name: String
# }
# 
# input BlogTagSearchInput {
#   name: String
# }
# 
# type Mutation {
#   createBlog(input: [BlogCreateInput!]!): [Blog]
#   createBlogTag(input: [BlogTagCreateInput!]!): [BlogTag]
#   createPhoto(input: [PhotoCreateInput!]!): [Photo]
#   createPhotoset(input: [PhotosetCreateInput!]!): [Photoset]
#   deleteBlog(input: [BlogMutateInput!]!): [Boolean]
#   deleteBlogTag(input: [BlogTagMutateInput!]!): [Boolean]
#   deletePhoto(input: [PhotoMutateInput!]!): [Boolean]
#   deletePhotoset(input: [PhotosetMutateInput!]!): [Boolean]
#   updateBlog(input: [BlogMutateInput!]!): [Blog]
#   updateBlogTag(input: [BlogTagMutateInput!]!): [BlogTag]
#   updatePhoto(input: [PhotoMutateInput!]!): [Photo]
#   updatePhotoset(input: [PhotosetMutateInput!]!): [Photoset]
# }
# 
# type Photo {
#   country: String
#   description: String
#   get_photosets: [Photoset]
#   id: String!
#   idx: Int
#   is_glen: String
#   isprimary: String
#   large: String
#   lat: String
#   locality: String
#   lon: String
#   medium: String
#   original: String
#   original_url: String
#   photoset: Photoset
#   region: String
#   small: String
#   square: String
#   taken: DateTime
#   thumbnail: String
# }
# 
# input PhotoCreateInput {
#   country: String
#   description: String
#   idx: Int
#   is_glen: String
#   isprimary: String
#   large: String
#   lat: String
#   locality: String
#   lon: String
#   medium: String
#   original: String
#   original_url: String
#   photoset: PhotosetMutateInput
#   region: String
#   small: String
#   square: String
#   taken: DateTime
#   thumbnail: String
# }
# 
# input PhotoMutateInput {
#   country: String
#   description: String
#   id: String!
#   idx: Int
#   is_glen: String
#   isprimary: String
#   large: String
#   lat: String
#   locality: String
#   lon: String
#   medium: String
#   original: String
#   original_url: String
#   region: String
#   small: String
#   square: String
#   taken: DateTime
#   thumbnail: String
# }
# 
# input PhotoSearchInput {
#   country: String
#   description: String
#   idx: Int
#   is_glen: String
#   isprimary: String
#   large: String
#   lat: String
#   locality: String
#   lon: String
#   medium: String
#   original: String
#   original_url: String
#   region: String
#   small: String
#   square: String
#   taken: DateTime
#   thumbnail: String
# }
# 
# type Photoset {
#   can_comment: Int
#   count_comments: Int
#   count_views: Int
#   date_create: Int
#   date_update: Int
#   description: String!
#   farm: Int!
#   get_photos: [Photo]
#   id: String!
#   idx: Int!
#   needs_interstitial: Int
#   photos: Int
#   primary_photo: Photo
#   secret: String!
#   server: String!
#   timestamp: DateTime!
#   title: String!
#   videos: Int
#   visibility_can_see_set: Int
# }
# 
# input PhotosetCreateInput {
#   can_comment: Int
#   count_comments: Int
#   count_views: Int
#   date_create: Int
#   date_update: Int
#   description: String!
#   farm: Int!
#   idx: Int!
#   needs_interstitial: Int
#   photos: Int
#   primary_photo: PhotoMutateInput
#   secret: String!
#   server: String!
#   timestamp: DateTime!
#   title: String!
#   videos: Int
#   visibility_can_see_set: Int
# }
# 
# input PhotosetMutateInput {
#   can_comment: Int
#   count_comments: Int
#   count_views: Int
#   date_create: Int
#   date_update: Int
#   description: String
#   farm: Int
#   id: String!
#   idx: Int
#   needs_interstitial: Int
#   photos: Int
#   secret: String
#   server: String
#   timestamp: DateTime
#   title: String
#   videos: Int
#   visibility_can_see_set: Int
# }
# 
# input PhotosetSearchInput {
#   can_comment: Int
#   count_comments: Int
#   count_views: Int
#   date_create: Int
#   date_update: Int
#   description: String
#   farm: Int
#   idx: Int
#   needs_interstitial: Int
#   photos: Int
#   secret: String
#   server: String
#   timestamp: DateTime
#   title: String
#   videos: Int
#   visibility_can_see_set: Int
# }
# 
# type Query {
#   blog(id: [Int!]!): [Blog]
#   blogTag(id: [Int!]!): [BlogTag]
#   photo(id: [String!]!): [Photo]
#   photoset(id: [String!]!): [Photoset]
#   # input to search
#   searchBlog(input: BlogSearchInput!): [Blog]
#   # input to search
#   searchBlogTag(input: BlogTagSearchInput!): [BlogTag]
#   # input to search
#   searchPhoto(input: PhotoSearchInput!): [Photo]
#   # input to search
#   searchPhotoset(input: PhotosetSearchInput!): [Photoset]
# }
# '
#     expected: 'type BlogTags {
#   blog: Blogs!
#   id: Int!
#   name: String!
# }
# 
# input BlogTagsCreateInput {
#   blog: BlogsMutateInput!
#   name: String!
# }
# 
# input BlogTagsMutateInput {
#   id: Int!
#   name: String
# }
# 
# input BlogTagsSearchInput {
#   name: String
# }
# 
# type Blogs {
#   content: String!
#   created_time: String!
#   get_blog_tags: [BlogTags]
#   id: Int!
#   location: String
#   subtitle: String
#   timestamp: DateTime!
#   title: String!
# }
# 
# input BlogsCreateInput {
#   content: String!
#   created_time: String!
#   location: String
#   subtitle: String
#   timestamp: DateTime!
#   title: String!
# }
# 
# input BlogsMutateInput {
#   content: String
#   created_time: String
#   id: Int!
#   location: String
#   subtitle: String
#   timestamp: DateTime
#   title: String
# }
# 
# input BlogsSearchInput {
#   content: String
#   created_time: String
#   location: String
#   subtitle: String
#   timestamp: DateTime
#   title: String
# }
# 
# type Mutation {
#   createBlogTags(input: [BlogTagsCreateInput!]!): [BlogTags]
#   createBlogs(input: [BlogsCreateInput!]!): [Blogs]
#   createPhotos(input: [PhotosCreateInput!]!): [Photos]
#   createPhotosets(input: [PhotosetsCreateInput!]!): [Photosets]
#   deleteBlogTags(input: [BlogTagsMutateInput!]!): [Boolean]
#   deleteBlogs(input: [BlogsMutateInput!]!): [Boolean]
#   deletePhotos(input: [PhotosMutateInput!]!): [Boolean]
#   deletePhotosets(input: [PhotosetsMutateInput!]!): [Boolean]
#   updateBlogTags(input: [BlogTagsMutateInput!]!): [BlogTags]
#   updateBlogs(input: [BlogsMutateInput!]!): [Blogs]
#   updatePhotos(input: [PhotosMutateInput!]!): [Photos]
#   updatePhotosets(input: [PhotosetsMutateInput!]!): [Photosets]
# }
# 
# type Photos {
#   country: String
#   description: String
#   get_photosets: [Photosets]
#   id: String!
#   idx: Int
#   is_glen: String
#   isprimary: String
#   large: String
#   lat: String
#   locality: String
#   lon: String
#   medium: String
#   original: String
#   original_url: String
#   photoset: Photosets
#   region: String
#   small: String
#   square: String
#   taken: DateTime
#   thumbnail: String
# }
# 
# input PhotosCreateInput {
#   country: String
#   description: String
#   idx: Int
#   is_glen: String
#   isprimary: String
#   large: String
#   lat: String
#   locality: String
#   lon: String
#   medium: String
#   original: String
#   original_url: String
#   photoset: PhotosetsMutateInput
#   region: String
#   small: String
#   square: String
#   taken: DateTime
#   thumbnail: String
# }
# 
# input PhotosMutateInput {
#   country: String
#   description: String
#   id: String!
#   idx: Int
#   is_glen: String
#   isprimary: String
#   large: String
#   lat: String
#   locality: String
#   lon: String
#   medium: String
#   original: String
#   original_url: String
#   region: String
#   small: String
#   square: String
#   taken: DateTime
#   thumbnail: String
# }
# 
# input PhotosSearchInput {
#   country: String
#   description: String
#   idx: Int
#   is_glen: String
#   isprimary: String
#   large: String
#   lat: String
#   locality: String
#   lon: String
#   medium: String
#   original: String
#   original_url: String
#   region: String
#   small: String
#   square: String
#   taken: DateTime
#   thumbnail: String
# }
# 
# type Photosets {
#   can_comment: Int
#   count_comments: Int
#   count_views: Int
#   date_create: Int
#   date_update: Int
#   description: String!
#   farm: Int!
#   get_photos: [Photos]
#   id: String!
#   idx: Int!
#   needs_interstitial: Int
#   photos: Int
#   primary_photo: Photos
#   secret: String!
#   server: String!
#   timestamp: DateTime!
#   title: String!
#   videos: Int
#   visibility_can_see_set: Int
# }
# 
# input PhotosetsCreateInput {
#   can_comment: Int
#   count_comments: Int
#   count_views: Int
#   date_create: Int
#   date_update: Int
#   description: String!
#   farm: Int!
#   idx: Int!
#   needs_interstitial: Int
#   photos: Int
#   primary_photo: PhotosMutateInput
#   secret: String!
#   server: String!
#   timestamp: DateTime!
#   title: String!
#   videos: Int
#   visibility_can_see_set: Int
# }
# 
# input PhotosetsMutateInput {
#   can_comment: Int
#   count_comments: Int
#   count_views: Int
#   date_create: Int
#   date_update: Int
#   description: String
#   farm: Int
#   id: String!
#   idx: Int
#   needs_interstitial: Int
#   photos: Int
#   secret: String
#   server: String
#   timestamp: DateTime
#   title: String
#   videos: Int
#   visibility_can_see_set: Int
# }
# 
# input PhotosetsSearchInput {
#   can_comment: Int
#   count_comments: Int
#   count_views: Int
#   date_create: Int
#   date_update: Int
#   description: String
#   farm: Int
#   idx: Int
#   needs_interstitial: Int
#   photos: Int
#   secret: String
#   server: String
#   timestamp: DateTime
#   title: String
#   videos: Int
#   visibility_can_see_set: Int
# }
# 
# type Query {
#   blogTags(id: [Int!]!): [BlogTags]
#   blogs(id: [Int!]!): [Blogs]
#   photos(id: [String!]!): [Photos]
#   photosets(id: [String!]!): [Photosets]
#   # input to search
#   searchBlogTags(input: BlogTagsSearchInput!): [BlogTags]
#   # input to search
#   searchBlogs(input: BlogsSearchInput!): [Blogs]
#   # input to search
#   searchPhotos(input: PhotosSearchInput!): [Photos]
#   # input to search
#   searchPhotosets(input: PhotosetsSearchInput!): [Photosets]
# }
# '
# Looks like you failed 1 test of 1.
t/02-dbicschema.t ...... 
Dubious, test returned 1 (wstat 256, 0x100)
Failed 1/1 subtests 

Test Summary Report
-------------------
t/02-dbicschema.t    (Wstat: 256 Tests: 1 Failed: 1)
  Failed test:  1
  Non-zero exit status: 1
Files=4, Tests=5,  4 wallclock secs ( 0.04 usr  0.01 sys +  3.30 cusr  0.42 csys =  3.77 CPU)
Result: FAIL
Failed 1/4 test programs. 1/5 subtests failed.
Makefile:878: recipe for target 'test_dynamic' failed
make: *** [test_dynamic] Error 1

------------------------------
PREREQUISITES
------------------------------

Prerequisite modules loaded:

requires:

    Module                                       Need  Have    
    -------------------------------------------- ----- --------
    GraphQL                                      0.21  0.31    
    GraphQL::Plugin::Convert::DBIC               0.03  0.07    
    perl                                         5.014 5.024001
    SQL::Translator                              0     0.11023 
    SQL::Translator::Producer::DBIx::Class::File 0     0.1     

build_requires:

    Module                                       Need  Have    
    -------------------------------------------- ----- --------
    ExtUtils::MakeMaker                          0     7.10_02 
    Test::More                                   0.98  1.302086

configure_requires:

    Module                                       Need  Have    
    -------------------------------------------- ----- --------
    ExtUtils::MakeMaker                          0     7.10_02 


------------------------------
ENVIRONMENT AND OTHER CONTEXT
------------------------------

Environment variables:

    LANG = C
    PATH = /usr/local/bin:/usr/bin:/bin:/usr/local/sbin:/usr/sbin:/sbin:/home/cpansand/bin/linux-gnu:/home/cpansand/bin/sh:/home/cpansand/bin:/usr/games:/home/cpansand/devel:/home/eserte/src/srezic-misc/scripts
    PERL5LIB = /home/cpansand/.cpan/build/2018120421/GraphQL-Plugin-Convert-DBIC-0.07-T4IhgZ/blib/arch:/home/cpansand/.cpan/build/2018120421/GraphQL-Plugin-Convert-DBIC-0.07-T4IhgZ/blib/lib:/home/cpansand/.cpan/build/2018120421/Test-Snapshot-0.06-haPsK3/blib/arch:/home/cpansand/.cpan/build/2018120421/Test-Snapshot-0.06-haPsK3/blib/lib:/home/cpansand/.cpan/build/2018120421/Lingua-EN-Inflect-Number-1.12-5c5bQW/blib/arch:/home/cpansand/.cpan/build/2018120421/Lingua-EN-Inflect-Number-1.12-5c5bQW/blib/lib:/home/cpansand/.cpan/build/2018120421/GraphQL-0.31-uSBpxl/blib/arch:/home/cpansand/.cpan/build/2018120421/GraphQL-0.31-uSBpxl/blib/lib:/home/cpansand/.cpan/build/2018120421/JSON-PP-2.97001-Wtiv0t/blib/arch:/home/cpansand/.cpan/build/2018120421/JSON-PP-2.97001-Wtiv0t/blib/lib:/home/cpansand/.cpan/build/2018120421/Pegex-0.70-etMp_4/blib/arch:/home/cpansand/.cpan/build/2018120421/Pegex-0.70-etMp_4/blib/lib:/home/cpansand/.cpan/build/2018120421/YAML-LibYAML-0.75-mVntJZ/blib/arch:/home/cpansand/.cpan/build/2018120421/YAML-LibYAML-0.75-mVntJZ/blib/lib:/home/cpansand/.cpan/build/2018120421/MooX-Thunking-0.08-awuoAl/blib/arch:/home/cpansand/.cpan/build/2018120421/MooX-Thunking-0.08-awuoAl/blib/lib:/home/cpansand/.cpan/build/2018120421/DateTime-Format-ISO8601-0.08-FDJTHq/blib/arch:/home/cpansand/.cpan/build/2018120421/DateTime-Format-ISO8601-0.08-FDJTHq/blib/lib:/home/cpansand/.cpan/build/2018120421/DateTime-Format-Builder-0.81-Li3qMM/blib/arch:/home/cpansand/.cpan/build/2018120421/DateTime-Format-Builder-0.81-Li3qMM/blib/lib:/home/cpansand/.cpan/build/2018120421/Class-Factory-Util-1.7-HEc00u/blib/arch:/home/cpansand/.cpan/build/2018120421/Class-Factory-Util-1.7-HEc00u/blib/lib:/home/cpansand/.cpan/build/2018120421/Function-Parameters-2.001003-OnCiHw/blib/arch:/home/cpansand/.cpan/build/2018120421/Function-Parameters-2.001003-OnCiHw/blib/lib:/home/cpansand/.cpan/build/2018120421/Dir-Self-0.11-35A_DO/blib/arch:/home/cpansand/.cpan/build/2018120421/Dir-Self-0.11-35A_DO/blib/lib:/home/cpansand/.cpan/build/2018120421/Return-Type-0.005-gOVocz/blib/arch:/home/cpansand/.cpan/build/2018120421/Return-Type-0.005-gOVocz/blib/lib
    PERL5OPT = 
    PERL5_CPANPLUS_IS_RUNNING = 22469
    PERL5_CPAN_IS_RUNNING = 22469
    PERL5_CPAN_IS_RUNNING_IN_RECURSION = 22369,22469
    PERLDOC = -MPod::Perldoc::ToTextOverstrike
    PERL_BATCH = yes
    PERL_CANARY_STABILITY_NOPROMPT = 1
    PERL_CPAN_REPORTER_CONFIG = /var/tmp/cpansmoker-1023/2018120421/cpanreporter_000_config.ini
    PERL_EXTUTILS_AUTOINSTALL = --defaultdeps
    SHELL = /usr/bin/zsh
    TERM = screen
    TMPDIR = /var/tmp/cpansmoker-1023/2018120421

Perl special variables (and OS-specific diagnostics, for MSWin32):

    $^X = /opt/perl-5.24.1t/bin/perl
    $UID/$EUID = 1023 / 1023
    $GID = 1023 1023
    $EGID = 1023 1023

Perl module toolchain versions installed:

    Module              Have      
    ------------------- ----------
    CPAN                2.11_01   
    CPAN::Meta          2.150005  
    Cwd                 3.63_01   
    ExtUtils::CBuilder  0.280225  
    ExtUtils::Command   7.10_02   
    ExtUtils::Install   2.04      
    ExtUtils::MakeMaker 7.10_02   
    ExtUtils::Manifest  1.70      
    ExtUtils::ParseXS   3.31      
    File::Spec          3.63_01   
    JSON                2.94      
    JSON::PP            2.97001   
    Module::Build       0.4224    
    Module::Signature   n/a       
    Parse::CPAN::Meta   1.4417_001
    Test::Harness       3.36_01   
    Test::More          1.302086  
    YAML                1.23      
    YAML::Syck          1.30      
    version             0.9916    


--

Summary of my perl5 (revision 5 version 24 subversion 1) configuration:
   
  Platform:
    osname=linux, osvers=4.9.0-3-amd64, archname=x86_64-linux-thread-multi
    uname='linux debian9 4.9.0-3-amd64 #1 smp debian 4.9.30-2+deb9u1 (2017-06-18) x86_64 gnulinux '
    config_args='-ds -e -Dprefix=/opt/perl-5.24.1t -Dusethreads -Dcf_email=srezic@cpan.org'
    hint=recommended, useposix=true, d_sigaction=define
    useithreads=define, usemultiplicity=define
    use64bitint=define, use64bitall=define, uselongdouble=undef
    usemymalloc=n, bincompat5005=undef
  Compiler:
    cc='cc', ccflags ='-D_REENTRANT -D_GNU_SOURCE -fwrapv -fno-strict-aliasing -pipe -fstack-protector-strong -I/usr/local/include -D_LARGEFILE_SOURCE -D_FILE_OFFSET_BITS=64',
    optimize='-O2',
    cppflags='-D_REENTRANT -D_GNU_SOURCE -fwrapv -fno-strict-aliasing -pipe -fstack-protector-strong -I/usr/local/include'
    ccversion='', gccversion='6.3.0 20170516', gccosandvers=''
    intsize=4, longsize=8, ptrsize=8, doublesize=8, byteorder=12345678, doublekind=3
    d_longlong=define, longlongsize=8, d_longdbl=define, longdblsize=16, longdblkind=3
    ivtype='long', ivsize=8, nvtype='double', nvsize=8, Off_t='off_t', lseeksize=8
    alignbytes=8, prototype=define
  Linker and Libraries:
    ld='cc', ldflags =' -fstack-protector-strong -L/usr/local/lib'
    libpth=/usr/local/lib /usr/lib/gcc/x86_64-linux-gnu/6/include-fixed /usr/include/x86_64-linux-gnu /usr/lib /lib/x86_64-linux-gnu /lib/../lib /usr/lib/x86_64-linux-gnu /usr/lib/../lib /lib
    libs=-lpthread -lnsl -lgdbm -ldb -ldl -lm -lcrypt -lutil -lc -lgdbm_compat
    perllibs=-lpthread -lnsl -ldl -lm -lcrypt -lutil -lc
    libc=libc-2.24.so, so=so, useshrplib=false, libperl=libperl.a
    gnulibc_version='2.24'
  Dynamic Linking:
    dlsrc=dl_dlopen.xs, dlext=so, d_dlsymun=undef, ccdlflags='-Wl,-E'
    cccdlflags='-fPIC', lddlflags='-shared -O2 -L/usr/local/lib -fstack-protector-strong'


Characteristics of this binary (from libperl): 
  Compile-time options: HAS_TIMES MULTIPLICITY PERLIO_LAYERS
                        PERL_COPY_ON_WRITE PERL_DONT_CREATE_GVSV
                        PERL_HASH_FUNC_ONE_AT_A_TIME_HARD
                        PERL_IMPLICIT_CONTEXT PERL_MALLOC_WRAP
                        PERL_PRESERVE_IVUV USE_64_BIT_ALL USE_64_BIT_INT
                        USE_ITHREADS USE_LARGE_FILES USE_LOCALE
                        USE_LOCALE_COLLATE USE_LOCALE_CTYPE
                        USE_LOCALE_NUMERIC USE_LOCALE_TIME USE_PERLIO
                        USE_PERL_ATOF USE_REENTRANT_API
  Locally applied patches:
	Devel::PatchPerl 1.48
  Built under linux
  Compiled at Jun 25 2017 14:39:12
  %ENV:
    PERL5LIB="/home/cpansand/.cpan/build/2018120421/GraphQL-Plugin-Convert-DBIC-0.07-T4IhgZ/blib/arch:/home/cpansand/.cpan/build/2018120421/GraphQL-Plugin-Convert-DBIC-0.07-T4IhgZ/blib/lib:/home/cpansand/.cpan/build/2018120421/Test-Snapshot-0.06-haPsK3/blib/arch:/home/cpansand/.cpan/build/2018120421/Test-Snapshot-0.06-haPsK3/blib/lib:/home/cpansand/.cpan/build/2018120421/Lingua-EN-Inflect-Number-1.12-5c5bQW/blib/arch:/home/cpansand/.cpan/build/2018120421/Lingua-EN-Inflect-Number-1.12-5c5bQW/blib/lib:/home/cpansand/.cpan/build/2018120421/GraphQL-0.31-uSBpxl/blib/arch:/home/cpansand/.cpan/build/2018120421/GraphQL-0.31-uSBpxl/blib/lib:/home/cpansand/.cpan/build/2018120421/JSON-PP-2.97001-Wtiv0t/blib/arch:/home/cpansand/.cpan/build/2018120421/JSON-PP-2.97001-Wtiv0t/blib/lib:/home/cpansand/.cpan/build/2018120421/Pegex-0.70-etMp_4/blib/arch:/home/cpansand/.cpan/build/2018120421/Pegex-0.70-etMp_4/blib/lib:/home/cpansand/.cpan/build/2018120421/YAML-LibYAML-0.75-mVntJZ/blib/arch:/home/cpansand/.cpan/build/2018120421/YAML-LibYAML-0.75-mVntJZ/blib/lib:/home/cpansand/.cpan/build/2018120421/MooX-Thunking-0.08-awuoAl/blib/arch:/home/cpansand/.cpan/build/2018120421/MooX-Thunking-0.08-awuoAl/blib/lib:/home/cpansand/.cpan/build/2018120421/DateTime-Format-ISO8601-0.08-FDJTHq/blib/arch:/home/cpansand/.cpan/build/2018120421/DateTime-Format-ISO8601-0.08-FDJTHq/blib/lib:/home/cpansand/.cpan/build/2018120421/DateTime-Format-Builder-0.81-Li3qMM/blib/arch:/home/cpansand/.cpan/build/2018120421/DateTime-Format-Builder-0.81-Li3qMM/blib/lib:/home/cpansand/.cpan/build/2018120421/Class-Factory-Util-1.7-HEc00u/blib/arch:/home/cpansand/.cpan/build/2018120421/Class-Factory-Util-1.7-HEc00u/blib/lib:/home/cpansand/.cpan/build/2018120421/Function-Parameters-2.001003-OnCiHw/blib/arch:/home/cpansand/.cpan/build/2018120421/Function-Parameters-2.001003-OnCiHw/blib/lib:/home/cpansand/.cpan/build/2018120421/Dir-Self-0.11-35A_DO/blib/arch:/home/cpansand/.cpan/build/2018120421/Dir-Self-0.11-35A_DO/blib/lib:/home/cpansand/.cpan/build/2018120421/Return-Type-0.005-gOVocz/blib/arch:/home/cpansand/.cpan/build/2018120421/Return-Type-0.005-gOVocz/blib/lib"
    PERL5OPT=""
    PERL5_CPANPLUS_IS_RUNNING="22469"
    PERL5_CPAN_IS_RUNNING="22469"
    PERL5_CPAN_IS_RUNNING_IN_RECURSION="22369,22469"
    PERLDOC="-MPod::Perldoc::ToTextOverstrike"
    PERL_BATCH="yes"
    PERL_CANARY_STABILITY_NOPROMPT="1"
    PERL_CPAN_REPORTER_CONFIG="/var/tmp/cpansmoker-1023/2018120421/cpanreporter_000_config.ini"
    PERL_EXTUTILS_AUTOINSTALL="--defaultdeps"
  @INC:
    /home/cpansand/.cpan/build/2018120421/GraphQL-Plugin-Convert-DBIC-0.07-T4IhgZ/blib/arch
    /home/cpansand/.cpan/build/2018120421/GraphQL-Plugin-Convert-DBIC-0.07-T4IhgZ/blib/lib
    /home/cpansand/.cpan/build/2018120421/Test-Snapshot-0.06-haPsK3/blib/arch
    /home/cpansand/.cpan/build/2018120421/Test-Snapshot-0.06-haPsK3/blib/lib
    /home/cpansand/.cpan/build/2018120421/Lingua-EN-Inflect-Number-1.12-5c5bQW/blib/arch
    /home/cpansand/.cpan/build/2018120421/Lingua-EN-Inflect-Number-1.12-5c5bQW/blib/lib
    /home/cpansand/.cpan/build/2018120421/GraphQL-0.31-uSBpxl/blib/arch
    /home/cpansand/.cpan/build/2018120421/GraphQL-0.31-uSBpxl/blib/lib
    /home/cpansand/.cpan/build/2018120421/JSON-PP-2.97001-Wtiv0t/blib/arch
    /home/cpansand/.cpan/build/2018120421/JSON-PP-2.97001-Wtiv0t/blib/lib
    /home/cpansand/.cpan/build/2018120421/Pegex-0.70-etMp_4/blib/arch
    /home/cpansand/.cpan/build/2018120421/Pegex-0.70-etMp_4/blib/lib
    /home/cpansand/.cpan/build/2018120421/YAML-LibYAML-0.75-mVntJZ/blib/arch
    /home/cpansand/.cpan/build/2018120421/YAML-LibYAML-0.75-mVntJZ/blib/lib
    /home/cpansand/.cpan/build/2018120421/MooX-Thunking-0.08-awuoAl/blib/arch
    /home/cpansand/.cpan/build/2018120421/MooX-Thunking-0.08-awuoAl/blib/lib
    /home/cpansand/.cpan/build/2018120421/DateTime-Format-ISO8601-0.08-FDJTHq/blib/arch
    /home/cpansand/.cpan/build/2018120421/DateTime-Format-ISO8601-0.08-FDJTHq/blib/lib
    /home/cpansand/.cpan/build/2018120421/DateTime-Format-Builder-0.81-Li3qMM/blib/arch
    /home/cpansand/.cpan/build/2018120421/DateTime-Format-Builder-0.81-Li3qMM/blib/lib
    /home/cpansand/.cpan/build/2018120421/Class-Factory-Util-1.7-HEc00u/blib/arch
    /home/cpansand/.cpan/build/2018120421/Class-Factory-Util-1.7-HEc00u/blib/lib
    /home/cpansand/.cpan/build/2018120421/Function-Parameters-2.001003-OnCiHw/blib/arch
    /home/cpansand/.cpan/build/2018120421/Function-Parameters-2.001003-OnCiHw/blib/lib
    /home/cpansand/.cpan/build/2018120421/Dir-Self-0.11-35A_DO/blib/arch
    /home/cpansand/.cpan/build/2018120421/Dir-Self-0.11-35A_DO/blib/lib
    /home/cpansand/.cpan/build/2018120421/Return-Type-0.005-gOVocz/blib/arch
    /home/cpansand/.cpan/build/2018120421/Return-Type-0.005-gOVocz/blib/lib
    /opt/perl-5.24.1t/lib/site_perl/5.24.1/x86_64-linux-thread-multi
    /opt/perl-5.24.1t/lib/site_perl/5.24.1
    /opt/perl-5.24.1t/lib/5.24.1/x86_64-linux-thread-multi
    /opt/perl-5.24.1t/lib/5.24.1
    .