VANAMBURG-SEMPROG-SimpleGraph v0.010 Perl 5 v5.28.0 x86_64-linux

Status
Fail
From
Slaven Rezić (SREZIC)
Dist
VANAMBURG-SEMPROG-SimpleGraph v0.010
Platform
Perl 5 v5.28.0 x86_64-linux
Date
2018-11-16 23:34:18
ID
22d292d8-e9f8-11e8-a95c-c4e237d03261
This distribution has been tested as part of the CPAN Testers
project, supporting the Perl programming language.  See
http://wiki.cpantesters.org/ for more information or email
questions to cpan-testers-discuss@perl.org


--
Dear Gordon Van Amburg,

This is a computer-generated report for VANAMBURG-SEMPROG-SimpleGraph-0.010
on perl 5.28.0, created by CPAN-Reporter-1.2018.

Thank you for uploading your work to CPAN.  However, there was a problem
testing your distribution.

If you think this report is invalid, please consult the CPAN Testers Wiki
for suggestions on how to avoid getting FAIL reports for missing library
or binary dependencies, unsupported operating systems, and so on:

http://wiki.cpantesters.org/wiki/CPANAuthorNotes

Sections of this report:

    * Tester comments
    * Program output
    * Prerequisites
    * Environment and other context

------------------------------
TESTER COMMENTS
------------------------------

Additional comments from tester:

none provided

------------------------------
PROGRAM OUTPUT
------------------------------

Output from '/usr/bin/make test':

PERL_DL_NONLAZY=1 "/opt/perl-5.28.0/bin/perl" "-MExtUtils::Command::MM" "-MTest::Harness" "-e" "undef *Test::Harness::Switches; test_harness(0, 'blib/lib', 'blib/arch')" t/*.t
# >>> t1 is gordon, add, triple1
# >>> gordon
# >>> gordon triples is 2
# >>> triple2 triples is 1
# >>> gordon triples is now 1
# >>> pot_belly_cost is cheap
t/00-load.t ......................... ok
t/pod-coverage.t .................... ok
# 
#    sub=San_Francisco_California
#    pred=inside  obj=California
#    pred=latitude  obj=37.775
#    pred=mayor  obj=Gavin Newsom
#    pred=population  obj=744042
#    pred=name  obj=San Francisco
#    pred=longitude  obj=-122.4183
#    sub=Stuttgart_Germany  obj=Manfred Rommel
#    sub=Aliso_Viejo_California  obj=Donald Garcia
#    sub=Cleveland_Ohio  obj=Frank G. Jackson
#    sub=Banning_California  obj=Brenda Salas
#    sub=Adelanto_California  obj=Charley B. Glasper
#    sub=New_York_New_York  obj=Michael Bloomberg
#    sub=Banning_California  obj=Debbie Franklin
#    sub=Philadelphia_Pennsylvania  obj=John F. Street
#    sub=Portsmouth_New_Hampshire  obj=Thomas G. Ferrini
#    sub=Hillsdale_Michigan  obj=Michael Sessions
#    sub=Chula_Vista_California  obj=Cheryl Cox
#    sub=Adelanto_California  obj=Steven R. Baisden
#    sub=Corona_California  obj=Steve Nolan
#    sub=Fremont_California  obj=Bob Wasserman
#    sub=San_Francisco_California  obj=Gavin Newsom
#    sub=Edmonton_Canada  obj=Bill Smith
#    sub=Fontana_California  obj=Mark Nuaimi
#    sub=Bakersfield_California  obj=Harvey Hall
#    sub=Half_Moon_Bay_California  obj=John Muller
#    sub=Alameda_California  obj=Beverly Johnson
#    sub=Portsmouth_New_Hampshire  obj=John Blalock
#    sub=Half_Moon_Bay_California  obj=Bonnie McClung
#    sub=Alameda_California  obj=Lena Tam
#    sub=Cincinnati_Ohio  obj=Jerry Springer
#    sub=Garden_Grove_California  obj=William Dalton
#    sub=Fremont_California  obj=Bill Harrison
#    sub=Corona_California  obj=Jeff Miller
#    sub=San_Jose_California  obj=Norman Mineta
#    sub=Glendale_California  obj=John Drayman
#    sub=Fresno_California  obj=Alan Autry
#    sub=Athens_Greece  obj=Dora Bakoyannis
#    sub=Detroit_Michigan  obj=Frank Murphy
#    sub=Garden_Grove_California  obj=Mark Rosen
#    sub=Cleveland_Ohio  obj=Dennis Kucinich
#    sub=Fontana_California  obj=Acquanetta Warren
#    sub=Wasilla_Alaska  obj=Sarah Palin
#    sub=Anaheim_California  obj=Curt Pringle
#    sub=Aliso_Viejo_California  obj=William Phillips
#    sub=Cleveland_Ohio  obj=Newton D. Baker
#    sub=Chicago_Illinois  obj=Richard M. Daley
# there are 30 cal cities
# mayor of Fontana_California is Acquanetta Warren
# mayor of Fontana_California is Mark Nuaimi
# mayor of Fresno_California is Alan Autry
# mayor of Adelanto_California is Steven R. Baisden
# mayor of Adelanto_California is Charley B. Glasper
# mayor of Chula_Vista_California is Cheryl Cox
# mayor of San_Jose_California is Norman Mineta
# mayor of Aliso_Viejo_California is William Phillips
# mayor of Aliso_Viejo_California is Donald Garcia
# mayor of Half_Moon_Bay_California is Bonnie McClung
# mayor of Half_Moon_Bay_California is John Muller
# mayor of Garden_Grove_California is Mark Rosen
# mayor of Garden_Grove_California is William Dalton
# mayor of Glendale_California is John Drayman
# mayor of Corona_California is Jeff Miller
# mayor of Corona_California is Steve Nolan
# mayor of Alameda_California is Beverly Johnson
# mayor of Alameda_California is Lena Tam
# mayor of San_Francisco_California is Gavin Newsom
# mayor of Banning_California is Debbie Franklin
# mayor of Banning_California is Brenda Salas
# mayor of Anaheim_California is Curt Pringle
# mayor of Bakersfield_California is Harvey Hall
# mayor of Fremont_California is Bill Harrison
# mayor of Fremont_California is Bob Wasserman
t/semprog_ch02_03_places.t .......... ok
# jt's partners
#     Justin Timberlake + Jenna Dewan
#     Justin Timberlake + Alyssa Milano
#     Cameron Diaz + Justin Timberlake
#     Justin Timberlake + Cameron Diaz
#     Alyssa Milano + Justin Timberlake
#     Jenna Dewan + Justin Timberlake
#     Justin Timberlake + Britney Spears
#     Justin Timberlake + Jessica Biel
#     Britney Spears + Justin Timberlake
#     Jessica Biel + Justin Timberlake
t/semprog_ch02_04_celebs.t .......... ok
# $VAR1 = 'SCHW';
# $VAR2 = 'ITG';
# $VAR3 = 'PNSN';
# $VAR4 = 'WDR';
# $VAR5 = 'DHIL';
# $VAR6 = 'SF';
# $VAR7 = 'TRAD';
# $VAR8 = 'TWPG';
# $VAR9 = 'COWN';
# $VAR10 = 'JEF';
# $VAR11 = 'LAB';
# $VAR12 = 'LM';
# $VAR13 = 'MER';
# $VAR14 = 'GS';
# $VAR15 = 'MS';
# $VAR16 = 'LEH';
# $VAR17 = 'OXPS';
# $VAR18 = 'NITE';
# $VAR19 = 'BSC';
# $VAR20 = 'CLMS';
# $VAR21 = 'MKTX';
# $VAR22 = 'BLK';
# $VAR23 = 'GBL';
t/semprog_ch02_05_business.t ........ ok
t/semprog_ch02_moviegraph.t ......... ok
# $VAR1 = {
#           'cont' => 'contrib285',
#           'dollars' => '30700.0',
#           'company' => 'BSC'
#         };
t/semprog_ch03_01_queries.t ......... ok
# triples before:
# $VAR1 = [
#           'White House',
#           'address',
#           '1600 Pennsylvania Avenue, Washington DC'
#         ];
Use of uninitialized value $geo_result in split at /home/cpansand/.cpan/build/2018111700/VANAMBURG-SEMPROG-SimpleGraph-0.010-0/blib/lib/VANAMBURG/SEMPROG/GeocodeRule.pm line 24.
# triples after:
# $VAR1 = [
#           'White House',
#           'address',
#           '1600 Pennsylvania Avenue, Washington DC'
#         ];

#   Failed test 'there are three triples after inference'
#   at t/semprog_ch03_02_inference.t line 30.
# Looks like you failed 1 test of 2.
t/semprog_ch03_02_inference.t ....... 
Dubious, test returned 1 (wstat 256, 0x100)
Failed 1/2 subtests 
# getting geo code data from internet -- could take a while...
Use of uninitialized value $geo_result in split at /home/cpansand/.cpan/build/2018111700/VANAMBURG-SEMPROG-SimpleGraph-0.010-0/blib/lib/VANAMBURG/SEMPROG/GeocodeRule.pm line 24.
Use of uninitialized value $geo_result in split at /home/cpansand/.cpan/build/2018111700/VANAMBURG-SEMPROG-SimpleGraph-0.010-0/blib/lib/VANAMBURG/SEMPROG/GeocodeRule.pm line 24.
Use of uninitialized value $geo_result in split at /home/cpansand/.cpan/build/2018111700/VANAMBURG-SEMPROG-SimpleGraph-0.010-0/blib/lib/VANAMBURG/SEMPROG/GeocodeRule.pm line 24.
Use of uninitialized value $geo_result in split at /home/cpansand/.cpan/build/2018111700/VANAMBURG-SEMPROG-SimpleGraph-0.010-0/blib/lib/VANAMBURG/SEMPROG/GeocodeRule.pm line 24.
Use of uninitialized value $geo_result in split at /home/cpansand/.cpan/build/2018111700/VANAMBURG-SEMPROG-SimpleGraph-0.010-0/blib/lib/VANAMBURG/SEMPROG/GeocodeRule.pm line 24.

#   Failed test '24 triples after first inference.'
#   at t/semprog_ch03_03_chain_of_rules.t line 22.
Attribute (latitude) does not pass the type constraint because: Validation failed for 'Num' with value  at accessor VANAMBURG::SEMPROG::CloseToRule::latitude (defined at /home/cpansand/.cpan/build/2018111700/VANAMBURG-SEMPROG-SimpleGraph-0.010-0/blib/lib/VANAMBURG/SEMPROG/CloseToRule.pm line 54) line 9
	VANAMBURG::SEMPROG::CloseToRule::latitude('VANAMBURG::SEMPROG::CloseToRule=HASH(0x412fdd8)', '') called at /home/cpansand/.cpan/build/2018111700/VANAMBURG-SEMPROG-SimpleGraph-0.010-0/blib/lib/VANAMBURG/SEMPROG/CloseToRule.pm line 40
	VANAMBURG::SEMPROG::CloseToRule::BUILD('VANAMBURG::SEMPROG::CloseToRule=HASH(0x412fdd8)', 'HASH(0x40e75c8)') called at constructor VANAMBURG::SEMPROG::CloseToRule::new (defined at /home/cpansand/.cpan/build/2018111700/VANAMBURG-SEMPROG-SimpleGraph-0.010-0/blib/lib/VANAMBURG/SEMPROG/CloseToRule.pm line 60) line 79
	VANAMBURG::SEMPROG::CloseToRule::new('VANAMBURG::SEMPROG::CloseToRule', 'place', 'White House', 'graph', 'VANAMBURG::SEMPROG::SimpleGraph=HASH(0x23a3578)') called at t/semprog_ch03_03_chain_of_rules.t line 25
# Looks like your test exited with 255 just after 2.
t/semprog_ch03_03_chain_of_rules.t .. 
Dubious, test returned 255 (wstat 65280, 0xff00)
Failed 3/4 subtests 
# loading movie data...
# load done.  finding path
# path=Kevin Bacon, Murder in the First, Christian Slater, True Romance, Val Kilmer
# path=Kevin Bacon, JFK, Donald Sutherland, MASH, Fred Williamson, Fist of Fear, Touch of Death, Bruce Lee
# path=Kevin Bacon, New York, I Love You, Hayden Christensen, Star Wars Episode VI: Return of the Jedi, Harrison Ford
t/semprog_ch03_04_shortest_path.t ... ok
t/semprog_ch03_05_join_graph.t ...... ok

Test Summary Report
-------------------
t/semprog_ch03_02_inference.t     (Wstat: 256 Tests: 2 Failed: 1)
  Failed test:  2
  Non-zero exit status: 1
t/semprog_ch03_03_chain_of_rules.t (Wstat: 65280 Tests: 2 Failed: 1)
  Failed test:  2
  Non-zero exit status: 255
  Parse errors: Bad plan.  You planned 4 tests but ran 2.
Files=11, Tests=40, 40 wallclock secs ( 0.08 usr  0.04 sys + 24.49 cusr  1.63 csys = 26.24 CPU)
Result: FAIL
Failed 2/11 test programs. 2/40 subtests failed.
make: *** [test_dynamic] Error 255

------------------------------
PREREQUISITES
------------------------------

Prerequisite modules loaded:

requires:

    Module              Need Have      
    ------------------- ---- ----------
    File::Slurp         0    9999.24   
    JSON                0    2.97001   
    List::MoreUtils     0    0.428     
    LWP::Simple         0    6.36      
    Modern::Perl        1.03 1.20181021
    Moose               0.93 2.2011    
    Moose::Role         0    2.2011    
    Set::Scalar         0    1.29      
    Test::More          0    1.302140  
    Text::CSV_XS        0    1.37      
    URI::Escape         0    3.31      

build_requires:

    Module              Need Have      
    ------------------- ---- ----------
    ExtUtils::MakeMaker 0    7.34      

configure_requires:

    Module              Need Have      
    ------------------- ---- ----------
    ExtUtils::MakeMaker 0    7.34      


------------------------------
ENVIRONMENT AND OTHER CONTEXT
------------------------------

Environment variables:

    LANG = en_US.UTF-8
    PATH = /usr/local/bin:/usr/bin:/bin:/usr/local/sbin:/usr/sbin:/sbin:/home/cpansand/bin/linux-gnu:/home/cpansand/bin/sh:/home/cpansand/bin:/usr/games:/home/cpansand/devel:/home/eserte/src/srezic-misc/scripts
    PERL5LIB = /home/cpansand/.cpan/build/2018111700/Encode-2.98-0/blib/arch:/home/cpansand/.cpan/build/2018111700/Encode-2.98-0/blib/lib:/home/cpansand/.cpan/build/2018111700/Text-CSV_XS-1.37-0/blib/arch:/home/cpansand/.cpan/build/2018111700/Text-CSV_XS-1.37-0/blib/lib:/home/cpansand/.cpan/build/2018111700/Set-Scalar-1.29-0/blib/arch:/home/cpansand/.cpan/build/2018111700/Set-Scalar-1.29-0/blib/lib:/home/cpansand/.cpan/build/2018111700/JSON-2.97001-3/blib/arch:/home/cpansand/.cpan/build/2018111700/JSON-2.97001-3/blib/lib:/home/cpansand/.cpan/build/2018111700/VMPS-Server-0.04-0/blib/arch:/home/cpansand/.cpan/build/2018111700/VMPS-Server-0.04-0/blib/lib:/home/cpansand/.cpan/build/2018111700/Net-Server-2.009-0/blib/arch:/home/cpansand/.cpan/build/2018111700/Net-Server-2.009-0/blib/lib:/home/cpansand/.cpan/build/2018111700/Net-MAC-2.103622-0/blib/arch:/home/cpansand/.cpan/build/2018111700/Net-MAC-2.103622-0/blib/lib:/home/cpansand/.cpan/build/2018111700/VMware-vCloud-2.404-0/blib/arch:/home/cpansand/.cpan/build/2018111700/VMware-vCloud-2.404-0/blib/lib:/home/cpansand/.cpan/build/2018111700/Term-Prompt-1.04-0/blib/arch:/home/cpansand/.cpan/build/2018111700/Term-Prompt-1.04-0/blib/lib:/home/cpansand/.cpan/build/2018111700/Cache-Bounded-1.09-0/blib/arch:/home/cpansand/.cpan/build/2018111700/Cache-Bounded-1.09-0/blib/lib:/home/cpansand/.cpan/build/2018111700/Text-TabularDisplay-1.38-0/blib/arch:/home/cpansand/.cpan/build/2018111700/Text-TabularDisplay-1.38-0/blib/lib
    PERL5OPT = 
    PERL5_CPANPLUS_IS_RUNNING = 27523
    PERL5_CPAN_IS_RUNNING = 27523
    PERL5_CPAN_IS_RUNNING_IN_RECURSION = 21833,27523
    PERLDOC = -MPod::Perldoc::ToTextOverstrike
    PERL_BATCH = yes
    PERL_CANARY_STABILITY_NOPROMPT = 1
    PERL_CPAN_REPORTER_CONFIG = /var/tmp/cpansmoker-1023/2018111621/cpanreporter_000_config.ini
    PERL_EXTUTILS_AUTOINSTALL = --defaultdeps
    PERL_USE_UNSAFE_INC = 1
    SHELL = /usr/bin/zsh
    TERM = screen
    TMPDIR = /var/tmp/cpansmoker-1023/2018111621

Perl special variables (and OS-specific diagnostics, for MSWin32):

    $^X = /opt/perl-5.28.0/bin/perl
    $UID/$EUID = 1023 / 1023
    $GID = 1023 1023
    $EGID = 1023 1023

Perl module toolchain versions installed:

    Module              Have    
    ------------------- --------
    CPAN                2.20    
    CPAN::Meta          2.150010
    Cwd                 3.74    
    ExtUtils::CBuilder  0.280230
    ExtUtils::Command   7.34    
    ExtUtils::Install   2.14    
    ExtUtils::MakeMaker 7.34    
    ExtUtils::Manifest  1.70    
    ExtUtils::ParseXS   3.39    
    File::Spec          3.74    
    JSON                2.97001 
    JSON::PP            2.97001 
    Module::Build       0.4224  
    Module::Signature   0.83    
    Parse::CPAN::Meta   2.150010
    Test::Harness       3.42    
    Test::More          1.302140
    YAML                1.26    
    YAML::Syck          1.31    
    version             0.9923  


--

Summary of my perl5 (revision 5 version 28 subversion 0) configuration:
   
  Platform:
    osname=linux
    osvers=3.10.0-862.14.4.el7.x86_64
    archname=x86_64-linux
    uname='linux centos-4gb-hel1-1 3.10.0-862.14.4.el7.x86_64 #1 smp wed sep 26 15:12:11 utc 2018 x86_64 x86_64 x86_64 gnulinux '
    config_args='-ds -e -Dprefix=/opt/perl-5.28.0 -Dcf_email=srezic@cpan.org'
    hint=recommended
    useposix=true
    d_sigaction=define
    useithreads=undef
    usemultiplicity=undef
    use64bitint=define
    use64bitall=define
    uselongdouble=undef
    usemymalloc=n
    default_inc_excludes_dot=define
    bincompat5005=undef
  Compiler:
    cc='cc'
    ccflags ='-fwrapv -fno-strict-aliasing -pipe -fstack-protector-strong -I/usr/local/include -D_LARGEFILE_SOURCE -D_FILE_OFFSET_BITS=64 -D_FORTIFY_SOURCE=2'
    optimize='-O2'
    cppflags='-fwrapv -fno-strict-aliasing -pipe -fstack-protector-strong -I/usr/local/include'
    ccversion=''
    gccversion='4.8.5 20150623 (Red Hat 4.8.5-28)'
    gccosandvers=''
    intsize=4
    longsize=8
    ptrsize=8
    doublesize=8
    byteorder=12345678
    doublekind=3
    d_longlong=define
    longlongsize=8
    d_longdbl=define
    longdblsize=16
    longdblkind=3
    ivtype='long'
    ivsize=8
    nvtype='double'
    nvsize=8
    Off_t='off_t'
    lseeksize=8
    alignbytes=8
    prototype=define
  Linker and Libraries:
    ld='cc'
    ldflags =' -fstack-protector-strong -L/usr/local/lib'
    libpth=/usr/local/lib /usr/lib /lib/../lib64 /usr/lib/../lib64 /lib /lib64 /usr/lib64 /usr/local/lib64
    libs=-lpthread -lnsl -lgdbm -ldb -ldl -lm -lcrypt -lutil -lc -lgdbm_compat
    perllibs=-lpthread -lnsl -ldl -lm -lcrypt -lutil -lc
    libc=libc-2.17.so
    so=so
    useshrplib=false
    libperl=libperl.a
    gnulibc_version='2.17'
  Dynamic Linking:
    dlsrc=dl_dlopen.xs
    dlext=so
    d_dlsymun=undef
    ccdlflags='-Wl,-E'
    cccdlflags='-fPIC'
    lddlflags='-shared -O2 -L/usr/local/lib -fstack-protector-strong'


Characteristics of this binary (from libperl): 
  Compile-time options:
    HAS_TIMES
    PERLIO_LAYERS
    PERL_COPY_ON_WRITE
    PERL_DONT_CREATE_GVSV
    PERL_MALLOC_WRAP
    PERL_OP_PARENT
    PERL_PRESERVE_IVUV
    USE_64_BIT_ALL
    USE_64_BIT_INT
    USE_LARGE_FILES
    USE_LOCALE
    USE_LOCALE_COLLATE
    USE_LOCALE_CTYPE
    USE_LOCALE_NUMERIC
    USE_LOCALE_TIME
    USE_PERLIO
    USE_PERL_ATOF
  Built under linux
  Compiled at Oct 30 2018 22:17:11
  %ENV:
    PERL5LIB="/home/cpansand/.cpan/build/2018111700/Encode-2.98-0/blib/arch:/home/cpansand/.cpan/build/2018111700/Encode-2.98-0/blib/lib:/home/cpansand/.cpan/build/2018111700/Text-CSV_XS-1.37-0/blib/arch:/home/cpansand/.cpan/build/2018111700/Text-CSV_XS-1.37-0/blib/lib:/home/cpansand/.cpan/build/2018111700/Set-Scalar-1.29-0/blib/arch:/home/cpansand/.cpan/build/2018111700/Set-Scalar-1.29-0/blib/lib:/home/cpansand/.cpan/build/2018111700/JSON-2.97001-3/blib/arch:/home/cpansand/.cpan/build/2018111700/JSON-2.97001-3/blib/lib:/home/cpansand/.cpan/build/2018111700/VMPS-Server-0.04-0/blib/arch:/home/cpansand/.cpan/build/2018111700/VMPS-Server-0.04-0/blib/lib:/home/cpansand/.cpan/build/2018111700/Net-Server-2.009-0/blib/arch:/home/cpansand/.cpan/build/2018111700/Net-Server-2.009-0/blib/lib:/home/cpansand/.cpan/build/2018111700/Net-MAC-2.103622-0/blib/arch:/home/cpansand/.cpan/build/2018111700/Net-MAC-2.103622-0/blib/lib:/home/cpansand/.cpan/build/2018111700/VMware-vCloud-2.404-0/blib/arch:/home/cpansand/.cpan/build/2018111700/VMware-vCloud-2.404-0/blib/lib:/home/cpansand/.cpan/build/2018111700/Term-Prompt-1.04-0/blib/arch:/home/cpansand/.cpan/build/2018111700/Term-Prompt-1.04-0/blib/lib:/home/cpansand/.cpan/build/2018111700/Cache-Bounded-1.09-0/blib/arch:/home/cpansand/.cpan/build/2018111700/Cache-Bounded-1.09-0/blib/lib:/home/cpansand/.cpan/build/2018111700/Text-TabularDisplay-1.38-0/blib/arch:/home/cpansand/.cpan/build/2018111700/Text-TabularDisplay-1.38-0/blib/lib"
    PERL5OPT=""
    PERL5_CPANPLUS_IS_RUNNING="27523"
    PERL5_CPAN_IS_RUNNING="27523"
    PERL5_CPAN_IS_RUNNING_IN_RECURSION="21833,27523"
    PERLDOC="-MPod::Perldoc::ToTextOverstrike"
    PERL_BATCH="yes"
    PERL_CANARY_STABILITY_NOPROMPT="1"
    PERL_CPAN_REPORTER_CONFIG="/var/tmp/cpansmoker-1023/2018111621/cpanreporter_000_config.ini"
    PERL_EXTUTILS_AUTOINSTALL="--defaultdeps"
    PERL_USE_UNSAFE_INC="1"
  @INC:
    /home/cpansand/.cpan/build/2018111700/Encode-2.98-0/blib/arch
    /home/cpansand/.cpan/build/2018111700/Encode-2.98-0/blib/lib
    /home/cpansand/.cpan/build/2018111700/Text-CSV_XS-1.37-0/blib/arch
    /home/cpansand/.cpan/build/2018111700/Text-CSV_XS-1.37-0/blib/lib
    /home/cpansand/.cpan/build/2018111700/Set-Scalar-1.29-0/blib/arch
    /home/cpansand/.cpan/build/2018111700/Set-Scalar-1.29-0/blib/lib
    /home/cpansand/.cpan/build/2018111700/JSON-2.97001-3/blib/arch
    /home/cpansand/.cpan/build/2018111700/JSON-2.97001-3/blib/lib
    /home/cpansand/.cpan/build/2018111700/VMPS-Server-0.04-0/blib/arch
    /home/cpansand/.cpan/build/2018111700/VMPS-Server-0.04-0/blib/lib
    /home/cpansand/.cpan/build/2018111700/Net-Server-2.009-0/blib/arch
    /home/cpansand/.cpan/build/2018111700/Net-Server-2.009-0/blib/lib
    /home/cpansand/.cpan/build/2018111700/Net-MAC-2.103622-0/blib/arch
    /home/cpansand/.cpan/build/2018111700/Net-MAC-2.103622-0/blib/lib
    /home/cpansand/.cpan/build/2018111700/VMware-vCloud-2.404-0/blib/arch
    /home/cpansand/.cpan/build/2018111700/VMware-vCloud-2.404-0/blib/lib
    /home/cpansand/.cpan/build/2018111700/Term-Prompt-1.04-0/blib/arch
    /home/cpansand/.cpan/build/2018111700/Term-Prompt-1.04-0/blib/lib
    /home/cpansand/.cpan/build/2018111700/Cache-Bounded-1.09-0/blib/arch
    /home/cpansand/.cpan/build/2018111700/Cache-Bounded-1.09-0/blib/lib
    /home/cpansand/.cpan/build/2018111700/Text-TabularDisplay-1.38-0/blib/arch
    /home/cpansand/.cpan/build/2018111700/Text-TabularDisplay-1.38-0/blib/lib
    /opt/perl-5.28.0/lib/site_perl/5.28.0/x86_64-linux
    /opt/perl-5.28.0/lib/site_perl/5.28.0
    /opt/perl-5.28.0/lib/5.28.0/x86_64-linux
    /opt/perl-5.28.0/lib/5.28.0
    .