Report for Module-CPANTS-Analyse-0.85

Back
From: metabase:user:30f4dfbe-2aae-11df-837a-5e0a49663a4f
Subject: FAIL Module-CPANTS-Analyse-0.85 v5.17.0 GNU/Linux
Date: 2012-05-24T13:26:58Z

This distribution has been tested as part of the CPAN Testers
project, supporting the Perl programming language.  See
http://wiki.cpantesters.org/ for more information or email
questions to cpan-testers-discuss@perl.org


--
Dear Alexandr Ciornii,

This is a computer-generated report for Module-CPANTS-Analyse-0.85
on perl 5.17.0, created by CPAN-Reporter-1.2006.

Thank you for uploading your work to CPAN.  However, there was a problem
testing your distribution.

If you think this report is invalid, please consult the CPAN Testers Wiki
for suggestions on how to avoid getting FAIL reports for missing library
or binary dependencies, unsupported operating systems, and so on:

http://wiki.cpantesters.org/wiki/CPANAuthorNotes

Sections of this report:

    * Tester comments
    * Program output
    * Prerequisites
    * Environment and other context

------------------------------
TESTER COMMENTS
------------------------------

Additional comments from tester:

none provided

------------------------------
PROGRAM OUTPUT
------------------------------

Output from './Build test':


#   Failed test 'no warnings'
#   at /home/njh/perl5/perlbrew/perls/perl-blead/lib/site_perl/5.17.0/Test/NoWarnings.pm line 45.
# There were 2 warning(s)
# 	Previous test 0 ''
# 	defined(@array) is deprecated at /home/njh/perl5/perlbrew/perls/perl-blead/lib/site_perl/5.17.0/File/MMagic.pm line 1122.
#  at /home/njh/perl5/perlbrew/perls/perl-blead/lib/site_perl/5.17.0/File/MMagic.pm line 1122.
# 	require File/MMagic.pm called at /home/njh/perl5/perlbrew/perls/perl-blead/lib/site_perl/5.17.0/Archive/Any.pm line 140
# 	Archive::Any::BEGIN() called at /home/njh/perl5/perlbrew/perls/perl-blead/lib/site_perl/5.17.0/File/MMagic.pm line 1122
# 	eval {...} called at /home/njh/perl5/perlbrew/perls/perl-blead/lib/site_perl/5.17.0/File/MMagic.pm line 1122
# 	require Archive/Any.pm called at /home/njh/.cpan/build/Module-CPANTS-Analyse-0.85-5t7TCf/blib/lib/Module/CPANTS/Analyse.pm line 9
# 	Module::CPANTS::Analyse::BEGIN() called at /home/njh/perl5/perlbrew/perls/perl-blead/lib/site_perl/5.17.0/File/MMagic.pm line 1122
# 	eval {...} called at /home/njh/perl5/perlbrew/perls/perl-blead/lib/site_perl/5.17.0/File/MMagic.pm line 1122
# 	require Module/CPANTS/Analyse.pm called at (eval 5) line 2
# 	main::BEGIN() called at /home/njh/perl5/perlbrew/perls/perl-blead/lib/site_perl/5.17.0/File/MMagic.pm line 1122
# 	eval {...} called at /home/njh/perl5/perlbrew/perls/perl-blead/lib/site_perl/5.17.0/File/MMagic.pm line 1122
# 	eval 'package main;
# use Module::CPANTS::Analyse @{$args[0]};
# 1;
# 
# ;' called at /home/njh/perl5/perlbrew/perls/perl-blead/lib/5.17.0/Test/More.pm line 885
# 	Test::More::_eval('package main;\x{a}use Module::CPANTS::Analyse @{$args[0]};\x{a}1;\x{a}', 'ARRAY(0x2061e00)') called at /home/njh/perl5/perlbrew/perls/perl-blead/lib/5.17.0/Test/More.pm line 860
# 	Test::More::use_ok('Module::CPANTS::Analyse') called at t/00_load.t line 5
# 	main::BEGIN() called at /home/njh/perl5/perlbrew/perls/perl-blead/lib/site_perl/5.17.0/File/MMagic.pm line 1122
# 	eval {...} called at /home/njh/perl5/perlbrew/perls/perl-blead/lib/site_perl/5.17.0/File/MMagic.pm line 1122
# 
# ----------
# 	Previous test 0 ''
# 		(Maybe you should just omit the defined()?)
#  at /home/njh/perl5/perlbrew/perls/perl-blead/lib/site_perl/5.17.0/File/MMagic.pm line 1122.
# 	require File/MMagic.pm called at /home/njh/perl5/perlbrew/perls/perl-blead/lib/site_perl/5.17.0/Archive/Any.pm line 140
# 	Archive::Any::BEGIN() called at /home/njh/perl5/perlbrew/perls/perl-blead/lib/site_perl/5.17.0/File/MMagic.pm line 1122
# 	eval {...} called at /home/njh/perl5/perlbrew/perls/perl-blead/lib/site_perl/5.17.0/File/MMagic.pm line 1122
# 	require Archive/Any.pm called at /home/njh/.cpan/build/Module-CPANTS-Analyse-0.85-5t7TCf/blib/lib/Module/CPANTS/Analyse.pm line 9
# 	Module::CPANTS::Analyse::BEGIN() called at /home/njh/perl5/perlbrew/perls/perl-blead/lib/site_perl/5.17.0/File/MMagic.pm line 1122
# 	eval {...} called at /home/njh/perl5/perlbrew/perls/perl-blead/lib/site_perl/5.17.0/File/MMagic.pm line 1122
# 	require Module/CPANTS/Analyse.pm called at (eval 5) line 2
# 	main::BEGIN() called at /home/njh/perl5/perlbrew/perls/perl-blead/lib/site_perl/5.17.0/File/MMagic.pm line 1122
# 	eval {...} called at /home/njh/perl5/perlbrew/perls/perl-blead/lib/site_perl/5.17.0/File/MMagic.pm line 1122
# 	eval 'package main;
# use Module::CPANTS::Analyse @{$args[0]};
# 1;
# 
# ;' called at /home/njh/perl5/perlbrew/perls/perl-blead/lib/5.17.0/Test/More.pm line 885
# 	Test::More::_eval('package main;\x{a}use Module::CPANTS::Analyse @{$args[0]};\x{a}1;\x{a}', 'ARRAY(0x2061e00)') called at /home/njh/perl5/perlbrew/perls/perl-blead/lib/5.17.0/Test/More.pm line 860
# 	Test::More::use_ok('Module::CPANTS::Analyse') called at t/00_load.t line 5
# 	main::BEGIN() called at /home/njh/perl5/perlbrew/perls/perl-blead/lib/site_perl/5.17.0/File/MMagic.pm line 1122
# 	eval {...} called at /home/njh/perl5/perlbrew/perls/perl-blead/lib/site_perl/5.17.0/File/MMagic.pm line 1122
# 
# Looks like you failed 1 test of 2.
t/00_load.t ................. 
Dubious, test returned 1 (wstat 256, 0x100)
Failed 1/2 subtests 
t/02_kwalitee.t ............. ok

#   Failed test 'no warnings'
#   at /home/njh/perl5/perlbrew/perls/perl-blead/lib/site_perl/5.17.0/Test/NoWarnings.pm line 45.
# There were 2 warning(s)
# 	Previous test 0 ''
# 	defined(@array) is deprecated at /home/njh/perl5/perlbrew/perls/perl-blead/lib/site_perl/5.17.0/File/MMagic.pm line 1122.
#  at /home/njh/perl5/perlbrew/perls/perl-blead/lib/site_perl/5.17.0/File/MMagic.pm line 1122.
# 	require File/MMagic.pm called at /home/njh/perl5/perlbrew/perls/perl-blead/lib/site_perl/5.17.0/Archive/Any.pm line 140
# 	Archive::Any::BEGIN() called at /home/njh/perl5/perlbrew/perls/perl-blead/lib/site_perl/5.17.0/File/MMagic.pm line 1122
# 	eval {...} called at /home/njh/perl5/perlbrew/perls/perl-blead/lib/site_perl/5.17.0/File/MMagic.pm line 1122
# 	require Archive/Any.pm called at /home/njh/.cpan/build/Module-CPANTS-Analyse-0.85-5t7TCf/blib/lib/Module/CPANTS/Analyse.pm line 9
# 	Module::CPANTS::Analyse::BEGIN() called at /home/njh/perl5/perlbrew/perls/perl-blead/lib/site_perl/5.17.0/File/MMagic.pm line 1122
# 	eval {...} called at /home/njh/perl5/perlbrew/perls/perl-blead/lib/site_perl/5.17.0/File/MMagic.pm line 1122
# 	require Module/CPANTS/Analyse.pm called at t/03_plugins.t line 5
# 	main::BEGIN() called at /home/njh/perl5/perlbrew/perls/perl-blead/lib/site_perl/5.17.0/File/MMagic.pm line 1122
# 	eval {...} called at /home/njh/perl5/perlbrew/perls/perl-blead/lib/site_perl/5.17.0/File/MMagic.pm line 1122
# 
# ----------
# 	Previous test 0 ''
# 		(Maybe you should just omit the defined()?)
#  at /home/njh/perl5/perlbrew/perls/perl-blead/lib/site_perl/5.17.0/File/MMagic.pm line 1122.
# 	require File/MMagic.pm called at /home/njh/perl5/perlbrew/perls/perl-blead/lib/site_perl/5.17.0/Archive/Any.pm line 140
# 	Archive::Any::BEGIN() called at /home/njh/perl5/perlbrew/perls/perl-blead/lib/site_perl/5.17.0/File/MMagic.pm line 1122
# 	eval {...} called at /home/njh/perl5/perlbrew/perls/perl-blead/lib/site_perl/5.17.0/File/MMagic.pm line 1122
# 	require Archive/Any.pm called at /home/njh/.cpan/build/Module-CPANTS-Analyse-0.85-5t7TCf/blib/lib/Module/CPANTS/Analyse.pm line 9
# 	Module::CPANTS::Analyse::BEGIN() called at /home/njh/perl5/perlbrew/perls/perl-blead/lib/site_perl/5.17.0/File/MMagic.pm line 1122
# 	eval {...} called at /home/njh/perl5/perlbrew/perls/perl-blead/lib/site_perl/5.17.0/File/MMagic.pm line 1122
# 	require Module/CPANTS/Analyse.pm called at t/03_plugins.t line 5
# 	main::BEGIN() called at /home/njh/perl5/perlbrew/perls/perl-blead/lib/site_perl/5.17.0/File/MMagic.pm line 1122
# 	eval {...} called at /home/njh/perl5/perlbrew/perls/perl-blead/lib/site_perl/5.17.0/File/MMagic.pm line 1122
# 
# Looks like you failed 1 test of 9.
t/03_plugins.t .............. 
Dubious, test returned 1 (wstat 256, 0x100)
Failed 1/9 subtests 

#   Failed test 'no warnings'
#   at /home/njh/perl5/perlbrew/perls/perl-blead/lib/site_perl/5.17.0/Test/NoWarnings.pm line 45.
# There were 2 warning(s)
# 	Previous test 0 ''
# 	defined(@array) is deprecated at /home/njh/perl5/perlbrew/perls/perl-blead/lib/site_perl/5.17.0/File/MMagic.pm line 1122.
#  at /home/njh/perl5/perlbrew/perls/perl-blead/lib/site_perl/5.17.0/File/MMagic.pm line 1122.
# 	require File/MMagic.pm called at /home/njh/perl5/perlbrew/perls/perl-blead/lib/site_perl/5.17.0/Archive/Any.pm line 140
# 	Archive::Any::BEGIN() called at /home/njh/perl5/perlbrew/perls/perl-blead/lib/site_perl/5.17.0/File/MMagic.pm line 1122
# 	eval {...} called at /home/njh/perl5/perlbrew/perls/perl-blead/lib/site_perl/5.17.0/File/MMagic.pm line 1122
# 	require Archive/Any.pm called at /home/njh/.cpan/build/Module-CPANTS-Analyse-0.85-5t7TCf/blib/lib/Module/CPANTS/Analyse.pm line 9
# 	Module::CPANTS::Analyse::BEGIN() called at /home/njh/perl5/perlbrew/perls/perl-blead/lib/site_perl/5.17.0/File/MMagic.pm line 1122
# 	eval {...} called at /home/njh/perl5/perlbrew/perls/perl-blead/lib/site_perl/5.17.0/File/MMagic.pm line 1122
# 	require Module/CPANTS/Analyse.pm called at t/05_testdir.t line 4
# 	main::BEGIN() called at /home/njh/perl5/perlbrew/perls/perl-blead/lib/site_perl/5.17.0/File/MMagic.pm line 1122
# 	eval {...} called at /home/njh/perl5/perlbrew/perls/perl-blead/lib/site_perl/5.17.0/File/MMagic.pm line 1122
# 
# ----------
# 	Previous test 0 ''
# 		(Maybe you should just omit the defined()?)
#  at /home/njh/perl5/perlbrew/perls/perl-blead/lib/site_perl/5.17.0/File/MMagic.pm line 1122.
# 	require File/MMagic.pm called at /home/njh/perl5/perlbrew/perls/perl-blead/lib/site_perl/5.17.0/Archive/Any.pm line 140
# 	Archive::Any::BEGIN() called at /home/njh/perl5/perlbrew/perls/perl-blead/lib/site_perl/5.17.0/File/MMagic.pm line 1122
# 	eval {...} called at /home/njh/perl5/perlbrew/perls/perl-blead/lib/site_perl/5.17.0/File/MMagic.pm line 1122
# 	require Archive/Any.pm called at /home/njh/.cpan/build/Module-CPANTS-Analyse-0.85-5t7TCf/blib/lib/Module/CPANTS/Analyse.pm line 9
# 	Module::CPANTS::Analyse::BEGIN() called at /home/njh/perl5/perlbrew/perls/perl-blead/lib/site_perl/5.17.0/File/MMagic.pm line 1122
# 	eval {...} called at /home/njh/perl5/perlbrew/perls/perl-blead/lib/site_perl/5.17.0/File/MMagic.pm line 1122
# 	require Module/CPANTS/Analyse.pm called at t/05_testdir.t line 4
# 	main::BEGIN() called at /home/njh/perl5/perlbrew/perls/perl-blead/lib/site_perl/5.17.0/File/MMagic.pm line 1122
# 	eval {...} called at /home/njh/perl5/perlbrew/perls/perl-blead/lib/site_perl/5.17.0/File/MMagic.pm line 1122
# 
# Looks like you failed 1 test of 3.
t/05_testdir.t .............. 
Dubious, test returned 1 (wstat 256, 0x100)
Failed 1/3 subtests 

#   Failed test 'no warnings'
#   at /home/njh/perl5/perlbrew/perls/perl-blead/lib/site_perl/5.17.0/Test/NoWarnings.pm line 45.
# There were 2 warning(s)
# 	Previous test 0 ''
# 	defined(@array) is deprecated at /home/njh/perl5/perlbrew/perls/perl-blead/lib/site_perl/5.17.0/File/MMagic.pm line 1122.
#  at /home/njh/perl5/perlbrew/perls/perl-blead/lib/site_perl/5.17.0/File/MMagic.pm line 1122.
# 	require File/MMagic.pm called at /home/njh/perl5/perlbrew/perls/perl-blead/lib/site_perl/5.17.0/Archive/Any.pm line 140
# 	Archive::Any::BEGIN() called at /home/njh/perl5/perlbrew/perls/perl-blead/lib/site_perl/5.17.0/File/MMagic.pm line 1122
# 	eval {...} called at /home/njh/perl5/perlbrew/perls/perl-blead/lib/site_perl/5.17.0/File/MMagic.pm line 1122
# 	require Archive/Any.pm called at /home/njh/.cpan/build/Module-CPANTS-Analyse-0.85-5t7TCf/blib/lib/Module/CPANTS/Analyse.pm line 9
# 	Module::CPANTS::Analyse::BEGIN() called at /home/njh/perl5/perlbrew/perls/perl-blead/lib/site_perl/5.17.0/File/MMagic.pm line 1122
# 	eval {...} called at /home/njh/perl5/perlbrew/perls/perl-blead/lib/site_perl/5.17.0/File/MMagic.pm line 1122
# 	require Module/CPANTS/Analyse.pm called at t/05_testfile.t line 7
# 	main::BEGIN() called at /home/njh/perl5/perlbrew/perls/perl-blead/lib/site_perl/5.17.0/File/MMagic.pm line 1122
# 	eval {...} called at /home/njh/perl5/perlbrew/perls/perl-blead/lib/site_perl/5.17.0/File/MMagic.pm line 1122
# 
# ----------
# 	Previous test 0 ''
# 		(Maybe you should just omit the defined()?)
#  at /home/njh/perl5/perlbrew/perls/perl-blead/lib/site_perl/5.17.0/File/MMagic.pm line 1122.
# 	require File/MMagic.pm called at /home/njh/perl5/perlbrew/perls/perl-blead/lib/site_perl/5.17.0/Archive/Any.pm line 140
# 	Archive::Any::BEGIN() called at /home/njh/perl5/perlbrew/perls/perl-blead/lib/site_perl/5.17.0/File/MMagic.pm line 1122
# 	eval {...} called at /home/njh/perl5/perlbrew/perls/perl-blead/lib/site_perl/5.17.0/File/MMagic.pm line 1122
# 	require Archive/Any.pm called at /home/njh/.cpan/build/Module-CPANTS-Analyse-0.85-5t7TCf/blib/lib/Module/CPANTS/Analyse.pm line 9
# 	Module::CPANTS::Analyse::BEGIN() called at /home/njh/perl5/perlbrew/perls/perl-blead/lib/site_perl/5.17.0/File/MMagic.pm line 1122
# 	eval {...} called at /home/njh/perl5/perlbrew/perls/perl-blead/lib/site_perl/5.17.0/File/MMagic.pm line 1122
# 	require Module/CPANTS/Analyse.pm called at t/05_testfile.t line 7
# 	main::BEGIN() called at /home/njh/perl5/perlbrew/perls/perl-blead/lib/site_perl/5.17.0/File/MMagic.pm line 1122
# 	eval {...} called at /home/njh/perl5/perlbrew/perls/perl-blead/lib/site_perl/5.17.0/File/MMagic.pm line 1122
# 
# Looks like you failed 1 test of 4.
t/05_testfile.t ............. 
Dubious, test returned 1 (wstat 256, 0x100)
Failed 1/4 subtests 

#   Failed test 'no warnings'
#   at /home/njh/perl5/perlbrew/perls/perl-blead/lib/site_perl/5.17.0/Test/NoWarnings.pm line 45.
# There were 2 warning(s)
# 	Previous test 0 ''
# 	defined(@array) is deprecated at /home/njh/perl5/perlbrew/perls/perl-blead/lib/site_perl/5.17.0/File/MMagic.pm line 1122.
#  at /home/njh/perl5/perlbrew/perls/perl-blead/lib/site_perl/5.17.0/File/MMagic.pm line 1122.
# 	require File/MMagic.pm called at /home/njh/perl5/perlbrew/perls/perl-blead/lib/site_perl/5.17.0/Archive/Any.pm line 140
# 	Archive::Any::BEGIN() called at /home/njh/perl5/perlbrew/perls/perl-blead/lib/site_perl/5.17.0/File/MMagic.pm line 1122
# 	eval {...} called at /home/njh/perl5/perlbrew/perls/perl-blead/lib/site_perl/5.17.0/File/MMagic.pm line 1122
# 	require Archive/Any.pm called at /home/njh/.cpan/build/Module-CPANTS-Analyse-0.85-5t7TCf/blib/lib/Module/CPANTS/Analyse.pm line 9
# 	Module::CPANTS::Analyse::BEGIN() called at /home/njh/perl5/perlbrew/perls/perl-blead/lib/site_perl/5.17.0/File/MMagic.pm line 1122
# 	eval {...} called at /home/njh/perl5/perlbrew/perls/perl-blead/lib/site_perl/5.17.0/File/MMagic.pm line 1122
# 	require Module/CPANTS/Analyse.pm called at t/10_analyse.t line 5
# 	main::BEGIN() called at /home/njh/perl5/perlbrew/perls/perl-blead/lib/site_perl/5.17.0/File/MMagic.pm line 1122
# 	eval {...} called at /home/njh/perl5/perlbrew/perls/perl-blead/lib/site_perl/5.17.0/File/MMagic.pm line 1122
# 
# ----------
# 	Previous test 0 ''
# 		(Maybe you should just omit the defined()?)
#  at /home/njh/perl5/perlbrew/perls/perl-blead/lib/site_perl/5.17.0/File/MMagic.pm line 1122.
# 	require File/MMagic.pm called at /home/njh/perl5/perlbrew/perls/perl-blead/lib/site_perl/5.17.0/Archive/Any.pm line 140
# 	Archive::Any::BEGIN() called at /home/njh/perl5/perlbrew/perls/perl-blead/lib/site_perl/5.17.0/File/MMagic.pm line 1122
# 	eval {...} called at /home/njh/perl5/perlbrew/perls/perl-blead/lib/site_perl/5.17.0/File/MMagic.pm line 1122
# 	require Archive/Any.pm called at /home/njh/.cpan/build/Module-CPANTS-Analyse-0.85-5t7TCf/blib/lib/Module/CPANTS/Analyse.pm line 9
# 	Module::CPANTS::Analyse::BEGIN() called at /home/njh/perl5/perlbrew/perls/perl-blead/lib/site_perl/5.17.0/File/MMagic.pm line 1122
# 	eval {...} called at /home/njh/perl5/perlbrew/perls/perl-blead/lib/site_perl/5.17.0/File/MMagic.pm line 1122
# 	require Module/CPANTS/Analyse.pm called at t/10_analyse.t line 5
# 	main::BEGIN() called at /home/njh/perl5/perlbrew/perls/perl-blead/lib/site_perl/5.17.0/File/MMagic.pm line 1122
# 	eval {...} called at /home/njh/perl5/perlbrew/perls/perl-blead/lib/site_perl/5.17.0/File/MMagic.pm line 1122
# 
# Looks like you failed 1 test of 22.
t/10_analyse.t .............. 
Dubious, test returned 1 (wstat 256, 0x100)
Failed 1/22 subtests 

#   Failed test 'no warnings'
#   at /home/njh/perl5/perlbrew/perls/perl-blead/lib/site_perl/5.17.0/Test/NoWarnings.pm line 45.
# There were 2 warning(s)
# 	Previous test 0 ''
# 	defined(@array) is deprecated at /home/njh/perl5/perlbrew/perls/perl-blead/lib/site_perl/5.17.0/File/MMagic.pm line 1122.
#  at /home/njh/perl5/perlbrew/perls/perl-blead/lib/site_perl/5.17.0/File/MMagic.pm line 1122.
# 	require File/MMagic.pm called at /home/njh/perl5/perlbrew/perls/perl-blead/lib/site_perl/5.17.0/Archive/Any.pm line 140
# 	Archive::Any::BEGIN() called at /home/njh/perl5/perlbrew/perls/perl-blead/lib/site_perl/5.17.0/File/MMagic.pm line 1122
# 	eval {...} called at /home/njh/perl5/perlbrew/perls/perl-blead/lib/site_perl/5.17.0/File/MMagic.pm line 1122
# 	require Archive/Any.pm called at /home/njh/.cpan/build/Module-CPANTS-Analyse-0.85-5t7TCf/blib/lib/Module/CPANTS/Analyse.pm line 9
# 	Module::CPANTS::Analyse::BEGIN() called at /home/njh/perl5/perlbrew/perls/perl-blead/lib/site_perl/5.17.0/File/MMagic.pm line 1122
# 	eval {...} called at /home/njh/perl5/perlbrew/perls/perl-blead/lib/site_perl/5.17.0/File/MMagic.pm line 1122
# 	require Module/CPANTS/Analyse.pm called at t/analyse_afs.t line 7
# 	main::BEGIN() called at /home/njh/perl5/perlbrew/perls/perl-blead/lib/site_perl/5.17.0/File/MMagic.pm line 1122
# 	eval {...} called at /home/njh/perl5/perlbrew/perls/perl-blead/lib/site_perl/5.17.0/File/MMagic.pm line 1122
# 
# ----------
# 	Previous test 0 ''
# 		(Maybe you should just omit the defined()?)
#  at /home/njh/perl5/perlbrew/perls/perl-blead/lib/site_perl/5.17.0/File/MMagic.pm line 1122.
# 	require File/MMagic.pm called at /home/njh/perl5/perlbrew/perls/perl-blead/lib/site_perl/5.17.0/Archive/Any.pm line 140
# 	Archive::Any::BEGIN() called at /home/njh/perl5/perlbrew/perls/perl-blead/lib/site_perl/5.17.0/File/MMagic.pm line 1122
# 	eval {...} called at /home/njh/perl5/perlbrew/perls/perl-blead/lib/site_perl/5.17.0/File/MMagic.pm line 1122
# 	require Archive/Any.pm called at /home/njh/.cpan/build/Module-CPANTS-Analyse-0.85-5t7TCf/blib/lib/Module/CPANTS/Analyse.pm line 9
# 	Module::CPANTS::Analyse::BEGIN() called at /home/njh/perl5/perlbrew/perls/perl-blead/lib/site_perl/5.17.0/File/MMagic.pm line 1122
# 	eval {...} called at /home/njh/perl5/perlbrew/perls/perl-blead/lib/site_perl/5.17.0/File/MMagic.pm line 1122
# 	require Module/CPANTS/Analyse.pm called at t/analyse_afs.t line 7
# 	main::BEGIN() called at /home/njh/perl5/perlbrew/perls/perl-blead/lib/site_perl/5.17.0/File/MMagic.pm line 1122
# 	eval {...} called at /home/njh/perl5/perlbrew/perls/perl-blead/lib/site_perl/5.17.0/File/MMagic.pm line 1122
# 
# Looks like you failed 1 test of 17.
t/analyse_afs.t ............. 
Dubious, test returned 1 (wstat 256, 0x100)
Failed 1/17 subtests 

#   Failed test 'no warnings'
#   at /home/njh/perl5/perlbrew/perls/perl-blead/lib/site_perl/5.17.0/Test/NoWarnings.pm line 45.
# There were 2 warning(s)
# 	Previous test 0 ''
# 	defined(@array) is deprecated at /home/njh/perl5/perlbrew/perls/perl-blead/lib/site_perl/5.17.0/File/MMagic.pm line 1122.
#  at /home/njh/perl5/perlbrew/perls/perl-blead/lib/site_perl/5.17.0/File/MMagic.pm line 1122.
# 	require File/MMagic.pm called at /home/njh/perl5/perlbrew/perls/perl-blead/lib/site_perl/5.17.0/Archive/Any.pm line 140
# 	Archive::Any::BEGIN() called at /home/njh/perl5/perlbrew/perls/perl-blead/lib/site_perl/5.17.0/File/MMagic.pm line 1122
# 	eval {...} called at /home/njh/perl5/perlbrew/perls/perl-blead/lib/site_perl/5.17.0/File/MMagic.pm line 1122
# 	require Archive/Any.pm called at /home/njh/.cpan/build/Module-CPANTS-Analyse-0.85-5t7TCf/blib/lib/Module/CPANTS/Analyse.pm line 9
# 	Module::CPANTS::Analyse::BEGIN() called at /home/njh/perl5/perlbrew/perls/perl-blead/lib/site_perl/5.17.0/File/MMagic.pm line 1122
# 	eval {...} called at /home/njh/perl5/perlbrew/perls/perl-blead/lib/site_perl/5.17.0/File/MMagic.pm line 1122
# 	require Module/CPANTS/Analyse.pm called at t/analyse_axkit_xsp_l10n.t line 7
# 	main::BEGIN() called at /home/njh/perl5/perlbrew/perls/perl-blead/lib/site_perl/5.17.0/File/MMagic.pm line 1122
# 	eval {...} called at /home/njh/perl5/perlbrew/perls/perl-blead/lib/site_perl/5.17.0/File/MMagic.pm line 1122
# 
# ----------
# 	Previous test 0 ''
# 		(Maybe you should just omit the defined()?)
#  at /home/njh/perl5/perlbrew/perls/perl-blead/lib/site_perl/5.17.0/File/MMagic.pm line 1122.
# 	require File/MMagic.pm called at /home/njh/perl5/perlbrew/perls/perl-blead/lib/site_perl/5.17.0/Archive/Any.pm line 140
# 	Archive::Any::BEGIN() called at /home/njh/perl5/perlbrew/perls/perl-blead/lib/site_perl/5.17.0/File/MMagic.pm line 1122
# 	eval {...} called at /home/njh/perl5/perlbrew/perls/perl-blead/lib/site_perl/5.17.0/File/MMagic.pm line 1122
# 	require Archive/Any.pm called at /home/njh/.cpan/build/Module-CPANTS-Analyse-0.85-5t7TCf/blib/lib/Module/CPANTS/Analyse.pm line 9
# 	Module::CPANTS::Analyse::BEGIN() called at /home/njh/perl5/perlbrew/perls/perl-blead/lib/site_perl/5.17.0/File/MMagic.pm line 1122
# 	eval {...} called at /home/njh/perl5/perlbrew/perls/perl-blead/lib/site_perl/5.17.0/File/MMagic.pm line 1122
# 	require Module/CPANTS/Analyse.pm called at t/analyse_axkit_xsp_l10n.t line 7
# 	main::BEGIN() called at /home/njh/perl5/perlbrew/perls/perl-blead/lib/site_perl/5.17.0/File/MMagic.pm line 1122
# 	eval {...} called at /home/njh/perl5/perlbrew/perls/perl-blead/lib/site_perl/5.17.0/File/MMagic.pm line 1122
# 
# Looks like you failed 1 test of 14.
t/analyse_axkit_xsp_l10n.t .. 
Dubious, test returned 1 (wstat 256, 0x100)
Failed 1/14 subtests 
defined(@array) is deprecated at /home/njh/perl5/perlbrew/perls/perl-blead/lib/site_perl/5.17.0/File/MMagic.pm line 1122.
	(Maybe you should just omit the defined()?)
t/analyse_devel_timer.t ..... ok
defined(@array) is deprecated at /home/njh/perl5/perlbrew/perls/perl-blead/lib/site_perl/5.17.0/File/MMagic.pm line 1122.
	(Maybe you should just omit the defined()?)
t/analyse_eg_c.t ............ ok

#   Failed test 'no warnings'
#   at /home/njh/perl5/perlbrew/perls/perl-blead/lib/site_perl/5.17.0/Test/NoWarnings.pm line 45.
# There were 2 warning(s)
# 	Previous test 0 ''
# 	defined(@array) is deprecated at /home/njh/perl5/perlbrew/perls/perl-blead/lib/site_perl/5.17.0/File/MMagic.pm line 1122.
#  at /home/njh/perl5/perlbrew/perls/perl-blead/lib/site_perl/5.17.0/File/MMagic.pm line 1122.
# 	require File/MMagic.pm called at /home/njh/perl5/perlbrew/perls/perl-blead/lib/site_perl/5.17.0/Archive/Any.pm line 140
# 	Archive::Any::BEGIN() called at /home/njh/perl5/perlbrew/perls/perl-blead/lib/site_perl/5.17.0/File/MMagic.pm line 1122
# 	eval {...} called at /home/njh/perl5/perlbrew/perls/perl-blead/lib/site_perl/5.17.0/File/MMagic.pm line 1122
# 	require Archive/Any.pm called at /home/njh/.cpan/build/Module-CPANTS-Analyse-0.85-5t7TCf/blib/lib/Module/CPANTS/Analyse.pm line 9
# 	Module::CPANTS::Analyse::BEGIN() called at /home/njh/perl5/perlbrew/perls/perl-blead/lib/site_perl/5.17.0/File/MMagic.pm line 1122
# 	eval {...} called at /home/njh/perl5/perlbrew/perls/perl-blead/lib/site_perl/5.17.0/File/MMagic.pm line 1122
# 	require Module/CPANTS/Analyse.pm called at t/analyse_html_tiny.t line 7
# 	main::BEGIN() called at /home/njh/perl5/perlbrew/perls/perl-blead/lib/site_perl/5.17.0/File/MMagic.pm line 1122
# 	eval {...} called at /home/njh/perl5/perlbrew/perls/perl-blead/lib/site_perl/5.17.0/File/MMagic.pm line 1122
# 
# ----------
# 	Previous test 0 ''
# 		(Maybe you should just omit the defined()?)
#  at /home/njh/perl5/perlbrew/perls/perl-blead/lib/site_perl/5.17.0/File/MMagic.pm line 1122.
# 	require File/MMagic.pm called at /home/njh/perl5/perlbrew/perls/perl-blead/lib/site_perl/5.17.0/Archive/Any.pm line 140
# 	Archive::Any::BEGIN() called at /home/njh/perl5/perlbrew/perls/perl-blead/lib/site_perl/5.17.0/File/MMagic.pm line 1122
# 	eval {...} called at /home/njh/perl5/perlbrew/perls/perl-blead/lib/site_perl/5.17.0/File/MMagic.pm line 1122
# 	require Archive/Any.pm called at /home/njh/.cpan/build/Module-CPANTS-Analyse-0.85-5t7TCf/blib/lib/Module/CPANTS/Analyse.pm line 9
# 	Module::CPANTS::Analyse::BEGIN() called at /home/njh/perl5/perlbrew/perls/perl-blead/lib/site_perl/5.17.0/File/MMagic.pm line 1122
# 	eval {...} called at /home/njh/perl5/perlbrew/perls/perl-blead/lib/site_perl/5.17.0/File/MMagic.pm line 1122
# 	require Module/CPANTS/Analyse.pm called at t/analyse_html_tiny.t line 7
# 	main::BEGIN() called at /home/njh/perl5/perlbrew/perls/perl-blead/lib/site_perl/5.17.0/File/MMagic.pm line 1122
# 	eval {...} called at /home/njh/perl5/perlbrew/perls/perl-blead/lib/site_perl/5.17.0/File/MMagic.pm line 1122
# 
# Looks like you failed 1 test of 11.
t/analyse_html_tiny.t ....... 
Dubious, test returned 1 (wstat 256, 0x100)
Failed 1/11 subtests 
defined(@array) is deprecated at /home/njh/perl5/perlbrew/perls/perl-blead/lib/site_perl/5.17.0/File/MMagic.pm line 1122.
	(Maybe you should just omit the defined()?)
t/analyse_test_yaml_meta.t .. ok
defined(@array) is deprecated at /home/njh/perl5/perlbrew/perls/perl-blead/lib/site_perl/5.17.0/File/MMagic.pm line 1122.
	(Maybe you should just omit the defined()?)
t/calc.t .................... ok
defined(@array) is deprecated at /home/njh/perl5/perlbrew/perls/perl-blead/lib/site_perl/5.17.0/File/MMagic.pm line 1122.
	(Maybe you should just omit the defined()?)
t/calc_test_yaml_meta.t ..... ok
defined(@array) is deprecated at /home/njh/perl5/perlbrew/perls/perl-blead/lib/site_perl/5.17.0/File/MMagic.pm line 1122.
	(Maybe you should just omit the defined()?)
t/generated_files.t ......... ok

#   Failed test 'no warnings'
#   at /home/njh/perl5/perlbrew/perls/perl-blead/lib/site_perl/5.17.0/Test/NoWarnings.pm line 45.
# There were 2 warning(s)
# 	Previous test 0 ''
# 	defined(@array) is deprecated at /home/njh/perl5/perlbrew/perls/perl-blead/lib/site_perl/5.17.0/File/MMagic.pm line 1122.
#  at /home/njh/perl5/perlbrew/perls/perl-blead/lib/site_perl/5.17.0/File/MMagic.pm line 1122.
# 	require File/MMagic.pm called at /home/njh/perl5/perlbrew/perls/perl-blead/lib/site_perl/5.17.0/Archive/Any.pm line 140
# 	Archive::Any::BEGIN() called at /home/njh/perl5/perlbrew/perls/perl-blead/lib/site_perl/5.17.0/File/MMagic.pm line 1122
# 	eval {...} called at /home/njh/perl5/perlbrew/perls/perl-blead/lib/site_perl/5.17.0/File/MMagic.pm line 1122
# 	require Archive/Any.pm called at /home/njh/.cpan/build/Module-CPANTS-Analyse-0.85-5t7TCf/blib/lib/Module/CPANTS/Analyse.pm line 9
# 	Module::CPANTS::Analyse::BEGIN() called at /home/njh/perl5/perlbrew/perls/perl-blead/lib/site_perl/5.17.0/File/MMagic.pm line 1122
# 	eval {...} called at /home/njh/perl5/perlbrew/perls/perl-blead/lib/site_perl/5.17.0/File/MMagic.pm line 1122
# 	require Module/CPANTS/Analyse.pm called at t/moose_as_strict.t line 7
# 	main::BEGIN() called at /home/njh/perl5/perlbrew/perls/perl-blead/lib/site_perl/5.17.0/File/MMagic.pm line 1122
# 	eval {...} called at /home/njh/perl5/perlbrew/perls/perl-blead/lib/site_perl/5.17.0/File/MMagic.pm line 1122
# 
# ----------
# 	Previous test 0 ''
# 		(Maybe you should just omit the defined()?)
#  at /home/njh/perl5/perlbrew/perls/perl-blead/lib/site_perl/5.17.0/File/MMagic.pm line 1122.
# 	require File/MMagic.pm called at /home/njh/perl5/perlbrew/perls/perl-blead/lib/site_perl/5.17.0/Archive/Any.pm line 140
# 	Archive::Any::BEGIN() called at /home/njh/perl5/perlbrew/perls/perl-blead/lib/site_perl/5.17.0/File/MMagic.pm line 1122
# 	eval {...} called at /home/njh/perl5/perlbrew/perls/perl-blead/lib/site_perl/5.17.0/File/MMagic.pm line 1122
# 	require Archive/Any.pm called at /home/njh/.cpan/build/Module-CPANTS-Analyse-0.85-5t7TCf/blib/lib/Module/CPANTS/Analyse.pm line 9
# 	Module::CPANTS::Analyse::BEGIN() called at /home/njh/perl5/perlbrew/perls/perl-blead/lib/site_perl/5.17.0/File/MMagic.pm line 1122
# 	eval {...} called at /home/njh/perl5/perlbrew/perls/perl-blead/lib/site_perl/5.17.0/File/MMagic.pm line 1122
# 	require Module/CPANTS/Analyse.pm called at t/moose_as_strict.t line 7
# 	main::BEGIN() called at /home/njh/perl5/perlbrew/perls/perl-blead/lib/site_perl/5.17.0/File/MMagic.pm line 1122
# 	eval {...} called at /home/njh/perl5/perlbrew/perls/perl-blead/lib/site_perl/5.17.0/File/MMagic.pm line 1122
# 
# Looks like you failed 1 test of 4.
t/moose_as_strict.t ......... 
Dubious, test returned 1 (wstat 256, 0x100)
Failed 1/4 subtests 
defined(@array) is deprecated at /home/njh/perl5/perlbrew/perls/perl-blead/lib/site_perl/5.17.0/File/MMagic.pm line 1122.
	(Maybe you should just omit the defined()?)
t/plugin_manifest.t ......... ok
defined(@array) is deprecated at /home/njh/perl5/perlbrew/perls/perl-blead/lib/site_perl/5.17.0/File/MMagic.pm line 1122.
	(Maybe you should just omit the defined()?)
t/unpack.t .................. ok
defined(@array) is deprecated at /home/njh/perl5/perlbrew/perls/perl-blead/lib/site_perl/5.17.0/File/MMagic.pm line 1122.
	(Maybe you should just omit the defined()?)
cannot remove path when cwd is /tmp/eB4rZs5w0E for /tmp/eB4rZs5w0E:  at /home/njh/perl5/perlbrew/perls/perl-blead/lib/5.17.0/File/Temp.pm line 902.
t/unpack_notextractable.t ... ok

Test Summary Report
-------------------
t/00_load.t               (Wstat: 256 Tests: 2 Failed: 1)
  Failed test:  2
  Non-zero exit status: 1
t/03_plugins.t            (Wstat: 256 Tests: 9 Failed: 1)
  Failed test:  9
  Non-zero exit status: 1
t/05_testdir.t            (Wstat: 256 Tests: 3 Failed: 1)
  Failed test:  3
  Non-zero exit status: 1
t/05_testfile.t           (Wstat: 256 Tests: 4 Failed: 1)
  Failed test:  4
  Non-zero exit status: 1
t/10_analyse.t            (Wstat: 256 Tests: 22 Failed: 1)
  Failed test:  22
  Non-zero exit status: 1
t/analyse_afs.t           (Wstat: 256 Tests: 17 Failed: 1)
  Failed test:  17
  Non-zero exit status: 1
t/analyse_axkit_xsp_l10n.t (Wstat: 256 Tests: 14 Failed: 1)
  Failed test:  14
  Non-zero exit status: 1
t/analyse_html_tiny.t     (Wstat: 256 Tests: 11 Failed: 1)
  Failed test:  11
  Non-zero exit status: 1
t/moose_as_strict.t       (Wstat: 256 Tests: 4 Failed: 1)
  Failed test:  4
  Non-zero exit status: 1
Files=19, Tests=259,  6 wallclock secs ( 0.07 usr  0.02 sys +  4.83 cusr  0.33 csys =  5.25 CPU)
Result: FAIL
Failed 9/19 test programs. 9/259 subtests failed.

------------------------------
PREREQUISITES
------------------------------

Prerequisite modules loaded:

requires:

    Module                    Need  Have    
    ------------------------- ----- --------
    Archive::Any              0.06  0.0932  
    Archive::Tar              1.30  1.82    
    Array::Diff               0.04  0.07    
    Class::Accessor           0.19  0.34    
    CPAN::DistnameInfo        0.06  0.12    
    File::Find::Rule          0     0.33    
    File::Slurp               0     9999.19 
    IO::Capture               0.05  0.05    
    List::MoreUtils           0     0.33    
    LWP::Simple               0     6.00    
    Module::ExtractUse        0.18  0.27    
    Module::Pluggable         2.96  4.0     
    perl                      5.006 5.017000
    Pod::Simple::Checker      2.02  3.20    
    Readonly                  0     1.03    
    Software::License         0.003 0.103004
    Test::YAML::Meta::Version 0.11  0.16    
    Text::CSV_XS              0.45  0.88    
    version                   0.73  0.99    
    YAML::Syck                0.95  1.20    

build_requires:

    Module                    Need  Have    
    ------------------------- ----- --------
    Test::Deep                0     0.109   
    Test::More                0     0.98    
    Test::NoWarnings          0     1.04    
    Test::Warn                0.11  0.24    


------------------------------
ENVIRONMENT AND OTHER CONTEXT
------------------------------

Environment variables:

    LANG = en_GB.UTF-8
    LANGUAGE = en_GB:en
    LD_LIBRARY_PATH = :/usr/local/lib:/usr/lib/qt-3.3/lib:/usr/X11R6/lib
    MANPATH_WITHOUT_PERLBREW = :/usr/local/man:/home/njh/man:/usr/share/inn/man:/usr/share/perl5/man:/usr/share/tcl-8.0/man:/usr/share/tclX-8.0.4/man:/usr/share/tix-4.1/man:/usr/share/tk-8.0/man:/usr/server/doc:/usr/share/man:/opt/intel/cc/9.1.038/man
    PATH = /home/njh/perl5/perlbrew/bin:/home/njh/perl5/perlbrew/perls/perl-blead/bin:/usr/local/bin:/usr/bin:/bin:/usr/local/games:/usr/games:/home/njh/bin
    PATH_WITHOUT_PERLBREW = /usr/local/bin:/usr/bin:/bin:/usr/local/games:/usr/games:/home/njh/bin
    PERL5LIB = 
    PERL5OPT = 
    PERL5_CPANPLUS_IS_RUNNING = 14272
    PERL5_CPAN_IS_RUNNING = 14272
    PERLBREW_BASHRC_VERSION = 0.42
    PERLBREW_HOME = /home/njh/.perlbrew
    PERLBREW_MANPATH = /home/njh/perl5/perlbrew/perls/perl-blead/man
    PERLBREW_PATH = /home/njh/perl5/perlbrew/bin:/home/njh/perl5/perlbrew/perls/perl-blead/bin
    PERLBREW_PERL = perl-blead
    PERLBREW_ROOT = /home/njh/perl5/perlbrew
    PERLBREW_VERSION = 0.42
    SHELL = /bin/bash
    TERM = ansi

Perl special variables (and OS-specific diagnostics, for MSWin32):

    $^X = /home/njh/perl5/perlbrew/perls/perl-blead/bin/perl5.17.0
    $UID/$EUID = 1000 / 1000
    $GID = 1000 24 25 29 30 44 46 108 112 1000
    $EGID = 1000 24 25 29 30 44 46 108 112 1000

Perl module toolchain versions installed:

    Module              Have    
    ------------------- --------
    CPAN                1.9800  
    CPAN::Meta          2.120630
    Cwd                 3.39_02 
    ExtUtils::CBuilder  0.280206
    ExtUtils::Command   1.17    
    ExtUtils::Install   1.58    
    ExtUtils::MakeMaker 6.63_02 
    ExtUtils::Manifest  1.61    
    ExtUtils::ParseXS   3.17    
    File::Spec          3.39_02 
    JSON                n/a     
    JSON::PP            2.27200 
    Module::Build       0.39_01 
    Module::Signature   n/a     
    Parse::CPAN::Meta   1.4402  
    Test::Harness       3.23    
    Test::More          0.98    
    YAML                0.81    
    YAML::Syck          1.20    
    version             0.99    


--

Summary of my perl5 (revision 5 version 17 subversion 0) configuration:
  Snapshot of: ef5eb418bf9cb919bb2d82393f4570a790061e2e
  Platform:
    osname=linux, osvers=3.2.0-2-amd64, archname=x86_64-linux
    uname='linux gateway 3.2.0-2-amd64 #1 smp mon apr 30 05:20:23 utc 2012 x86_64 gnulinux '
    config_args='-de -Dprefix=/home/njh/perl5/perlbrew/perls/perl-blead -Dusedevel -Accflags=-O2 -W -Wformat=2 -Wswitch -Wshadow -Wwrite-strings -Wuninitialized -Wall -pipe -mtune=native -march=native -fomit-frame-pointer -mfpmath=sse -pedantic -D_FORTIFY_SOURCE=2 -Wpointer-arith -Wstrict-prototypes -fstack-protector -Wstack-protector -Wextra -Wbad-function-cast -Wcast-align -Wcast-qual -Wdisabled-optimization -Wendif-labels -Wfloat-equal -Wformat-nonliteral -Winline -Wmissing-declarations -Wmissing-prototypes -Wnested-externs -Wpointer-arith -Wundef -Wformat-security'
    hint=recommended, useposix=true, d_sigaction=define
    useithreads=undef, usemultiplicity=undef
    useperlio=define, d_sfio=undef, uselargefiles=define, usesocks=undef
    use64bitint=define, use64bitall=define, uselongdouble=undef
    usemymalloc=n, bincompat5005=undef
  Compiler:
    cc='cc', ccflags ='-O2 -W -Wformat=2 -Wswitch -Wshadow -Wwrite-strings -Wuninitialized -Wall -pipe -mtune=native -march=native -fomit-frame-pointer -mfpmath=sse -pedantic -D_FORTIFY_SOURCE=2 -Wpointer-arith -Wstrict-prototypes -fstack-protector -Wstack-protector -Wextra -Wbad-function-cast -Wcast-align -Wcast-qual -Wdisabled-optimization -Wendif-labels -Wfloat-equal -Wformat-nonliteral -Winline -Wmissing-declarations -Wmissing-prototypes -Wnested-externs -Wpointer-arith -Wundef -Wformat-security -fno-strict-aliasing -I/usr/local/include -D_LARGEFILE_SOURCE -D_FILE_OFFSET_BITS=64',
    optimize='-O2',
    cppflags='-O2 -W -Wformat=2 -Wswitch -Wshadow -Wwrite-strings -Wuninitialized -Wall -pipe -mtune=native -march=native -fomit-frame-pointer -mfpmath=sse -pedantic -D_FORTIFY_SOURCE=2 -Wpointer-arith -Wstrict-prototypes -fstack-protector -Wstack-protector -Wextra -Wbad-function-cast -Wcast-align -Wcast-qual -Wdisabled-optimization -Wendif-labels -Wfloat-equal -Wformat-nonliteral -Winline -Wmissing-declarations -Wmissing-prototypes -Wnested-externs -Wpointer-arith -Wundef -Wformat-security -fno-strict-aliasing -I/usr/local/include'
    ccversion='', gccversion='4.6.3', gccosandvers=''
    intsize=4, longsize=8, ptrsize=8, doublesize=8, byteorder=12345678
    d_longlong=define, longlongsize=8, d_longdbl=define, longdblsize=16
    ivtype='long', ivsize=8, nvtype='double', nvsize=8, Off_t='off_t', lseeksize=8
    alignbytes=8, prototype=define
  Linker and Libraries:
    ld='cc', ldflags =' -fstack-protector -L/usr/local/lib'
    libpth=/usr/local/lib /lib/x86_64-linux-gnu /lib/../lib /usr/lib/x86_64-linux-gnu /usr/lib/../lib /lib /usr/lib
    libs=-lnsl -lgdbm -ldb -ldl -lm -lcrypt -lutil -lc -lgdbm_compat
    perllibs=-lnsl -ldl -lm -lcrypt -lutil -lc
    libc=, so=so, useshrplib=false, libperl=libperl.a
    gnulibc_version='2.13'
  Dynamic Linking:
    dlsrc=dl_dlopen.xs, dlext=so, d_dlsymun=undef, ccdlflags='-Wl,-E'
    cccdlflags='-fPIC', lddlflags='-shared -O2 -L/usr/local/lib -fstack-protector'


Characteristics of this binary (from libperl): 
  Compile-time options: HAS_TIMES PERLIO_LAYERS PERL_DONT_CREATE_GVSV
                        PERL_MALLOC_WRAP PERL_PRESERVE_IVUV PERL_USE_DEVEL
                        USE_64_BIT_ALL USE_64_BIT_INT USE_LARGE_FILES
                        USE_LOCALE USE_LOCALE_COLLATE USE_LOCALE_CTYPE
                        USE_LOCALE_NUMERIC USE_PERLIO USE_PERL_ATOF
  Built under linux
  Compiled at May 24 2012 13:49:43
  %ENV:
    PERL5LIB=""
    PERL5OPT=""
    PERL5_CPANPLUS_IS_RUNNING="14272"
    PERL5_CPAN_IS_RUNNING="14272"
    PERLBREW_BASHRC_VERSION="0.42"
    PERLBREW_HOME="/home/njh/.perlbrew"
    PERLBREW_MANPATH="/home/njh/perl5/perlbrew/perls/perl-blead/man"
    PERLBREW_PATH="/home/njh/perl5/perlbrew/bin:/home/njh/perl5/perlbrew/perls/perl-blead/bin"
    PERLBREW_PERL="perl-blead"
    PERLBREW_ROOT="/home/njh/perl5/perlbrew"
    PERLBREW_VERSION="0.42"
  @INC:
    /home/njh/perl5/perlbrew/perls/perl-blead/lib/site_perl/5.17.0/x86_64-linux
    /home/njh/perl5/perlbrew/perls/perl-blead/lib/site_perl/5.17.0
    /home/njh/perl5/perlbrew/perls/perl-blead/lib/5.17.0/x86_64-linux
    /home/njh/perl5/perlbrew/perls/perl-blead/lib/5.17.0
    .