Net-HTTP v6.17 Perl 5 v5.18.3 x86_64-linux-thread-multi

Status
Fail
From
Nigel Horne
Dist
Net-HTTP v6.17
Platform
Perl 5 v5.18.3 x86_64-linux-thread-multi
Date
2017-10-04 15:53:17
ID
2332f54c-a91c-11e7-baf9-d1257f577308
This distribution has been tested as part of the CPAN Testers
project, supporting the Perl programming language.  See
http://wiki.cpantesters.org/ for more information or email
questions to cpan-testers-discuss@perl.org


--
Dear Olaf Alders,

This is a computer-generated report for Net-HTTP-6.17
on perl 5.18.3, created by CPAN-Reporter-1.2018.

Thank you for uploading your work to CPAN.  However, there was a problem
testing your distribution.

If you think this report is invalid, please consult the CPAN Testers Wiki
for suggestions on how to avoid getting FAIL reports for missing library
or binary dependencies, unsupported operating systems, and so on:

http://wiki.cpantesters.org/wiki/CPANAuthorNotes

Sections of this report:

    * Tester comments
    * Program output
    * Prerequisites
    * Environment and other context

------------------------------
TESTER COMMENTS
------------------------------

Additional comments from tester:

none provided

------------------------------
PROGRAM OUTPUT
------------------------------

Output from '/usr/bin/make test':

PERL_DL_NONLAZY=1 "/home/njh/perl5/perlbrew/perls/perl-5.18.3/bin/perl" "-MExtUtils::Command::MM" "-MTest::Harness" "-e" "undef *Test::Harness::Switches; test_harness(0, 'blib/lib', 'blib/arch')" t/*.t

#   Failed test at t/http-nb.t line 28.
#          got: ''
#     expected: 'Net::HTTP::NB'

#   Failed test at t/http-nb.t line 29.
#          got: undef
#     expected: '1'
Can't call method "write_request" on an undefined value at t/http-nb.t line 31.
# Looks like you planned 14 tests but ran 3.
# Looks like you failed 2 tests of 3 run.
# Looks like your test exited with 115 just after 3.
t/http-nb.t ............ 
Dubious, test returned 115 (wstat 29440, 0x7300)
Failed 13/14 subtests 
t/http.t ............... ok
t/live-https.t ......... skipped: Can't connect to www.cpan.org:443
# 
# Versions for all modules listed in MYMETA.json (including optional ones):
# 
# === Configure Requires ===
# 
#     Module              Want Have
#     ------------------- ---- ----
#     ExtUtils::MakeMaker  any 7.30
# 
# === Configure Suggests ===
# 
#     Module      Want    Have
#     -------- ------- -------
#     JSON::PP 2.27300 2.27203
# 
# === Build Requires ===
# 
#     Module              Want Have
#     ------------------- ---- ----
#     ExtUtils::MakeMaker  any 7.30
# 
# === Test Requires ===
# 
#     Module              Want  Have
#     ------------------- ---- -----
#     Data::Dumper         any 2.145
#     ExtUtils::MakeMaker  any  7.30
#     File::Spec           any  3.40
#     IO::Select           any  1.21
#     Socket               any 2.009
#     Test::More           any  0.98
# 
# === Test Recommends ===
# 
#     Module         Want     Have
#     ---------- -------- --------
#     CPAN::Meta 2.120900 2.143240
# 
# === Runtime Requires ===
# 
#     Module                 Want  Have
#     ---------------------- ---- -----
#     Carp                    any  1.29
#     Compress::Raw::Zlib     any 2.060
#     IO::Socket::INET        any  1.33
#     IO::Uncompress::Gunzip  any 2.060
#     URI                     any  1.72
#     base                    any  2.18
#     strict                  any  1.07
#     vars                    any  1.03
#     warnings                any  1.18
# 
# === Runtime Suggests ===
# 
#     Module             Want    Have
#     ----------------- ----- -------
#     IO::Socket          any    1.36
#     IO::Socket::INET6   any missing
#     IO::Socket::IP      any missing
#     IO::Socket::SSL   2.012 missing
#     Symbol              any    1.07
# 
t/00-report-prereqs.t .. ok
t/live.t ............... skipped: Can't connect to www.neverssl.com
t/rt-112313.t .......... skipped: Can't connect to httpbin.org

Test Summary Report
-------------------
t/http-nb.t          (Wstat: 29440 Tests: 3 Failed: 2)
  Failed tests:  2-3
  Non-zero exit status: 115
  Parse errors: Bad plan.  You planned 14 tests but ran 3.
Files=6, Tests=41,  0 wallclock secs ( 0.06 usr  0.01 sys +  0.55 cusr  0.08 csys =  0.70 CPU)
Result: FAIL
Failed 1/6 test programs. 2/41 subtests failed.
Makefile:887: recipe for target 'test_dynamic' failed
make: *** [test_dynamic] Error 255

------------------------------
PREREQUISITES
------------------------------

Prerequisite modules loaded:

requires:

    Module                 Need     Have    
    ---------------------- -------- --------
    base                   0        2.18    
    Carp                   0        1.29    
    Compress::Raw::Zlib    0        2.060   
    IO::Socket::INET       0        1.33    
    IO::Uncompress::Gunzip 0        2.060   
    perl                   5.006002 5.018003
    strict                 0        1.07    
    URI                    0        1.72    
    vars                   0        1.03    
    warnings               0        1.18    

build_requires:

    Module                 Need     Have    
    ---------------------- -------- --------
    Data::Dumper           0        2.145   
    ExtUtils::MakeMaker    0        7.30    
    File::Spec             0        3.40    
    IO::Select             0        1.21    
    Socket                 0        2.009   
    Test::More             0        0.98    

configure_requires:

    Module                 Need     Have    
    ---------------------- -------- --------
    ExtUtils::MakeMaker    0        7.30    


------------------------------
ENVIRONMENT AND OTHER CONTEXT
------------------------------

Environment variables:

    HARNESS_OPTIONS = j2:c
    LANG = en_GB.UTF-8
    LANGUAGE = en_GB:en
    LDFLAGS = 
    LD_LIBRARY_PATH = /usr/local/lib::
    PATH = /home/njh/perl5/perlbrew/bin:/home/njh/perl5/perlbrew/perls/perl-5.18.3/bin:/usr/local/bin:/usr/bin:/bin:/usr/local/games:/usr/games:/home/njh/bin:/sbin
    PERL5LIB = 
    PERL5OPT = 
    PERL5_CPANPLUS_IS_RUNNING = 26726
    PERL5_CPAN_IS_RUNNING = 26726
    PERLBREW_BASHRC_VERSION = 0.75
    PERLBREW_HOME = /home/njh/.perlbrew
    PERLBREW_MANPATH = /home/njh/perl5/perlbrew/perls/perl-5.18.3/man
    PERLBREW_PATH = /home/njh/perl5/perlbrew/bin:/home/njh/perl5/perlbrew/perls/perl-5.18.3/bin
    PERLBREW_PERL = perl-5.18.3
    PERLBREW_ROOT = /home/njh/perl5/perlbrew
    PERLBREW_VERSION = 0.75
    SHELL = /bin/bash
    TERM = xterm-256color
    TMPDIR = /tmp

Perl special variables (and OS-specific diagnostics, for MSWin32):

    $^X = /home/njh/perl5/perlbrew/perls/perl-5.18.3/bin/perl
    $UID/$EUID = 1000 / 1000
    $GID = 1000 4 24 25 29 30 44 46 103 108 116 127 1000
    $EGID = 1000 4 24 25 29 30 44 46 103 108 116 127 1000

Perl module toolchain versions installed:

    Module              Have    
    ------------------- --------
    CPAN                2.00    
    CPAN::Meta          2.143240
    Cwd                 3.40    
    ExtUtils::CBuilder  0.280210
    ExtUtils::Command   7.30    
    ExtUtils::Install   2.06    
    ExtUtils::MakeMaker 7.30    
    ExtUtils::Manifest  1.70    
    ExtUtils::ParseXS   3.18    
    File::Spec          3.40    
    JSON                n/a     
    JSON::PP            2.27203 
    Module::Build       0.4003  
    Module::Signature   n/a     
    Parse::CPAN::Meta   1.4414  
    Test::Harness       3.39    
    Test::More          0.98    
    YAML                1.23    
    YAML::Syck          1.30    
    version             0.9902  


--

Summary of my perl5 (revision 5 version 18 subversion 3) configuration:
   
  Platform:
    osname=linux, osvers=4.9.0-2-amd64, archname=x86_64-linux-thread-multi
    uname='linux compaq 4.9.0-2-amd64 #1 smp debian 4.9.18-1 (2017-03-30) x86_64 gnulinux '
    config_args='-de -Dprefix=/home/njh/perl5/perlbrew/perls/perl-5.18.3 -Duseithreads -Dusemultiplicity -Dusedevel -Accflags= -Aeval:scriptdir=/home/njh/perl5/perlbrew/perls/perl-5.18.3/bin'
    hint=recommended, useposix=true, d_sigaction=define
    useithreads=define, usemultiplicity=define
    useperlio=define, d_sfio=undef, uselargefiles=define, usesocks=undef
    use64bitint=define, use64bitall=define, uselongdouble=undef
    usemymalloc=n, bincompat5005=undef
  Compiler:
    cc='cc', ccflags ='-D_REENTRANT -D_GNU_SOURCE -fno-strict-aliasing -pipe -fstack-protector -I/usr/local/include -D_LARGEFILE_SOURCE -D_FILE_OFFSET_BITS=64',
    optimize='-O2',
    cppflags='-D_REENTRANT -D_GNU_SOURCE -fno-strict-aliasing -pipe -fstack-protector -I/usr/local/include'
    ccversion='', gccversion='6.4.0 20170704', gccosandvers=''
    intsize=4, longsize=8, ptrsize=8, doublesize=8, byteorder=12345678
    d_longlong=define, longlongsize=8, d_longdbl=define, longdblsize=16
    ivtype='long', ivsize=8, nvtype='double', nvsize=8, Off_t='off_t', lseeksize=8
    alignbytes=8, prototype=define
  Linker and Libraries:
    ld='cc', ldflags =' -fstack-protector -L/usr/local/lib'
    libpth=/usr/local/lib /lib/x86_64-linux-gnu /lib/../lib /usr/lib/x86_64-linux-gnu /usr/lib/../lib /lib /usr/lib /lib64 /usr/lib64
    libs=-lnsl -lgdbm -ldb -ldl -lm -lcrypt -lutil -lpthread -lc -lgdbm_compat
    perllibs=-lnsl -ldl -lm -lcrypt -lutil -lpthread -lc
    libc=, so=so, useshrplib=false, libperl=libperl.a
    gnulibc_version='2.24'
  Dynamic Linking:
    dlsrc=dl_dlopen.xs, dlext=so, d_dlsymun=undef, ccdlflags='-Wl,-E'
    cccdlflags='-fPIC', lddlflags='-shared -O2 -L/usr/local/lib -fstack-protector'


Characteristics of this binary (from libperl): 
  Compile-time options: HAS_TIMES MULTIPLICITY PERLIO_LAYERS
                        PERL_DONT_CREATE_GVSV
                        PERL_HASH_FUNC_ONE_AT_A_TIME_HARD
                        PERL_IMPLICIT_CONTEXT PERL_MALLOC_WRAP
                        PERL_PRESERVE_IVUV PERL_SAWAMPERSAND PERL_USE_DEVEL
                        USE_64_BIT_ALL USE_64_BIT_INT USE_ITHREADS
                        USE_LARGE_FILES USE_LOCALE USE_LOCALE_COLLATE
                        USE_LOCALE_CTYPE USE_LOCALE_NUMERIC USE_PERLIO
                        USE_PERL_ATOF USE_REENTRANT_API
  Built under linux
  Compiled at Jul 26 2017 00:42:05
  %ENV:
    PERL5LIB=""
    PERL5OPT=""
    PERL5_CPANPLUS_IS_RUNNING="26726"
    PERL5_CPAN_IS_RUNNING="26726"
    PERLBREW_BASHRC_VERSION="0.75"
    PERLBREW_HOME="/home/njh/.perlbrew"
    PERLBREW_MANPATH="/home/njh/perl5/perlbrew/perls/perl-5.18.3/man"
    PERLBREW_PATH="/home/njh/perl5/perlbrew/bin:/home/njh/perl5/perlbrew/perls/perl-5.18.3/bin"
    PERLBREW_PERL="perl-5.18.3"
    PERLBREW_ROOT="/home/njh/perl5/perlbrew"
    PERLBREW_VERSION="0.75"
  @INC:
    /home/njh/perl5/perlbrew/perls/perl-5.18.3/lib/site_perl/5.18.3/x86_64-linux-thread-multi
    /home/njh/perl5/perlbrew/perls/perl-5.18.3/lib/site_perl/5.18.3
    /home/njh/perl5/perlbrew/perls/perl-5.18.3/lib/5.18.3/x86_64-linux-thread-multi
    /home/njh/perl5/perlbrew/perls/perl-5.18.3/lib/5.18.3
    .