App-Spanel-BuildBindZonesFromPowerDNSDB v0.002 Perl 5 v5.8.9 x86_64-linux

Status
Na
From
Andreas J. König (ANDK)
Dist
App-Spanel-BuildBindZonesFromPowerDNSDB v0.002
Platform
Perl 5 v5.8.9 x86_64-linux
Date
2019-09-06 19:18:41
ID
2334b1aa-d0db-11e9-909b-7d7074b35b60
This distribution has been tested as part of the CPAN Testers
project, supporting the Perl programming language.  See
http://wiki.cpantesters.org/ for more information or email
questions to cpan-testers-discuss@perl.org


--
Dear perlancar,

This is a computer-generated report for App-Spanel-BuildBindZonesFromPowerDNSDB-0.002
on perl 5.8.9, created by CPAN-Reporter-1.2018.

Thank you for uploading your work to CPAN.  While attempting to build or test
this distribution, the distribution signaled that support is not available
either for this operating system or this version of Perl.  Nevertheless, any
diagnostic output produced is provided below for reference.  If this is not
what you expect, you may wish to consult the CPAN Testers Wiki:

http://wiki.cpantesters.org/wiki/CPANAuthorNotes

Sections of this report:

    * Tester comments
    * Program output
    * Prerequisites
    * Environment and other context

------------------------------
TESTER COMMENTS
------------------------------

Additional comments from tester:

this report is from an automated smoke testing program
and was not reviewed by a human for accuracy

------------------------------
PROGRAM OUTPUT
------------------------------

Output from '/usr/bin/make test':

PERL_DL_NONLAZY=1 "/home/sand/src/perl/repoperls/installed-perls/host/k93msid/perl-5.8.9/6fdb/bin/perl" "-MExtUtils::Command::MM" "-MTest::Harness" "-e" "undef *Test::Harness::Switches; test_harness(0, 'blib/lib', 'blib/arch')" t/*.t

#   Failed test 'App/Spanel/BuildBindZonesFromPowerDNSDB.pm loaded ok'
#   at t/00-compile.t line 45.
#          got: '2304'
#     expected: '0'
Perl v5.10.1 required--this is only v5.8.9, stopped at /tmp/loop_over_bdir-2703-mUsIXF/App-Spanel-BuildBindZonesFromPowerDNSDB-0.002-0/blib/lib/App/Spanel/BuildBindZonesFromPowerDNSDB.pm line 6.
BEGIN failed--compilation aborted at /tmp/loop_over_bdir-2703-mUsIXF/App-Spanel-BuildBindZonesFromPowerDNSDB-0.002-0/blib/lib/App/Spanel/BuildBindZonesFromPowerDNSDB.pm line 6.
Compilation failed in require at -e line 1.

#   Failed test 'script/spanel-build-bind-zones-from-powerdns-db compiled ok'
#   at t/00-compile.t line 78.
#          got: '2304'
#     expected: '0'
Perl v5.10.1 required--this is only v5.8.9, stopped at script/spanel-build-bind-zones-from-powerdns-db line 10.BEGIN failed--compilation aborted at script/spanel-build-bind-zones-from-powerdns-db line 10. at t/00-compile.t line 87, <GEN4> line 2.
# Looks like you failed 2 tests of 2.
t/00-compile.t ........... 
Dubious, test returned 2 (wstat 512, 0x200)
Failed 2/2 subtests 
t/author-critic.t ........ skipped: these tests are for testing by the author
t/author-pod-coverage.t .. skipped: these tests are for testing by the author
t/author-pod-syntax.t .... skipped: these tests are for testing by the author
t/release-rinci.t ........ skipped: these tests are for release candidate testing

Test Summary Report
-------------------
t/00-compile.t         (Wstat: 512 Tests: 2 Failed: 2)
  Failed tests:  1-2
  Non-zero exit status: 2
Files=5, Tests=2,  0 wallclock secs ( 0.03 usr  0.02 sys +  0.13 cusr  0.03 csys =  0.21 CPU)
Result: FAIL
Failed 1/5 test programs. 2/2 subtests failed.
make: *** [Makefile:901: test_dynamic] Error 255

------------------------------
PREREQUISITES
------------------------------

Prerequisite modules loaded:

requires:

    Module                               Need  Have    
    ------------------------------------ ----- --------
  ! Data::Sah::Compiler::perl::TH::array 0     n/a     
  ! Data::Sah::Compiler::perl::TH::bool  0     n/a     
  ! Data::Sah::Compiler::perl::TH::int   0     n/a     
  ! Data::Sah::Compiler::perl::TH::str   0     n/a     
    DBIx::Connect::Any                   0     0.001   
  ! DNS::Zone::PowerDNS::To::BIND        0     n/a     
    Log::ger                             0.027 0.027   
  ! Perinci::CmdLine::Any                0     n/a     
  ! Perinci::CmdLine::Lite               1.820 n/a     
  ! Sah::Schema::net::hostname           0     n/a     
    Sah::Schema::uint                    0     0.071   
    strict                               0     1.03    
    warnings                             0     1.05_01 

build_requires:

    Module                               Need  Have    
    ------------------------------------ ----- --------
    ExtUtils::MakeMaker                  0     7.37_04 
    File::Spec                           0     3.75    
    IO::Handle                           0     1.39    
    IPC::Open3                           0     1.03    
    Test::More                           0     1.302166

configure_requires:

    Module                               Need  Have    
    ------------------------------------ ----- --------
    ExtUtils::MakeMaker                  0     7.37_04 


------------------------------
ENVIRONMENT AND OTHER CONTEXT
------------------------------

Environment variables:

    AUTOMATED_TESTING = 1
    LANG = en_US.UTF-8
    PATH = /home/sand/bin:/usr/local/bin:/usr/bin:/bin:/usr/games:/usr/local/perl/bin:/usr/X11/bin:/sbin:/usr/sbin
    PERL5LIB = 
    PERL5OPT = 
    PERL5_CPANPLUS_IS_RUNNING = 2709
    PERL5_CPAN_IS_RUNNING = 2709
    PERL_CANARY_STABILITY_NOPROMPT = 1
    PERL_MM_USE_DEFAULT = 1
    PERL_USE_UNSAFE_INC = 1
    SHELL = /usr/bin/zsh
    TERM = screen

Perl special variables (and OS-specific diagnostics, for MSWin32):

    $^X = /home/sand/src/perl/repoperls/installed-perls/host/k93msid/perl-5.8.9/6fdb/bin/perl
    $UID/$EUID = 1005 / 1005
    $GID = 1005 1005
    $EGID = 1005 1005

Perl module toolchain versions installed:

    Module              Have    
    ------------------- --------
    CPAN                2.27    
    CPAN::Meta          2.150010
    Cwd                 3.75    
    ExtUtils::CBuilder  0.280231
    ExtUtils::Command   7.37_04 
    ExtUtils::Install   2.06    
    ExtUtils::MakeMaker 7.37_04 
    ExtUtils::Manifest  1.70    
    ExtUtils::ParseXS   3.35    
    File::Spec          3.75    
    JSON                4.02    
    JSON::PP            4.04    
    Module::Build       0.42_30 
    Module::Signature   0.83    
    Parse::CPAN::Meta   2.150010
    Test::Harness       3.42    
    Test::More          1.302166
    YAML                1.29    
    YAML::Syck          1.31    
    version             0.9924  


--

Summary of my perl5 (revision 5 version 8 subversion 9) configuration:
  Platform:
    osname=linux, osvers=4.18.0-2-amd64, archname=x86_64-linux
    uname='linux k93msid 4.18.0-2-amd64 #1 smp debian 4.18.10-2 (2018-10-07) x86_64 gnulinux '
    config_args='-Dprefix=/home/sand/src/perl/repoperls/installed-perls/host/k93msid/perl-5.8.9/6fdb -Dmyhostname=k93msid -Dinstallusrbinperl=n -Uversiononly -Dusedevel -des -Ui_db -Dlibswanted=cl pthread socket inet nsl gdbm dbm malloc dl ld sun m crypt sec util c cposix posix ucb BSD gdbm_compat -Uuseithreads -Uuselongdouble -Doptimize=-g'
    hint=recommended, useposix=true, d_sigaction=define
    usethreads=undef use5005threads=undef useithreads=undef usemultiplicity=undef
    useperlio=define d_sfio=undef uselargefiles=define usesocks=undef
    use64bitint=define use64bitall=define uselongdouble=undef
    usemymalloc=n, bincompat5005=undef
  Compiler:
    cc='cc', ccflags ='-DDEBUGGING -fno-strict-aliasing -pipe -I/usr/local/include -D_LARGEFILE_SOURCE -D_FILE_OFFSET_BITS=64',
    optimize='-g',
    cppflags='-DDEBUGGING -fno-strict-aliasing -pipe -I/usr/local/include'
    ccversion='', gccversion='8.2.0', gccosandvers=''
    intsize=4, longsize=8, ptrsize=8, doublesize=8, byteorder=12345678
    d_longlong=define, longlongsize=8, d_longdbl=define, longdblsize=16
    ivtype='long', ivsize=8, nvtype='double', nvsize=8, Off_t='off_t', lseeksize=8
    alignbytes=8, prototype=define
  Linker and Libraries:
    ld='cc', ldflags =' -L/usr/local/lib'
    libpth=/usr/local/lib /lib/x86_64-linux-gnu /lib/../lib /usr/lib/x86_64-linux-gnu /usr/lib/../lib /lib /usr/lib
    libs=-lpthread -lnsl -ldl -lm -lcrypt -lutil -lc
    perllibs=-lpthread -lnsl -ldl -lm -lcrypt -lutil -lc
    libc=libc-2.27.so, so=so, useshrplib=false, libperl=libperl.a
    gnulibc_version='2.27'
  Dynamic Linking:
    dlsrc=dl_dlopen.xs, dlext=so, d_dlsymun=undef, ccdlflags='-Wl,-E'
    cccdlflags='-fPIC', lddlflags='-shared -g -L/usr/local/lib'


Characteristics of this binary (from libperl): 
  Compile-time options: DEBUGGING PERL_MALLOC_WRAP USE_64_BIT_ALL
                        USE_64_BIT_INT USE_FAST_STDIO USE_LARGE_FILES
                        USE_PERLIO
  Built under linux
  Compiled at Oct 29 2018 02:17:06
  %ENV:
    PERL5LIB=""
    PERL5OPT=""
    PERL5_CPANPLUS_IS_RUNNING="2709"
    PERL5_CPAN_IS_RUNNING="2709"
    PERL_CANARY_STABILITY_NOPROMPT="1"
    PERL_MM_USE_DEFAULT="1"
    PERL_USE_UNSAFE_INC="1"
  @INC:
    /home/sand/src/perl/repoperls/installed-perls/host/k93msid/perl-5.8.9/6fdb/lib/5.8.9/x86_64-linux
    /home/sand/src/perl/repoperls/installed-perls/host/k93msid/perl-5.8.9/6fdb/lib/5.8.9
    /home/sand/src/perl/repoperls/installed-perls/host/k93msid/perl-5.8.9/6fdb/lib/site_perl/5.8.9/x86_64-linux
    /home/sand/src/perl/repoperls/installed-perls/host/k93msid/perl-5.8.9/6fdb/lib/site_perl/5.8.9
    .