Report for Test-Mock-Recorder-0.01

Back
From: metabase:user:e3434da8-b236-11df-85ca-0247c6d74bde
Subject: FAIL Test-Mock-Recorder-0.01 v5.14.1 GNU/Linux
Date: 2011-08-10T15:26:37Z

This distribution has been tested as part of the CPAN Testers
project, supporting the Perl programming language.  See
http://wiki.cpantesters.org/ for more information or email
questions to cpan-testers-discuss@perl.org


--
Dear Kato Kazuyoshi,

This is a computer-generated report for Test-Mock-Recorder-0.01
on perl 5.14.1, created by CPAN-Reporter-1.1902.

Thank you for uploading your work to CPAN.  However, there was a problem
testing your distribution.

If you think this report is invalid, please consult the CPAN Testers Wiki
for suggestions on how to avoid getting FAIL reports for missing library
or binary dependencies, unsupported operating systems, and so on:

http://wiki.cpantesters.org/wiki/CPANAuthorNotes

Sections of this report:

    * Tester comments
    * Program output
    * Prerequisites
    * Environment and other context

------------------------------
TESTER COMMENTS
------------------------------

Additional comments from tester:

this report is from an automated smoke testing program
and was not reviewed by a human for accuracy

------------------------------
PROGRAM OUTPUT
------------------------------

Output from '/usr/bin/make test':

PERL_DL_NONLAZY=1 /home/perl514/testing/perl-5.14.1/bin/perl5.14.1 "-MExtUtils::Command::MM" "-e" "test_harness(0, 'inc', 'blib/lib', 'blib/arch')" t/*.t

#   Failed test 'use Test::Mock::Recorder;'
#   at t/arguments.t line 5.
#     Tried to use 'Test::Mock::Recorder'.
#     Error:  Can't locate Test/MockObject.pm in @INC (@INC contains: /home/perl514/.cpan/build/Test-Mock-Recorder-0.01-zMYKRC/inc /home/perl514/.cpan/build/Test-Mock-Recorder-0.01-zMYKRC/blib/lib /home/perl514/.cpan/build/Test-Mock-Recorder-0.01-zMYKRC/blib/arch /home/perl514/testing/perl-5.14.1/lib/site_perl/5.14.1/x86_64-linux-thread-multi /home/perl514/testing/perl-5.14.1/lib/site_perl/5.14.1 /home/perl514/testing/perl-5.14.1/lib/5.14.1/x86_64-linux-thread-multi /home/perl514/testing/perl-5.14.1/lib/5.14.1 .) at /home/perl514/.cpan/build/Test-Mock-Recorder-0.01-zMYKRC/blib/lib/Test/Mock/Recorder.pm line 6.
# BEGIN failed--compilation aborted at /home/perl514/.cpan/build/Test-Mock-Recorder-0.01-zMYKRC/blib/lib/Test/Mock/Recorder.pm line 6.
# Compilation failed in require at (eval 4) line 2.
# BEGIN failed--compilation aborted at (eval 4) line 2.
Can't locate object method "expects" via package "Test::Mock::Recorder" at t/arguments.t line 9.
# Tests were run but no plan was declared and done_testing() was not seen.
t/arguments.t .. 
Dubious, test returned 255 (wstat 65280, 0xff00)
Failed 1/1 subtests 

#   Failed test 'use Test::Mock::Recorder;'
#   at t/chain.t line 5.
#     Tried to use 'Test::Mock::Recorder'.
#     Error:  Can't locate Test/MockObject.pm in @INC (@INC contains: /home/perl514/.cpan/build/Test-Mock-Recorder-0.01-zMYKRC/inc /home/perl514/.cpan/build/Test-Mock-Recorder-0.01-zMYKRC/blib/lib /home/perl514/.cpan/build/Test-Mock-Recorder-0.01-zMYKRC/blib/arch /home/perl514/testing/perl-5.14.1/lib/site_perl/5.14.1/x86_64-linux-thread-multi /home/perl514/testing/perl-5.14.1/lib/site_perl/5.14.1 /home/perl514/testing/perl-5.14.1/lib/5.14.1/x86_64-linux-thread-multi /home/perl514/testing/perl-5.14.1/lib/5.14.1 .) at /home/perl514/.cpan/build/Test-Mock-Recorder-0.01-zMYKRC/blib/lib/Test/Mock/Recorder.pm line 6.
# BEGIN failed--compilation aborted at /home/perl514/.cpan/build/Test-Mock-Recorder-0.01-zMYKRC/blib/lib/Test/Mock/Recorder.pm line 6.
# Compilation failed in require at (eval 4) line 2.
# BEGIN failed--compilation aborted at (eval 4) line 2.
Can't locate object method "expects" via package "Test::Mock::Recorder" at t/chain.t line 10.
# Tests were run but no plan was declared and done_testing() was not seen.
t/chain.t ...... 
Dubious, test returned 255 (wstat 65280, 0xff00)
Failed 1/1 subtests 
Can't locate Test/MockObject.pm in @INC (@INC contains: /home/perl514/.cpan/build/Test-Mock-Recorder-0.01-zMYKRC/inc /home/perl514/.cpan/build/Test-Mock-Recorder-0.01-zMYKRC/blib/lib /home/perl514/.cpan/build/Test-Mock-Recorder-0.01-zMYKRC/blib/arch /home/perl514/testing/perl-5.14.1/lib/site_perl/5.14.1/x86_64-linux-thread-multi /home/perl514/testing/perl-5.14.1/lib/site_perl/5.14.1 /home/perl514/testing/perl-5.14.1/lib/5.14.1/x86_64-linux-thread-multi /home/perl514/testing/perl-5.14.1/lib/5.14.1 .) at /home/perl514/.cpan/build/Test-Mock-Recorder-0.01-zMYKRC/blib/lib/Test/Mock/Recorder.pm line 6.
BEGIN failed--compilation aborted at /home/perl514/.cpan/build/Test-Mock-Recorder-0.01-zMYKRC/blib/lib/Test/Mock/Recorder.pm line 6.
Compilation failed in require at t/expects.t line 4.
BEGIN failed--compilation aborted at t/expects.t line 4.
t/expects.t .... 
Dubious, test returned 2 (wstat 512, 0x200)
No subtests run 

#   Failed test 'use Test::Mock::Recorder;'
#   at t/replay.t line 5.
#     Tried to use 'Test::Mock::Recorder'.
#     Error:  Can't locate Test/MockObject.pm in @INC (@INC contains: /home/perl514/.cpan/build/Test-Mock-Recorder-0.01-zMYKRC/inc /home/perl514/.cpan/build/Test-Mock-Recorder-0.01-zMYKRC/blib/lib /home/perl514/.cpan/build/Test-Mock-Recorder-0.01-zMYKRC/blib/arch /home/perl514/testing/perl-5.14.1/lib/site_perl/5.14.1/x86_64-linux-thread-multi /home/perl514/testing/perl-5.14.1/lib/site_perl/5.14.1 /home/perl514/testing/perl-5.14.1/lib/5.14.1/x86_64-linux-thread-multi /home/perl514/testing/perl-5.14.1/lib/5.14.1 .) at /home/perl514/.cpan/build/Test-Mock-Recorder-0.01-zMYKRC/blib/lib/Test/Mock/Recorder.pm line 6.
# BEGIN failed--compilation aborted at /home/perl514/.cpan/build/Test-Mock-Recorder-0.01-zMYKRC/blib/lib/Test/Mock/Recorder.pm line 6.
# Compilation failed in require at (eval 4) line 2.
# BEGIN failed--compilation aborted at (eval 4) line 2.
Can't locate object method "expects" via package "Test::Mock::Recorder" at t/replay.t line 7.
# Tests were run but no plan was declared and done_testing() was not seen.
t/replay.t ..... 
Dubious, test returned 255 (wstat 65280, 0xff00)
Failed 1/1 subtests 

#   Failed test 'use Test::Mock::Recorder;'
#   at t/synopsis.t line 23.
#     Tried to use 'Test::Mock::Recorder'.
#     Error:  Can't locate Test/MockObject.pm in @INC (@INC contains: /home/perl514/.cpan/build/Test-Mock-Recorder-0.01-zMYKRC/inc /home/perl514/.cpan/build/Test-Mock-Recorder-0.01-zMYKRC/blib/lib /home/perl514/.cpan/build/Test-Mock-Recorder-0.01-zMYKRC/blib/arch /home/perl514/testing/perl-5.14.1/lib/site_perl/5.14.1/x86_64-linux-thread-multi /home/perl514/testing/perl-5.14.1/lib/site_perl/5.14.1 /home/perl514/testing/perl-5.14.1/lib/5.14.1/x86_64-linux-thread-multi /home/perl514/testing/perl-5.14.1/lib/5.14.1 .) at /home/perl514/.cpan/build/Test-Mock-Recorder-0.01-zMYKRC/blib/lib/Test/Mock/Recorder.pm line 6.
# BEGIN failed--compilation aborted at /home/perl514/.cpan/build/Test-Mock-Recorder-0.01-zMYKRC/blib/lib/Test/Mock/Recorder.pm line 6.
# Compilation failed in require at (eval 4) line 2.
# BEGIN failed--compilation aborted at (eval 4) line 2.

#   Failed test 'eval synopsis'
#   at t/synopsis.t line 29.
#          got: 'Can't locate object method "expects" via package "Test::Mock::Recorder" at (eval 9) line 3.
# '
#     expected: ''
# Looks like you failed 2 tests of 3.
t/synopsis.t ... 
Dubious, test returned 2 (wstat 512, 0x200)
Failed 2/3 subtests 

#   Failed test 'use Test::Mock::Recorder;'
#   at t/test_name.t line 5.
#     Tried to use 'Test::Mock::Recorder'.
#     Error:  Can't locate Test/MockObject.pm in @INC (@INC contains: /home/perl514/.cpan/build/Test-Mock-Recorder-0.01-zMYKRC/inc /home/perl514/.cpan/build/Test-Mock-Recorder-0.01-zMYKRC/blib/lib /home/perl514/.cpan/build/Test-Mock-Recorder-0.01-zMYKRC/blib/arch /home/perl514/testing/perl-5.14.1/lib/site_perl/5.14.1/x86_64-linux-thread-multi /home/perl514/testing/perl-5.14.1/lib/site_perl/5.14.1 /home/perl514/testing/perl-5.14.1/lib/5.14.1/x86_64-linux-thread-multi /home/perl514/testing/perl-5.14.1/lib/5.14.1 .) at /home/perl514/.cpan/build/Test-Mock-Recorder-0.01-zMYKRC/blib/lib/Test/Mock/Recorder.pm line 6.
# BEGIN failed--compilation aborted at /home/perl514/.cpan/build/Test-Mock-Recorder-0.01-zMYKRC/blib/lib/Test/Mock/Recorder.pm line 6.
# Compilation failed in require at (eval 4) line 2.
# BEGIN failed--compilation aborted at (eval 4) line 2.
Can't locate object method "expects" via package "Test::Mock::Recorder" at t/test_name.t line 9.
    # Child (A) exited without calling finalize()

#   Failed test 'A'
#   at /home/perl514/testing/perl-5.14.1/lib/5.14.1/Test/Builder.pm line 252.
# Tests were run but no plan was declared and done_testing() was not seen.
t/test_name.t .. 
Dubious, test returned 29 (wstat 7424, 0x1d00)
Failed 2/2 subtests 

#   Failed test 'use Test::Mock::Recorder;'
#   at t/use.t line 3.
#     Tried to use 'Test::Mock::Recorder'.
#     Error:  Can't locate Test/MockObject.pm in @INC (@INC contains: /home/perl514/.cpan/build/Test-Mock-Recorder-0.01-zMYKRC/inc /home/perl514/.cpan/build/Test-Mock-Recorder-0.01-zMYKRC/blib/lib /home/perl514/.cpan/build/Test-Mock-Recorder-0.01-zMYKRC/blib/arch /home/perl514/testing/perl-5.14.1/lib/site_perl/5.14.1/x86_64-linux-thread-multi /home/perl514/testing/perl-5.14.1/lib/site_perl/5.14.1 /home/perl514/testing/perl-5.14.1/lib/5.14.1/x86_64-linux-thread-multi /home/perl514/testing/perl-5.14.1/lib/5.14.1 .) at /home/perl514/.cpan/build/Test-Mock-Recorder-0.01-zMYKRC/blib/lib/Test/Mock/Recorder.pm line 6.
# BEGIN failed--compilation aborted at /home/perl514/.cpan/build/Test-Mock-Recorder-0.01-zMYKRC/blib/lib/Test/Mock/Recorder.pm line 6.
# Compilation failed in require at (eval 4) line 2.
# BEGIN failed--compilation aborted at (eval 4) line 2.
# Looks like you failed 1 test of 1.
t/use.t ........ 
Dubious, test returned 1 (wstat 256, 0x100)
Failed 1/1 subtests 

#   Failed test 'use Test::Mock::Recorder;'
#   at t/verify_ok.t line 5.
#     Tried to use 'Test::Mock::Recorder'.
#     Error:  Can't locate Test/MockObject.pm in @INC (@INC contains: /home/perl514/.cpan/build/Test-Mock-Recorder-0.01-zMYKRC/inc /home/perl514/.cpan/build/Test-Mock-Recorder-0.01-zMYKRC/blib/lib /home/perl514/.cpan/build/Test-Mock-Recorder-0.01-zMYKRC/blib/arch /home/perl514/testing/perl-5.14.1/lib/site_perl/5.14.1/x86_64-linux-thread-multi /home/perl514/testing/perl-5.14.1/lib/site_perl/5.14.1 /home/perl514/testing/perl-5.14.1/lib/5.14.1/x86_64-linux-thread-multi /home/perl514/testing/perl-5.14.1/lib/5.14.1 .) at /home/perl514/.cpan/build/Test-Mock-Recorder-0.01-zMYKRC/blib/lib/Test/Mock/Recorder.pm line 6.
# BEGIN failed--compilation aborted at /home/perl514/.cpan/build/Test-Mock-Recorder-0.01-zMYKRC/blib/lib/Test/Mock/Recorder.pm line 6.
# Compilation failed in require at (eval 4) line 2.
# BEGIN failed--compilation aborted at (eval 4) line 2.
Can't locate object method "expects" via package "Test::Mock::Recorder" at t/verify_ok.t line 8.
# Tests were run but no plan was declared and done_testing() was not seen.
t/verify_ok.t .. 
Dubious, test returned 255 (wstat 65280, 0xff00)
Failed 1/1 subtests 

Test Summary Report
-------------------
t/arguments.t (Wstat: 65280 Tests: 1 Failed: 1)
  Failed test:  1
  Non-zero exit status: 255
  Parse errors: No plan found in TAP output
t/chain.t    (Wstat: 65280 Tests: 1 Failed: 1)
  Failed test:  1
  Non-zero exit status: 255
  Parse errors: No plan found in TAP output
t/expects.t  (Wstat: 512 Tests: 0 Failed: 0)
  Non-zero exit status: 2
  Parse errors: No plan found in TAP output
t/replay.t   (Wstat: 65280 Tests: 1 Failed: 1)
  Failed test:  1
  Non-zero exit status: 255
  Parse errors: No plan found in TAP output
t/synopsis.t (Wstat: 512 Tests: 3 Failed: 2)
  Failed tests:  1, 3
  Non-zero exit status: 2
t/test_name.t (Wstat: 7424 Tests: 2 Failed: 2)
  Failed tests:  1-2
  Non-zero exit status: 29
  Parse errors: No plan found in TAP output
t/use.t      (Wstat: 256 Tests: 1 Failed: 1)
  Failed test:  1
  Non-zero exit status: 1
t/verify_ok.t (Wstat: 65280 Tests: 1 Failed: 1)
  Failed test:  1
  Non-zero exit status: 255
  Parse errors: No plan found in TAP output
Files=8, Tests=10,  1 wallclock secs ( 0.04 usr  0.01 sys +  0.20 cusr  0.04 csys =  0.29 CPU)
Result: FAIL
Failed 8/8 test programs. 9/10 subtests failed.
make: *** [test_dynamic] Error 255

------------------------------
PREREQUISITES
------------------------------

Prerequisite modules loaded:

requires:

    Module                Need Have   
    --------------------- ---- -------
    Class::Accessor::Fast 0    0.34   
    Data::Compare         0    1.22   
    Test::Builder         0    0.98   

build_requires:

    Module                Need Have   
    --------------------- ---- -------
    ExtUtils::MakeMaker   6.42 6.57_05
    Test::More            0    0.98   

configure_requires:

    Module                Need Have   
    --------------------- ---- -------
    ExtUtils::MakeMaker   6.42 6.57_05


------------------------------
ENVIRONMENT AND OTHER CONTEXT
------------------------------

Environment variables:

    AUTOMATED_TESTING = 1
    LANG = en_US.UTF-8
    LC_COLLATE = C
    LC_MONETARY = nl_NL.utf8
    PATH = /home/tester/perl5/perlbrew/bin:/home/tester/perl5/perlbrew/perls/perl-5.15.1/bin:/usr/lib64/qt-3.3/bin:/usr/lib64/ccache:/usr/local/bin:/bin:/usr/bin:/usr/local/sbin:/usr/sbin:/sbin:/home/tester/bin:/home/tester/bin
    PATH_WITHOUT_PERLBREW = /usr/lib64/qt-3.3/bin:/usr/lib64/ccache:/usr/local/bin:/bin:/usr/bin:/usr/local/sbin:/usr/sbin:/sbin:/home/tester/bin
    PERL5LIB = 
    PERL5OPT = 
    PERL5_CPANPLUS_IS_RUNNING = 31770
    PERL5_CPAN_IS_RUNNING = 31770
    PERL5_CPAN_IS_RUNNING_IN_RECURSION = 19334,31770
    PERLBREW_PATH = /home/tester/perl5/perlbrew/bin:/home/tester/perl5/perlbrew/perls/perl-5.15.1/bin
    PERLBREW_PERL = perl-5.15.1
    PERLBREW_ROOT = /home/tester/perl5/perlbrew
    PERLBREW_VERSION = 0.15
    PERL_CR_SMOKER_CURRENT = Test-Mock-Recorder-0.01
    PERL_EXTUTILS_AUTOINSTALL = --defaultdeps
    PERL_MM_USE_DEFAULT = 1
    SHELL = /bin/bash
    TERM = screen

Perl special variables (and OS-specific diagnostics, for MSWin32):

    $^X = /home/perl514/testing/perl-5.14.1/bin/perl5.14.1
    $UID/$EUID = 503 / 503
    $GID = 503 501 503
    $EGID = 503 501 503

Perl module toolchain versions installed:

    Module              Have    
    ------------------- --------
    CPAN                1.9600  
    Cwd                 3.36    
    ExtUtils::CBuilder  0.280203
    ExtUtils::Command   1.17    
    ExtUtils::Install   1.56    
    ExtUtils::MakeMaker 6.57_05 
    ExtUtils::Manifest  1.58    
    ExtUtils::ParseXS   2.2210  
    File::Spec          3.33    
    Module::Build       0.3800  
    Module::Signature   n/a     
    Test::Harness       3.23    
    Test::More          0.98    
    YAML                n/a     
    YAML::Syck          1.17    
    version             0.91    


--

Summary of my perl5 (revision 5 version 14 subversion 1) configuration:
   
  Platform:
    osname=linux, osvers=2.6.35.11-83.fc14.x86_64, archname=x86_64-linux-thread-multi
    uname='linux firenze.fritz.box 2.6.35.11-83.fc14.x86_64 #1 smp mon feb 7 07:06:44 utc 2011 x86_64 x86_64 x86_64 gnulinux '
    config_args='-Dprefix=/home/perl514/testing/perl-5.14.1 -Dusethreads -Dusedevel -des'
    hint=recommended, useposix=true, d_sigaction=define
    useithreads=define, usemultiplicity=define
    useperlio=define, d_sfio=undef, uselargefiles=define, usesocks=undef
    use64bitint=define, use64bitall=define, uselongdouble=undef
    usemymalloc=n, bincompat5005=undef
  Compiler:
    cc='cc', ccflags ='-D_REENTRANT -D_GNU_SOURCE -fno-strict-aliasing -pipe -fstack-protector -I/usr/local/include -D_LARGEFILE_SOURCE -D_FILE_OFFSET_BITS=64',
    optimize='-O2',
    cppflags='-D_REENTRANT -D_GNU_SOURCE -fno-strict-aliasing -pipe -fstack-protector -I/usr/local/include'
    ccversion='', gccversion='4.5.1 20100924 (Red Hat 4.5.1-4)', gccosandvers=''
    intsize=4, longsize=8, ptrsize=8, doublesize=8, byteorder=12345678
    d_longlong=define, longlongsize=8, d_longdbl=define, longdblsize=16
    ivtype='long', ivsize=8, nvtype='double', nvsize=8, Off_t='off_t', lseeksize=8
    alignbytes=8, prototype=define
  Linker and Libraries:
    ld='cc', ldflags =' -fstack-protector -L/usr/local/lib'
    libpth=/usr/local/lib /lib/../lib64 /usr/lib/../lib64 /lib /usr/lib /lib64 /usr/lib64 /usr/local/lib64
    libs=-lnsl -lgdbm -ldb -ldl -lm -lcrypt -lutil -lpthread -lc -lgdbm_compat
    perllibs=-lnsl -ldl -lm -lcrypt -lutil -lpthread -lc
    libc=, so=so, useshrplib=false, libperl=libperl.a
    gnulibc_version='2.13'
  Dynamic Linking:
    dlsrc=dl_dlopen.xs, dlext=so, d_dlsymun=undef, ccdlflags='-Wl,-E'
    cccdlflags='-fPIC', lddlflags='-shared -O2 -L/usr/local/lib -fstack-protector'


Characteristics of this binary (from libperl): 
  Compile-time options: MULTIPLICITY PERL_DONT_CREATE_GVSV
                        PERL_IMPLICIT_CONTEXT PERL_MALLOC_WRAP
                        PERL_PRESERVE_IVUV PERL_USE_DEVEL USE_64_BIT_ALL
                        USE_64_BIT_INT USE_ITHREADS USE_LARGE_FILES
                        USE_PERLIO USE_PERL_ATOF USE_REENTRANT_API
  Built under linux
  Compiled at Jun 22 2011 21:01:33
  %ENV:
    PERL5LIB=""
    PERL5OPT=""
    PERL5_CPANPLUS_IS_RUNNING="31770"
    PERL5_CPAN_IS_RUNNING="31770"
    PERL5_CPAN_IS_RUNNING_IN_RECURSION="19334,31770"
    PERLBREW_PATH="/home/tester/perl5/perlbrew/bin:/home/tester/perl5/perlbrew/perls/perl-5.15.1/bin"
    PERLBREW_PERL="perl-5.15.1"
    PERLBREW_ROOT="/home/tester/perl5/perlbrew"
    PERLBREW_VERSION="0.15"
    PERL_CR_SMOKER_CURRENT="Test-Mock-Recorder-0.01"
    PERL_EXTUTILS_AUTOINSTALL="--defaultdeps"
    PERL_MM_USE_DEFAULT="1"
  @INC:
    /home/perl514/testing/perl-5.14.1/lib/site_perl/5.14.1/x86_64-linux-thread-multi
    /home/perl514/testing/perl-5.14.1/lib/site_perl/5.14.1
    /home/perl514/testing/perl-5.14.1/lib/5.14.1/x86_64-linux-thread-multi
    /home/perl514/testing/perl-5.14.1/lib/5.14.1
    .