Catalyst-Plugin-ConfigLoader-Environment v0.07 Perl 5 v5.12.1 i686-linux-thread-multi
- Status
- Fail
- From
- Serguei Trouchelle (STRO)
- Dist
-
Catalyst-Plugin-ConfigLoader-Environment v0.07
- Platform
- Perl 5 v5.12.1 i686-linux-thread-multi
- Date
- 2010-06-07 11:59:35
- ID
- 23e6828a-722c-11df-ae84-306a32f0e683
This distribution has been tested as part of the CPAN Testers
project, supporting the Perl programming language. See
http://wiki.cpantesters.org/ for more information or email
questions to cpan-testers-discuss@perl.org
--
Dear Devin Austin,
This is a computer-generated report for Catalyst-Plugin-ConfigLoader-Environment-0.07
on perl 5.12.1, created by CPAN-Reporter-1.1711.
Thank you for uploading your work to CPAN. However, there was a problem
testing your distribution.
If you think this report is invalid, please consult the CPAN Testers Wiki
for suggestions on how to avoid getting FAIL reports for missing library
or binary dependencies, unsupported operating systems, and so on:
http://wiki.cpantesters.org/wiki/CPANAuthorNotes
Sections of this report:
* Tester comments
* Program output
* Prerequisites
* Environment and other context
------------------------------
TESTER COMMENTS
------------------------------
Additional comments from tester:
this report is from an automated smoke testing program
and was not reviewed by a human for accuracy
------------------------------
PROGRAM OUTPUT
------------------------------
Output from 'C:\bin\dev\perl\site\bin\dmake.EXE test':
C:\home\stro\perl5121\bin\perl.exe "-MExtUtils::Command::MM" "-e" "test_harness(0, 'inc', 'blib\lib', 'blib\arch')" t/00-load.t t/01-live.t t/boilerplate.t t/pod-coverage.t t/pod.t
# Testing Catalyst::Plugin::ConfigLoader::Environment 0.07, Perl 5.012001, C:\home\stro\perl5121\bin\perl.exe
t/00-load.t ....... ok
# Failed test 'got foo'
# at t/01-live.t line 28.
# got: undef
# expected: 'foo'
# Failed test 'got bar'
# at t/01-live.t line 29.
# got: undef
# expected: 'bar'
# Failed test 'got foo_bar_baz'
# at t/01-live.t line 30.
# got: undef
# expected: 'quux'
# Failed test 'JSON for simple param'
# at t/01-live.t line 31.
# Structures begin differing at:
# $got = undef
# $expected = ARRAY(0x1f73c64)
# Failed test 'got View::TestView->foo'
# at t/01-live.t line 34.
# got: ''
# expected: 'Test View's foo!'
# Failed test 'got View::TestView->bar'
# at t/01-live.t line 37.
# got: ''
# expected: 'Test View's bar!'
# Failed test 'JSON for :: sub-param'
# at t/01-live.t line 42.
# Structures begin differing at:
# $got = undef
# $expected = ARRAY(0x1f73524)
# Failed test 'JSON for top-level :: param with hash merge'
# at t/01-live.t line 48.
# Structures begin differing at:
# $got->{bar} = 'quux'
# $expected->{bar} = 'baz'
# Looks like you failed 8 tests of 12.
t/01-live.t .......
Dubious, test returned 8 (wstat 2048, 0x800)
Failed 8/12 subtests
t/boilerplate.t ... ok
t/pod-coverage.t .. ok
t/pod.t ........... ok
Test Summary Report
-------------------
t/01-live.t (Wstat: 2048 Tests: 12 Failed: 8)
Failed tests: 4-10, 12
Non-zero exit status: 8
Files=5, Tests=18, 3 wallclock secs ( 0.05 usr + 0.08 sys = 0.12 CPU)
Result: FAIL
Failed 1/5 test programs. 8/18 subtests failed.
dmake.EXE: Error code 255, while making 'test_dynamic'
------------------------------
PREREQUISITES
------------------------------
Prerequisite modules loaded:
requires:
Module Need Have
----------- ------ -------
Catalyst 5.7000 5.80024
JSON::Any 0 1.22
MRO::Compat 0 0.11
Test::More 0.88 0.95_02
------------------------------
ENVIRONMENT AND OTHER CONTEXT
------------------------------
Environment variables:
ACTIVEPERL_CONFIG_SILENT = 1
AUTOMATED_TESTING = 1
COMSPEC = C:\WINDOWS\system32\cmd.exe
NUMBER_OF_PROCESSORS = 2
PATH = C:\bin\apps\far\;C:\bin\dev\python\;C:\bin\dev\svn;C:\Program Files\Common Files\Microsoft Shared\Windows Live;C:\bin\dev\perl\site\bin;C:\bin\dev\perl\bin;C:\WINDOWS\system32;C:\WINDOWS;C:\WINDOWS\System32\Wbem;C:\WINDOWS\system32\WindowsPowerShell\v1.0;C:\bin\arc;C:\bin\dev\TortoiseSVN\bin;C:\bin\dev\Mercurial;C:\bin\dev\TortoiseHg;c:\bin\sys\gnuwin32\bin;C:\bin\dev\oracle\instantclient_11_1;C:\Program Files\MySQL\MySQL Server 5.1\bin;C:\Program Files\Common Files\Microsoft Shared\Windows Live
PERL5LIB =
PERL5OPT =
PERL5_CPANPLUS_IS_RUNNING = 3580
PERL5_CPAN_IS_RUNNING = 3580
PERL5_CPAN_IS_RUNNING_IN_RECURSION = 4180,3580
PERL_CR_SMOKER_CURRENT = Catalyst-Plugin-ConfigLoader-Environment-0.07
PERL_EXTUTILS_AUTOINSTALL = --defaultdeps
PERL_MM_USE_DEFAULT = 1
PROCESSOR_IDENTIFIER = x86 Family 6 Model 15 Stepping 11, GenuineIntel
TEMP = C:\WINDOWS\Temp
Perl special variables (and OS-specific diagnostics, for MSWin32):
$^X = C:\home\stro\perl5121\bin\perl.exe
$UID/$EUID = 0 / 0
$GID = 0
$EGID = 0
Win32::GetOSName = WinXP/.Net
Win32::GetOSVersion = Service Pack 3, 5, 1, 2600, 2, 3, 0, 256, 1
Win32::FsType = NTFS
Win32::IsAdminUser = 1
Perl module toolchain versions installed:
Module Have
------------------- -------
CPAN 1.94_56
Cwd 3.31
ExtUtils::CBuilder 0.2703
ExtUtils::Command 1.16
ExtUtils::Install 1.55
ExtUtils::MakeMaker 6.56
ExtUtils::Manifest 1.58
ExtUtils::ParseXS 2.2205
File::Spec 3.31
Module::Build 0.36_10
Module::Signature n/a
Test::Harness 3.21
Test::More 0.95_02
YAML 0.71
YAML::Syck 1.09
version 0.82
--
Summary of my perl5 (revision 5 version 12 subversion 1) configuration:
Platform:
osname=MSWin32, osvers=5.1, archname=MSWin32-x86-multi-thread
uname=''
config_args='undef'
hint=recommended, useposix=true, d_sigaction=undef
useithreads=define, usemultiplicity=define
useperlio=define, d_sfio=undef, uselargefiles=define, usesocks=undef
use64bitint=undef, use64bitall=undef, uselongdouble=undef
usemymalloc=n, bincompat5005=undef
Compiler:
cc='gcc', ccflags =' -s -O2 -DWIN32 -DHAVE_DES_FCRYPT -DPERL_IMPLICIT_CONTEXT -DPERL_IMPLICIT_SYS -fno-strict-aliasing -mms-bitfields -DPERL_MSVCRT_READFIX',
optimize='-s -O2',
cppflags='-DWIN32'
ccversion='', gccversion='3.4.5', gccosandvers=''
intsize=4, longsize=4, ptrsize=4, doublesize=8, byteorder=1234
d_longlong=undef, longlongsize=8, d_longdbl=define, longdblsize=12
ivtype='long', ivsize=4, nvtype='double', nvsize=8, Off_t='long long', lseeksize=8
alignbytes=8, prototype=define
Linker and Libraries:
ld='g++', ldflags ='-s -L"c:\home\stro\perl5121\lib\CORE" -L"C:\MinGW\lib"'
libpth=C:\MinGW\lib
libs=-lmoldname -lkernel32 -luser32 -lgdi32 -lwinspool -lcomdlg32 -ladvapi32 -lshell32 -lole32 -loleaut32 -lnetapi32 -luuid -lws2_32 -lmpr -lwinmm -lversion -lodbc32 -lodbccp32 -lcomctl32
perllibs=-lmoldname -lkernel32 -luser32 -lgdi32 -lwinspool -lcomdlg32 -ladvapi32 -lshell32 -lole32 -loleaut32 -lnetapi32 -luuid -lws2_32 -lmpr -lwinmm -lversion -lodbc32 -lodbccp32 -lcomctl32
libc=, so=dll, useshrplib=true, libperl=libperl512.a
gnulibc_version=''
Dynamic Linking:
dlsrc=dl_win32.xs, dlext=dll, d_dlsymun=undef, ccdlflags=' '
cccdlflags=' ', lddlflags='-mdll -s -L"c:\home\stro\perl5121\lib\CORE" -L"C:\MinGW\lib"'
Characteristics of this binary (from libperl):
Compile-time options: MULTIPLICITY PERL_DONT_CREATE_GVSV
PERL_IMPLICIT_CONTEXT PERL_IMPLICIT_SYS
PERL_MALLOC_WRAP PL_OP_SLAB_ALLOC USE_ITHREADS
USE_LARGE_FILES USE_PERLIO USE_PERL_ATOF
Built under MSWin32
Compiled at May 18 2010 14:57:37
%ENV:
PERL5_CPANPLUS_IS_RUNNING="3580"
PERL5_CPAN_IS_RUNNING="3580"
PERL5_CPAN_IS_RUNNING_IN_RECURSION="4180,3580"
PERL_CR_SMOKER_CURRENT="Catalyst-Plugin-ConfigLoader-Environment-0.07"
PERL_EXTUTILS_AUTOINSTALL="--defaultdeps"
PERL_MM_USE_DEFAULT="1"
@INC:
C:/home/stro/perl5121/site/lib
C:/home/stro/perl5121/lib
.