Data-YUID v0.06 Perl 5 v5.35.8 x86_64-linux-thread-multi

Status
Fail
From
Andreas J. König (ANDK)
Dist
Data-YUID v0.06
Platform
Perl 5 v5.35.8 x86_64-linux-thread-multi
Date
2021-12-23 12:16:21
ID
23fc8af0-63ea-11ec-b39e-dbb8eb91cb3a
This distribution has been tested as part of the CPAN Testers
project, supporting the Perl programming language.  See
http://wiki.cpantesters.org/ for more information or email
questions to cpan-testers-discuss@perl.org


--
Dear SAY MEDIA,

This is a computer-generated report for Data-YUID-0.06
on perl 5.35.8, created by CPAN-Reporter-1.2018.

Thank you for uploading your work to CPAN.  However, there was a problem
testing your distribution.

If you think this report is invalid, please consult the CPAN Testers Wiki
for suggestions on how to avoid getting FAIL reports for missing library
or binary dependencies, unsupported operating systems, and so on:

http://wiki.cpantesters.org/wiki/CPANAuthorNotes

Sections of this report:

    * Tester comments
    * Program output
    * Prerequisites
    * Environment and other context

------------------------------
TESTER COMMENTS
------------------------------

Additional comments from tester:

this report is from an automated smoke testing program
and was not reviewed by a human for accuracy

------------------------------
PROGRAM OUTPUT
------------------------------

Output from '/usr/bin/make test':

PERL_DL_NONLAZY=1 "/tmp/basesmoker-reloperl-QbME/bin/perl" "-MExtUtils::Command::MM" "-MTest::Harness" "-e" "undef *Test::Harness::Switches; test_harness(0, 'inc', 'blib/lib', 'blib/arch')" t/00-compile.t t/01-generator.t t/10-client.t
t/00-compile.t .... ok
Time::HiRes object version 1.9769 does not match $Time::HiRes::XS_VERSION 1.9719 at /home/sand/src/perl/repoperls/installed-perls/host/k93msid/v5.35.7-6-g3e9c99ef8d/419a/lib/5.35.8/x86_64-linux-thread-multi/DynaLoader.pm line 223.
Compilation failed in require at t/01-generator.t line 7.
BEGIN failed--compilation aborted at t/01-generator.t line 7.
t/01-generator.t .. skipped: (no reason given)
Time::HiRes object version 1.9769 does not match $Time::HiRes::XS_VERSION 1.9719 at /home/sand/src/perl/repoperls/installed-perls/host/k93msid/v5.35.7-6-g3e9c99ef8d/419a/lib/5.35.8/x86_64-linux-thread-multi/DynaLoader.pm line 223.
Compilation failed in require at /home/sand/src/perl/repoperls/installed-perls/host/k93msid/v5.35.7-6-g3e9c99ef8d/419a/lib/site_perl/5.35.8/Danga/Socket.pm line 98.
BEGIN failed--compilation aborted at /home/sand/src/perl/repoperls/installed-perls/host/k93msid/v5.35.7-6-g3e9c99ef8d/419a/lib/site_perl/5.35.8/Danga/Socket.pm line 98.
Compilation failed in require at /tmp/loop_over_bdir-3090425-LS9zpJ/Data-YUID-0.06-0/t/../bin/yuidd line 5.
BEGIN failed--compilation aborted at /tmp/loop_over_bdir-3090425-LS9zpJ/Data-YUID-0.06-0/t/../bin/yuidd line 5.
Time::HiRes object version 1.9769 does not match $Time::HiRes::XS_VERSION 1.9719 at /home/sand/src/perl/repoperls/installed-perls/host/k93msid/v5.35.7-6-g3e9c99ef8d/419a/lib/5.35.8/x86_64-linux-thread-multi/DynaLoader.pm line 223.
Compilation failed in require at /home/sand/src/perl/repoperls/installed-perls/host/k93msid/v5.35.7-6-g3e9c99ef8d/419a/lib/site_perl/5.35.8/Danga/Socket.pm line 98.
BEGIN failed--compilation aborted at /home/sand/src/perl/repoperls/installed-perls/host/k93msid/v5.35.7-6-g3e9c99ef8d/419a/lib/site_perl/5.35.8/Danga/Socket.pm line 98.
Compilation failed in require at /tmp/loop_over_bdir-3090425-LS9zpJ/Data-YUID-0.06-0/t/../bin/yuidd line 5.
BEGIN failed--compilation aborted at /tmp/loop_over_bdir-3090425-LS9zpJ/Data-YUID-0.06-0/t/../bin/yuidd line 5.
Timeout waiting for port 11000 to startup at t/10-client.t line 75.
# Looks like your test exited with 111 before it could output anything.
t/10-client.t ..... 
Dubious, test returned 111 (wstat 28416, 0x6f00)
Failed 25/25 subtests 

Test Summary Report
-------------------
t/01-generator.t (Wstat: 512 Tests: 0 Failed: 0)
  Non-zero exit status: 2
t/10-client.t   (Wstat: 28416 Tests: 0 Failed: 0)
  Non-zero exit status: 111
  Parse errors: Bad plan.  You planned 25 tests but ran 0.
Files=3, Tests=1,  6 wallclock secs ( 0.01 usr  0.01 sys +  0.14 cusr  0.05 csys =  0.21 CPU)
Result: FAIL
Failed 2/3 test programs. 0/1 subtests failed.
make: *** [Makefile:806: test_dynamic] Error 111

------------------------------
PREREQUISITES
------------------------------

Prerequisite modules loaded:

requires:

    Module              Need     Have    
    ------------------- -------- --------
    Danga::Socket       0        1.62    
    perl                5.006001 5.035008
    Time::HiRes         0        1.9769  
    URI::Escape         0        5.10    

build_requires:

    Module              Need     Have    
    ------------------- -------- --------
    ExtUtils::MakeMaker 6.42     7.64    
    Time::HiRes         0        1.9769  

configure_requires:

    Module              Need     Have    
    ------------------- -------- --------
    ExtUtils::MakeMaker 6.42     7.64    


------------------------------
ENVIRONMENT AND OTHER CONTEXT
------------------------------

Environment variables:

    AUTOMATED_TESTING = 1
    LANG = en_US.UTF-8
    PATH = /home/sand/bin:/usr/local/bin:/usr/bin:/bin:/usr/games:/usr/local/perl/bin:/usr/X11/bin:/sbin:/usr/sbin
    PERL5LIB = 
    PERL5OPT = 
    PERL5_CPANPLUS_IS_RUNNING = 4036924
    PERL5_CPAN_IS_RUNNING = 4036924
    PERL_CANARY_STABILITY_NOPROMPT = 1
    PERL_MM_USE_DEFAULT = 1
    PERL_USE_UNSAFE_INC = 1
    SHELL = /usr/bin/zsh
    TERM = screen

Perl special variables (and OS-specific diagnostics, for MSWin32):

    $^X = /tmp/basesmoker-reloperl-QbME/bin/perl
    $UID/$EUID = 1005 / 1005
    $GID = 1005 1005
    $EGID = 1005 1005

Perl module toolchain versions installed:

    Module              Have    
    ------------------- --------
    CPAN                2.29    
    CPAN::Meta          2.150010
    Cwd                 3.83    
    ExtUtils::CBuilder  0.280236
    ExtUtils::Command   7.64    
    ExtUtils::Install   2.20    
    ExtUtils::MakeMaker 7.64    
    ExtUtils::Manifest  1.73    
    ExtUtils::ParseXS   3.44    
    File::Spec          3.83    
    JSON                4.04    
    JSON::PP            4.07    
    Module::Build       0.4231  
    Module::Signature   0.88    
    Parse::CPAN::Meta   2.150010
    Test::Harness       3.43    
    Test::More          1.302188
    YAML                1.30    
    YAML::Syck          1.34    
    version             0.9929  


--

Summary of my perl5 (revision 5 version 35 subversion 8) configuration:
  Commit id: 3e9c99ef8d3b7e74008beac15a315388ce5117f4
  Platform:
    osname=linux
    osvers=5.14.0-3-amd64
    archname=x86_64-linux-thread-multi
    uname='linux k93msid 5.14.0-3-amd64 #1 smp debian 5.14.12-1 (2021-10-14) x86_64 gnulinux '
    config_args='-Dprefix=/home/sand/src/perl/repoperls/installed-perls/host/k93msid/v5.35.7-6-g3e9c99ef8d/419a -Dmyhostname=k93msid -Dinstallusrbinperl=n -Uversiononly -Dusedevel -des -Ui_db -Dlibswanted=cl pthread socket inet nsl gdbm dbm malloc dl ld sun m crypt sec util c cposix posix ucb BSD gdbm_compat -Duseithreads -Uuselongdouble -DEBUGGING=none'
    hint=recommended
    useposix=true
    d_sigaction=define
    useithreads=define
    usemultiplicity=define
    use64bitint=define
    use64bitall=define
    uselongdouble=undef
    usemymalloc=n
    default_inc_excludes_dot=define
  Compiler:
    cc='cc'
    ccflags ='-D_REENTRANT -D_GNU_SOURCE -fwrapv -fno-strict-aliasing -pipe -fstack-protector-strong -I/usr/local/include -D_LARGEFILE_SOURCE -D_FILE_OFFSET_BITS=64 -D_FORTIFY_SOURCE=2'
    optimize='-O2'
    cppflags='-D_REENTRANT -D_GNU_SOURCE -fwrapv -fno-strict-aliasing -pipe -fstack-protector-strong -I/usr/local/include'
    ccversion=''
    gccversion='11.2.0'
    gccosandvers=''
    intsize=4
    longsize=8
    ptrsize=8
    doublesize=8
    byteorder=12345678
    doublekind=3
    d_longlong=define
    longlongsize=8
    d_longdbl=define
    longdblsize=16
    longdblkind=3
    ivtype='long'
    ivsize=8
    nvtype='double'
    nvsize=8
    Off_t='off_t'
    lseeksize=8
    alignbytes=8
    prototype=define
  Linker and Libraries:
    ld='cc'
    ldflags =' -fstack-protector-strong -L/usr/local/lib'
    libpth=/usr/local/lib /usr/lib/x86_64-linux-gnu /usr/lib /lib/x86_64-linux-gnu /lib
    libs=-lpthread -lnsl -ldl -lm -lcrypt -lutil -lc
    perllibs=-lpthread -lnsl -ldl -lm -lcrypt -lutil -lc
    libc=libc-2.32.so
    so=so
    useshrplib=false
    libperl=libperl.a
    gnulibc_version='2.32'
  Dynamic Linking:
    dlsrc=dl_dlopen.xs
    dlext=so
    d_dlsymun=undef
    ccdlflags='-Wl,-E'
    cccdlflags='-fPIC'
    lddlflags='-shared -O2 -L/usr/local/lib -fstack-protector-strong'


Characteristics of this binary (from libperl): 
  Compile-time options:
    HAS_TIMES
    MULTIPLICITY
    PERLIO_LAYERS
    PERL_COPY_ON_WRITE
    PERL_DONT_CREATE_GVSV
    PERL_MALLOC_WRAP
    PERL_OP_PARENT
    PERL_PRESERVE_IVUV
    PERL_USE_DEVEL
    USE_64_BIT_ALL
    USE_64_BIT_INT
    USE_ITHREADS
    USE_LARGE_FILES
    USE_LOCALE
    USE_LOCALE_COLLATE
    USE_LOCALE_CTYPE
    USE_LOCALE_NUMERIC
    USE_LOCALE_TIME
    USE_PERLIO
    USE_PERL_ATOF
    USE_REENTRANT_API
    USE_THREAD_SAFE_LOCALE
  Built under linux
  Compiled at Dec 21 2021 02:26:20
  %ENV:
    PERL5LIB=""
    PERL5OPT=""
    PERL5_CPANPLUS_IS_RUNNING="4036924"
    PERL5_CPAN_IS_RUNNING="4036924"
    PERL_CANARY_STABILITY_NOPROMPT="1"
    PERL_MM_USE_DEFAULT="1"
    PERL_USE_UNSAFE_INC="1"
  @INC:
    /home/sand/src/perl/repoperls/installed-perls/host/k93msid/v5.35.7-6-g3e9c99ef8d/419a/lib/site_perl/5.35.8/x86_64-linux-thread-multi
    /home/sand/src/perl/repoperls/installed-perls/host/k93msid/v5.35.7-6-g3e9c99ef8d/419a/lib/site_perl/5.35.8
    /home/sand/src/perl/repoperls/installed-perls/host/k93msid/v5.35.7-6-g3e9c99ef8d/419a/lib/5.35.8/x86_64-linux-thread-multi
    /home/sand/src/perl/repoperls/installed-perls/host/k93msid/v5.35.7-6-g3e9c99ef8d/419a/lib/5.35.8
    .