Lingua-FR-Ladl vv0.0.4 Perl 5 v5.27.7 x86_64-linux
- Status
- Fail
- From
- Slaven Rezić (SREZIC)
- Dist
-
Lingua-FR-Ladl vv0.0.4
- Platform
- Perl 5 v5.27.7 x86_64-linux
- Date
- 2018-01-02 17:41:19
- ID
- 240446ba-efe4-11e7-a84b-e301a75308b0
This distribution has been tested as part of the CPAN Testers
project, supporting the Perl programming language. See
http://wiki.cpantesters.org/ for more information or email
questions to cpan-testers-discuss@perl.org
--
Dear Ingrid Falk,
This is a computer-generated report for Lingua-FR-Ladl-v0.0.4
on perl 5.27.7, created by CPAN-Reporter-1.2018.
Thank you for uploading your work to CPAN. However, there was a problem
testing your distribution.
If you think this report is invalid, please consult the CPAN Testers Wiki
for suggestions on how to avoid getting FAIL reports for missing library
or binary dependencies, unsupported operating systems, and so on:
http://wiki.cpantesters.org/wiki/CPANAuthorNotes
Sections of this report:
* Tester comments
* Program output
* Prerequisites
* Environment and other context
------------------------------
TESTER COMMENTS
------------------------------
Additional comments from tester:
none provided
------------------------------
PROGRAM OUTPUT
------------------------------
Output from './Build test':
# Failed test 'use Lingua::FR::Ladl::Table;'
# at t/00.load.t line 5.
# Tried to use 'Lingua::FR::Ladl::Table'.
# Error: Can't locate Spreadsheet/ParseExcel.pm in @INC (you may need to install the Spreadsheet::ParseExcel module) (@INC contains: /home/cpansand/.cpan/build/2018010118/Lingua-FR-Ladl-v0.0.4-0/blib/lib /home/cpansand/.cpan/build/2018010118/Lingua-FR-Ladl-v0.0.4-0/blib/arch /home/cpansand/.cpan/build/2018010118/List-MoreUtils-XS-0.428-1/blib/arch /home/cpansand/.cpan/build/2018010118/List-MoreUtils-XS-0.428-1/blib/lib /home/cpansand/.cpan/build/2018010118/List-MoreUtils-XS-0.428-1/blib/arch /home/cpansand/.cpan/build/2018010118/List-MoreUtils-XS-0.428-1/blib/lib /opt/perl-5.27.7/lib/site_perl/5.27.7/x86_64-linux /opt/perl-5.27.7/lib/site_perl/5.27.7 /opt/perl-5.27.7/lib/5.27.7/x86_64-linux /opt/perl-5.27.7/lib/5.27.7 .) at /home/cpansand/.cpan/build/2018010118/Lingua-FR-Ladl-v0.0.4-0/blib/lib/Lingua/FR/Ladl/Table.pm line 95.
# BEGIN failed--compilation aborted at /home/cpansand/.cpan/build/2018010118/Lingua-FR-Ladl-v0.0.4-0/blib/lib/Lingua/FR/Ladl/Table.pm line 95.
# Compilation failed in require at t/00.load.t line 5.
# BEGIN failed--compilation aborted at t/00.load.t line 5.
# Testing Lingua::FR::Ladl 0.0.4
# Looks like you failed 1 test of 4.
t/00.load.t .......
Dubious, test returned 1 (wstat 256, 0x100)
Failed 1/4 subtests
Can't locate Test/Perl/Critic.pm in @INC (you may need to install the Test::Perl::Critic module) (@INC contains: /home/cpansand/.cpan/build/2018010118/Lingua-FR-Ladl-v0.0.4-0/blib/lib /home/cpansand/.cpan/build/2018010118/Lingua-FR-Ladl-v0.0.4-0/blib/arch /home/cpansand/.cpan/build/2018010118/List-MoreUtils-XS-0.428-1/blib/arch /home/cpansand/.cpan/build/2018010118/List-MoreUtils-XS-0.428-1/blib/lib /home/cpansand/.cpan/build/2018010118/List-MoreUtils-XS-0.428-1/blib/arch /home/cpansand/.cpan/build/2018010118/List-MoreUtils-XS-0.428-1/blib/lib /opt/perl-5.27.7/lib/site_perl/5.27.7/x86_64-linux /opt/perl-5.27.7/lib/site_perl/5.27.7 /opt/perl-5.27.7/lib/5.27.7/x86_64-linux /opt/perl-5.27.7/lib/5.27.7 .) at t/perlcritic.t line 4.
BEGIN failed--compilation aborted at t/perlcritic.t line 4.
t/perlcritic.t ....
Dubious, test returned 2 (wstat 512, 0x200)
No subtests run
# Failed test 'with all-caps functions as privates'
# at /opt/perl-5.27.7/lib/site_perl/5.27.7/Test/Pod/Coverage.pm line 133.
# Lingua::FR::Ladl::Graph: requiring 'Lingua::FR::Ladl::Graph' failed
# Failed test 'with all-caps functions as privates'
# at /opt/perl-5.27.7/lib/site_perl/5.27.7/Test/Pod/Coverage.pm line 133.
# Lingua::FR::Ladl::Table: requiring 'Lingua::FR::Ladl::Table' failed
# Looks like you failed 2 tests of 6.
t/pod-coverage.t ..
Dubious, test returned 2 (wstat 512, 0x200)
Failed 2/6 subtests
# Failed test 'POD test for blib/lib/Lingua/FR/Ladl/Parametrizer.pm'
# at /opt/perl-5.27.7/lib/site_perl/5.27.7/Test/Pod.pm line 187.
# blib/lib/Lingua/FR/Ladl/Parametrizer.pm (98): Non-ASCII character seen before =encoding in '"Nég"'. Assuming UTF-8
# Looks like you failed 1 test of 6.
t/pod.t ...........
Dubious, test returned 1 (wstat 256, 0x100)
Failed 1/6 subtests
Test Summary Report
-------------------
t/00.load.t (Wstat: 256 Tests: 4 Failed: 1)
Failed test: 2
Non-zero exit status: 1
t/perlcritic.t (Wstat: 512 Tests: 0 Failed: 0)
Non-zero exit status: 2
Parse errors: No plan found in TAP output
t/pod-coverage.t (Wstat: 512 Tests: 6 Failed: 2)
Failed tests: 3, 6
Non-zero exit status: 2
t/pod.t (Wstat: 256 Tests: 6 Failed: 1)
Failed test: 4
Non-zero exit status: 1
Files=4, Tests=16, 0 wallclock secs ( 0.01 usr 0.02 sys + 0.22 cusr 0.06 csys = 0.31 CPU)
Result: FAIL
Failed 4/4 test programs. 4/16 subtests failed.
------------------------------
PREREQUISITES
------------------------------
Prerequisite modules loaded:
requires:
Module Need Have
---------- ---- --------
Test::More 0 1.302120
version 0 0.9918
------------------------------
ENVIRONMENT AND OTHER CONTEXT
------------------------------
Environment variables:
LANG = C
PATH = /usr/local/bin:/usr/bin:/bin:/usr/local/sbin:/usr/sbin:/sbin:/home/cpansand/bin/linux-gnu:/home/cpansand/bin/sh:/home/cpansand/bin:/usr/games:/home/cpansand/devel:/home/eserte/src/srezic-misc/scripts
PERL5LIB = /home/cpansand/.cpan/build/2018010118/List-MoreUtils-XS-0.428-1/blib/arch:/home/cpansand/.cpan/build/2018010118/List-MoreUtils-XS-0.428-1/blib/lib
PERL5OPT =
PERL5_CPANPLUS_IS_RUNNING = 16953
PERL5_CPAN_IS_RUNNING = 16953
PERL5_CPAN_IS_RUNNING_IN_RECURSION = 16941,16953
PERLDOC = -MPod::Perldoc::ToTextOverstrike
PERL_BATCH = yes
PERL_CANARY_STABILITY_NOPROMPT = 1
PERL_CPAN_REPORTER_CONFIG = /var/tmp/cpansmoker-1023/2018010118/cpanreporter_001_config.ini
PERL_EXTUTILS_AUTOINSTALL = --defaultdeps
PERL_USE_UNSAFE_INC = 1
SHELL = /usr/bin/zsh
TERM = screen
TMPDIR = /var/tmp/cpansmoker-1023/2018010118
Perl special variables (and OS-specific diagnostics, for MSWin32):
$^X = /opt/perl-5.27.7/bin/perl5.27.7
$UID/$EUID = 1023 / 1023
$GID = 1023 1023
$EGID = 1023 1023
Perl module toolchain versions installed:
Module Have
------------------- --------
CPAN 2.20
CPAN::Meta 2.150010
Cwd 3.71
ExtUtils::CBuilder 0.280230
ExtUtils::Command 7.30
ExtUtils::Install 2.14
ExtUtils::MakeMaker 7.30
ExtUtils::Manifest 1.70
ExtUtils::ParseXS 3.36
File::Spec 3.71
JSON 2.97001
JSON::PP 2.97001
Module::Build 0.4224
Module::Signature 0.81
Parse::CPAN::Meta 2.150010
Test::Harness 3.39
Test::More 1.302120
YAML 1.24
YAML::Syck 1.30
version 0.9918
--
Summary of my perl5 (revision 5 version 27 subversion 7) configuration:
Platform:
osname=linux
osvers=4.9.0-3-amd64
archname=x86_64-linux
uname='linux debian9 4.9.0-3-amd64 #1 smp debian 4.9.30-2+deb9u5 (2017-09-19) x86_64 gnulinux '
config_args='-ds -e -Dprefix=/opt/perl-5.27.7 -Dusedevel -Dusemallocwrap=no -Dcf_email=srezic@cpan.org'
hint=recommended
useposix=true
d_sigaction=define
useithreads=undef
usemultiplicity=undef
use64bitint=define
use64bitall=define
uselongdouble=undef
usemymalloc=n
default_inc_excludes_dot=define
bincompat5005=undef
Compiler:
cc='cc'
ccflags ='-fwrapv -fno-strict-aliasing -pipe -fstack-protector-strong -I/usr/local/include -D_LARGEFILE_SOURCE -D_FILE_OFFSET_BITS=64 -D_FORTIFY_SOURCE=2'
optimize='-O2'
cppflags='-fwrapv -fno-strict-aliasing -pipe -fstack-protector-strong -I/usr/local/include'
ccversion=''
gccversion='6.3.0 20170516'
gccosandvers=''
intsize=4
longsize=8
ptrsize=8
doublesize=8
byteorder=12345678
doublekind=3
d_longlong=define
longlongsize=8
d_longdbl=define
longdblsize=16
longdblkind=3
ivtype='long'
ivsize=8
nvtype='double'
nvsize=8
Off_t='off_t'
lseeksize=8
alignbytes=8
prototype=define
Linker and Libraries:
ld='cc'
ldflags =' -fstack-protector-strong -L/usr/local/lib'
libpth=/usr/local/lib /usr/lib/gcc/x86_64-linux-gnu/6/include-fixed /usr/include/x86_64-linux-gnu /usr/lib /lib/x86_64-linux-gnu /lib/../lib /usr/lib/x86_64-linux-gnu /usr/lib/../lib /lib
libs=-lpthread -lnsl -lgdbm -ldb -ldl -lm -lcrypt -lutil -lc -lgdbm_compat
perllibs=-lpthread -lnsl -ldl -lm -lcrypt -lutil -lc
libc=libc-2.24.so
so=so
useshrplib=false
libperl=libperl.a
gnulibc_version='2.24'
Dynamic Linking:
dlsrc=dl_dlopen.xs
dlext=so
d_dlsymun=undef
ccdlflags='-Wl,-E'
cccdlflags='-fPIC'
lddlflags='-shared -O2 -L/usr/local/lib -fstack-protector-strong'
Characteristics of this binary (from libperl):
Compile-time options:
HAS_TIMES
PERLIO_LAYERS
PERL_COPY_ON_WRITE
PERL_DONT_CREATE_GVSV
PERL_OP_PARENT
PERL_PRESERVE_IVUV
PERL_USE_DEVEL
USE_64_BIT_ALL
USE_64_BIT_INT
USE_LARGE_FILES
USE_LOCALE
USE_LOCALE_COLLATE
USE_LOCALE_CTYPE
USE_LOCALE_NUMERIC
USE_LOCALE_TIME
USE_PERLIO
USE_PERL_ATOF
Built under linux
Compiled at Dec 21 2017 06:46:00
%ENV:
PERL5LIB="/home/cpansand/.cpan/build/2018010118/List-MoreUtils-XS-0.428-1/blib/arch:/home/cpansand/.cpan/build/2018010118/List-MoreUtils-XS-0.428-1/blib/lib"
PERL5OPT=""
PERL5_CPANPLUS_IS_RUNNING="16953"
PERL5_CPAN_IS_RUNNING="16953"
PERL5_CPAN_IS_RUNNING_IN_RECURSION="16941,16953"
PERLDOC="-MPod::Perldoc::ToTextOverstrike"
PERL_BATCH="yes"
PERL_CANARY_STABILITY_NOPROMPT="1"
PERL_CPAN_REPORTER_CONFIG="/var/tmp/cpansmoker-1023/2018010118/cpanreporter_001_config.ini"
PERL_EXTUTILS_AUTOINSTALL="--defaultdeps"
PERL_USE_UNSAFE_INC="1"
@INC:
/home/cpansand/.cpan/build/2018010118/List-MoreUtils-XS-0.428-1/blib/arch
/home/cpansand/.cpan/build/2018010118/List-MoreUtils-XS-0.428-1/blib/lib
/opt/perl-5.27.7/lib/site_perl/5.27.7/x86_64-linux
/opt/perl-5.27.7/lib/site_perl/5.27.7
/opt/perl-5.27.7/lib/5.27.7/x86_64-linux
/opt/perl-5.27.7/lib/5.27.7
.