AcePerl v1.92 Perl 5 v5.16.3 x86_64-linux-thread-multi-ld

Status
Fail
From
NONAME
Dist
AcePerl v1.92
Platform
Perl 5 v5.16.3 x86_64-linux-thread-multi-ld
Date
2020-03-21 19:49:57
ID
24b939e8-6bad-11ea-8531-7f96a7f0e830
This distribution has been tested as part of the CPAN Testers
project, supporting the Perl programming language.  See
http://wiki.cpantesters.org/ for more information or email
questions to cpan-testers-discuss@perl.org


--
Dear Lincoln D. Stein,

This is a computer-generated report for AcePerl-1.92
on perl 5.16.3, created by CPAN-Reporter-1.2018.

Thank you for uploading your work to CPAN.  However, there was a problem
testing your distribution.

If you think this report is invalid, please consult the CPAN Testers Wiki
for suggestions on how to avoid getting FAIL reports for missing library
or binary dependencies, unsupported operating systems, and so on:

http://wiki.cpantesters.org/wiki/CPANAuthorNotes

Sections of this report:

    * Tester comments
    * Program output
    * Prerequisites
    * Environment and other context

------------------------------
TESTER COMMENTS
------------------------------

Additional comments from tester:

none provided

------------------------------
PROGRAM OUTPUT
------------------------------

Output from '/usr/bin/make test':

PERL_DL_NONLAZY=1 "/home/perl/perl-5.16.3/bin/perl" "-MExtUtils::Command::MM" "-MTest::Harness" "-e" "undef *Test::Harness::Switches; test_harness(0, 'blib/lib', 'blib/arch')" t/*.t
Waiting for remote acedb regression database to start up.  This may take a few minutes.
Couldn't establish connection to database.  Aborting tests.
t/basic.t ..... 
Dubious, test returned 110 (wstat 28160, 0x6e00)
Failed 9/10 subtests 
Couldn't establish connection to database.  Aborting tests.
t/object.t .... 
Dubious, test returned 110 (wstat 28160, 0x6e00)
Failed 35/36 subtests 
Couldn't establish connection to database.  Aborting tests.
t/sequence.t .. 
Dubious, test returned 110 (wstat 28160, 0x6e00)
Failed 53/54 subtests 
Couldn't establish connection to database.  Aborting tests.
t/update.t .... 
Dubious, test returned 110 (wstat 28160, 0x6e00)
Failed 16/17 subtests 

Test Summary Report
-------------------
t/basic.t   (Wstat: 28160 Tests: 2 Failed: 1)
  Failed test:  2
  Non-zero exit status: 110
  Parse errors: Bad plan.  You planned 10 tests but ran 2.
t/object.t  (Wstat: 28160 Tests: 2 Failed: 1)
  Failed test:  2
  Non-zero exit status: 110
  Parse errors: Bad plan.  You planned 36 tests but ran 2.
t/sequence.t (Wstat: 28160 Tests: 2 Failed: 1)
  Failed test:  2
  Non-zero exit status: 110
  Parse errors: Bad plan.  You planned 54 tests but ran 2.
t/update.t  (Wstat: 28160 Tests: 2 Failed: 1)
  Failed test:  2
  Non-zero exit status: 110
  Parse errors: Bad plan.  You planned 17 tests but ran 2.
Files=4, Tests=8, 522 wallclock secs ( 0.03 usr  0.00 sys +  0.15 cusr  0.04 csys =  0.22 CPU)
Result: FAIL
Failed 4/4 test programs. 4/8 subtests failed.
make: *** [Makefile:1032: test_dynamic] Error 110

------------------------------
PREREQUISITES
------------------------------

Prerequisite modules loaded:

requires:

    Module              Need Have
    ------------------- ---- ----
    Cache::Cache        1.03 1.08
    Digest::MD5         2    2.55

build_requires:

    Module              Need Have
    ------------------- ---- ----
    ExtUtils::MakeMaker 0    7.34


------------------------------
ENVIRONMENT AND OTHER CONTEXT
------------------------------

Environment variables:

    LC_COLLATE = C
    LC_CTYPE = en_US.UTF-8
    LC_MESSAGES = C
    LC_MONETARY = C
    LC_NUMERIC = C
    LC_TIME = C
    NONINTERACTIVE_TESTING = 1
    PATH = .:/sbin:/home/law/bin/lib:/home/law/bin:/usr/local/bin:/usr/bin:/bin:/opt/kde3/bin:/usr/sbin:/etc/local/func_lib:/home/law/lib
    PERL5LIB = 
    PERL5OPT = 
    PERL5_CPANPLUS_IS_RUNNING = 29795
    PERL5_CPAN_IS_RUNNING = 29795
    PERL_MM_USE_DEFAULT = 1
    PERL_USE_UNSAFE_INC = 1
    SHELL = /bin/bash
    TERM = xterm-256color

Perl special variables (and OS-specific diagnostics, for MSWin32):

    $^X = /home/perl/perl-5.16.3/bin/perl
    $UID/$EUID = 5013 / 5013
    $GID = 201 0 3 4 5 6 7 8 10 12 14 16 17 18 20 21 22 25 30 31 42 44 54 62 74 76 100 105 107 112 113 132 133 200 200 201 202 203 204 211 212 213 215 218 225 231 232 233 237 238 244 260 261 262 277 283 289 300 304 306 307 308 310 314 315 512 513 517 518 519 520 544 545 547 548 551 555 556 558 1001 1004 1018 1023 5013 11513 11513 11519 50001 50002 50003 11616384
    $EGID = 201 0 3 4 5 6 7 8 10 12 14 16 17 18 20 21 22 25 30 31 42 44 54 62 74 76 100 105 107 112 113 132 133 200 200 201 202 203 204 211 212 213 215 218 225 231 232 233 237 238 244 260 261 262 277 283 289 300 304 306 307 308 310 314 315 512 513 517 518 519 520 544 545 547 548 551 555 556 558 1001 1004 1018 1023 5013 11513 11513 11519 50001 50002 50003 11616384

Perl module toolchain versions installed:

    Module              Have    
    ------------------- --------
    CPAN                2.27    
    CPAN::Meta          2.150010
    Cwd                 3.47    
    ExtUtils::CBuilder  0.280230
    ExtUtils::Command   7.34    
    ExtUtils::Install   2.14    
    ExtUtils::MakeMaker 7.34    
    ExtUtils::Manifest  1.71    
    ExtUtils::ParseXS   3.35    
    File::Spec          3.47    
    JSON                4.01    
    JSON::PP            4.00    
    Module::Build       0.4224  
    Module::Signature   n/a     
    Parse::CPAN::Meta   2.150010
    Test::Harness       3.35    
    Test::More          1.302138
    YAML                1.15    
    YAML::Syck          1.29    
    version             0.9912  


--

Summary of my perl5 (revision 5 version 16 subversion 3) configuration:
   
  Platform:
    osname=linux, osvers=3.12.0-isht-van, archname=x86_64-linux-thread-multi-ld
    uname='linux ishtar 3.12.0-isht-van #1 smp preempt wed nov 13 16:50:51 pst 2013 x86_64 x86_64 x86_64 gnulinux '
    config_args=''
    hint=previous, useposix=true, d_sigaction=define
    useithreads=define, usemultiplicity=define
    useperlio=define, d_sfio=undef, uselargefiles=define, usesocks=undef
    use64bitint=define, use64bitall=define, uselongdouble=define
    usemymalloc=n, bincompat5005=undef
  Compiler:
    cc='gcc', ccflags ='-D_REENTRANT -D_GNU_SOURCE -fno-strict-aliasing -pipe -fstack-protector -D_LARGEFILE_SOURCE -D_FILE_OFFSET_BITS=64',
    optimize='-g -O2',
    cppflags='-D_REENTRANT -D_GNU_SOURCE -fno-strict-aliasing -pipe -fstack-protector -D_REENTRANT -D_GNU_SOURCE -fno-strict-aliasing -pipe -fstack-protector -D_LARGEFILE_SOURCE -D_FILE_OFFSET_BITS=64 -D_REENTRANT -D_GNU_SOURCE -fno-strict-aliasing -pipe -fstack-protector -D_LARGEFILE_SOURCE -D_FILE_OFFSET_BITS=64'
    ccversion='', gccversion='4.8.1 20130909 [gcc-4_8-branch revision 202388]', gccosandvers=''
    intsize=4, longsize=8, ptrsize=8, doublesize=8, byteorder=12345678
    d_longlong=define, longlongsize=8, d_longdbl=define, longdblsize=16
    ivtype='long', ivsize=8, nvtype='long double', nvsize=16, Off_t='off_t', lseeksize=8
    alignbytes=16, prototype=define
  Linker and Libraries:
    ld='gcc', ldflags ='-g -fstack-protector -fPIC'
    libpth=/usr/lib64 /lib64
    libs=-lnsl -lndbm -lgdbm -ldb -ldl -lm -lcrypt -lutil -lpthread -lc -lgdbm_compat
    perllibs=-lnsl -ldl -lm -lcrypt -lutil -lpthread -lc
    libc=/lib/libc-2.18.so, so=so, useshrplib=true, libperl=libperl-5.16.3.so
    gnulibc_version='2.18'
  Dynamic Linking:
    dlsrc=dl_dlopen.xs, dlext=so, d_dlsymun=undef, ccdlflags='-Wl,-E -Wl,-rpath,/home/perl/perl-5.16.3/lib/x86_64-linux-thread-multi-ld/CORE'
    cccdlflags='-fPIC', lddlflags='-shared -g -O2 -fstack-protector -fPIC'


Characteristics of this binary (from libperl): 
  Compile-time options: HAS_TIMES MULTIPLICITY PERLIO_LAYERS
                        PERL_DONT_CREATE_GVSV PERL_IMPLICIT_CONTEXT
                        PERL_MALLOC_WRAP PERL_PRESERVE_IVUV USE_64_BIT_ALL
                        USE_64_BIT_INT USE_ITHREADS USE_LARGE_FILES
                        USE_LOCALE USE_LOCALE_COLLATE USE_LOCALE_CTYPE
                        USE_LOCALE_NUMERIC USE_LONG_DOUBLE USE_PERLIO
                        USE_PERL_ATOF USE_REENTRANT_API
  Built under linux
  Compiled at Jan 23 2014 00:35:49
  %ENV:
    PERL5LIB=""
    PERL5OPT=""
    PERL5_CPANPLUS_IS_RUNNING="29795"
    PERL5_CPAN_IS_RUNNING="29795"
    PERL_MM_USE_DEFAULT="1"
    PERL_USE_UNSAFE_INC="1"
  @INC:
    /home/perl/perl-5.16.3/lib/site/x86_64-linux-thread-multi-ld
    /home/perl/perl-5.16.3/lib/site
    /home/perl/perl-5.16.3/lib/x86_64-linux-thread-multi-ld
    /home/perl/perl-5.16.3/lib
    .