Template-Toolkit v3.101 Perl 5 v5.10.1 MSWin32-x86-multi-thread

Status
Fail
From
NONAME
Dist
Template-Toolkit v3.101
Platform
Perl 5 v5.10.1 MSWin32-x86-multi-thread
Date
2022-08-16 15:48:45
ID
24ba103f-6cd6-1014-91fe-a80d032c038b
This distribution has been tested as part of the CPAN Testers
project, supporting the Perl programming language.  See
http://wiki.cpantesters.org/ for more information or email
questions to cpan-testers-discuss@perl.org


--
Dear ABW,

This is a computer-generated report for Template-Toolkit-3.101
on perl 5.10.1, created by App::cpanminus::reporter 0.17 (1.7045).

Thank you for uploading your work to CPAN.  However, there was a problem
testing your distribution.

If you think this report is invalid, please consult the CPAN Testers Wiki
for suggestions on how to avoid getting FAIL reports for missing library
or binary dependencies, unsupported operating systems, and so on:

http://wiki.cpantesters.org/wiki/CPANAuthorNotes

Sections of this report:

    * Tester comments
    * Program output
    * Prerequisites
    * Environment and other context

------------------------------
TESTER COMMENTS
------------------------------

Additional comments from tester:

none provided

------------------------------
PROGRAM OUTPUT
------------------------------

Output from '':

Building and testing Template-Toolkit-3.101
cp lib/Template/Manual/Directives.pod blib\lib\Template\Manual\Directives.pod
cp lib/Template/Manual.pod blib\lib\Template\Manual.pod
cp lib/Template/Context.pm blib\lib\Template\Context.pm
cp lib/Template/Manual/Intro.pod blib\lib\Template\Manual\Intro.pod
cp lib/Template/Manual/Credits.pod blib\lib\Template\Manual\Credits.pod
cp lib/Template/Manual/Syntax.pod blib\lib\Template\Manual\Syntax.pod
cp lib/Template/Grammar.pm blib\lib\Template\Grammar.pm
cp lib/Template/Manual/Plugins.pod blib\lib\Template\Manual\Plugins.pod
cp lib/Template/Directive.pm blib\lib\Template\Directive.pm
cp lib/Template/FAQ.pod blib\lib\Template\FAQ.pod
cp lib/Template/Config.pm blib\lib\Template\Config.pm
cp lib/Template/Base.pm blib\lib\Template\Base.pm
cp lib/Template/Constants.pm blib\lib\Template\Constants.pm
cp lib/Template/Manual/Filters.pod blib\lib\Template\Manual\Filters.pod
cp lib/Template/Filters.pm blib\lib\Template\Filters.pm
cp lib/Template/Document.pm blib\lib\Template\Document.pm
cp lib/Template/Manual/Config.pod blib\lib\Template\Manual\Config.pod
cp lib/Template/Exception.pm blib\lib\Template\Exception.pm
cp lib/Template/Manual/Internals.pod blib\lib\Template\Manual\Internals.pod
cp lib/Template.pm blib\lib\Template.pm
cp lib/Template/Iterator.pm blib\lib\Template\Iterator.pm
cp lib/Template/Manual/Variables.pod blib\lib\Template\Manual\Variables.pod
cp lib/Template/Plugin/HTML.pm blib\lib\Template\Plugin\HTML.pm
cp lib/Template/Manual/Views.pod blib\lib\Template\Manual\Views.pod
cp lib/Template/Plugin/Format.pm blib\lib\Template\Plugin\Format.pm
cp lib/Template/Parser.pm blib\lib\Template\Parser.pm
cp lib/Template/Modules.pod blib\lib\Template\Modules.pod
cp lib/Template/Plugin/Iterator.pm blib\lib\Template\Plugin\Iterator.pm
cp lib/Template/Plugin/Filter.pm blib\lib\Template\Plugin\Filter.pm
cp lib/Template/Plugin.pm blib\lib\Template\Plugin.pm
cp lib/Template/Plugin/Dumper.pm blib\lib\Template\Plugin\Dumper.pm
cp lib/Template/Plugin/Datafile.pm blib\lib\Template\Plugin\Datafile.pm
cp lib/Template/Plugin/Date.pm blib\lib\Template\Plugin\Date.pm
cp lib/Template/Manual/VMethods.pod blib\lib\Template\Manual\VMethods.pod
cp lib/Template/Plugin/Directory.pm blib\lib\Template\Plugin\Directory.pm
cp lib/Template/Plugin/File.pm blib\lib\Template\Plugin\File.pm
cp lib/Template/Plugin/Math.pm blib\lib\Template\Plugin\Math.pm
cp lib/Template/Plugin/Image.pm blib\lib\Template\Plugin\Image.pm
cp lib/Template/Namespace/Constants.pm blib\lib\Template\Namespace\Constants.pm
cp lib/Template/Plugin/Assert.pm blib\lib\Template\Plugin\Assert.pm
cp lib/Template/Stash/XS.pm blib\lib\Template\Stash\XS.pm
cp lib/Template/Stash.pm blib\lib\Template\Stash.pm
cp lib/Template/Tools/tpage.pod blib\lib\Template\Tools\tpage.pod
cp lib/Template/Provider.pm blib\lib\Template\Provider.pm
cp lib/Template/Toolkit.pm blib\lib\Template\Toolkit.pm
cp lib/Template/Plugin/View.pm blib\lib\Template\Plugin\View.pm
cp lib/Template/Plugins.pm blib\lib\Template\Plugins.pm
cp lib/Template/Plugin/Procedural.pm blib\lib\Template\Plugin\Procedural.pm
cp lib/Template/Tutorial.pod blib\lib\Template\Tutorial.pod
cp lib/Template/Tools/ttree.pod blib\lib\Template\Tools\ttree.pod
cp lib/Template/Stash/Context.pm blib\lib\Template\Stash\Context.pm
cp lib/Template/Tools.pod blib\lib\Template\Tools.pod
cp lib/Template/Plugin/Wrap.pm blib\lib\Template\Plugin\Wrap.pm
cp lib/Template/Plugin/Scalar.pm blib\lib\Template\Plugin\Scalar.pm
cp lib/Template/Plugin/URL.pm blib\lib\Template\Plugin\URL.pm
cp lib/Template/Test.pm blib\lib\Template\Test.pm
cp lib/Template/Plugin/Pod.pm blib\lib\Template\Plugin\Pod.pm
cp lib/Template/Plugin/Table.pm blib\lib\Template\Plugin\Table.pm
cp lib/Template/Service.pm blib\lib\Template\Service.pm
cp lib/Template/Plugin/String.pm blib\lib\Template\Plugin\String.pm
cp lib/Template/VMethods.pm blib\lib\Template\VMethods.pm
cp lib/Template/Tutorial/Datafile.pod blib\lib\Template\Tutorial\Datafile.pod
cp lib/Template/View.pm blib\lib\Template\View.pm
cp lib/Template/Tutorial/Web.pod blib\lib\Template\Tutorial\Web.pod
Running Mkbootstrap for XS ()
C:\"Strawberry\perl\bin\perl.exe" -MExtUtils::Command -e chmod -- 644 "XS.bs"
C:\"Strawberry\perl\bin\perl.exe" -MExtUtils::Command::MM -e cp_nonempty -- XS.bs ..\blib\arch\auto\Template\Stash\XS\XS.bs 644
C:\"Strawberry\perl\bin\perl.exe" "C:\home\tennis\perl5\lib\perl5\ExtUtils\xsubpp"  -typemap C:\strawberry\perl\lib\ExtUtils\typemap  Stash.xs > Stash.xsc
C:\"Strawberry\perl\bin\perl.exe" -MExtUtils::Command -e mv -- Stash.xsc Stash.c
gcc -c   	-s -O2 -DWIN32 -DHAVE_DES_FCRYPT -DUSE_SITECUSTOMIZE -DPERL_IMPLICIT_CONTEXT -DPERL_IMPLICIT_SYS -fno-strict-aliasing -DPERL_MSVCRT_READFIX -s -O2 	  -DVERSION=\"3.101\" 	-DXS_VERSION=\"3.101\"  "-IC:\strawberry\perl\lib\CORE"   Stash.c
C:\"Strawberry\perl\bin\perl.exe" -MExtUtils::Mksymlists \
     -e "Mksymlists('NAME'=>\"Template::Stash::XS\", 'DLBASE' => 'XS', 'DL_FUNCS' => {  }, 'FUNCLIST' => [], 'IMPORTS' => {  }, 'DL_VARS' => []);"
g++ XS.def -o ..\blib\arch\auto\Template\Stash\XS\XS.dll -mdll -s -L"C:\strawberry\perl\lib\CORE" -L"C:\strawberry\c\lib" Stash.o   "C:\strawberry\perl\lib\CORE\libperl510.a" -lmoldname -lkernel32 -luser32 -lgdi32 -lwinspool -lcomdlg32 -ladvapi32 -lshell32 -lole32 -loleaut32 -lnetapi32 -luuid -lws2_32 -lmpr -lwinmm -lversion -lodbc32 -lodbccp32 -Wl,--enable-auto-image-base
C:\"Strawberry\perl\bin\perl.exe" -MExtUtils::Command -e chmod -- 755 ..\blib\arch\auto\Template\Stash\XS\XS.dll
C:\"Strawberry\perl\bin\perl.exe" -MExtUtils::Command -e cp -- bin/tpage blib\script\tpage
pl2bat.bat blib\script\tpage
C:\"Strawberry\perl\bin\perl.exe" -MExtUtils::Command -e cp -- bin/ttree blib\script\ttree
pl2bat.bat blib\script\ttree
C:\"Strawberry\perl\bin\perl.exe" -MExtUtils::Command::MM -e cp_nonempty -- XS.bs ..\blib\arch\auto\Template\Stash\XS\XS.bs 644
C:\"Strawberry\perl\bin\perl.exe" -MExtUtils::Command::MM -e cp_nonempty -- XS.bs ..\blib\arch\auto\Template\Stash\XS\XS.bs 644
'No tests defined for Template::Stash::XS extension.'
C:\"Strawberry\perl\bin\perl.exe" "-MExtUtils::Command::MM" "-MTest::Harness" "-e" "undef *Test::Harness::Switches; test_harness(0, 'blib\lib', 'blib\arch')" t/anycase.t t/args.t t/assert.t t/base.t t/binop.t t/block.t t/block_duplicate.t t/blocks.t t/capture.t t/case.t t/chomp.t t/compile1.t t/compile2.t t/compile3.t t/compile4.t t/compile5.t t/config.t t/constants.t t/context.t t/datafile.t t/date.t t/date_offset.t t/date_utf8.t t/debug.t t/directive.t t/directry.t t/document.t t/dumper.t t/error.t t/evalperl.t t/exception.t t/factory.t t/file.t t/fileline.t t/filter.t t/foreach.t t/format.t t/html.t t/image.t t/include.t t/iterator.t t/leak.t t/list.t t/macro.t t/math.t t/math_rand.t t/mtime-zero.t t/object.t t/outline.t t/output.t t/parser.t t/parser2.t t/plugins.t t/plusfile.t t/pod.t t/prefix.t t/proc.t t/process-relative.t t/process.t t/process_dir.t t/provider.t t/ref.t t/scalar.t t/service.t t/skel.t t/stash-xs-unicode.t t/stash-xs.t t/stash.t t/stashc.t t/stop.t t/strcat.t t/strict.t t/string.t t/switch.t t/table.t t/tags.t t/template.t t/text.t t/throw.t t/tiedhash.t t/trace_vars.t t/try.t t/unicode.t t/url.t t/vars.t t/varsv1.t t/view.t t/while.t t/wrap.t t/wrapper.t t/zz-plugin-cycle.t t/zz-plugin-leak-gh-213.t t/zz-plugin-leak-rt-46691.t t/zz-plugin-leak.t t/zz-pmv.t t/zz-pod-coverage.t t/zz-pod-kwalitee.t t/zz-stash-xs-leak.t t/zz-url2.t t/vmethods/hash.t t/vmethods/list.t t/vmethods/replace.t t/vmethods/text.t
t/compile1.t ................. ok
t/compile2.t ................. ok
t/compile3.t ................. ok
t/compile4.t ................. ok
t/compile5.t ................. ok
t/anycase.t .................. ok
t/args.t ..................... ok
t/assert.t ................... ok
t/base.t ..................... ok
t/binop.t .................... ok
t/block.t .................... ok
t/block_duplicate.t .......... ok
t/blocks.t ................... ok
t/capture.t .................. ok
t/case.t ..................... ok
t/chomp.t .................... ok
t/config.t ................... ok
t/constants.t ................ ok
t/context.t .................. ok
t/datafile.t ................. ok
Malformed UTF-8 character (unexpected end of string) in substitution (s///) at lib/Template/Test.pm line 346, <DATA> line 1.
Malformed UTF-8 character (fatal) at lib/Template/Test.pm line 346, <DATA> line 1.
t/date.t ..................... 
Dubious, test returned 255 (wstat 65280, 0xff00)
Failed 31/39 subtests 
t/date_offset.t .............. skipped: TZ GMT not showing as +0000
t/date_utf8.t ................ skipped: Need to set env variable AUTHOR_TESTING=1
t/debug.t .................... ok
t/directive.t ................ ok
t/directry.t ................. skipped: skipping tests on MS Win 32 platform
t/document.t ................. ok
t/dumper.t ................... ok
t/error.t .................... ok
t/evalperl.t ................. ok
t/exception.t ................ ok
t/factory.t .................. ok
t/file.t ..................... skipped: skipping tests on MS Win 32 platform
t/fileline.t ................. ok
t/filter.t ................... ok
t/foreach.t .................. ok
t/format.t ................... ok
t/html.t ..................... ok
t/image.t .................... ok
t/include.t .................. ok
t/iterator.t ................. ok
t/leak.t ..................... ok
t/list.t ..................... ok
t/macro.t .................... ok
t/math.t ..................... ok
t/math_rand.t ................ ok
t/mtime-zero.t ............... ok
t/object.t ................... ok
t/outline.t .................. ok
t/output.t ................... ok
t/parser.t ................... ok
t/parser2.t .................. ok
t/plugins.t .................. ok
t/plusfile.t ................. ok
t/pod.t ...................... skipped: Pod::POM not installed
t/prefix.t ................... ok
t/proc.t ..................... ok
t/process-relative.t ......... ok
t/process.t .................. ok
t/process_dir.t .............. ok
t/provider.t ................. ok
t/ref.t ...................... ok
t/scalar.t ................... ok
t/service.t .................. ok
t/skel.t ..................... ok
t/stash-xs-unicode.t ......... ok
t/stash-xs.t ................. ok
t/stash.t .................... ok
t/stashc.t ................... ok
t/stop.t ..................... ok
t/strcat.t ................... ok
t/strict.t ................... ok
t/string.t ................... ok
t/switch.t ................... ok
t/table.t .................... ok
t/tags.t ..................... ok
t/template.t ................. ok
t/text.t ..................... ok
t/throw.t .................... ok
t/tiedhash.t ................. ok
t/trace_vars.t ............... ok
t/try.t ...................... ok
t/unicode.t .................. ok
t/url.t ...................... ok
t/vars.t ..................... ok
t/varsv1.t ................... ok
t/view.t ..................... ok
t/vmethods/hash.t ............ ok
t/vmethods/list.t ............ ok
t/vmethods/replace.t ......... ok
t/vmethods/text.t ............ ok
t/while.t .................... ok
t/wrap.t ..................... ok
t/wrapper.t .................. ok
t/zz-plugin-cycle.t .......... skipped: Developer test
t/zz-plugin-leak-gh-213.t .... skipped: Broken on older perls. We need to sort this out once everything is passing
t/zz-plugin-leak-rt-46691.t .. skipped: Developer test only - set RELEASE_TESTING=1
t/zz-plugin-leak.t ........... skipped: Internal test for developer, add the --dev flag to run
t/zz-pmv.t ................... skipped: These aren't the tests you're looking for... move along
t/zz-pod-coverage.t .......... skipped: Author tests not required for installation
t/zz-pod-kwalitee.t .......... skipped: Author tests not required for installation
t/zz-stash-xs-leak.t ......... skipped: Internal test for developer, add the --dev flag to run
t/zz-url2.t .................. skipped: We can't agree on the right joint for the URL plugin

Test Summary Report
-------------------
t/date.t                   (Wstat: 65280 (exited 255) Tests: 8 Failed: 0)
  Non-zero exit status: 255
  Parse errors: Bad plan.  You planned 39 tests but ran 8.
Files=103, Tests=2828, 39 wallclock secs ( 1.45 usr +  0.58 sys =  2.03 CPU)
Result: FAIL

------------------------------
PREREQUISITES
------------------------------

Prerequisite modules loaded:

    No requirements found

------------------------------
ENVIRONMENT AND OTHER CONTEXT
------------------------------

Environment variables:

    COMSPEC = C:\windows\system32\cmd.exe
    NUMBER_OF_PROCESSORS = 4
    PATH = C:\home\tennis\perl5\bin;C:\windows\system32;C:\windows;C:\windows\System32\Wbem;C:\windows\System32\WindowsPowerShell\v1.0\;C:\Strawberry\c\bin;C:\Strawberry\perl\site\bin;C:\Strawberry\perl\bin
    PERL5LIB = C:\home\tennis\perl5\lib\perl5
    PERL_LOCAL_LIB_ROOT = C:\home\tennis\perl5
    PERL_MB_OPT = --install_base "C:\\home\\tennis\\perl5"
    PERL_MM_OPT = INSTALL_BASE=C:\\home\\tennis\\perl5
    PROCESSOR_IDENTIFIER = x86 Family 6 Model 37 Stepping 5, GenuineIntel
    TEMP = C:\Users\user\AppData\Local\Temp
    TERM = dumb
    TUGI_PERLVER = 5.010001

Perl special variables (and OS-specific diagnostics, for MSWin32):

    EGID = 0
    EUID = 0
    EXECUTABLE_NAME = C:\Strawberry\perl\bin\perl.exe
    GID = 0
    UID = 0
    Win32::FsType = NTFS
    Win32::GetOSName = Win7
    Win32::GetOSVersion = Service Pack 1, 6, 1, 7601, 2, 1, 0, 256, 1
    Win32::IsAdminUser = 0

Perl module toolchain versions installed:

    Module              Have    
    ------------------- --------
    CPAN                2.28    
    CPAN::Meta          2.150010
    Cwd                 3.62    
    ExtUtils::CBuilder  0.280236
    ExtUtils::Command   7.65_02 
    ExtUtils::Install   2.14    
    ExtUtils::MakeMaker 7.65_02 
    ExtUtils::Manifest  1.70    
    ExtUtils::ParseXS   3.44    
    File::Spec          3.62    
    JSON                4.09    
    JSON::PP            4.11    
    Module::Build       0.42_28 
    Module::Signature   0.88    
    Parse::CPAN::Meta   2.150010
    Test::Harness       3.44    
    Test::More          1.302191
    YAML                1.26    
    YAML::Syck          n/a     
    version             0.9924  


--

Summary of my perl5 (revision 5 version 10 subversion 1) configuration:
   
  Platform:
    osname=MSWin32, osvers=5.1, archname=MSWin32-x86-multi-thread
    uname='Win32 strawberryperl 5.10.1.5 #1 Sun May 15 09:44:53 2011 i386'
    config_args='undef'
    hint=recommended, useposix=true, d_sigaction=undef
    useithreads=define, usemultiplicity=define
    useperlio=define, d_sfio=undef, uselargefiles=define, usesocks=undef
    use64bitint=undef, use64bitall=undef, uselongdouble=undef
    usemymalloc=n, bincompat5005=undef
  Compiler:
    cc='gcc', ccflags =' -s -O2 -DWIN32 -DHAVE_DES_FCRYPT  -DUSE_SITECUSTOMIZE -DPERL_IMPLICIT_CONTEXT -DPERL_IMPLICIT_SYS -fno-strict-aliasing -DPERL_MSVCRT_READFIX',
    optimize='-s -O2',
    cppflags='-DWIN32'
    ccversion='', gccversion='3.4.5', gccosandvers=''
    intsize=4, longsize=4, ptrsize=4, doublesize=8, byteorder=1234
    d_longlong=undef, longlongsize=8, d_longdbl=define, longdblsize=12
    ivtype='long', ivsize=4, nvtype='double', nvsize=8, Off_t='long long', lseeksize=8
    alignbytes=8, prototype=define
  Linker and Libraries:
    ld='g++', ldflags ='-s -L"C:\strawberry\perl\lib\CORE" -L"C:\strawberry\c\lib"'
    libpth=C:\strawberry\c\lib
    libs= -lmoldname -lkernel32 -luser32 -lgdi32 -lwinspool -lcomdlg32 -ladvapi32 -lshell32 -lole32 -loleaut32 -lnetapi32 -luuid -lws2_32 -lmpr -lwinmm -lversion -lodbc32 -lodbccp32
    perllibs= -lmoldname -lkernel32 -luser32 -lgdi32 -lwinspool -lcomdlg32 -ladvapi32 -lshell32 -lole32 -loleaut32 -lnetapi32 -luuid -lws2_32 -lmpr -lwinmm -lversion -lodbc32 -lodbccp32
    libc=, so=dll, useshrplib=true, libperl=libperl510.a
    gnulibc_version=''
  Dynamic Linking:
    dlsrc=dl_win32.xs, dlext=dll, d_dlsymun=undef, ccdlflags=' '
    cccdlflags=' ', lddlflags='-mdll -s -L"C:\strawberry\perl\lib\CORE" -L"C:\strawberry\c\lib"'


Characteristics of this binary (from libperl): 
  Compile-time options: MULTIPLICITY PERL_DONT_CREATE_GVSV
                        PERL_IMPLICIT_CONTEXT PERL_IMPLICIT_SYS
                        PERL_MALLOC_WRAP PL_OP_SLAB_ALLOC USE_ITHREADS
                        USE_LARGE_FILES USE_PERLIO USE_SITECUSTOMIZE
  Built under MSWin32
  Compiled at May 15 2011 09:50:23
  %ENV:
    PERL5LIB="C:\home\tennis\perl5\lib\perl5"
    PERL_LOCAL_LIB_ROOT="C:\home\tennis\perl5"
    PERL_MB_OPT="--install_base "C:\\home\\tennis\\perl5""
    PERL_MM_OPT="INSTALL_BASE=C:\\home\\tennis\\perl5"
  @INC:
    C:\home\tennis\perl5\lib\perl5/MSWin32-x86-multi-thread
    C:\home\tennis\perl5\lib\perl5
    C:/Strawberry/perl/lib
    C:/Strawberry/perl/site/lib
    C:\strawberry\perl\vendor\lib
    .