Math-GSL v0.40 Perl 5 v5.18.2 amd64-freebsd
- Status
- Fail
- From
- Slaven Rezić (SREZIC)
- Dist
-
Math-GSL v0.40
- Platform
- Perl 5 v5.18.2 amd64-freebsd
- Date
- 2018-12-10 18:41:02
- ID
- 251004b6-fcab-11e8-826a-a309e17bbf2b
This distribution has been tested as part of the CPAN Testers
project, supporting the Perl programming language. See
http://wiki.cpantesters.org/ for more information or email
questions to cpan-testers-discuss@perl.org
--
Dear Jonathan Leto,
This is a computer-generated report for Math-GSL-0.40
on perl 5.18.2, created by CPAN-Reporter-1.2018.
Thank you for uploading your work to CPAN. However, there was a problem
testing your distribution.
If you think this report is invalid, please consult the CPAN Testers Wiki
for suggestions on how to avoid getting FAIL reports for missing library
or binary dependencies, unsupported operating systems, and so on:
http://wiki.cpantesters.org/wiki/CPANAuthorNotes
Sections of this report:
* Tester comments
* Program output
* Prerequisites
* Environment and other context
------------------------------
TESTER COMMENTS
------------------------------
Additional comments from tester:
none provided
------------------------------
PROGRAM OUTPUT
------------------------------
Output from './Build test':
Processing 1.16 XS files, GSL 1.16 (via gsl-config) at /usr/local
Compiler = cc (GCC) 4.2.1 20070831 patched [FreeBSD]
Copyright (C) 2007 Free Software Foundation, Inc.
This is free software; see the source for copying conditions. There is NO
warranty; not even for MERCHANTABILITY or FITNESS FOR A PARTICULAR PURPOSE.
ccflags = -DPIC -fPIC -I/usr/local/include -DHAS_FPSETMASK -DHAS_FLOATINGPOINT_H -fno-strict-aliasing -pipe -fstack-protector -I/usr/local/include -Wall -Wno-unused-function -Wno-unused-value -Wno-unused-function -Wno-unused-variable -g -fPIC -fno-omit-frame-pointer -I/usr/local/include
ldflags = -shared -L/usr/local/lib -lgsl -lgslcblas -lm -fPIC -fno-omit-frame-pointer
PERL5LIB = /home/eserte/.cpan/build/2018121018/SNMP-Trapinfo-1.04-1/blib/arch:/home/eserte/.cpan/build/2018121018/SNMP-Trapinfo-1.04-1/blib/lib
LD_LIBRARY_PATH =
unsupported version: 1.16.1 at t/00-load.t line 14.
BEGIN failed--compilation aborted at t/00-load.t line 15.
# Tests were run but no plan was declared and done_testing() was not seen.
# Looks like your test exited with 255 just after 1.
t/00-load.t ........
Dubious, test returned 255 (wstat 65280, 0xff00)
All 1 subtests passed
t/BLAS.t ........... ok
t/BSpline.t ........ ok
t/CBLAS.t .......... ok
t/CDF.t ............ ok
t/Chebyshev.t ...... ok
t/Combination.t .... ok
t/Complex.t ........ ok
t/Const.t .......... ok
t/DHT.t ............ ok
t/Deriv.t .......... ok
t/Diff.t ........... ok
t/Eigen.t .......... ok
t/Errno.t .......... ok
t/FFT.t ............ ok
t/Fit.t ............ ok
#
# Elements start differing at index 2, delta = 0.00099999999999989
# $x->[2] = 3
# $y->[2] = 3.001
#
# Elements start differing at index 2, delta = 9.99999998363421e-08
# $x->[2] = 3.0010001
# $y->[2] = 3.0010002
t/GSL.t ............ ok
t/Heapsort.t ....... ok
t/Histogram.t ...... ok
t/Histogram2D.t .... ok
t/IEEEUtils.t ...... ok
t/Integration.t .... ok
t/Interp.t ......... ok
t/Linalg.t ......... ok
t/Machine.t ........ ok
#
# Elements start differing at index 1, delta = 1
# $x->[1] = 3
# $y->[1] = 2
t/Matrix.t ......... ok
#
# Elements start differing at index 1, delta = 1
# $x->[1] = 3
# $y->[1] = 4
#
# Elements start differing at index 1, delta = 1
# $x->[1] = 3
# $y->[1] = 2
t/MatrixComplex.t .. ok
t/Min.t ............ ok
t/Monte.t .......... ok
t/Multifit.t ....... skipped: Multifit swig bindings don't like GSL < 2.1
t/Multilarge.t ..... skipped: Multilarge swig bindings don't like GSL < 2.1
t/Multimin.t ....... ok
t/Multiroots.t ..... ok
t/Multiset.t ....... ok
This is the end at t/NTuple.t line 14.
t/NTuple.t ......... ok
t/ODEIV.t .......... ok
t/Permutation.t .... ok
t/Poly.t ........... ok
t/PowInt.t ......... ok
t/QRNG.t ........... ok
t/RNG.t ............ ok
t/Randist.t ........ ok
t/Roots.t .......... ok
t/Rstat.t .......... skipped: Rstat doesn't exist in GSL < 2.0
# GSL version=1.16.1
# result->err: 2.21777808290172611e-19
# result->val: 0.99995460213129761
t/SF.t ............. ok
t/Siman.t .......... ok
t/Sort.t ........... ok
t/SparseMatrix.t ... skipped: SparseMatrix was added in GSL 2.0
t/Spline.t ......... ok
t/Statistics.t ..... ok
t/Sum.t ............ ok
t/Sys.t ............ ok
#
# Elements start differing at index 0, delta = 9
# $x->[0] = 1
# $y->[0] = 10
#
# Elements start differing at index 0, delta = 9
# $x->[0] = 1
# $y->[0] = 10
t/Vector.t ......... ok
t/VectorComplex.t .. ok
t/Wavelet.t ........ ok
t/Wavelet2D.t ...... ok
Test Summary Report
-------------------
t/00-load.t (Wstat: 65280 Tests: 1 Failed: 0)
Non-zero exit status: 255
Parse errors: No plan found in TAP output
t/SF.t (Wstat: 0 Tests: 1074 Failed: 0)
TODO passed: 22
t/Vector.t (Wstat: 0 Tests: 143 Failed: 0)
TODO passed: 142
Files=56, Tests=3899, 7 wallclock secs ( 0.30 usr 0.35 sys + 5.02 cusr 1.01 csys = 6.67 CPU)
Result: FAIL
Failed 1/56 test programs. 0/3899 subtests failed.
------------------------------
PREREQUISITES
------------------------------
Prerequisite modules loaded:
requires:
Module Need Have
--------------- ------- --------
Math::Complex 0 1.59
parent 0 0.236
perl v5.8.1 5.018002
Scalar::Util 0 1.50
version 0.77 0.9924
build_requires:
Module Need Have
--------------- ------- --------
Test::Class 0.12 0.50
Test::Exception 0.21 0.43
Test::More 0 1.302141
Test::Most 0.31 0.35
Test::Taint 1.06 1.06
configure_requires:
Module Need Have
--------------- ------- --------
Alien::GSL 1.01 1.01
Module::Build 0.38 0.4224
PkgConfig 0.07720 0.22026
------------------------------
ENVIRONMENT AND OTHER CONTEXT
------------------------------
Environment variables:
LC_ALL = de_DE.ISO8859-1
PATH = /usr/local/bin:/usr/bin:/bin:/usr/local/sbin:/usr/sbin:/sbin:/home/cpansand/bin/freebsd9.3:/home/cpansand/bin/sh:/home/cpansand/bin:/usr/games:/home/cpansand/devel:/usr/home/eserte/src/srezic-misc/scripts
PERL5LIB = /home/eserte/.cpan/build/2018121018/SNMP-Trapinfo-1.04-1/blib/arch:/home/eserte/.cpan/build/2018121018/SNMP-Trapinfo-1.04-1/blib/lib
PERL5OPT =
PERL5_CPANPLUS_IS_RUNNING = 52926
PERL5_CPAN_IS_RUNNING = 52926
PERL5_CPAN_IS_RUNNING_IN_RECURSION = 52370,52926
PERLDOC = -MPod::Perldoc::ToTextOverstrike
PERL_BATCH = yes
PERL_CANARY_STABILITY_NOPROMPT = 1
PERL_CPAN_REPORTER_CONFIG = /var/tmp/cpansmoker-1023/2018121018/cpanreporter_000_config.ini
PERL_EXTUTILS_AUTOINSTALL = --defaultdeps
SHELL = /usr/local/bin/zsh
TERM = screen
TMPDIR = /var/tmp/cpansmoker-1023/2018121018
Perl special variables (and OS-specific diagnostics, for MSWin32):
$^X = /usr/perl5.18.2/bin/perl
$UID/$EUID = 1023 / 1023
$GID = 1023 1023
$EGID = 1023 1023
Perl module toolchain versions installed:
Module Have
------------------- --------
CPAN 2.16
CPAN::Meta 2.150010
Cwd 3.74
ExtUtils::CBuilder 0.280230
ExtUtils::Command 7.34
ExtUtils::Install 2.14
ExtUtils::MakeMaker 7.34
ExtUtils::Manifest 1.71
ExtUtils::ParseXS 3.35
File::Spec 3.74
JSON 4.00
JSON::PP 4.00
Module::Build 0.4224
Module::Signature 0.81
Parse::CPAN::Meta 2.150010
Test::Harness 3.41
Test::More 1.302141
YAML 1.27
YAML::Syck 1.31
version 0.9924
--
Summary of my perl5 (revision 5 version 18 subversion 2) configuration:
Platform:
osname=freebsd, osvers=9.2-release-p4, archname=amd64-freebsd
uname='freebsd cvrsnica-freebsd-92 9.2-release-p4 freebsd 9.2-release-p4 #0: tue apr 8 18:08:22 utc 2014 root@amd64-builder.daemonology.net:usrobjusrsrcsysgeneric amd64 '
config_args='-ds -e -Dprefix=/usr/perl5.18.2'
hint=recommended, useposix=true, d_sigaction=define
useithreads=undef, usemultiplicity=undef
useperlio=define, d_sfio=undef, uselargefiles=define, usesocks=undef
use64bitint=define, use64bitall=define, uselongdouble=undef
usemymalloc=n, bincompat5005=undef
Compiler:
cc='cc', ccflags ='-DHAS_FPSETMASK -DHAS_FLOATINGPOINT_H -fno-strict-aliasing -pipe -fstack-protector -I/usr/local/include',
optimize='-O',
cppflags='-DHAS_FPSETMASK -DHAS_FLOATINGPOINT_H -fno-strict-aliasing -pipe -fstack-protector -I/usr/local/include'
ccversion='', gccversion='4.2.1 20070831 patched [FreeBSD]', gccosandvers=''
intsize=4, longsize=8, ptrsize=8, doublesize=8, byteorder=12345678
d_longlong=define, longlongsize=8, d_longdbl=define, longdblsize=16
ivtype='long', ivsize=8, nvtype='double', nvsize=8, Off_t='off_t', lseeksize=8
alignbytes=8, prototype=define
Linker and Libraries:
ld='cc', ldflags ='-Wl,-E -fstack-protector -L/usr/local/lib'
libpth=/usr/lib /usr/local/lib
libs=-lgdbm -lm -lcrypt -lutil -lc
perllibs=-lm -lcrypt -lutil -lc
libc=, so=so, useshrplib=false, libperl=libperl.a
gnulibc_version=''
Dynamic Linking:
dlsrc=dl_dlopen.xs, dlext=so, d_dlsymun=undef, ccdlflags=' '
cccdlflags='-DPIC -fPIC', lddlflags='-shared -L/usr/local/lib -fstack-protector'
Characteristics of this binary (from libperl):
Compile-time options: HAS_TIMES PERLIO_LAYERS PERL_DONT_CREATE_GVSV
PERL_HASH_FUNC_ONE_AT_A_TIME_HARD PERL_MALLOC_WRAP
PERL_PRESERVE_IVUV PERL_SAWAMPERSAND USE_64_BIT_ALL
USE_64_BIT_INT USE_LARGE_FILES USE_LOCALE
USE_LOCALE_COLLATE USE_LOCALE_CTYPE
USE_LOCALE_NUMERIC USE_PERLIO USE_PERL_ATOF
Built under freebsd
Compiled at May 16 2014 01:27:28
%ENV:
PERL5LIB="/home/eserte/.cpan/build/2018121018/SNMP-Trapinfo-1.04-1/blib/arch:/home/eserte/.cpan/build/2018121018/SNMP-Trapinfo-1.04-1/blib/lib"
PERL5OPT=""
PERL5_CPANPLUS_IS_RUNNING="52926"
PERL5_CPAN_IS_RUNNING="52926"
PERL5_CPAN_IS_RUNNING_IN_RECURSION="52370,52926"
PERLDOC="-MPod::Perldoc::ToTextOverstrike"
PERL_BATCH="yes"
PERL_CANARY_STABILITY_NOPROMPT="1"
PERL_CPAN_REPORTER_CONFIG="/var/tmp/cpansmoker-1023/2018121018/cpanreporter_000_config.ini"
PERL_EXTUTILS_AUTOINSTALL="--defaultdeps"
@INC:
/home/eserte/.cpan/build/2018121018/SNMP-Trapinfo-1.04-1/blib/arch
/home/eserte/.cpan/build/2018121018/SNMP-Trapinfo-1.04-1/blib/lib
/usr/perl5.18.2/lib/site_perl/5.18.2/amd64-freebsd
/usr/perl5.18.2/lib/site_perl/5.18.2
/usr/perl5.18.2/lib/5.18.2/amd64-freebsd
/usr/perl5.18.2/lib/5.18.2
.